INSERT INTO `cities` (`id`, `name`, `slug`, `state_id`, `country_id`, `record_id`, `order`, `image`, `is_default`, `status`, `created_at`, `updated_at`) VALUES
(3115, 'Tirupparangunram', 'tirupparangunram', 31, 1, NULL, 0, NULL, 0, 'published', '2025-02-14 10:22:00', '2025-02-14 10:22:00'),
(3116, 'Tiruppur', 'tiruppur', 31, 1, NULL, 0, NULL, 0, 'published', '2025-02-14 10:22:00', '2025-02-14 10:22:00'),
(3117, 'Tiruppuvanam', 'tiruppuvanam', 31, 1, NULL, 0, NULL, 0, 'published', '2025-02-14 10:22:00', '2025-02-14 10:22:00'),
(3118, 'Tiruttangal', 'tiruttangal', 31, 1, NULL, 0, NULL, 0, 'published', '2025-02-14 10:22:00', '2025-02-14 10:22:00'),
(3119, 'Tiruvannamalai', 'tiruvannamalai', 31, 1, NULL, 0, NULL, 0, 'published', '2025-02-14 10:22:00', '2025-02-14 10:22:00'),
(3120, 'Tiruvottiyur', 'tiruvottiyur', 31, 1, NULL, 0, NULL, 0, 'published', '2025-02-14 10:22:00', '2025-02-14 10:22:00'),
(3121, 'Tisaiyanvilai', 'tisaiyanvilai', 31, 1, NULL, 0, NULL, 0, 'published', '2025-02-14 10:22:00', '2025-02-14 10:22:00'),
(3122, 'Tondi', 'tondi', 31, 1, NULL, 0, NULL, 0, 'published', '2025-02-14 10:22:00', '2025-02-14 10:22:00'),
(3123, 'Turaiyur', 'turaiyur', 31, 1, NULL, 0, NULL, 0, 'published', '2025-02-14 10:22:00', '2025-02-14 10:22:00'),
(3124, 'Udangudi', 'udangudi', 31, 1, NULL, 0, NULL, 0, 'published', '2025-02-14 10:22:00', '2025-02-14 10:22:00'),
(3125, 'Udumalaippettai', 'udumalaippettai', 31, 1, NULL, 0, NULL, 0, 'published', '2025-02-14 10:22:00', '2025-02-14 10:22:00'),
(3126, 'Uppiliyapuram', 'uppiliyapuram', 31, 1, NULL, 0, NULL, 0, 'published', '2025-02-14 10:22:00', '2025-02-14 10:22:00'),
(3127, 'Usilampatti', 'usilampatti', 31, 1, NULL, 0, NULL, 0, 'published', '2025-02-14 10:22:00', '2025-02-14 10:22:00'),
(3128, 'Uttamapalaiyam', 'uttamapalaiyam', 31, 1, NULL, 0, NULL, 0, 'published', '2025-02-14 10:22:00', '2025-02-14 10:22:00'),
(3129, 'Uttiramerur', 'uttiramerur', 31, 1, NULL, 0, NULL, 0, 'published', '2025-02-14 10:22:00', '2025-02-14 10:22:00'),
(3130, 'Uttukkuli', 'uttukkuli', 31, 1, NULL, 0, NULL, 0, 'published', '2025-02-14 10:22:00', '2025-02-14 10:22:00'),
(3131, 'V.S.K.Valasai (Dindigul-Dist.)', 'vskvalasai-dindigul-dist', 31, 1, NULL, 0, NULL, 0, 'published', '2025-02-14 10:22:00', '2025-02-14 10:22:00'),
(3132, 'Vadakku Valliyur', 'vadakku-valliyur', 31, 1, NULL, 0, NULL, 0, 'published', '2025-02-14 10:22:00', '2025-02-14 10:22:00'),
(3133, 'Vadakku Viravanallur', 'vadakku-viravanallur', 31, 1, NULL, 0, NULL, 0, 'published', '2025-02-14 10:22:00', '2025-02-14 10:22:00'),
(3134, 'Vadamadurai', 'vadamadurai', 31, 1, NULL, 0, NULL, 0, 'published', '2025-02-14 10:22:00', '2025-02-14 10:22:00'),
(3135, 'Vadippatti', 'vadippatti', 31, 1, NULL, 0, NULL, 0, 'published', '2025-02-14 10:22:00', '2025-02-14 10:22:00'),
(3136, 'Valangaiman', 'valangaiman', 31, 1, NULL, 0, NULL, 0, 'published', '2025-02-14 10:22:00', '2025-02-14 10:22:00'),
(3137, 'Valavanur', 'valavanur', 31, 1, NULL, 0, NULL, 0, 'published', '2025-02-14 10:22:00', '2025-02-14 10:22:00'),
(3138, 'Vallam', 'vallam', 31, 1, NULL, 0, NULL, 0, 'published', '2025-02-14 10:22:00', '2025-02-14 10:22:00'),
(3139, 'Valparai', 'valparai', 31, 1, NULL, 0, NULL, 0, 'published', '2025-02-14 10:22:00', '2025-02-14 10:22:00'),
(3140, 'Vandalur', 'vandalur', 31, 1, NULL, 0, NULL, 0, 'published', '2025-02-14 10:22:00', '2025-02-14 10:22:00'),
(3141, 'Vandavasi', 'vandavasi', 31, 1, NULL, 0, NULL, 0, 'published', '2025-02-14 10:22:00', '2025-02-14 10:22:00'),
(3142, 'Vaniyambadi', 'vaniyambadi', 31, 1, NULL, 0, NULL, 0, 'published', '2025-02-14 10:22:00', '2025-02-14 10:22:00'),
(3143, 'Vasudevanallur', 'vasudevanallur', 31, 1, NULL, 0, NULL, 0, 'published', '2025-02-14 10:22:00', '2025-02-14 10:22:00'),
(3144, 'Vattalkundu', 'vattalkundu', 31, 1, NULL, 0, NULL, 0, 'published', '2025-02-14 10:22:00', '2025-02-14 10:22:00'),
(3145, 'Vedaraniyam', 'vedaraniyam', 31, 1, NULL, 0, NULL, 0, 'published', '2025-02-14 10:22:00', '2025-02-14 10:22:00'),
(3146, 'Vedasandur', 'vedasandur', 31, 1, NULL, 0, NULL, 0, 'published', '2025-02-14 10:22:00', '2025-02-14 10:22:00'),
(3147, 'Velankanni', 'velankanni', 31, 1, NULL, 0, NULL, 0, 'published', '2025-02-14 10:22:00', '2025-02-14 10:22:00'),
(3148, 'Vellanur', 'vellanur', 31, 1, NULL, 0, NULL, 0, 'published', '2025-02-14 10:22:00', '2025-02-14 10:22:00'),
(3149, 'Vellore', 'vellore', 31, 1, NULL, 0, NULL, 0, 'published', '2025-02-14 10:22:00', '2025-02-14 10:22:00'),
(3150, 'Velur', 'velur', 31, 1, NULL, 0, NULL, 0, 'published', '2025-02-14 10:22:00', '2025-02-14 10:22:00'),
(3151, 'Vengavasal', 'vengavasal', 31, 1, NULL, 0, NULL, 0, 'published', '2025-02-14 10:22:00', '2025-02-14 10:22:00'),
(3152, 'Vettaikkaranpudur', 'vettaikkaranpudur', 31, 1, NULL, 0, NULL, 0, 'published', '2025-02-14 10:22:00', '2025-02-14 10:22:00'),
(3153, 'Vettavalam', 'vettavalam', 31, 1, NULL, 0, NULL, 0, 'published', '2025-02-14 10:22:00', '2025-02-14 10:22:00'),
(3154, 'Vijayapuri', 'vijayapuri', 31, 1, NULL, 0, NULL, 0, 'published', '2025-02-14 10:22:00', '2025-02-14 10:22:00'),
(3155, 'Vikravandi', 'vikravandi', 31, 1, NULL, 0, NULL, 0, 'published', '2025-02-14 10:22:00', '2025-02-14 10:22:00'),
(3156, 'Vilattikulam', 'vilattikulam', 31, 1, NULL, 0, NULL, 0, 'published', '2025-02-14 10:22:00', '2025-02-14 10:22:00'),
(3157, 'Villupuram', 'villupuram', 31, 1, NULL, 0, NULL, 0, 'published', '2025-02-14 10:22:00', '2025-02-14 10:22:00'),
(3158, 'Viraganur', 'viraganur', 31, 1, NULL, 0, NULL, 0, 'published', '2025-02-14 10:22:00', '2025-02-14 10:22:00'),
(3159, 'Virudhunagar', 'virudhunagar', 31, 1, NULL, 0, NULL, 0, 'published', '2025-02-14 10:22:00', '2025-02-14 10:22:00'),
(3160, 'Vriddhachalam', 'vriddhachalam', 31, 1, NULL, 0, NULL, 0, 'published', '2025-02-14 10:22:00', '2025-02-14 10:22:00'),
(3161, 'Walajapet', 'walajapet', 31, 1, NULL, 0, NULL, 0, 'published', '2025-02-14 10:22:00', '2025-02-14 10:22:00'),
(3162, 'Wallajahbad', 'wallajahbad', 31, 1, NULL, 0, NULL, 0, 'published', '2025-02-14 10:22:00', '2025-02-14 10:22:00'),
(3163, 'Wellington', 'wellington', 31, 1, NULL, 0, NULL, 0, 'published', '2025-02-14 10:22:00', '2025-02-14 10:22:00'),
(3164, 'Adilabad', 'adilabad', 32, 1, NULL, 0, NULL, 0, 'published', '2025-02-14 10:22:00', '2025-02-14 10:22:00'),
(3165, 'Andol', 'andol', 32, 1, NULL, 0, NULL, 0, 'published', '2025-02-14 10:22:00', '2025-02-14 10:22:00'),
(3166, 'Asifabad', 'asifabad', 32, 1, NULL, 0, NULL, 0, 'published', '2025-02-14 10:22:00', '2025-02-14 10:22:00'),
(3167, 'Banswada', 'banswada', 32, 1, NULL, 0, NULL, 0, 'published', '2025-02-14 10:22:00', '2025-02-14 10:22:00'),
(3168, 'Bellampalli', 'bellampalli', 32, 1, NULL, 0, NULL, 0, 'published', '2025-02-14 10:22:00', '2025-02-14 10:22:00'),
(3169, 'Bhadrachalam', 'bhadrachalam', 32, 1, NULL, 0, NULL, 0, 'published', '2025-02-14 10:22:00', '2025-02-14 10:22:00'),
(3170, 'Bhadradri Kothagudem', 'bhadradri-kothagudem', 32, 1, NULL, 0, NULL, 0, 'published', '2025-02-14 10:22:00', '2025-02-14 10:22:00'),
(3171, 'Bhaisa', 'bhaisa', 32, 1, NULL, 0, NULL, 0, 'published', '2025-02-14 10:22:00', '2025-02-14 10:22:00'),
(3172, 'Bhongir', 'bhongir', 32, 1, NULL, 0, NULL, 0, 'published', '2025-02-14 10:22:00', '2025-02-14 10:22:00'),
(3173, 'Bodhan', 'bodhan', 32, 1, NULL, 0, NULL, 0, 'published', '2025-02-14 10:22:00', '2025-02-14 10:22:00'),
(3174, 'Chatakonda', 'chatakonda', 32, 1, NULL, 0, NULL, 0, 'published', '2025-02-14 10:22:00', '2025-02-14 10:22:00'),
(3175, 'Dasnapur', 'dasnapur', 32, 1, NULL, 0, NULL, 0, 'published', '2025-02-14 10:22:00', '2025-02-14 10:22:00'),
(3176, 'Devarkonda', 'devarkonda', 32, 1, NULL, 0, NULL, 0, 'published', '2025-02-14 10:22:00', '2025-02-14 10:22:00'),
(3177, 'Dornakal', 'dornakal', 32, 1, NULL, 0, NULL, 0, 'published', '2025-02-14 10:22:00', '2025-02-14 10:22:00'),
(3178, 'Gaddi Annaram', 'gaddi-annaram', 32, 1, NULL, 0, NULL, 0, 'published', '2025-02-14 10:22:00', '2025-02-14 10:22:00'),
(3179, 'Gadwal', 'gadwal', 32, 1, NULL, 0, NULL, 0, 'published', '2025-02-14 10:22:00', '2025-02-14 10:22:00'),
(3180, 'Ghatkesar', 'ghatkesar', 32, 1, NULL, 0, NULL, 0, 'published', '2025-02-14 10:22:00', '2025-02-14 10:22:00'),
(3181, 'Gopalur', 'gopalur', 32, 1, NULL, 0, NULL, 0, 'published', '2025-02-14 10:22:00', '2025-02-14 10:22:00'),
(3182, 'Hyderabad', 'hyderabad', 32, 1, NULL, 0, NULL, 0, 'published', '2025-02-14 10:22:00', '2025-02-14 10:22:00'),
(3183, 'Jagtial', 'jagtial', 32, 1, NULL, 0, NULL, 0, 'published', '2025-02-14 10:22:00', '2025-02-14 10:22:00'),
(3184, 'Jangaon', 'jangaon', 32, 1, NULL, 0, NULL, 0, 'published', '2025-02-14 10:22:00', '2025-02-14 10:22:00'),
(3185, 'Jayashankar Bhupalapally', 'jayashankar-bhupalapally', 32, 1, NULL, 0, NULL, 0, 'published', '2025-02-14 10:22:00', '2025-02-14 10:22:00'),
(3186, 'Jogulamba Gadwal', 'jogulamba-gadwal', 32, 1, NULL, 0, NULL, 0, 'published', '2025-02-14 10:22:00', '2025-02-14 10:22:00'),
(3187, 'Kagaznagar', 'kagaznagar', 32, 1, NULL, 0, NULL, 0, 'published', '2025-02-14 10:22:00', '2025-02-14 10:22:00'),
(3188, 'Kamareddi', 'kamareddi', 32, 1, NULL, 0, NULL, 0, 'published', '2025-02-14 10:22:00', '2025-02-14 10:22:00'),
(3189, 'Kamareddy', 'kamareddy', 32, 1, NULL, 0, NULL, 0, 'published', '2025-02-14 10:22:00', '2025-02-14 10:22:00'),
(3190, 'Karimnagar', 'karimnagar', 32, 1, NULL, 0, NULL, 0, 'published', '2025-02-14 10:22:00', '2025-02-14 10:22:00'),
(3191, 'Khammam', 'khammam', 32, 1, NULL, 0, NULL, 0, 'published', '2025-02-14 10:22:00', '2025-02-14 10:22:00'),
(3192, 'Kodar', 'kodar', 32, 1, NULL, 0, NULL, 0, 'published', '2025-02-14 10:22:00', '2025-02-14 10:22:00'),
(3193, 'Koratla', 'koratla', 32, 1, NULL, 0, NULL, 0, 'published', '2025-02-14 10:22:00', '2025-02-14 10:22:00'),
(3194, 'Kothapet', 'kothapet', 32, 1, NULL, 0, NULL, 0, 'published', '2025-02-14 10:22:00', '2025-02-14 10:22:00'),
(3195, 'Kottagudem', 'kottagudem', 32, 1, NULL, 0, NULL, 0, 'published', '2025-02-14 10:22:00', '2025-02-14 10:22:00'),
(3196, 'Kottapalli', 'kottapalli', 32, 1, NULL, 0, NULL, 0, 'published', '2025-02-14 10:22:00', '2025-02-14 10:22:00'),
(3197, 'Kukatpally', 'kukatpally', 32, 1, NULL, 0, NULL, 0, 'published', '2025-02-14 10:22:00', '2025-02-14 10:22:00'),
(3198, 'Kyathampalle', 'kyathampalle', 32, 1, NULL, 0, NULL, 0, 'published', '2025-02-14 10:22:00', '2025-02-14 10:22:00'),
(3199, 'Lakshettipet', 'lakshettipet', 32, 1, NULL, 0, NULL, 0, 'published', '2025-02-14 10:22:00', '2025-02-14 10:22:00'),
(3200, 'Lal Bahadur Nagar', 'lal-bahadur-nagar', 32, 1, NULL, 0, NULL, 0, 'published', '2025-02-14 10:22:00', '2025-02-14 10:22:00'),
(3201, 'Mahabubabad', 'mahabubabad', 32, 1, NULL, 0, NULL, 0, 'published', '2025-02-14 10:22:00', '2025-02-14 10:22:00'),
(3202, 'Mahbubnagar', 'mahbubnagar', 32, 1, NULL, 0, NULL, 0, 'published', '2025-02-14 10:22:00', '2025-02-14 10:22:00'),
(3203, 'Malkajgiri', 'malkajgiri', 32, 1, NULL, 0, NULL, 0, 'published', '2025-02-14 10:22:00', '2025-02-14 10:22:00'),
(3204, 'Mancheral', 'mancheral', 32, 1, NULL, 0, NULL, 0, 'published', '2025-02-14 10:22:00', '2025-02-14 10:22:00'),
(3205, 'Mandamarri', 'mandamarri', 32, 1, NULL, 0, NULL, 0, 'published', '2025-02-14 10:22:00', '2025-02-14 10:22:00'),
(3206, 'Manthani', 'manthani', 32, 1, NULL, 0, NULL, 0, 'published', '2025-02-14 10:22:00', '2025-02-14 10:22:00'),
(3207, 'Manuguru', 'manuguru', 32, 1, NULL, 0, NULL, 0, 'published', '2025-02-14 10:22:00', '2025-02-14 10:22:00'),
(3208, 'Medak', 'medak', 32, 1, NULL, 0, NULL, 0, 'published', '2025-02-14 10:22:00', '2025-02-14 10:22:00'),
(3209, 'Medchal', 'medchal', 32, 1, NULL, 0, NULL, 0, 'published', '2025-02-14 10:22:00', '2025-02-14 10:22:00'),
(3210, 'Medchal Malkajgiri', 'medchal-malkajgiri', 32, 1, NULL, 0, NULL, 0, 'published', '2025-02-14 10:22:00', '2025-02-14 10:22:00'),
(3211, 'Mirialguda', 'mirialguda', 32, 1, NULL, 0, NULL, 0, 'published', '2025-02-14 10:22:00', '2025-02-14 10:22:00'),
(3212, 'Nagar Karnul', 'nagar-karnul', 32, 1, NULL, 0, NULL, 0, 'published', '2025-02-14 10:22:00', '2025-02-14 10:22:00'),
(3213, 'Nalgonda', 'nalgonda', 32, 1, NULL, 0, NULL, 0, 'published', '2025-02-14 10:22:00', '2025-02-14 10:22:00'),
(3214, 'Narayanpet', 'narayanpet', 32, 1, NULL, 0, NULL, 0, 'published', '2025-02-14 10:22:00', '2025-02-14 10:22:00'),
(3215, 'Narsingi', 'narsingi', 32, 1, NULL, 0, NULL, 0, 'published', '2025-02-14 10:22:00', '2025-02-14 10:22:00'),
(3216, 'Naspur', 'naspur', 32, 1, NULL, 0, NULL, 0, 'published', '2025-02-14 10:22:00', '2025-02-14 10:22:00'),
(3217, 'Nirmal', 'nirmal', 32, 1, NULL, 0, NULL, 0, 'published', '2025-02-14 10:22:00', '2025-02-14 10:22:00'),
(3218, 'Nizamabad', 'nizamabad', 32, 1, NULL, 0, NULL, 0, 'published', '2025-02-14 10:22:00', '2025-02-14 10:22:00'),
(3219, 'Paloncha', 'paloncha', 32, 1, NULL, 0, NULL, 0, 'published', '2025-02-14 10:22:00', '2025-02-14 10:22:00'),
(3220, 'Palwancha', 'palwancha', 32, 1, NULL, 0, NULL, 0, 'published', '2025-02-14 10:22:00', '2025-02-14 10:22:00'),
(3221, 'Patancheru', 'patancheru', 32, 1, NULL, 0, NULL, 0, 'published', '2025-02-14 10:22:00', '2025-02-14 10:22:00'),
(3222, 'Peddapalli', 'peddapalli', 32, 1, NULL, 0, NULL, 0, 'published', '2025-02-14 10:22:00', '2025-02-14 10:22:00'),
(3223, 'Quthbullapur', 'quthbullapur', 32, 1, NULL, 0, NULL, 0, 'published', '2025-02-14 10:22:00', '2025-02-14 10:22:00'),
(3224, 'Rajanna Sircilla', 'rajanna-sircilla', 32, 1, NULL, 0, NULL, 0, 'published', '2025-02-14 10:22:00', '2025-02-14 10:22:00'),
(3225, 'Ramagundam', 'ramagundam', 32, 1, NULL, 0, NULL, 0, 'published', '2025-02-14 10:22:00', '2025-02-14 10:22:00'),
(3226, 'Ramgundam', 'ramgundam', 32, 1, NULL, 0, NULL, 0, 'published', '2025-02-14 10:22:00', '2025-02-14 10:22:00'),
(3227, 'Rangareddi', 'rangareddi', 32, 1, NULL, 0, NULL, 0, 'published', '2025-02-14 10:22:00', '2025-02-14 10:22:00'),
(3228, 'Sadaseopet', 'sadaseopet', 32, 1, NULL, 0, NULL, 0, 'published', '2025-02-14 10:22:00', '2025-02-14 10:22:00'),
(3229, 'Sangareddi', 'sangareddi', 32, 1, NULL, 0, NULL, 0, 'published', '2025-02-14 10:22:00', '2025-02-14 10:22:00'),
(3230, 'Sathupalli', 'sathupalli', 32, 1, NULL, 0, NULL, 0, 'published', '2025-02-14 10:22:00', '2025-02-14 10:22:00'),
(3231, 'Secunderabad', 'secunderabad', 32, 1, NULL, 0, NULL, 0, 'published', '2025-02-14 10:22:00', '2025-02-14 10:22:00'),
(3232, 'Serilingampalle', 'serilingampalle', 32, 1, NULL, 0, NULL, 0, 'published', '2025-02-14 10:22:00', '2025-02-14 10:22:00'),
(3233, 'Siddipet', 'siddipet', 32, 1, NULL, 0, NULL, 0, 'published', '2025-02-14 10:22:00', '2025-02-14 10:22:00'),
(3234, 'Singapur', 'singapur', 32, 1, NULL, 0, NULL, 0, 'published', '2025-02-14 10:22:00', '2025-02-14 10:22:00'),
(3235, 'Sirpur', 'sirpur', 32, 1, NULL, 0, NULL, 0, 'published', '2025-02-14 10:22:00', '2025-02-14 10:22:00'),
(3236, 'Sirsilla', 'sirsilla', 32, 1, NULL, 0, NULL, 0, 'published', '2025-02-14 10:22:00', '2025-02-14 10:22:00'),
(3237, 'Sriramnagar', 'sriramnagar', 32, 1, NULL, 0, NULL, 0, 'published', '2025-02-14 10:22:00', '2025-02-14 10:22:00'),
(3238, 'Suriapet', 'suriapet', 32, 1, NULL, 0, NULL, 0, 'published', '2025-02-14 10:22:00', '2025-02-14 10:22:00'),
(3239, 'Tandur', 'tandur', 32, 1, NULL, 0, NULL, 0, 'published', '2025-02-14 10:22:00', '2025-02-14 10:22:00'),
(3240, 'Uppal Kalan', 'uppal-kalan', 32, 1, NULL, 0, NULL, 0, 'published', '2025-02-14 10:22:00', '2025-02-14 10:22:00'),
(3241, 'Vemalwada', 'vemalwada', 32, 1, NULL, 0, NULL, 0, 'published', '2025-02-14 10:22:00', '2025-02-14 10:22:00'),
(3242, 'Vikarabad', 'vikarabad', 32, 1, NULL, 0, NULL, 0, 'published', '2025-02-14 10:22:00', '2025-02-14 10:22:00'),
(3243, 'Wanparti', 'wanparti', 32, 1, NULL, 0, NULL, 0, 'published', '2025-02-14 10:22:00', '2025-02-14 10:22:00'),
(3244, 'Warangal', 'warangal', 32, 1, NULL, 0, NULL, 0, 'published', '2025-02-14 10:22:00', '2025-02-14 10:22:00'),
(3245, 'Yellandu', 'yellandu', 32, 1, NULL, 0, NULL, 0, 'published', '2025-02-14 10:22:00', '2025-02-14 10:22:00'),
(3246, 'Zahirabad', 'zahirabad', 32, 1, NULL, 0, NULL, 0, 'published', '2025-02-14 10:22:00', '2025-02-14 10:22:00'),
(3247, 'Agartala', 'agartala', 33, 1, NULL, 0, NULL, 0, 'published', '2025-02-14 10:22:00', '2025-02-14 10:22:00'),
(3248, 'Ambasa', 'ambasa', 33, 1, NULL, 0, NULL, 0, 'published', '2025-02-14 10:22:00', '2025-02-14 10:22:00'),
(3249, 'Barjala', 'barjala', 33, 1, NULL, 0, NULL, 0, 'published', '2025-02-14 10:22:00', '2025-02-14 10:22:00'),
(3250, 'Belonia', 'belonia', 33, 1, NULL, 0, NULL, 0, 'published', '2025-02-14 10:22:00', '2025-02-14 10:22:00'),
(3251, 'Dhalai', 'dhalai', 33, 1, NULL, 0, NULL, 0, 'published', '2025-02-14 10:22:00', '2025-02-14 10:22:00'),
(3252, 'Dharmanagar', 'dharmanagar', 33, 1, NULL, 0, NULL, 0, 'published', '2025-02-14 10:22:00', '2025-02-14 10:22:00'),
(3253, 'Gomati', 'gomati', 33, 1, NULL, 0, NULL, 0, 'published', '2025-02-14 10:22:00', '2025-02-14 10:22:00'),
(3254, 'Kailashahar', 'kailashahar', 33, 1, NULL, 0, NULL, 0, 'published', '2025-02-14 10:22:00', '2025-02-14 10:22:00'),
(3255, 'Kamalpur', 'kamalpur', 33, 1, NULL, 0, NULL, 0, 'published', '2025-02-14 10:22:00', '2025-02-14 10:22:00'),
(3256, 'Khowai', 'khowai', 33, 1, NULL, 0, NULL, 0, 'published', '2025-02-14 10:22:00', '2025-02-14 10:22:00'),
(3257, 'North Tripura', 'north-tripura', 33, 1, NULL, 0, NULL, 0, 'published', '2025-02-14 10:22:00', '2025-02-14 10:22:00'),
(3258, 'Ranir Bazar', 'ranir-bazar', 33, 1, NULL, 0, NULL, 0, 'published', '2025-02-14 10:22:00', '2025-02-14 10:22:00'),
(3259, 'Sabrum', 'sabrum', 33, 1, NULL, 0, NULL, 0, 'published', '2025-02-14 10:22:00', '2025-02-14 10:22:00'),
(3260, 'Sonamura', 'sonamura', 33, 1, NULL, 0, NULL, 0, 'published', '2025-02-14 10:22:00', '2025-02-14 10:22:00'),
(3261, 'South Tripura', 'south-tripura', 33, 1, NULL, 0, NULL, 0, 'published', '2025-02-14 10:22:00', '2025-02-14 10:22:00'),
(3262, 'Unakoti', 'unakoti', 33, 1, NULL, 0, NULL, 0, 'published', '2025-02-14 10:22:00', '2025-02-14 10:22:00'),
(3263, 'West Tripura', 'west-tripura', 33, 1, NULL, 0, NULL, 0, 'published', '2025-02-14 10:22:00', '2025-02-14 10:22:00'),
(3264, 'Achhnera', 'achhnera', 34, 1, NULL, 0, NULL, 0, 'published', '2025-02-14 10:22:00', '2025-02-14 10:22:00'),
(3265, 'Afzalgarh', 'afzalgarh', 34, 1, NULL, 0, NULL, 0, 'published', '2025-02-14 10:22:00', '2025-02-14 10:22:00'),
(3266, 'Agra', 'agra', 34, 1, NULL, 0, NULL, 0, 'published', '2025-02-14 10:22:00', '2025-02-14 10:22:00'),
(3267, 'Ahraura', 'ahraura', 34, 1, NULL, 0, NULL, 0, 'published', '2025-02-14 10:22:00', '2025-02-14 10:22:00'),
(3268, 'Aidalpur', 'aidalpur', 34, 1, NULL, 0, NULL, 0, 'published', '2025-02-14 10:22:00', '2025-02-14 10:22:00'),
(3269, 'Airwa', 'airwa', 34, 1, NULL, 0, NULL, 0, 'published', '2025-02-14 10:22:00', '2025-02-14 10:22:00'),
(3270, 'Akbarpur', 'akbarpur', 34, 1, NULL, 0, NULL, 0, 'published', '2025-02-14 10:22:00', '2025-02-14 10:22:00'),
(3271, 'Aliganj', 'aliganj', 34, 1, NULL, 0, NULL, 0, 'published', '2025-02-14 10:22:00', '2025-02-14 10:22:00'),
(3272, 'Aligarh', 'aligarh', 34, 1, NULL, 0, NULL, 0, 'published', '2025-02-14 10:22:00', '2025-02-14 10:22:00'),
(3273, 'Allahabad', 'allahabad', 34, 1, NULL, 0, NULL, 0, 'published', '2025-02-14 10:22:00', '2025-02-14 10:22:00'),
(3274, 'Allahganj', 'allahganj', 34, 1, NULL, 0, NULL, 0, 'published', '2025-02-14 10:22:00', '2025-02-14 10:22:00'),
(3275, 'Amanpur', 'amanpur', 34, 1, NULL, 0, NULL, 0, 'published', '2025-02-14 10:22:00', '2025-02-14 10:22:00'),
(3276, 'Amauli', 'amauli', 34, 1, NULL, 0, NULL, 0, 'published', '2025-02-14 10:22:00', '2025-02-14 10:22:00'),
(3277, 'Ambahta', 'ambahta', 34, 1, NULL, 0, NULL, 0, 'published', '2025-02-14 10:22:00', '2025-02-14 10:22:00'),
(3278, 'Ambedkar Nagar', 'ambedkar-nagar', 34, 1, NULL, 0, NULL, 0, 'published', '2025-02-14 10:22:00', '2025-02-14 10:22:00'),
(3279, 'Amethi', 'amethi', 34, 1, NULL, 0, NULL, 0, 'published', '2025-02-14 10:22:00', '2025-02-14 10:22:00'),
(3280, 'Amroha', 'amroha', 34, 1, NULL, 0, NULL, 0, 'published', '2025-02-14 10:22:00', '2025-02-14 10:22:00'),
(3281, 'Anandnagar', 'anandnagar', 34, 1, NULL, 0, NULL, 0, 'published', '2025-02-14 10:22:00', '2025-02-14 10:22:00'),
(3282, 'Antu', 'antu', 34, 1, NULL, 0, NULL, 0, 'published', '2025-02-14 10:22:00', '2025-02-14 10:22:00'),
(3283, 'Anupshahr', 'anupshahr', 34, 1, NULL, 0, NULL, 0, 'published', '2025-02-14 10:22:00', '2025-02-14 10:22:00'),
(3284, 'Aonla', 'aonla', 34, 1, NULL, 0, NULL, 0, 'published', '2025-02-14 10:22:00', '2025-02-14 10:22:00'),
(3285, 'Araul', 'araul', 34, 1, NULL, 0, NULL, 0, 'published', '2025-02-14 10:22:00', '2025-02-14 10:22:00'),
(3286, 'Asalatganj', 'asalatganj', 34, 1, NULL, 0, NULL, 0, 'published', '2025-02-14 10:22:00', '2025-02-14 10:22:00'),
(3287, 'Atarra', 'atarra', 34, 1, NULL, 0, NULL, 0, 'published', '2025-02-14 10:22:00', '2025-02-14 10:22:00'),
(3288, 'Atrauli', 'atrauli', 34, 1, NULL, 0, NULL, 0, 'published', '2025-02-14 10:22:00', '2025-02-14 10:22:00'),
(3289, 'Atraulia', 'atraulia', 34, 1, NULL, 0, NULL, 0, 'published', '2025-02-14 10:22:00', '2025-02-14 10:22:00'),
(3290, 'Auraiya', 'auraiya', 34, 1, NULL, 0, NULL, 0, 'published', '2025-02-14 10:22:00', '2025-02-14 10:22:00'),
(3291, 'Auras', 'auras', 34, 1, NULL, 0, NULL, 0, 'published', '2025-02-14 10:22:00', '2025-02-14 10:22:00'),
(3292, 'Ayodhya', 'ayodhya', 34, 1, NULL, 0, NULL, 0, 'published', '2025-02-14 10:22:00', '2025-02-14 10:22:00'),
(3293, 'Azamgarh', 'azamgarh', 34, 1, NULL, 0, NULL, 0, 'published', '2025-02-14 10:22:00', '2025-02-14 10:22:00'),
(3294, 'Azizpur', 'azizpur', 34, 1, NULL, 0, NULL, 0, 'published', '2025-02-14 10:22:00', '2025-02-14 10:22:00'),
(3295, 'Baberu', 'baberu', 34, 1, NULL, 0, NULL, 0, 'published', '2025-02-14 10:22:00', '2025-02-14 10:22:00'),
(3296, 'Babina', 'babina', 34, 1, NULL, 0, NULL, 0, 'published', '2025-02-14 10:22:00', '2025-02-14 10:22:00'),
(3297, 'Babrala', 'babrala', 34, 1, NULL, 0, NULL, 0, 'published', '2025-02-14 10:22:00', '2025-02-14 10:22:00'),
(3298, 'Babugarh', 'babugarh', 34, 1, NULL, 0, NULL, 0, 'published', '2025-02-14 10:22:00', '2025-02-14 10:22:00'),
(3299, 'Bachhraon', 'bachhraon', 34, 1, NULL, 0, NULL, 0, 'published', '2025-02-14 10:22:00', '2025-02-14 10:22:00'),
(3300, 'Bachhrawan', 'bachhrawan', 34, 1, NULL, 0, NULL, 0, 'published', '2025-02-14 10:22:00', '2025-02-14 10:22:00'),
(3301, 'Baghpat', 'baghpat', 34, 1, NULL, 0, NULL, 0, 'published', '2025-02-14 10:22:00', '2025-02-14 10:22:00'),
(3302, 'Baghra', 'baghra', 34, 1, NULL, 0, NULL, 0, 'published', '2025-02-14 10:22:00', '2025-02-14 10:22:00'),
(3303, 'Bah', 'bah', 34, 1, NULL, 0, NULL, 0, 'published', '2025-02-14 10:22:00', '2025-02-14 10:22:00'),
(3304, 'Baheri', 'baheri', 34, 1, NULL, 0, NULL, 0, 'published', '2025-02-14 10:22:00', '2025-02-14 10:22:00'),
(3305, 'Bahjoi', 'bahjoi', 34, 1, NULL, 0, NULL, 0, 'published', '2025-02-14 10:22:00', '2025-02-14 10:22:00'),
(3306, 'Bahraich', 'bahraich', 34, 1, NULL, 0, NULL, 0, 'published', '2025-02-14 10:22:00', '2025-02-14 10:22:00'),
(3307, 'Bahraigh', 'bahraigh', 34, 1, NULL, 0, NULL, 0, 'published', '2025-02-14 10:22:00', '2025-02-14 10:22:00'),
(3308, 'Bahsuma', 'bahsuma', 34, 1, NULL, 0, NULL, 0, 'published', '2025-02-14 10:22:00', '2025-02-14 10:22:00'),
(3309, 'Bahua', 'bahua', 34, 1, NULL, 0, NULL, 0, 'published', '2025-02-14 10:22:00', '2025-02-14 10:22:00'),
(3310, 'Bajna', 'bajna', 34, 1, NULL, 0, NULL, 0, 'published', '2025-02-14 10:22:00', '2025-02-14 10:22:00'),
(3311, 'Bakewar', 'bakewar', 34, 1, NULL, 0, NULL, 0, 'published', '2025-02-14 10:22:00', '2025-02-14 10:22:00'),
(3312, 'Baksar', 'baksar', 34, 1, NULL, 0, NULL, 0, 'published', '2025-02-14 10:22:00', '2025-02-14 10:22:00'),
(3313, 'Balamau', 'balamau', 34, 1, NULL, 0, NULL, 0, 'published', '2025-02-14 10:22:00', '2025-02-14 10:22:00'),
(3314, 'Baldeo', 'baldeo', 34, 1, NULL, 0, NULL, 0, 'published', '2025-02-14 10:22:00', '2025-02-14 10:22:00'),
(3315, 'Baldev', 'baldev', 34, 1, NULL, 0, NULL, 0, 'published', '2025-02-14 10:22:00', '2025-02-14 10:22:00'),
(3316, 'Ballia', 'ballia', 34, 1, NULL, 0, NULL, 0, 'published', '2025-02-14 10:22:00', '2025-02-14 10:22:00'),
(3317, 'Balrampur', 'balrampur', 34, 1, NULL, 0, NULL, 0, 'published', '2025-02-14 10:22:00', '2025-02-14 10:22:00'),
(3318, 'Banat', 'banat', 34, 1, NULL, 0, NULL, 0, 'published', '2025-02-14 10:22:00', '2025-02-14 10:22:00'),
(3319, 'Banbasa', 'banbasa', 34, 1, NULL, 0, NULL, 0, 'published', '2025-02-14 10:22:00', '2025-02-14 10:22:00'),
(3320, 'Bangarmau', 'bangarmau', 34, 1, NULL, 0, NULL, 0, 'published', '2025-02-14 10:22:00', '2025-02-14 10:22:00'),
(3321, 'Bansdih', 'bansdih', 34, 1, NULL, 0, NULL, 0, 'published', '2025-02-14 10:22:00', '2025-02-14 10:22:00'),
(3322, 'Bansgaon', 'bansgaon', 34, 1, NULL, 0, NULL, 0, 'published', '2025-02-14 10:22:00', '2025-02-14 10:22:00'),
(3323, 'Bansi', 'bansi', 34, 1, NULL, 0, NULL, 0, 'published', '2025-02-14 10:22:00', '2025-02-14 10:22:00'),
(3324, 'Banthra', 'banthra', 34, 1, NULL, 0, NULL, 0, 'published', '2025-02-14 10:22:00', '2025-02-14 10:22:00'),
(3325, 'Bara Banki', 'bara-banki', 34, 1, NULL, 0, NULL, 0, 'published', '2025-02-14 10:22:00', '2025-02-14 10:22:00'),
(3326, 'Baragaon', 'baragaon', 34, 1, NULL, 0, NULL, 0, 'published', '2025-02-14 10:22:00', '2025-02-14 10:22:00'),
(3327, 'Baraut', 'baraut', 34, 1, NULL, 0, NULL, 0, 'published', '2025-02-14 10:22:00', '2025-02-14 10:22:00'),
(3328, 'Bareilly', 'bareilly', 34, 1, NULL, 0, NULL, 0, 'published', '2025-02-14 10:22:00', '2025-02-14 10:22:00'),
(3329, 'Barhalganj', 'barhalganj', 34, 1, NULL, 0, NULL, 0, 'published', '2025-02-14 10:22:00', '2025-02-14 10:22:00'),
(3330, 'Barkhera', 'barkhera', 34, 1, NULL, 0, NULL, 0, 'published', '2025-02-14 10:22:00', '2025-02-14 10:22:00'),
(3331, 'Barkhera Kalan', 'barkhera-kalan', 34, 1, NULL, 0, NULL, 0, 'published', '2025-02-14 10:22:00', '2025-02-14 10:22:00'),
(3332, 'Barokhar', 'barokhar', 34, 1, NULL, 0, NULL, 0, 'published', '2025-02-14 10:22:00', '2025-02-14 10:22:00'),
(3333, 'Barsana', 'barsana', 34, 1, NULL, 0, NULL, 0, 'published', '2025-02-14 10:22:00', '2025-02-14 10:22:00'),
(3334, 'Barwar (Lakhimpur Kheri)', 'barwar-lakhimpur-kheri', 34, 1, NULL, 0, NULL, 0, 'published', '2025-02-14 10:22:00', '2025-02-14 10:22:00'),
(3335, 'Basti', 'basti', 34, 1, NULL, 0, NULL, 0, 'published', '2025-02-14 10:22:00', '2025-02-14 10:22:00'),
(3336, 'Behat', 'behat', 34, 1, NULL, 0, NULL, 0, 'published', '2025-02-14 10:22:00', '2025-02-14 10:22:00'),
(3337, 'Bela', 'bela', 34, 1, NULL, 0, NULL, 0, 'published', '2025-02-14 10:22:00', '2025-02-14 10:22:00'),
(3338, 'Belthara', 'belthara', 34, 1, NULL, 0, NULL, 0, 'published', '2025-02-14 10:22:00', '2025-02-14 10:22:00'),
(3339, 'Beniganj', 'beniganj', 34, 1, NULL, 0, NULL, 0, 'published', '2025-02-14 10:22:00', '2025-02-14 10:22:00'),
(3340, 'Beswan', 'beswan', 34, 1, NULL, 0, NULL, 0, 'published', '2025-02-14 10:22:00', '2025-02-14 10:22:00'),
(3341, 'Bewar', 'bewar', 34, 1, NULL, 0, NULL, 0, 'published', '2025-02-14 10:22:00', '2025-02-14 10:22:00'),
(3342, 'Bhadarsa', 'bhadarsa', 34, 1, NULL, 0, NULL, 0, 'published', '2025-02-14 10:22:00', '2025-02-14 10:22:00'),
(3343, 'Bhadohi', 'bhadohi', 34, 1, NULL, 0, NULL, 0, 'published', '2025-02-14 10:22:00', '2025-02-14 10:22:00'),
(3344, 'Bhagwantnagar', 'bhagwantnagar', 34, 1, NULL, 0, NULL, 0, 'published', '2025-02-14 10:22:00', '2025-02-14 10:22:00'),
(3345, 'Bharatpura', 'bharatpura', 34, 1, NULL, 0, NULL, 0, 'published', '2025-02-14 10:22:00', '2025-02-14 10:22:00'),
(3346, 'Bhargain', 'bhargain', 34, 1, NULL, 0, NULL, 0, 'published', '2025-02-14 10:22:00', '2025-02-14 10:22:00'),
(3347, 'Bharthana', 'bharthana', 34, 1, NULL, 0, NULL, 0, 'published', '2025-02-14 10:22:00', '2025-02-14 10:22:00'),
(3348, 'Bharwari', 'bharwari', 34, 1, NULL, 0, NULL, 0, 'published', '2025-02-14 10:22:00', '2025-02-14 10:22:00'),
(3349, 'Bhaupur', 'bhaupur', 34, 1, NULL, 0, NULL, 0, 'published', '2025-02-14 10:22:00', '2025-02-14 10:22:00'),
(3350, 'Bhimtal', 'bhimtal', 34, 1, NULL, 0, NULL, 0, 'published', '2025-02-14 10:22:00', '2025-02-14 10:22:00'),
(3351, 'Bhinga', 'bhinga', 34, 1, NULL, 0, NULL, 0, 'published', '2025-02-14 10:22:00', '2025-02-14 10:22:00'),
(3352, 'Bhognipur', 'bhognipur', 34, 1, NULL, 0, NULL, 0, 'published', '2025-02-14 10:22:00', '2025-02-14 10:22:00'),
(3353, 'Bhongaon', 'bhongaon', 34, 1, NULL, 0, NULL, 0, 'published', '2025-02-14 10:22:00', '2025-02-14 10:22:00'),
(3354, 'Bidhnu', 'bidhnu', 34, 1, NULL, 0, NULL, 0, 'published', '2025-02-14 10:22:00', '2025-02-14 10:22:00'),
(3355, 'Bidhuna', 'bidhuna', 34, 1, NULL, 0, NULL, 0, 'published', '2025-02-14 10:22:00', '2025-02-14 10:22:00'),
(3356, 'Bighapur', 'bighapur', 34, 1, NULL, 0, NULL, 0, 'published', '2025-02-14 10:22:00', '2025-02-14 10:22:00'),
(3357, 'Bighapur Khurd', 'bighapur-khurd', 34, 1, NULL, 0, NULL, 0, 'published', '2025-02-14 10:22:00', '2025-02-14 10:22:00'),
(3358, 'Bijnor', 'bijnor', 34, 1, NULL, 0, NULL, 0, 'published', '2025-02-14 10:22:00', '2025-02-14 10:22:00'),
(3359, 'Bikapur', 'bikapur', 34, 1, NULL, 0, NULL, 0, 'published', '2025-02-14 10:22:00', '2025-02-14 10:22:00'),
(3360, 'Bilari', 'bilari', 34, 1, NULL, 0, NULL, 0, 'published', '2025-02-14 10:22:00', '2025-02-14 10:22:00'),
(3361, 'Bilariaganj', 'bilariaganj', 34, 1, NULL, 0, NULL, 0, 'published', '2025-02-14 10:22:00', '2025-02-14 10:22:00'),
(3362, 'Bilgram', 'bilgram', 34, 1, NULL, 0, NULL, 0, 'published', '2025-02-14 10:22:00', '2025-02-14 10:22:00'),
(3363, 'Bilhaur', 'bilhaur', 34, 1, NULL, 0, NULL, 0, 'published', '2025-02-14 10:22:00', '2025-02-14 10:22:00'),
(3364, 'Bilsanda', 'bilsanda', 34, 1, NULL, 0, NULL, 0, 'published', '2025-02-14 10:22:00', '2025-02-14 10:22:00'),
(3365, 'Bilsi', 'bilsi', 34, 1, NULL, 0, NULL, 0, 'published', '2025-02-14 10:22:00', '2025-02-14 10:22:00'),
(3366, 'Bilthra', 'bilthra', 34, 1, NULL, 0, NULL, 0, 'published', '2025-02-14 10:22:00', '2025-02-14 10:22:00'),
(3367, 'Binauli', 'binauli', 34, 1, NULL, 0, NULL, 0, 'published', '2025-02-14 10:22:00', '2025-02-14 10:22:00'),
(3368, 'Binaur', 'binaur', 34, 1, NULL, 0, NULL, 0, 'published', '2025-02-14 10:22:00', '2025-02-14 10:22:00'),
(3369, 'Bindki', 'bindki', 34, 1, NULL, 0, NULL, 0, 'published', '2025-02-14 10:22:00', '2025-02-14 10:22:00'),
(3370, 'Birdpur', 'birdpur', 34, 1, NULL, 0, NULL, 0, 'published', '2025-02-14 10:22:00', '2025-02-14 10:22:00'),
(3371, 'Bisalpur', 'bisalpur', 34, 1, NULL, 0, NULL, 0, 'published', '2025-02-14 10:22:00', '2025-02-14 10:22:00'),
(3372, 'Bisanda Buzurg', 'bisanda-buzurg', 34, 1, NULL, 0, NULL, 0, 'published', '2025-02-14 10:22:00', '2025-02-14 10:22:00'),
(3373, 'Bisauli', 'bisauli', 34, 1, NULL, 0, NULL, 0, 'published', '2025-02-14 10:22:00', '2025-02-14 10:22:00'),
(3374, 'Bisenda Buzurg', 'bisenda-buzurg', 34, 1, NULL, 0, NULL, 0, 'published', '2025-02-14 10:22:00', '2025-02-14 10:22:00'),
(3375, 'Bishunpur Urf Maharajganj', 'bishunpur-urf-maharajganj', 34, 1, NULL, 0, NULL, 0, 'published', '2025-02-14 10:22:00', '2025-02-14 10:22:00'),
(3376, 'Biswan', 'biswan', 34, 1, NULL, 0, NULL, 0, 'published', '2025-02-14 10:22:00', '2025-02-14 10:22:00'),
(3377, 'Bithur', 'bithur', 34, 1, NULL, 0, NULL, 0, 'published', '2025-02-14 10:22:00', '2025-02-14 10:22:00'),
(3378, 'Budaun', 'budaun', 34, 1, NULL, 0, NULL, 0, 'published', '2025-02-14 10:22:00', '2025-02-14 10:22:00'),
(3379, 'Budhana', 'budhana', 34, 1, NULL, 0, NULL, 0, 'published', '2025-02-14 10:22:00', '2025-02-14 10:22:00'),
(3380, 'Bulandshahr', 'bulandshahr', 34, 1, NULL, 0, NULL, 0, 'published', '2025-02-14 10:22:00', '2025-02-14 10:22:00'),
(3381, 'Captainganj', 'captainganj', 34, 1, NULL, 0, NULL, 0, 'published', '2025-02-14 10:22:00', '2025-02-14 10:22:00'),
(3382, 'Chail', 'chail', 34, 1, NULL, 0, NULL, 0, 'published', '2025-02-14 10:22:00', '2025-02-14 10:22:00'),
(3383, 'Chandauli', 'chandauli', 34, 1, NULL, 0, NULL, 0, 'published', '2025-02-14 10:22:00', '2025-02-14 10:22:00'),
(3384, 'Chandauli District', 'chandauli-district', 34, 1, NULL, 0, NULL, 0, 'published', '2025-02-14 10:22:00', '2025-02-14 10:22:00'),
(3385, 'Chandausi', 'chandausi', 34, 1, NULL, 0, NULL, 0, 'published', '2025-02-14 10:22:00', '2025-02-14 10:22:00'),
(3386, 'Chandpur', 'chandpur', 34, 1, NULL, 0, NULL, 0, 'published', '2025-02-14 10:22:00', '2025-02-14 10:22:00'),
(3387, 'Chanduasi', 'chanduasi', 34, 1, NULL, 0, NULL, 0, 'published', '2025-02-14 10:22:00', '2025-02-14 10:22:00'),
(3388, 'Charkhari', 'charkhari', 34, 1, NULL, 0, NULL, 0, 'published', '2025-02-14 10:22:00', '2025-02-14 10:22:00'),
(3389, 'Charthawal', 'charthawal', 34, 1, NULL, 0, NULL, 0, 'published', '2025-02-14 10:22:00', '2025-02-14 10:22:00'),
(3390, 'Chhaprauli', 'chhaprauli', 34, 1, NULL, 0, NULL, 0, 'published', '2025-02-14 10:22:00', '2025-02-14 10:22:00'),
(3391, 'Chharra', 'chharra', 34, 1, NULL, 0, NULL, 0, 'published', '2025-02-14 10:22:00', '2025-02-14 10:22:00'),
(3392, 'Chhata', 'chhata', 34, 1, NULL, 0, NULL, 0, 'published', '2025-02-14 10:22:00', '2025-02-14 10:22:00'),
(3393, 'Chhibramau', 'chhibramau', 34, 1, NULL, 0, NULL, 0, 'published', '2025-02-14 10:22:00', '2025-02-14 10:22:00'),
(3394, 'Chhitauni', 'chhitauni', 34, 1, NULL, 0, NULL, 0, 'published', '2025-02-14 10:22:00', '2025-02-14 10:22:00'),
(3395, 'Chhutmalpur', 'chhutmalpur', 34, 1, NULL, 0, NULL, 0, 'published', '2025-02-14 10:22:00', '2025-02-14 10:22:00'),
(3396, 'Chillupar', 'chillupar', 34, 1, NULL, 0, NULL, 0, 'published', '2025-02-14 10:22:00', '2025-02-14 10:22:00'),
(3397, 'Chirgaon', 'chirgaon', 34, 1, NULL, 0, NULL, 0, 'published', '2025-02-14 10:22:00', '2025-02-14 10:22:00'),
(3398, 'Chitrakoot', 'chitrakoot', 34, 1, NULL, 0, NULL, 0, 'published', '2025-02-14 10:22:00', '2025-02-14 10:22:00'),
(3399, 'Chitrakoot Dham', 'chitrakoot-dham', 34, 1, NULL, 0, NULL, 0, 'published', '2025-02-14 10:22:00', '2025-02-14 10:22:00'),
(3400, 'Chopan', 'chopan', 34, 1, NULL, 0, NULL, 0, 'published', '2025-02-14 10:22:00', '2025-02-14 10:22:00'),
(3401, 'Chunar', 'chunar', 34, 1, NULL, 0, NULL, 0, 'published', '2025-02-14 10:22:00', '2025-02-14 10:22:00'),
(3402, 'Churk', 'churk', 34, 1, NULL, 0, NULL, 0, 'published', '2025-02-14 10:22:00', '2025-02-14 10:22:00'),
(3403, 'Colonelganj', 'colonelganj', 34, 1, NULL, 0, NULL, 0, 'published', '2025-02-14 10:22:00', '2025-02-14 10:22:00'),
(3404, 'Dadri', 'dadri', 34, 1, NULL, 0, NULL, 0, 'published', '2025-02-14 10:22:00', '2025-02-14 10:22:00'),
(3405, 'Dalmau', 'dalmau', 34, 1, NULL, 0, NULL, 0, 'published', '2025-02-14 10:22:00', '2025-02-14 10:22:00'),
(3406, 'Dankaur', 'dankaur', 34, 1, NULL, 0, NULL, 0, 'published', '2025-02-14 10:22:00', '2025-02-14 10:22:00'),
(3407, 'Daraganj', 'daraganj', 34, 1, NULL, 0, NULL, 0, 'published', '2025-02-14 10:22:00', '2025-02-14 10:22:00'),
(3408, 'Daranagar', 'daranagar', 34, 1, NULL, 0, NULL, 0, 'published', '2025-02-14 10:22:00', '2025-02-14 10:22:00'),
(3409, 'Dasna', 'dasna', 34, 1, NULL, 0, NULL, 0, 'published', '2025-02-14 10:22:00', '2025-02-14 10:22:00'),
(3410, 'Dataganj', 'dataganj', 34, 1, NULL, 0, NULL, 0, 'published', '2025-02-14 10:22:00', '2025-02-14 10:22:00'),
(3411, 'Daurala', 'daurala', 34, 1, NULL, 0, NULL, 0, 'published', '2025-02-14 10:22:00', '2025-02-14 10:22:00'),
(3412, 'Dayal Bagh', 'dayal-bagh', 34, 1, NULL, 0, NULL, 0, 'published', '2025-02-14 10:22:00', '2025-02-14 10:22:00'),
(3413, 'Deoband', 'deoband', 34, 1, NULL, 0, NULL, 0, 'published', '2025-02-14 10:22:00', '2025-02-14 10:22:00'),
(3414, 'Deoranian', 'deoranian', 34, 1, NULL, 0, NULL, 0, 'published', '2025-02-14 10:22:00', '2025-02-14 10:22:00'),
(3415, 'Deoria', 'deoria', 34, 1, NULL, 0, NULL, 0, 'published', '2025-02-14 10:22:00', '2025-02-14 10:22:00'),
(3416, 'Derapur', 'derapur', 34, 1, NULL, 0, NULL, 0, 'published', '2025-02-14 10:22:00', '2025-02-14 10:22:00'),
(3417, 'Dewa', 'dewa', 34, 1, NULL, 0, NULL, 0, 'published', '2025-02-14 10:22:00', '2025-02-14 10:22:00'),
(3418, 'Dhampur', 'dhampur', 34, 1, NULL, 0, NULL, 0, 'published', '2025-02-14 10:22:00', '2025-02-14 10:22:00'),
(3419, 'Dhanaura', 'dhanaura', 34, 1, NULL, 0, NULL, 0, 'published', '2025-02-14 10:22:00', '2025-02-14 10:22:00'),
(3420, 'Dhanghata', 'dhanghata', 34, 1, NULL, 0, NULL, 0, 'published', '2025-02-14 10:22:00', '2025-02-14 10:22:00'),
(3421, 'Dharau', 'dharau', 34, 1, NULL, 0, NULL, 0, 'published', '2025-02-14 10:22:00', '2025-02-14 10:22:00'),
(3422, 'Dhaurahra', 'dhaurahra', 34, 1, NULL, 0, NULL, 0, 'published', '2025-02-14 10:22:00', '2025-02-14 10:22:00'),
(3423, 'Dibai', 'dibai', 34, 1, NULL, 0, NULL, 0, 'published', '2025-02-14 10:22:00', '2025-02-14 10:22:00'),
(3424, 'Divrasai', 'divrasai', 34, 1, NULL, 0, NULL, 0, 'published', '2025-02-14 10:22:00', '2025-02-14 10:22:00'),
(3425, 'Dohrighat', 'dohrighat', 34, 1, NULL, 0, NULL, 0, 'published', '2025-02-14 10:22:00', '2025-02-14 10:22:00'),
(3426, 'Domariaganj', 'domariaganj', 34, 1, NULL, 0, NULL, 0, 'published', '2025-02-14 10:22:00', '2025-02-14 10:22:00'),
(3427, 'Dostpur', 'dostpur', 34, 1, NULL, 0, NULL, 0, 'published', '2025-02-14 10:22:00', '2025-02-14 10:22:00'),
(3428, 'Dudhi', 'dudhi', 34, 1, NULL, 0, NULL, 0, 'published', '2025-02-14 10:22:00', '2025-02-14 10:22:00'),
(3429, 'Etah', 'etah', 34, 1, NULL, 0, NULL, 0, 'published', '2025-02-14 10:22:00', '2025-02-14 10:22:00'),
(3430, 'Etawah', 'etawah', 34, 1, NULL, 0, NULL, 0, 'published', '2025-02-14 10:22:00', '2025-02-14 10:22:00'),
(3431, 'Etmadpur', 'etmadpur', 34, 1, NULL, 0, NULL, 0, 'published', '2025-02-14 10:22:00', '2025-02-14 10:22:00'),
(3432, 'Faizabad', 'faizabad', 34, 1, NULL, 0, NULL, 0, 'published', '2025-02-14 10:22:00', '2025-02-14 10:22:00'),
(3433, 'Farah', 'farah', 34, 1, NULL, 0, NULL, 0, 'published', '2025-02-14 10:22:00', '2025-02-14 10:22:00'),
(3434, 'Faridnagar', 'faridnagar', 34, 1, NULL, 0, NULL, 0, 'published', '2025-02-14 10:22:00', '2025-02-14 10:22:00'),
(3435, 'Faridpur', 'faridpur', 34, 1, NULL, 0, NULL, 0, 'published', '2025-02-14 10:22:00', '2025-02-14 10:22:00'),
(3436, 'Farrukhabad', 'farrukhabad', 34, 1, NULL, 0, NULL, 0, 'published', '2025-02-14 10:22:00', '2025-02-14 10:22:00'),
(3437, 'Fatehganj West', 'fatehganj-west', 34, 1, NULL, 0, NULL, 0, 'published', '2025-02-14 10:22:00', '2025-02-14 10:22:00'),
(3438, 'Fatehgarh', 'fatehgarh', 34, 1, NULL, 0, NULL, 0, 'published', '2025-02-14 10:22:00', '2025-02-14 10:22:00'),
(3439, 'Fatehpur (Barabanki)', 'fatehpur-barabanki', 34, 1, NULL, 0, NULL, 0, 'published', '2025-02-14 10:22:00', '2025-02-14 10:22:00'),
(3440, 'Fatehpur Chaurasi', 'fatehpur-chaurasi', 34, 1, NULL, 0, NULL, 0, 'published', '2025-02-14 10:22:00', '2025-02-14 10:22:00'),
(3441, 'Fatehpur Sikri', 'fatehpur-sikri', 34, 1, NULL, 0, NULL, 0, 'published', '2025-02-14 10:22:00', '2025-02-14 10:22:00'),
(3442, 'Firozabad', 'firozabad', 34, 1, NULL, 0, NULL, 0, 'published', '2025-02-14 10:22:00', '2025-02-14 10:22:00'),
(3443, 'Fyzabad', 'fyzabad', 34, 1, NULL, 0, NULL, 0, 'published', '2025-02-14 10:22:00', '2025-02-14 10:22:00'),
(3444, 'Gahlon', 'gahlon', 34, 1, NULL, 0, NULL, 0, 'published', '2025-02-14 10:22:00', '2025-02-14 10:22:00'),
(3445, 'Gahmar', 'gahmar', 34, 1, NULL, 0, NULL, 0, 'published', '2025-02-14 10:22:00', '2025-02-14 10:22:00'),
(3446, 'Gaini', 'gaini', 34, 1, NULL, 0, NULL, 0, 'published', '2025-02-14 10:22:00', '2025-02-14 10:22:00'),
(3447, 'Gajraula', 'gajraula', 34, 1, NULL, 0, NULL, 0, 'published', '2025-02-14 10:22:00', '2025-02-14 10:22:00'),
(3448, 'Gangoh', 'gangoh', 34, 1, NULL, 0, NULL, 0, 'published', '2025-02-14 10:22:00', '2025-02-14 10:22:00'),
(3449, 'Ganj Dundawara', 'ganj-dundawara', 34, 1, NULL, 0, NULL, 0, 'published', '2025-02-14 10:22:00', '2025-02-14 10:22:00'),
(3450, 'Ganj Dundwara', 'ganj-dundwara', 34, 1, NULL, 0, NULL, 0, 'published', '2025-02-14 10:22:00', '2025-02-14 10:22:00'),
(3451, 'Ganj Muradabad', 'ganj-muradabad', 34, 1, NULL, 0, NULL, 0, 'published', '2025-02-14 10:22:00', '2025-02-14 10:22:00'),
(3452, 'Garautha', 'garautha', 34, 1, NULL, 0, NULL, 0, 'published', '2025-02-14 10:22:00', '2025-02-14 10:22:00'),
(3453, 'Garhi Pukhta', 'garhi-pukhta', 34, 1, NULL, 0, NULL, 0, 'published', '2025-02-14 10:22:00', '2025-02-14 10:22:00'),
(3454, 'Garhmuktesar', 'garhmuktesar', 34, 1, NULL, 0, NULL, 0, 'published', '2025-02-14 10:22:00', '2025-02-14 10:22:00'),
(3455, 'Gauriganj', 'gauriganj', 34, 1, NULL, 0, NULL, 0, 'published', '2025-02-14 10:22:00', '2025-02-14 10:22:00'),
(3456, 'Gautam Buddha Nagar', 'gautam-buddha-nagar', 34, 1, NULL, 0, NULL, 0, 'published', '2025-02-14 10:22:00', '2025-02-14 10:22:00'),
(3457, 'Gawan', 'gawan', 34, 1, NULL, 0, NULL, 0, 'published', '2025-02-14 10:22:00', '2025-02-14 10:22:00'),
(3458, 'Ghatampur', 'ghatampur', 34, 1, NULL, 0, NULL, 0, 'published', '2025-02-14 10:22:00', '2025-02-14 10:22:00'),
(3459, 'Ghaziabad', 'ghaziabad', 34, 1, NULL, 0, NULL, 0, 'published', '2025-02-14 10:22:00', '2025-02-14 10:22:00'),
(3460, 'Ghazipur', 'ghazipur', 34, 1, NULL, 0, NULL, 0, 'published', '2025-02-14 10:22:00', '2025-02-14 10:22:00'),
(3461, 'Ghiror', 'ghiror', 34, 1, NULL, 0, NULL, 0, 'published', '2025-02-14 10:22:00', '2025-02-14 10:22:00'),
(3462, 'Ghorawal', 'ghorawal', 34, 1, NULL, 0, NULL, 0, 'published', '2025-02-14 10:22:00', '2025-02-14 10:22:00'),
(3463, 'Ghosi', 'ghosi', 34, 1, NULL, 0, NULL, 0, 'published', '2025-02-14 10:22:00', '2025-02-14 10:22:00'),
(3464, 'Gohand', 'gohand', 34, 1, NULL, 0, NULL, 0, 'published', '2025-02-14 10:22:00', '2025-02-14 10:22:00'),
(3465, 'Gokul', 'gokul', 34, 1, NULL, 0, NULL, 0, 'published', '2025-02-14 10:22:00', '2025-02-14 10:22:00'),
(3466, 'Gola Bazar', 'gola-bazar', 34, 1, NULL, 0, NULL, 0, 'published', '2025-02-14 10:22:00', '2025-02-14 10:22:00'),
(3467, 'Gola Gokarannath', 'gola-gokarannath', 34, 1, NULL, 0, NULL, 0, 'published', '2025-02-14 10:22:00', '2025-02-14 10:22:00'),
(3468, 'Gonda', 'gonda', 34, 1, NULL, 0, NULL, 0, 'published', '2025-02-14 10:22:00', '2025-02-14 10:22:00'),
(3469, 'Gopamau', 'gopamau', 34, 1, NULL, 0, NULL, 0, 'published', '2025-02-14 10:22:00', '2025-02-14 10:22:00'),
(3470, 'Gosainganj', 'gosainganj', 34, 1, NULL, 0, NULL, 0, 'published', '2025-02-14 10:22:00', '2025-02-14 10:22:00'),
(3471, 'Goshainganj', 'goshainganj', 34, 1, NULL, 0, NULL, 0, 'published', '2025-02-14 10:22:00', '2025-02-14 10:22:00'),
(3472, 'Govardhan', 'govardhan', 34, 1, NULL, 0, NULL, 0, 'published', '2025-02-14 10:22:00', '2025-02-14 10:22:00'),
(3473, 'Greater Noida', 'greater-noida', 34, 1, NULL, 0, NULL, 0, 'published', '2025-02-14 10:22:00', '2025-02-14 10:22:00'),
(3474, 'Gulaothi', 'gulaothi', 34, 1, NULL, 0, NULL, 0, 'published', '2025-02-14 10:22:00', '2025-02-14 10:22:00'),
(3475, 'Gunnaur', 'gunnaur', 34, 1, NULL, 0, NULL, 0, 'published', '2025-02-14 10:22:00', '2025-02-14 10:22:00'),
(3476, 'Gursahaiganj', 'gursahaiganj', 34, 1, NULL, 0, NULL, 0, 'published', '2025-02-14 10:22:00', '2025-02-14 10:22:00'),
(3477, 'Gursarai', 'gursarai', 34, 1, NULL, 0, NULL, 0, 'published', '2025-02-14 10:22:00', '2025-02-14 10:22:00'),
(3478, 'Gyanpur', 'gyanpur', 34, 1, NULL, 0, NULL, 0, 'published', '2025-02-14 10:22:00', '2025-02-14 10:22:00'),
(3479, 'Haldaur', 'haldaur', 34, 1, NULL, 0, NULL, 0, 'published', '2025-02-14 10:22:00', '2025-02-14 10:22:00'),
(3480, 'Handia', 'handia', 34, 1, NULL, 0, NULL, 0, 'published', '2025-02-14 10:22:00', '2025-02-14 10:22:00'),
(3481, 'Hapur', 'hapur', 34, 1, NULL, 0, NULL, 0, 'published', '2025-02-14 10:22:00', '2025-02-14 10:22:00'),
(3482, 'Haraipur', 'haraipur', 34, 1, NULL, 0, NULL, 0, 'published', '2025-02-14 10:22:00', '2025-02-14 10:22:00'),
(3483, 'Haraiya', 'haraiya', 34, 1, NULL, 0, NULL, 0, 'published', '2025-02-14 10:22:00', '2025-02-14 10:22:00'),
(3484, 'Harchandpur', 'harchandpur', 34, 1, NULL, 0, NULL, 0, 'published', '2025-02-14 10:22:00', '2025-02-14 10:22:00'),
(3485, 'Hardoi', 'hardoi', 34, 1, NULL, 0, NULL, 0, 'published', '2025-02-14 10:22:00', '2025-02-14 10:22:00'),
(3486, 'Harduaganj', 'harduaganj', 34, 1, NULL, 0, NULL, 0, 'published', '2025-02-14 10:22:00', '2025-02-14 10:22:00'),
(3487, 'Hastinapur', 'hastinapur', 34, 1, NULL, 0, NULL, 0, 'published', '2025-02-14 10:22:00', '2025-02-14 10:22:00'),
(3488, 'Hata', 'hata', 34, 1, NULL, 0, NULL, 0, 'published', '2025-02-14 10:22:00', '2025-02-14 10:22:00'),
(3489, 'Hata (India)', 'hata-india', 34, 1, NULL, 0, NULL, 0, 'published', '2025-02-14 10:22:00', '2025-02-14 10:22:00'),
(3490, 'Hathras', 'hathras', 34, 1, NULL, 0, NULL, 0, 'published', '2025-02-14 10:22:00', '2025-02-14 10:22:00'),
(3491, 'Hulas', 'hulas', 34, 1, NULL, 0, NULL, 0, 'published', '2025-02-14 10:22:00', '2025-02-14 10:22:00'),
(3492, 'Ibrahimpur', 'ibrahimpur', 34, 1, NULL, 0, NULL, 0, 'published', '2025-02-14 10:22:00', '2025-02-14 10:22:00'),
(3493, 'Iglas', 'iglas', 34, 1, NULL, 0, NULL, 0, 'published', '2025-02-14 10:22:00', '2025-02-14 10:22:00'),
(3494, 'Ikauna', 'ikauna', 34, 1, NULL, 0, NULL, 0, 'published', '2025-02-14 10:22:00', '2025-02-14 10:22:00'),
(3495, 'Indergarh', 'indergarh', 34, 1, NULL, 0, NULL, 0, 'published', '2025-02-14 10:22:00', '2025-02-14 10:22:00'),
(3496, 'Indragarh', 'indragarh', 34, 1, NULL, 0, NULL, 0, 'published', '2025-02-14 10:22:00', '2025-02-14 10:22:00'),
(3497, 'Islamnagar', 'islamnagar', 34, 1, NULL, 0, NULL, 0, 'published', '2025-02-14 10:22:00', '2025-02-14 10:22:00'),
(3498, 'Islamnagar (Badaun)', 'islamnagar-badaun', 34, 1, NULL, 0, NULL, 0, 'published', '2025-02-14 10:22:00', '2025-02-14 10:22:00'),
(3499, 'Itaunja', 'itaunja', 34, 1, NULL, 0, NULL, 0, 'published', '2025-02-14 10:22:00', '2025-02-14 10:22:00'),
(3500, 'Itimadpur', 'itimadpur', 34, 1, NULL, 0, NULL, 0, 'published', '2025-02-14 10:22:00', '2025-02-14 10:22:00'),
(3501, 'Jagdishpur', 'jagdishpur', 34, 1, NULL, 0, NULL, 0, 'published', '2025-02-14 10:22:00', '2025-02-14 10:22:00'),
(3502, 'Jagnair', 'jagnair', 34, 1, NULL, 0, NULL, 0, 'published', '2025-02-14 10:22:00', '2025-02-14 10:22:00'),
(3503, 'Jahanabad (Pilibhit)', 'jahanabad-pilibhit', 34, 1, NULL, 0, NULL, 0, 'published', '2025-02-14 10:22:00', '2025-02-14 10:22:00'),
(3504, 'Jahangirabad', 'jahangirabad', 34, 1, NULL, 0, NULL, 0, 'published', '2025-02-14 10:22:00', '2025-02-14 10:22:00'),
(3505, 'Jahangirpur', 'jahangirpur', 34, 1, NULL, 0, NULL, 0, 'published', '2025-02-14 10:22:00', '2025-02-14 10:22:00'),
(3506, 'Jainpur', 'jainpur', 34, 1, NULL, 0, NULL, 0, 'published', '2025-02-14 10:22:00', '2025-02-14 10:22:00'),
(3507, 'Jais', 'jais', 34, 1, NULL, 0, NULL, 0, 'published', '2025-02-14 10:22:00', '2025-02-14 10:22:00'),
(3508, 'Jalali', 'jalali', 34, 1, NULL, 0, NULL, 0, 'published', '2025-02-14 10:22:00', '2025-02-14 10:22:00'),
(3509, 'Jalaun', 'jalaun', 34, 1, NULL, 0, NULL, 0, 'published', '2025-02-14 10:22:00', '2025-02-14 10:22:00'),
(3510, 'Jalesar', 'jalesar', 34, 1, NULL, 0, NULL, 0, 'published', '2025-02-14 10:22:00', '2025-02-14 10:22:00'),
(3511, 'Janghai', 'janghai', 34, 1, NULL, 0, NULL, 0, 'published', '2025-02-14 10:22:00', '2025-02-14 10:22:00'),
(3512, 'Jansath', 'jansath', 34, 1, NULL, 0, NULL, 0, 'published', '2025-02-14 10:22:00', '2025-02-14 10:22:00'),
(3513, 'Jarwa', 'jarwa', 34, 1, NULL, 0, NULL, 0, 'published', '2025-02-14 10:22:00', '2025-02-14 10:22:00'),
(3514, 'Jarwal', 'jarwal', 34, 1, NULL, 0, NULL, 0, 'published', '2025-02-14 10:22:00', '2025-02-14 10:22:00'),
(3515, 'Jasrana', 'jasrana', 34, 1, NULL, 0, NULL, 0, 'published', '2025-02-14 10:22:00', '2025-02-14 10:22:00'),
(3516, 'Jaswantnagar', 'jaswantnagar', 34, 1, NULL, 0, NULL, 0, 'published', '2025-02-14 10:22:00', '2025-02-14 10:22:00'),
(3517, 'Jaunpur', 'jaunpur', 34, 1, NULL, 0, NULL, 0, 'published', '2025-02-14 10:22:00', '2025-02-14 10:22:00'),
(3518, 'Jewar', 'jewar', 34, 1, NULL, 0, NULL, 0, 'published', '2025-02-14 10:22:00', '2025-02-14 10:22:00'),
(3519, 'Jhajhar', 'jhajhar', 34, 1, NULL, 0, NULL, 0, 'published', '2025-02-14 10:22:00', '2025-02-14 10:22:00'),
(3520, 'Jhalu', 'jhalu', 34, 1, NULL, 0, NULL, 0, 'published', '2025-02-14 10:22:00', '2025-02-14 10:22:00'),
(3521, 'Jhansi', 'jhansi', 34, 1, NULL, 0, NULL, 0, 'published', '2025-02-14 10:22:00', '2025-02-14 10:22:00'),
(3522, 'Jhinjhak', 'jhinjhak', 34, 1, NULL, 0, NULL, 0, 'published', '2025-02-14 10:22:00', '2025-02-14 10:22:00'),
(3523, 'Jhinjhana', 'jhinjhana', 34, 1, NULL, 0, NULL, 0, 'published', '2025-02-14 10:22:00', '2025-02-14 10:22:00'),
(3524, 'Jhusi', 'jhusi', 34, 1, NULL, 0, NULL, 0, 'published', '2025-02-14 10:22:00', '2025-02-14 10:22:00'),
(3525, 'Jiyanpur', 'jiyanpur', 34, 1, NULL, 0, NULL, 0, 'published', '2025-02-14 10:22:00', '2025-02-14 10:22:00'),
(3526, 'Jyotiba Phule Nagar', 'jyotiba-phule-nagar', 34, 1, NULL, 0, NULL, 0, 'published', '2025-02-14 10:22:00', '2025-02-14 10:22:00'),
(3527, 'Kabrai', 'kabrai', 34, 1, NULL, 0, NULL, 0, 'published', '2025-02-14 10:22:00', '2025-02-14 10:22:00'),
(3528, 'Kachhwa', 'kachhwa', 34, 1, NULL, 0, NULL, 0, 'published', '2025-02-14 10:22:00', '2025-02-14 10:22:00'),
(3529, 'Kadaura', 'kadaura', 34, 1, NULL, 0, NULL, 0, 'published', '2025-02-14 10:22:00', '2025-02-14 10:22:00'),
(3530, 'Kadipur', 'kadipur', 34, 1, NULL, 0, NULL, 0, 'published', '2025-02-14 10:22:00', '2025-02-14 10:22:00'),
(3531, 'Kagarol', 'kagarol', 34, 1, NULL, 0, NULL, 0, 'published', '2025-02-14 10:22:00', '2025-02-14 10:22:00'),
(3532, 'Kaimganj', 'kaimganj', 34, 1, NULL, 0, NULL, 0, 'published', '2025-02-14 10:22:00', '2025-02-14 10:22:00'),
(3533, 'Kairana', 'kairana', 34, 1, NULL, 0, NULL, 0, 'published', '2025-02-14 10:22:00', '2025-02-14 10:22:00'),
(3534, 'Kakori', 'kakori', 34, 1, NULL, 0, NULL, 0, 'published', '2025-02-14 10:22:00', '2025-02-14 10:22:00'),
(3535, 'Kakrala', 'kakrala', 34, 1, NULL, 0, NULL, 0, 'published', '2025-02-14 10:22:00', '2025-02-14 10:22:00'),
(3536, 'Kalinagar', 'kalinagar', 34, 1, NULL, 0, NULL, 0, 'published', '2025-02-14 10:22:00', '2025-02-14 10:22:00'),
(3537, 'Kalpi', 'kalpi', 34, 1, NULL, 0, NULL, 0, 'published', '2025-02-14 10:22:00', '2025-02-14 10:22:00'),
(3538, 'Kalyanpur', 'kalyanpur', 34, 1, NULL, 0, NULL, 0, 'published', '2025-02-14 10:22:00', '2025-02-14 10:22:00'),
(3539, 'Kamalganj', 'kamalganj', 34, 1, NULL, 0, NULL, 0, 'published', '2025-02-14 10:22:00', '2025-02-14 10:22:00'),
(3540, 'Kampil', 'kampil', 34, 1, NULL, 0, NULL, 0, 'published', '2025-02-14 10:22:00', '2025-02-14 10:22:00'),
(3541, 'Kandhla', 'kandhla', 34, 1, NULL, 0, NULL, 0, 'published', '2025-02-14 10:22:00', '2025-02-14 10:22:00'),
(3542, 'Kannauj', 'kannauj', 34, 1, NULL, 0, NULL, 0, 'published', '2025-02-14 10:22:00', '2025-02-14 10:22:00'),
(3543, 'Kanpur', 'kanpur', 34, 1, NULL, 0, NULL, 0, 'published', '2025-02-14 10:22:00', '2025-02-14 10:22:00'),
(3544, 'Kanpur Dehat', 'kanpur-dehat', 34, 1, NULL, 0, NULL, 0, 'published', '2025-02-14 10:22:00', '2025-02-14 10:22:00'),
(3545, 'Kant', 'kant', 34, 1, NULL, 0, NULL, 0, 'published', '2025-02-14 10:22:00', '2025-02-14 10:22:00');
INSERT INTO `cities` (`id`, `name`, `slug`, `state_id`, `country_id`, `record_id`, `order`, `image`, `is_default`, `status`, `created_at`, `updated_at`) VALUES
(3546, 'Kanth', 'kanth', 34, 1, NULL, 0, NULL, 0, 'published', '2025-02-14 10:22:00', '2025-02-14 10:22:00'),
(3547, 'Kaptanganj', 'kaptanganj', 34, 1, NULL, 0, NULL, 0, 'published', '2025-02-14 10:22:00', '2025-02-14 10:22:00'),
(3548, 'Kara', 'kara', 34, 1, NULL, 0, NULL, 0, 'published', '2025-02-14 10:22:00', '2025-02-14 10:22:00'),
(3549, 'Karari', 'karari', 34, 1, NULL, 0, NULL, 0, 'published', '2025-02-14 10:22:00', '2025-02-14 10:22:00'),
(3550, 'Karbigwan', 'karbigwan', 34, 1, NULL, 0, NULL, 0, 'published', '2025-02-14 10:22:00', '2025-02-14 10:22:00'),
(3551, 'Karchana', 'karchana', 34, 1, NULL, 0, NULL, 0, 'published', '2025-02-14 10:22:00', '2025-02-14 10:22:00'),
(3552, 'Karhal', 'karhal', 34, 1, NULL, 0, NULL, 0, 'published', '2025-02-14 10:22:00', '2025-02-14 10:22:00'),
(3553, 'Kasganj', 'kasganj', 34, 1, NULL, 0, NULL, 0, 'published', '2025-02-14 10:22:00', '2025-02-14 10:22:00'),
(3554, 'Kausani', 'kausani', 34, 1, NULL, 0, NULL, 0, 'published', '2025-02-14 10:22:00', '2025-02-14 10:22:00'),
(3555, 'Kaushambi District', 'kaushambi-district', 34, 1, NULL, 0, NULL, 0, 'published', '2025-02-14 10:22:00', '2025-02-14 10:22:00'),
(3556, 'Kemri', 'kemri', 34, 1, NULL, 0, NULL, 0, 'published', '2025-02-14 10:22:00', '2025-02-14 10:22:00'),
(3557, 'Khada', 'khada', 34, 1, NULL, 0, NULL, 0, 'published', '2025-02-14 10:22:00', '2025-02-14 10:22:00'),
(3558, 'Khaga', 'khaga', 34, 1, NULL, 0, NULL, 0, 'published', '2025-02-14 10:22:00', '2025-02-14 10:22:00'),
(3559, 'Khair', 'khair', 34, 1, NULL, 0, NULL, 0, 'published', '2025-02-14 10:22:00', '2025-02-14 10:22:00'),
(3560, 'Khairabad', 'khairabad', 34, 1, NULL, 0, NULL, 0, 'published', '2025-02-14 10:22:00', '2025-02-14 10:22:00'),
(3561, 'Khalilabad', 'khalilabad', 34, 1, NULL, 0, NULL, 0, 'published', '2025-02-14 10:22:00', '2025-02-14 10:22:00'),
(3562, 'Kharela', 'kharela', 34, 1, NULL, 0, NULL, 0, 'published', '2025-02-14 10:22:00', '2025-02-14 10:22:00'),
(3563, 'Khargupur', 'khargupur', 34, 1, NULL, 0, NULL, 0, 'published', '2025-02-14 10:22:00', '2025-02-14 10:22:00'),
(3564, 'Khatauli', 'khatauli', 34, 1, NULL, 0, NULL, 0, 'published', '2025-02-14 10:22:00', '2025-02-14 10:22:00'),
(3565, 'Khekra', 'khekra', 34, 1, NULL, 0, NULL, 0, 'published', '2025-02-14 10:22:00', '2025-02-14 10:22:00'),
(3566, 'Kheri', 'kheri', 34, 1, NULL, 0, NULL, 0, 'published', '2025-02-14 10:22:00', '2025-02-14 10:22:00'),
(3567, 'Khudaganj', 'khudaganj', 34, 1, NULL, 0, NULL, 0, 'published', '2025-02-14 10:22:00', '2025-02-14 10:22:00'),
(3568, 'Khurja', 'khurja', 34, 1, NULL, 0, NULL, 0, 'published', '2025-02-14 10:22:00', '2025-02-14 10:22:00'),
(3569, 'Khutar', 'khutar', 34, 1, NULL, 0, NULL, 0, 'published', '2025-02-14 10:22:00', '2025-02-14 10:22:00'),
(3570, 'Kirakat', 'kirakat', 34, 1, NULL, 0, NULL, 0, 'published', '2025-02-14 10:22:00', '2025-02-14 10:22:00'),
(3571, 'Kiraoli', 'kiraoli', 34, 1, NULL, 0, NULL, 0, 'published', '2025-02-14 10:22:00', '2025-02-14 10:22:00'),
(3572, 'Kiratpur', 'kiratpur', 34, 1, NULL, 0, NULL, 0, 'published', '2025-02-14 10:22:00', '2025-02-14 10:22:00'),
(3573, 'Kishanpur', 'kishanpur', 34, 1, NULL, 0, NULL, 0, 'published', '2025-02-14 10:22:00', '2025-02-14 10:22:00'),
(3574, 'Kishanpur baral', 'kishanpur-baral', 34, 1, NULL, 0, NULL, 0, 'published', '2025-02-14 10:22:00', '2025-02-14 10:22:00'),
(3575, 'Kishni', 'kishni', 34, 1, NULL, 0, NULL, 0, 'published', '2025-02-14 10:22:00', '2025-02-14 10:22:00'),
(3576, 'Kithor', 'kithor', 34, 1, NULL, 0, NULL, 0, 'published', '2025-02-14 10:22:00', '2025-02-14 10:22:00'),
(3577, 'Konch', 'konch', 34, 1, NULL, 0, NULL, 0, 'published', '2025-02-14 10:22:00', '2025-02-14 10:22:00'),
(3578, 'Kopaganj', 'kopaganj', 34, 1, NULL, 0, NULL, 0, 'published', '2025-02-14 10:22:00', '2025-02-14 10:22:00'),
(3579, 'Kosi', 'kosi', 34, 1, NULL, 0, NULL, 0, 'published', '2025-02-14 10:22:00', '2025-02-14 10:22:00'),
(3580, 'Kotra', 'kotra', 34, 1, NULL, 0, NULL, 0, 'published', '2025-02-14 10:22:00', '2025-02-14 10:22:00'),
(3581, 'Kuchesar', 'kuchesar', 34, 1, NULL, 0, NULL, 0, 'published', '2025-02-14 10:22:00', '2025-02-14 10:22:00'),
(3582, 'Kudarkot', 'kudarkot', 34, 1, NULL, 0, NULL, 0, 'published', '2025-02-14 10:22:00', '2025-02-14 10:22:00'),
(3583, 'Kulpahar', 'kulpahar', 34, 1, NULL, 0, NULL, 0, 'published', '2025-02-14 10:22:00', '2025-02-14 10:22:00'),
(3584, 'Kunda', 'kunda', 34, 1, NULL, 0, NULL, 0, 'published', '2025-02-14 10:22:00', '2025-02-14 10:22:00'),
(3585, 'Kundarkhi', 'kundarkhi', 34, 1, NULL, 0, NULL, 0, 'published', '2025-02-14 10:22:00', '2025-02-14 10:22:00'),
(3586, 'Kundarki', 'kundarki', 34, 1, NULL, 0, NULL, 0, 'published', '2025-02-14 10:22:00', '2025-02-14 10:22:00'),
(3587, 'Kurara', 'kurara', 34, 1, NULL, 0, NULL, 0, 'published', '2025-02-14 10:22:00', '2025-02-14 10:22:00'),
(3588, 'Kurebharsaidkhanpur', 'kurebharsaidkhanpur', 34, 1, NULL, 0, NULL, 0, 'published', '2025-02-14 10:22:00', '2025-02-14 10:22:00'),
(3589, 'Kushinagar', 'kushinagar', 34, 1, NULL, 0, NULL, 0, 'published', '2025-02-14 10:22:00', '2025-02-14 10:22:00'),
(3590, 'Kusmara', 'kusmara', 34, 1, NULL, 0, NULL, 0, 'published', '2025-02-14 10:22:00', '2025-02-14 10:22:00'),
(3591, 'Kuthaund', 'kuthaund', 34, 1, NULL, 0, NULL, 0, 'published', '2025-02-14 10:22:00', '2025-02-14 10:22:00'),
(3592, 'Laharpur', 'laharpur', 34, 1, NULL, 0, NULL, 0, 'published', '2025-02-14 10:22:00', '2025-02-14 10:22:00'),
(3593, 'Lakhna', 'lakhna', 34, 1, NULL, 0, NULL, 0, 'published', '2025-02-14 10:22:00', '2025-02-14 10:22:00'),
(3594, 'Lalitpur', 'lalitpur', 34, 1, NULL, 0, NULL, 0, 'published', '2025-02-14 10:22:00', '2025-02-14 10:22:00'),
(3595, 'Lambhua', 'lambhua', 34, 1, NULL, 0, NULL, 0, 'published', '2025-02-14 10:22:00', '2025-02-14 10:22:00'),
(3596, 'Lar', 'lar', 34, 1, NULL, 0, NULL, 0, 'published', '2025-02-14 10:22:00', '2025-02-14 10:22:00'),
(3597, 'Lawar', 'lawar', 34, 1, NULL, 0, NULL, 0, 'published', '2025-02-14 10:22:00', '2025-02-14 10:22:00'),
(3598, 'Lawar Khas', 'lawar-khas', 34, 1, NULL, 0, NULL, 0, 'published', '2025-02-14 10:22:00', '2025-02-14 10:22:00'),
(3599, 'Loni', 'loni', 34, 1, NULL, 0, NULL, 0, 'published', '2025-02-14 10:22:00', '2025-02-14 10:22:00'),
(3600, 'Lucknow', 'lucknow', 34, 1, NULL, 0, NULL, 0, 'published', '2025-02-14 10:22:00', '2025-02-14 10:22:00'),
(3601, 'Lucknow District', 'lucknow-district', 34, 1, NULL, 0, NULL, 0, 'published', '2025-02-14 10:22:00', '2025-02-14 10:22:00'),
(3602, 'Machhali Shahar', 'machhali-shahar', 34, 1, NULL, 0, NULL, 0, 'published', '2025-02-14 10:22:00', '2025-02-14 10:22:00'),
(3603, 'Machhlishahr', 'machhlishahr', 34, 1, NULL, 0, NULL, 0, 'published', '2025-02-14 10:22:00', '2025-02-14 10:22:00'),
(3604, 'Madhoganj', 'madhoganj', 34, 1, NULL, 0, NULL, 0, 'published', '2025-02-14 10:22:00', '2025-02-14 10:22:00'),
(3605, 'Maghar', 'maghar', 34, 1, NULL, 0, NULL, 0, 'published', '2025-02-14 10:22:00', '2025-02-14 10:22:00'),
(3606, 'Mahaban', 'mahaban', 34, 1, NULL, 0, NULL, 0, 'published', '2025-02-14 10:22:00', '2025-02-14 10:22:00'),
(3607, 'Maharajganj', 'maharajganj', 34, 1, NULL, 0, NULL, 0, 'published', '2025-02-14 10:22:00', '2025-02-14 10:22:00'),
(3608, 'Mahmudabad', 'mahmudabad', 34, 1, NULL, 0, NULL, 0, 'published', '2025-02-14 10:22:00', '2025-02-14 10:22:00'),
(3609, 'Mahoba', 'mahoba', 34, 1, NULL, 0, NULL, 0, 'published', '2025-02-14 10:22:00', '2025-02-14 10:22:00'),
(3610, 'Maholi', 'maholi', 34, 1, NULL, 0, NULL, 0, 'published', '2025-02-14 10:22:00', '2025-02-14 10:22:00'),
(3611, 'Mahrajganj', 'mahrajganj', 34, 1, NULL, 0, NULL, 0, 'published', '2025-02-14 10:22:00', '2025-02-14 10:22:00'),
(3612, 'Mahrajganj (Raebareli)', 'mahrajganj-raebareli', 34, 1, NULL, 0, NULL, 0, 'published', '2025-02-14 10:22:00', '2025-02-14 10:22:00'),
(3613, 'Mahroni', 'mahroni', 34, 1, NULL, 0, NULL, 0, 'published', '2025-02-14 10:22:00', '2025-02-14 10:22:00'),
(3614, 'Mahul', 'mahul', 34, 1, NULL, 0, NULL, 0, 'published', '2025-02-14 10:22:00', '2025-02-14 10:22:00'),
(3615, 'Mailani', 'mailani', 34, 1, NULL, 0, NULL, 0, 'published', '2025-02-14 10:22:00', '2025-02-14 10:22:00'),
(3616, 'Mainpuri', 'mainpuri', 34, 1, NULL, 0, NULL, 0, 'published', '2025-02-14 10:22:00', '2025-02-14 10:22:00'),
(3617, 'Majhupur', 'majhupur', 34, 1, NULL, 0, NULL, 0, 'published', '2025-02-14 10:22:00', '2025-02-14 10:22:00'),
(3618, 'Makanpur', 'makanpur', 34, 1, NULL, 0, NULL, 0, 'published', '2025-02-14 10:22:00', '2025-02-14 10:22:00'),
(3619, 'Malasa', 'malasa', 34, 1, NULL, 0, NULL, 0, 'published', '2025-02-14 10:22:00', '2025-02-14 10:22:00'),
(3620, 'Malihabad', 'malihabad', 34, 1, NULL, 0, NULL, 0, 'published', '2025-02-14 10:22:00', '2025-02-14 10:22:00'),
(3621, 'Maniar', 'maniar', 34, 1, NULL, 0, NULL, 0, 'published', '2025-02-14 10:22:00', '2025-02-14 10:22:00'),
(3622, 'Manikpur', 'manikpur', 34, 1, NULL, 0, NULL, 0, 'published', '2025-02-14 10:22:00', '2025-02-14 10:22:00'),
(3623, 'Manjhanpur', 'manjhanpur', 34, 1, NULL, 0, NULL, 0, 'published', '2025-02-14 10:22:00', '2025-02-14 10:22:00'),
(3624, 'Mankapur', 'mankapur', 34, 1, NULL, 0, NULL, 0, 'published', '2025-02-14 10:22:00', '2025-02-14 10:22:00'),
(3625, 'Marahra', 'marahra', 34, 1, NULL, 0, NULL, 0, 'published', '2025-02-14 10:22:00', '2025-02-14 10:22:00'),
(3626, 'Mariahu', 'mariahu', 34, 1, NULL, 0, NULL, 0, 'published', '2025-02-14 10:22:00', '2025-02-14 10:22:00'),
(3627, 'Mataundh', 'mataundh', 34, 1, NULL, 0, NULL, 0, 'published', '2025-02-14 10:22:00', '2025-02-14 10:22:00'),
(3628, 'Mathura', 'mathura', 34, 1, NULL, 0, NULL, 0, 'published', '2025-02-14 10:22:00', '2025-02-14 10:22:00'),
(3629, 'Mau Aima', 'mau-aima', 34, 1, NULL, 0, NULL, 0, 'published', '2025-02-14 10:22:00', '2025-02-14 10:22:00'),
(3630, 'Mau Aimma', 'mau-aimma', 34, 1, NULL, 0, NULL, 0, 'published', '2025-02-14 10:22:00', '2025-02-14 10:22:00'),
(3631, 'Maudaha', 'maudaha', 34, 1, NULL, 0, NULL, 0, 'published', '2025-02-14 10:22:00', '2025-02-14 10:22:00'),
(3632, 'Maurawan', 'maurawan', 34, 1, NULL, 0, NULL, 0, 'published', '2025-02-14 10:22:00', '2025-02-14 10:22:00'),
(3633, 'Mawana', 'mawana', 34, 1, NULL, 0, NULL, 0, 'published', '2025-02-14 10:22:00', '2025-02-14 10:22:00'),
(3634, 'Mawar', 'mawar', 34, 1, NULL, 0, NULL, 0, 'published', '2025-02-14 10:22:00', '2025-02-14 10:22:00'),
(3635, 'Meerut', 'meerut', 34, 1, NULL, 0, NULL, 0, 'published', '2025-02-14 10:22:00', '2025-02-14 10:22:00'),
(3636, 'Mehdawal', 'mehdawal', 34, 1, NULL, 0, NULL, 0, 'published', '2025-02-14 10:22:00', '2025-02-14 10:22:00'),
(3637, 'Mehnagar', 'mehnagar', 34, 1, NULL, 0, NULL, 0, 'published', '2025-02-14 10:22:00', '2025-02-14 10:22:00'),
(3638, 'Mehndawal', 'mehndawal', 34, 1, NULL, 0, NULL, 0, 'published', '2025-02-14 10:22:00', '2025-02-14 10:22:00'),
(3639, 'Milak', 'milak', 34, 1, NULL, 0, NULL, 0, 'published', '2025-02-14 10:22:00', '2025-02-14 10:22:00'),
(3640, 'Milkipur', 'milkipur', 34, 1, NULL, 0, NULL, 0, 'published', '2025-02-14 10:22:00', '2025-02-14 10:22:00'),
(3641, 'Miranpur', 'miranpur', 34, 1, NULL, 0, NULL, 0, 'published', '2025-02-14 10:22:00', '2025-02-14 10:22:00'),
(3642, 'Miranpur Katra', 'miranpur-katra', 34, 1, NULL, 0, NULL, 0, 'published', '2025-02-14 10:22:00', '2025-02-14 10:22:00'),
(3643, 'Mirganj', 'mirganj', 34, 1, NULL, 0, NULL, 0, 'published', '2025-02-14 10:22:00', '2025-02-14 10:22:00'),
(3644, 'Mirzapur', 'mirzapur', 34, 1, NULL, 0, NULL, 0, 'published', '2025-02-14 10:22:00', '2025-02-14 10:22:00'),
(3645, 'Misrikh', 'misrikh', 34, 1, NULL, 0, NULL, 0, 'published', '2025-02-14 10:22:00', '2025-02-14 10:22:00'),
(3646, 'Mohan', 'mohan', 34, 1, NULL, 0, NULL, 0, 'published', '2025-02-14 10:22:00', '2025-02-14 10:22:00'),
(3647, 'Mohanpur', 'mohanpur', 34, 1, NULL, 0, NULL, 0, 'published', '2025-02-14 10:22:00', '2025-02-14 10:22:00'),
(3648, 'Moradabad', 'moradabad', 34, 1, NULL, 0, NULL, 0, 'published', '2025-02-14 10:22:00', '2025-02-14 10:22:00'),
(3649, 'Moth', 'moth', 34, 1, NULL, 0, NULL, 0, 'published', '2025-02-14 10:22:00', '2025-02-14 10:22:00'),
(3650, 'Mubarakpur', 'mubarakpur', 34, 1, NULL, 0, NULL, 0, 'published', '2025-02-14 10:22:00', '2025-02-14 10:22:00'),
(3651, 'Mughal Sarai', 'mughal-sarai', 34, 1, NULL, 0, NULL, 0, 'published', '2025-02-14 10:22:00', '2025-02-14 10:22:00'),
(3652, 'Muhammadabad', 'muhammadabad', 34, 1, NULL, 0, NULL, 0, 'published', '2025-02-14 10:22:00', '2025-02-14 10:22:00'),
(3653, 'Mukteshwar', 'mukteshwar', 34, 1, NULL, 0, NULL, 0, 'published', '2025-02-14 10:22:00', '2025-02-14 10:22:00'),
(3654, 'Mungra Badshahpur', 'mungra-badshahpur', 34, 1, NULL, 0, NULL, 0, 'published', '2025-02-14 10:22:00', '2025-02-14 10:22:00'),
(3655, 'Munsyari', 'munsyari', 34, 1, NULL, 0, NULL, 0, 'published', '2025-02-14 10:22:00', '2025-02-14 10:22:00'),
(3656, 'Muradabad', 'muradabad', 34, 1, NULL, 0, NULL, 0, 'published', '2025-02-14 10:22:00', '2025-02-14 10:22:00'),
(3657, 'Muradnagar', 'muradnagar', 34, 1, NULL, 0, NULL, 0, 'published', '2025-02-14 10:22:00', '2025-02-14 10:22:00'),
(3658, 'Mursan', 'mursan', 34, 1, NULL, 0, NULL, 0, 'published', '2025-02-14 10:22:00', '2025-02-14 10:22:00'),
(3659, 'Musafir-Khana', 'musafir-khana', 34, 1, NULL, 0, NULL, 0, 'published', '2025-02-14 10:22:00', '2025-02-14 10:22:00'),
(3660, 'Musafirkhana', 'musafirkhana', 34, 1, NULL, 0, NULL, 0, 'published', '2025-02-14 10:22:00', '2025-02-14 10:22:00'),
(3661, 'Muzaffarnagar', 'muzaffarnagar', 34, 1, NULL, 0, NULL, 0, 'published', '2025-02-14 10:22:00', '2025-02-14 10:22:00'),
(3662, 'Nadigaon', 'nadigaon', 34, 1, NULL, 0, NULL, 0, 'published', '2025-02-14 10:22:00', '2025-02-14 10:22:00'),
(3663, 'Nagina', 'nagina', 34, 1, NULL, 0, NULL, 0, 'published', '2025-02-14 10:22:00', '2025-02-14 10:22:00'),
(3664, 'Nagla', 'nagla', 34, 1, NULL, 0, NULL, 0, 'published', '2025-02-14 10:22:00', '2025-02-14 10:22:00'),
(3665, 'Nagram', 'nagram', 34, 1, NULL, 0, NULL, 0, 'published', '2025-02-14 10:22:00', '2025-02-14 10:22:00'),
(3666, 'Najibabad', 'najibabad', 34, 1, NULL, 0, NULL, 0, 'published', '2025-02-14 10:22:00', '2025-02-14 10:22:00'),
(3667, 'Nakur', 'nakur', 34, 1, NULL, 0, NULL, 0, 'published', '2025-02-14 10:22:00', '2025-02-14 10:22:00'),
(3668, 'Nanauta', 'nanauta', 34, 1, NULL, 0, NULL, 0, 'published', '2025-02-14 10:22:00', '2025-02-14 10:22:00'),
(3669, 'Nanpara', 'nanpara', 34, 1, NULL, 0, NULL, 0, 'published', '2025-02-14 10:22:00', '2025-02-14 10:22:00'),
(3670, 'Narauli', 'narauli', 34, 1, NULL, 0, NULL, 0, 'published', '2025-02-14 10:22:00', '2025-02-14 10:22:00'),
(3671, 'Naraura', 'naraura', 34, 1, NULL, 0, NULL, 0, 'published', '2025-02-14 10:22:00', '2025-02-14 10:22:00'),
(3672, 'Narora', 'narora', 34, 1, NULL, 0, NULL, 0, 'published', '2025-02-14 10:22:00', '2025-02-14 10:22:00'),
(3673, 'Naugama', 'naugama', 34, 1, NULL, 0, NULL, 0, 'published', '2025-02-14 10:22:00', '2025-02-14 10:22:00'),
(3674, 'Naurangpur', 'naurangpur', 34, 1, NULL, 0, NULL, 0, 'published', '2025-02-14 10:22:00', '2025-02-14 10:22:00'),
(3675, 'Nautanwa', 'nautanwa', 34, 1, NULL, 0, NULL, 0, 'published', '2025-02-14 10:22:00', '2025-02-14 10:22:00'),
(3676, 'Nawabganj', 'nawabganj', 34, 1, NULL, 0, NULL, 0, 'published', '2025-02-14 10:22:00', '2025-02-14 10:22:00'),
(3677, 'Nawabganj (Barabanki)', 'nawabganj-barabanki', 34, 1, NULL, 0, NULL, 0, 'published', '2025-02-14 10:22:00', '2025-02-14 10:22:00'),
(3678, 'Nawabganj (Bareilly)', 'nawabganj-bareilly', 34, 1, NULL, 0, NULL, 0, 'published', '2025-02-14 10:22:00', '2025-02-14 10:22:00'),
(3679, 'Newara', 'newara', 34, 1, NULL, 0, NULL, 0, 'published', '2025-02-14 10:22:00', '2025-02-14 10:22:00'),
(3680, 'Nichlaul', 'nichlaul', 34, 1, NULL, 0, NULL, 0, 'published', '2025-02-14 10:22:00', '2025-02-14 10:22:00'),
(3681, 'Nigoh', 'nigoh', 34, 1, NULL, 0, NULL, 0, 'published', '2025-02-14 10:22:00', '2025-02-14 10:22:00'),
(3682, 'Nihtaur', 'nihtaur', 34, 1, NULL, 0, NULL, 0, 'published', '2025-02-14 10:22:00', '2025-02-14 10:22:00'),
(3683, 'Niwari', 'niwari', 34, 1, NULL, 0, NULL, 0, 'published', '2025-02-14 10:22:00', '2025-02-14 10:22:00'),
(3684, 'Noida', 'noida', 34, 1, NULL, 0, NULL, 0, 'published', '2025-02-14 10:22:00', '2025-02-14 10:22:00'),
(3685, 'Nurpur', 'nurpur', 34, 1, NULL, 0, NULL, 0, 'published', '2025-02-14 10:22:00', '2025-02-14 10:22:00'),
(3686, 'Obra', 'obra', 34, 1, NULL, 0, NULL, 0, 'published', '2025-02-14 10:22:00', '2025-02-14 10:22:00'),
(3687, 'Orai', 'orai', 34, 1, NULL, 0, NULL, 0, 'published', '2025-02-14 10:22:00', '2025-02-14 10:22:00'),
(3688, 'Oran', 'oran', 34, 1, NULL, 0, NULL, 0, 'published', '2025-02-14 10:22:00', '2025-02-14 10:22:00'),
(3689, 'Pachperwa', 'pachperwa', 34, 1, NULL, 0, NULL, 0, 'published', '2025-02-14 10:22:00', '2025-02-14 10:22:00'),
(3690, 'Padrauna', 'padrauna', 34, 1, NULL, 0, NULL, 0, 'published', '2025-02-14 10:22:00', '2025-02-14 10:22:00'),
(3691, 'Pahasu', 'pahasu', 34, 1, NULL, 0, NULL, 0, 'published', '2025-02-14 10:22:00', '2025-02-14 10:22:00'),
(3692, 'Paigaon', 'paigaon', 34, 1, NULL, 0, NULL, 0, 'published', '2025-02-14 10:22:00', '2025-02-14 10:22:00'),
(3693, 'Palia Kalan', 'palia-kalan', 34, 1, NULL, 0, NULL, 0, 'published', '2025-02-14 10:22:00', '2025-02-14 10:22:00'),
(3694, 'Paras Rampur', 'paras-rampur', 34, 1, NULL, 0, NULL, 0, 'published', '2025-02-14 10:22:00', '2025-02-14 10:22:00'),
(3695, 'Parichha', 'parichha', 34, 1, NULL, 0, NULL, 0, 'published', '2025-02-14 10:22:00', '2025-02-14 10:22:00'),
(3696, 'Parichhatgarh', 'parichhatgarh', 34, 1, NULL, 0, NULL, 0, 'published', '2025-02-14 10:22:00', '2025-02-14 10:22:00'),
(3697, 'Parshadepur', 'parshadepur', 34, 1, NULL, 0, NULL, 0, 'published', '2025-02-14 10:22:00', '2025-02-14 10:22:00'),
(3698, 'Pathakpura', 'pathakpura', 34, 1, NULL, 0, NULL, 0, 'published', '2025-02-14 10:22:00', '2025-02-14 10:22:00'),
(3699, 'Patiali', 'patiali', 34, 1, NULL, 0, NULL, 0, 'published', '2025-02-14 10:22:00', '2025-02-14 10:22:00'),
(3700, 'Pawayan', 'pawayan', 34, 1, NULL, 0, NULL, 0, 'published', '2025-02-14 10:22:00', '2025-02-14 10:22:00'),
(3701, 'Payagpur', 'payagpur', 34, 1, NULL, 0, NULL, 0, 'published', '2025-02-14 10:22:00', '2025-02-14 10:22:00'),
(3702, 'Phalauda', 'phalauda', 34, 1, NULL, 0, NULL, 0, 'published', '2025-02-14 10:22:00', '2025-02-14 10:22:00'),
(3703, 'Phaphamau', 'phaphamau', 34, 1, NULL, 0, NULL, 0, 'published', '2025-02-14 10:22:00', '2025-02-14 10:22:00'),
(3704, 'Phaphund', 'phaphund', 34, 1, NULL, 0, NULL, 0, 'published', '2025-02-14 10:22:00', '2025-02-14 10:22:00'),
(3705, 'Phariha', 'phariha', 34, 1, NULL, 0, NULL, 0, 'published', '2025-02-14 10:22:00', '2025-02-14 10:22:00'),
(3706, 'Pheona', 'pheona', 34, 1, NULL, 0, NULL, 0, 'published', '2025-02-14 10:22:00', '2025-02-14 10:22:00'),
(3707, 'Phulpur', 'phulpur', 34, 1, NULL, 0, NULL, 0, 'published', '2025-02-14 10:22:00', '2025-02-14 10:22:00'),
(3708, 'Pichhaura', 'pichhaura', 34, 1, NULL, 0, NULL, 0, 'published', '2025-02-14 10:22:00', '2025-02-14 10:22:00'),
(3709, 'Pihani', 'pihani', 34, 1, NULL, 0, NULL, 0, 'published', '2025-02-14 10:22:00', '2025-02-14 10:22:00'),
(3710, 'Pilibhit', 'pilibhit', 34, 1, NULL, 0, NULL, 0, 'published', '2025-02-14 10:22:00', '2025-02-14 10:22:00'),
(3711, 'Pilkhua', 'pilkhua', 34, 1, NULL, 0, NULL, 0, 'published', '2025-02-14 10:22:00', '2025-02-14 10:22:00'),
(3712, 'Pilkhuwa', 'pilkhuwa', 34, 1, NULL, 0, NULL, 0, 'published', '2025-02-14 10:22:00', '2025-02-14 10:22:00'),
(3713, 'Pinahat', 'pinahat', 34, 1, NULL, 0, NULL, 0, 'published', '2025-02-14 10:22:00', '2025-02-14 10:22:00'),
(3714, 'Pipraich', 'pipraich', 34, 1, NULL, 0, NULL, 0, 'published', '2025-02-14 10:22:00', '2025-02-14 10:22:00'),
(3715, 'Prayagraj (Allahabad)', 'prayagraj-allahabad', 34, 1, NULL, 0, NULL, 0, 'published', '2025-02-14 10:22:00', '2025-02-14 10:22:00'),
(3716, 'Pukhrayan', 'pukhrayan', 34, 1, NULL, 0, NULL, 0, 'published', '2025-02-14 10:22:00', '2025-02-14 10:22:00'),
(3717, 'Puranpur', 'puranpur', 34, 1, NULL, 0, NULL, 0, 'published', '2025-02-14 10:22:00', '2025-02-14 10:22:00'),
(3718, 'Purmafi', 'purmafi', 34, 1, NULL, 0, NULL, 0, 'published', '2025-02-14 10:22:00', '2025-02-14 10:22:00'),
(3719, 'Purwa', 'purwa', 34, 1, NULL, 0, NULL, 0, 'published', '2025-02-14 10:22:00', '2025-02-14 10:22:00'),
(3720, 'Qadirganj', 'qadirganj', 34, 1, NULL, 0, NULL, 0, 'published', '2025-02-14 10:22:00', '2025-02-14 10:22:00'),
(3721, 'Rabupura', 'rabupura', 34, 1, NULL, 0, NULL, 0, 'published', '2025-02-14 10:22:00', '2025-02-14 10:22:00'),
(3722, 'Radha Kund', 'radha-kund', 34, 1, NULL, 0, NULL, 0, 'published', '2025-02-14 10:22:00', '2025-02-14 10:22:00'),
(3723, 'Radhakund', 'radhakund', 34, 1, NULL, 0, NULL, 0, 'published', '2025-02-14 10:22:00', '2025-02-14 10:22:00'),
(3724, 'Raebareli', 'raebareli', 34, 1, NULL, 0, NULL, 0, 'published', '2025-02-14 10:22:00', '2025-02-14 10:22:00'),
(3725, 'Ramkola', 'ramkola', 34, 1, NULL, 0, NULL, 0, 'published', '2025-02-14 10:22:00', '2025-02-14 10:22:00'),
(3726, 'Ranipur', 'ranipur', 34, 1, NULL, 0, NULL, 0, 'published', '2025-02-14 10:22:00', '2025-02-14 10:22:00'),
(3727, 'Ranipur Barsi', 'ranipur-barsi', 34, 1, NULL, 0, NULL, 0, 'published', '2025-02-14 10:22:00', '2025-02-14 10:22:00'),
(3728, 'Rasra', 'rasra', 34, 1, NULL, 0, NULL, 0, 'published', '2025-02-14 10:22:00', '2025-02-14 10:22:00'),
(3729, 'Rasulabad', 'rasulabad', 34, 1, NULL, 0, NULL, 0, 'published', '2025-02-14 10:22:00', '2025-02-14 10:22:00'),
(3730, 'Rath', 'rath', 34, 1, NULL, 0, NULL, 0, 'published', '2025-02-14 10:22:00', '2025-02-14 10:22:00'),
(3731, 'Raya', 'raya', 34, 1, NULL, 0, NULL, 0, 'published', '2025-02-14 10:22:00', '2025-02-14 10:22:00'),
(3732, 'Rehar', 'rehar', 34, 1, NULL, 0, NULL, 0, 'published', '2025-02-14 10:22:00', '2025-02-14 10:22:00'),
(3733, 'Renukoot', 'renukoot', 34, 1, NULL, 0, NULL, 0, 'published', '2025-02-14 10:22:00', '2025-02-14 10:22:00'),
(3734, 'Renukut', 'renukut', 34, 1, NULL, 0, NULL, 0, 'published', '2025-02-14 10:22:00', '2025-02-14 10:22:00'),
(3735, 'Reoti', 'reoti', 34, 1, NULL, 0, NULL, 0, 'published', '2025-02-14 10:22:00', '2025-02-14 10:22:00'),
(3736, 'Reotipur', 'reotipur', 34, 1, NULL, 0, NULL, 0, 'published', '2025-02-14 10:22:00', '2025-02-14 10:22:00'),
(3737, 'Richha', 'richha', 34, 1, NULL, 0, NULL, 0, 'published', '2025-02-14 10:22:00', '2025-02-14 10:22:00'),
(3738, 'Robertsganj', 'robertsganj', 34, 1, NULL, 0, NULL, 0, 'published', '2025-02-14 10:22:00', '2025-02-14 10:22:00'),
(3739, 'Rudarpur', 'rudarpur', 34, 1, NULL, 0, NULL, 0, 'published', '2025-02-14 10:22:00', '2025-02-14 10:22:00'),
(3740, 'Rudauli', 'rudauli', 34, 1, NULL, 0, NULL, 0, 'published', '2025-02-14 10:22:00', '2025-02-14 10:22:00'),
(3741, 'Rura', 'rura', 34, 1, NULL, 0, NULL, 0, 'published', '2025-02-14 10:22:00', '2025-02-14 10:22:00'),
(3742, 'Sabalpur', 'sabalpur', 34, 1, NULL, 0, NULL, 0, 'published', '2025-02-14 10:22:00', '2025-02-14 10:22:00'),
(3743, 'Sachendi', 'sachendi', 34, 1, NULL, 0, NULL, 0, 'published', '2025-02-14 10:22:00', '2025-02-14 10:22:00'),
(3744, 'Sadabad', 'sadabad', 34, 1, NULL, 0, NULL, 0, 'published', '2025-02-14 10:22:00', '2025-02-14 10:22:00'),
(3745, 'Sadat', 'sadat', 34, 1, NULL, 0, NULL, 0, 'published', '2025-02-14 10:22:00', '2025-02-14 10:22:00'),
(3746, 'Safipur', 'safipur', 34, 1, NULL, 0, NULL, 0, 'published', '2025-02-14 10:22:00', '2025-02-14 10:22:00'),
(3747, 'Saharanpur', 'saharanpur', 34, 1, NULL, 0, NULL, 0, 'published', '2025-02-14 10:22:00', '2025-02-14 10:22:00'),
(3748, 'Sahaspur', 'sahaspur', 34, 1, NULL, 0, NULL, 0, 'published', '2025-02-14 10:22:00', '2025-02-14 10:22:00'),
(3749, 'Sahaswan', 'sahaswan', 34, 1, NULL, 0, NULL, 0, 'published', '2025-02-14 10:22:00', '2025-02-14 10:22:00'),
(3750, 'Sahawar', 'sahawar', 34, 1, NULL, 0, NULL, 0, 'published', '2025-02-14 10:22:00', '2025-02-14 10:22:00'),
(3751, 'Sahibabad', 'sahibabad', 34, 1, NULL, 0, NULL, 0, 'published', '2025-02-14 10:22:00', '2025-02-14 10:22:00'),
(3752, 'Sahpau', 'sahpau', 34, 1, NULL, 0, NULL, 0, 'published', '2025-02-14 10:22:00', '2025-02-14 10:22:00'),
(3753, 'Saidpur', 'saidpur', 34, 1, NULL, 0, NULL, 0, 'published', '2025-02-14 10:22:00', '2025-02-14 10:22:00'),
(3754, 'Sakhanu', 'sakhanu', 34, 1, NULL, 0, NULL, 0, 'published', '2025-02-14 10:22:00', '2025-02-14 10:22:00'),
(3755, 'Sakit', 'sakit', 34, 1, NULL, 0, NULL, 0, 'published', '2025-02-14 10:22:00', '2025-02-14 10:22:00'),
(3756, 'Salempur', 'salempur', 34, 1, NULL, 0, NULL, 0, 'published', '2025-02-14 10:22:00', '2025-02-14 10:22:00'),
(3757, 'Salon', 'salon', 34, 1, NULL, 0, NULL, 0, 'published', '2025-02-14 10:22:00', '2025-02-14 10:22:00'),
(3758, 'Sambhal', 'sambhal', 34, 1, NULL, 0, NULL, 0, 'published', '2025-02-14 10:22:00', '2025-02-14 10:22:00'),
(3759, 'Samthar', 'samthar', 34, 1, NULL, 0, NULL, 0, 'published', '2025-02-14 10:22:00', '2025-02-14 10:22:00'),
(3760, 'Sandi', 'sandi', 34, 1, NULL, 0, NULL, 0, 'published', '2025-02-14 10:22:00', '2025-02-14 10:22:00'),
(3761, 'Sandila', 'sandila', 34, 1, NULL, 0, NULL, 0, 'published', '2025-02-14 10:22:00', '2025-02-14 10:22:00'),
(3762, 'Sant Kabir Nagar', 'sant-kabir-nagar', 34, 1, NULL, 0, NULL, 0, 'published', '2025-02-14 10:22:00', '2025-02-14 10:22:00'),
(3763, 'Sant Ravi Das Nagar', 'sant-ravi-das-nagar', 34, 1, NULL, 0, NULL, 0, 'published', '2025-02-14 10:22:00', '2025-02-14 10:22:00'),
(3764, 'Sarai Akil', 'sarai-akil', 34, 1, NULL, 0, NULL, 0, 'published', '2025-02-14 10:22:00', '2025-02-14 10:22:00'),
(3765, 'Sarai Ekdil', 'sarai-ekdil', 34, 1, NULL, 0, NULL, 0, 'published', '2025-02-14 10:22:00', '2025-02-14 10:22:00'),
(3766, 'Sarai Mir', 'sarai-mir', 34, 1, NULL, 0, NULL, 0, 'published', '2025-02-14 10:22:00', '2025-02-14 10:22:00'),
(3767, 'Sarauli', 'sarauli', 34, 1, NULL, 0, NULL, 0, 'published', '2025-02-14 10:22:00', '2025-02-14 10:22:00'),
(3768, 'Sardhana', 'sardhana', 34, 1, NULL, 0, NULL, 0, 'published', '2025-02-14 10:22:00', '2025-02-14 10:22:00'),
(3769, 'Sarila', 'sarila', 34, 1, NULL, 0, NULL, 0, 'published', '2025-02-14 10:22:00', '2025-02-14 10:22:00'),
(3770, 'Sarurpur', 'sarurpur', 34, 1, NULL, 0, NULL, 0, 'published', '2025-02-14 10:22:00', '2025-02-14 10:22:00'),
(3771, 'Sasni', 'sasni', 34, 1, NULL, 0, NULL, 0, 'published', '2025-02-14 10:22:00', '2025-02-14 10:22:00'),
(3772, 'Satrikh', 'satrikh', 34, 1, NULL, 0, NULL, 0, 'published', '2025-02-14 10:22:00', '2025-02-14 10:22:00'),
(3773, 'Saurikh', 'saurikh', 34, 1, NULL, 0, NULL, 0, 'published', '2025-02-14 10:22:00', '2025-02-14 10:22:00'),
(3774, 'Sector', 'sector', 34, 1, NULL, 0, NULL, 0, 'published', '2025-02-14 10:22:00', '2025-02-14 10:22:00'),
(3775, 'Seohara', 'seohara', 34, 1, NULL, 0, NULL, 0, 'published', '2025-02-14 10:22:00', '2025-02-14 10:22:00'),
(3776, 'Shahganj', 'shahganj', 34, 1, NULL, 0, NULL, 0, 'published', '2025-02-14 10:22:00', '2025-02-14 10:22:00'),
(3777, 'Shahi', 'shahi', 34, 1, NULL, 0, NULL, 0, 'published', '2025-02-14 10:22:00', '2025-02-14 10:22:00'),
(3778, 'Shahjahanpur', 'shahjahanpur', 34, 1, NULL, 0, NULL, 0, 'published', '2025-02-14 10:22:00', '2025-02-14 10:22:00'),
(3779, 'Shamli', 'shamli', 34, 1, NULL, 0, NULL, 0, 'published', '2025-02-14 10:22:00', '2025-02-14 10:22:00'),
(3780, 'Shamsabad', 'shamsabad', 34, 1, NULL, 0, NULL, 0, 'published', '2025-02-14 10:22:00', '2025-02-14 10:22:00'),
(3781, 'Shankargarh', 'shankargarh', 34, 1, NULL, 0, NULL, 0, 'published', '2025-02-14 10:22:00', '2025-02-14 10:22:00'),
(3782, 'Shergarh', 'shergarh', 34, 1, NULL, 0, NULL, 0, 'published', '2025-02-14 10:22:00', '2025-02-14 10:22:00'),
(3783, 'Sherkot', 'sherkot', 34, 1, NULL, 0, NULL, 0, 'published', '2025-02-14 10:22:00', '2025-02-14 10:22:00'),
(3784, 'Shibnagar', 'shibnagar', 34, 1, NULL, 0, NULL, 0, 'published', '2025-02-14 10:22:00', '2025-02-14 10:22:00'),
(3785, 'Shikarpur (Bulandshahr)', 'shikarpur-bulandshahr', 34, 1, NULL, 0, NULL, 0, 'published', '2025-02-14 10:22:00', '2025-02-14 10:22:00'),
(3786, 'Shikohabad', 'shikohabad', 34, 1, NULL, 0, NULL, 0, 'published', '2025-02-14 10:22:00', '2025-02-14 10:22:00'),
(3787, 'Shishgarh', 'shishgarh', 34, 1, NULL, 0, NULL, 0, 'published', '2025-02-14 10:22:00', '2025-02-14 10:22:00'),
(3788, 'Shrawasti', 'shrawasti', 34, 1, NULL, 0, NULL, 0, 'published', '2025-02-14 10:22:00', '2025-02-14 10:22:00'),
(3789, 'Siddharthnagar', 'siddharthnagar', 34, 1, NULL, 0, NULL, 0, 'published', '2025-02-14 10:22:00', '2025-02-14 10:22:00'),
(3790, 'Siddhaur', 'siddhaur', 34, 1, NULL, 0, NULL, 0, 'published', '2025-02-14 10:22:00', '2025-02-14 10:22:00'),
(3791, 'Sidhauli', 'sidhauli', 34, 1, NULL, 0, NULL, 0, 'published', '2025-02-14 10:22:00', '2025-02-14 10:22:00'),
(3792, 'Sidhpura', 'sidhpura', 34, 1, NULL, 0, NULL, 0, 'published', '2025-02-14 10:22:00', '2025-02-14 10:22:00'),
(3793, 'Sikandarabad', 'sikandarabad', 34, 1, NULL, 0, NULL, 0, 'published', '2025-02-14 10:22:00', '2025-02-14 10:22:00'),
(3794, 'Sikandarpur', 'sikandarpur', 34, 1, NULL, 0, NULL, 0, 'published', '2025-02-14 10:22:00', '2025-02-14 10:22:00'),
(3795, 'Sikandra', 'sikandra', 34, 1, NULL, 0, NULL, 0, 'published', '2025-02-14 10:22:00', '2025-02-14 10:22:00'),
(3796, 'Sikandra Rao', 'sikandra-rao', 34, 1, NULL, 0, NULL, 0, 'published', '2025-02-14 10:22:00', '2025-02-14 10:22:00'),
(3797, 'Sikandrabad', 'sikandrabad', 34, 1, NULL, 0, NULL, 0, 'published', '2025-02-14 10:22:00', '2025-02-14 10:22:00'),
(3798, 'Sirathu', 'sirathu', 34, 1, NULL, 0, NULL, 0, 'published', '2025-02-14 10:22:00', '2025-02-14 10:22:00'),
(3799, 'Sirsaganj', 'sirsaganj', 34, 1, NULL, 0, NULL, 0, 'published', '2025-02-14 10:22:00', '2025-02-14 10:22:00'),
(3800, 'Sisauli', 'sisauli', 34, 1, NULL, 0, NULL, 0, 'published', '2025-02-14 10:22:00', '2025-02-14 10:22:00'),
(3801, 'Siswa Bazar', 'siswa-bazar', 34, 1, NULL, 0, NULL, 0, 'published', '2025-02-14 10:22:00', '2025-02-14 10:22:00'),
(3802, 'Sitapur', 'sitapur', 34, 1, NULL, 0, NULL, 0, 'published', '2025-02-14 10:22:00', '2025-02-14 10:22:00'),
(3803, 'Sonbhadra', 'sonbhadra', 34, 1, NULL, 0, NULL, 0, 'published', '2025-02-14 10:22:00', '2025-02-14 10:22:00'),
(3804, 'Soron', 'soron', 34, 1, NULL, 0, NULL, 0, 'published', '2025-02-14 10:22:00', '2025-02-14 10:22:00'),
(3805, 'Suar', 'suar', 34, 1, NULL, 0, NULL, 0, 'published', '2025-02-14 10:22:00', '2025-02-14 10:22:00'),
(3806, 'Surianwan', 'surianwan', 34, 1, NULL, 0, NULL, 0, 'published', '2025-02-14 10:22:00', '2025-02-14 10:22:00'),
(3807, 'Tajpur', 'tajpur', 34, 1, NULL, 0, NULL, 0, 'published', '2025-02-14 10:22:00', '2025-02-14 10:22:00'),
(3808, 'Talbahat', 'talbahat', 34, 1, NULL, 0, NULL, 0, 'published', '2025-02-14 10:22:00', '2025-02-14 10:22:00'),
(3809, 'Talgram', 'talgram', 34, 1, NULL, 0, NULL, 0, 'published', '2025-02-14 10:22:00', '2025-02-14 10:22:00'),
(3810, 'Tanda', 'tanda', 34, 1, NULL, 0, NULL, 0, 'published', '2025-02-14 10:22:00', '2025-02-14 10:22:00'),
(3811, 'Terha', 'terha', 34, 1, NULL, 0, NULL, 0, 'published', '2025-02-14 10:22:00', '2025-02-14 10:22:00'),
(3812, 'Thakurdwara', 'thakurdwara', 34, 1, NULL, 0, NULL, 0, 'published', '2025-02-14 10:22:00', '2025-02-14 10:22:00'),
(3813, 'Thana Bhawan', 'thana-bhawan', 34, 1, NULL, 0, NULL, 0, 'published', '2025-02-14 10:22:00', '2025-02-14 10:22:00'),
(3814, 'Tigri', 'tigri', 34, 1, NULL, 0, NULL, 0, 'published', '2025-02-14 10:22:00', '2025-02-14 10:22:00'),
(3815, 'Tikaitnagar', 'tikaitnagar', 34, 1, NULL, 0, NULL, 0, 'published', '2025-02-14 10:22:00', '2025-02-14 10:22:00'),
(3816, 'Tikri', 'tikri', 34, 1, NULL, 0, NULL, 0, 'published', '2025-02-14 10:22:00', '2025-02-14 10:22:00'),
(3817, 'Tilhar', 'tilhar', 34, 1, NULL, 0, NULL, 0, 'published', '2025-02-14 10:22:00', '2025-02-14 10:22:00'),
(3818, 'Tilsahri', 'tilsahri', 34, 1, NULL, 0, NULL, 0, 'published', '2025-02-14 10:22:00', '2025-02-14 10:22:00'),
(3819, 'Tindwari', 'tindwari', 34, 1, NULL, 0, NULL, 0, 'published', '2025-02-14 10:22:00', '2025-02-14 10:22:00'),
(3820, 'Titron', 'titron', 34, 1, NULL, 0, NULL, 0, 'published', '2025-02-14 10:22:00', '2025-02-14 10:22:00'),
(3821, 'Tori Fatehpur', 'tori-fatehpur', 34, 1, NULL, 0, NULL, 0, 'published', '2025-02-14 10:22:00', '2025-02-14 10:22:00'),
(3822, 'Tulsipur', 'tulsipur', 34, 1, NULL, 0, NULL, 0, 'published', '2025-02-14 10:22:00', '2025-02-14 10:22:00'),
(3823, 'Tundla', 'tundla', 34, 1, NULL, 0, NULL, 0, 'published', '2025-02-14 10:22:00', '2025-02-14 10:22:00'),
(3824, 'Ugu', 'ugu', 34, 1, NULL, 0, NULL, 0, 'published', '2025-02-14 10:22:00', '2025-02-14 10:22:00'),
(3825, 'Ujhani', 'ujhani', 34, 1, NULL, 0, NULL, 0, 'published', '2025-02-14 10:22:00', '2025-02-14 10:22:00'),
(3826, 'Unnao', 'unnao', 34, 1, NULL, 0, NULL, 0, 'published', '2025-02-14 10:22:00', '2025-02-14 10:22:00'),
(3827, 'Usawan', 'usawan', 34, 1, NULL, 0, NULL, 0, 'published', '2025-02-14 10:22:00', '2025-02-14 10:22:00'),
(3828, 'Usehat', 'usehat', 34, 1, NULL, 0, NULL, 0, 'published', '2025-02-14 10:22:00', '2025-02-14 10:22:00'),
(3829, 'Uska', 'uska', 34, 1, NULL, 0, NULL, 0, 'published', '2025-02-14 10:22:00', '2025-02-14 10:22:00'),
(3830, 'Utraula', 'utraula', 34, 1, NULL, 0, NULL, 0, 'published', '2025-02-14 10:22:00', '2025-02-14 10:22:00'),
(3831, 'Varanasi', 'varanasi', 34, 1, NULL, 0, NULL, 0, 'published', '2025-02-14 10:22:00', '2025-02-14 10:22:00'),
(3832, 'Vindhyachal', 'vindhyachal', 34, 1, NULL, 0, NULL, 0, 'published', '2025-02-14 10:22:00', '2025-02-14 10:22:00'),
(3833, 'Vrindavan', 'vrindavan', 34, 1, NULL, 0, NULL, 0, 'published', '2025-02-14 10:22:00', '2025-02-14 10:22:00'),
(3834, 'Walterganj', 'walterganj', 34, 1, NULL, 0, NULL, 0, 'published', '2025-02-14 10:22:00', '2025-02-14 10:22:00'),
(3835, 'Wazirganj', 'wazirganj', 34, 1, NULL, 0, NULL, 0, 'published', '2025-02-14 10:22:00', '2025-02-14 10:22:00'),
(3836, 'Yusufpur', 'yusufpur', 34, 1, NULL, 0, NULL, 0, 'published', '2025-02-14 10:22:00', '2025-02-14 10:22:00'),
(3837, 'Zafarabad', 'zafarabad', 34, 1, NULL, 0, NULL, 0, 'published', '2025-02-14 10:22:00', '2025-02-14 10:22:00'),
(3838, 'Zaidpur', 'zaidpur', 34, 1, NULL, 0, NULL, 0, 'published', '2025-02-14 10:22:00', '2025-02-14 10:22:00'),
(3839, 'Zamania', 'zamania', 34, 1, NULL, 0, NULL, 0, 'published', '2025-02-14 10:22:00', '2025-02-14 10:22:00'),
(3840, 'Almora', 'almora', 35, 1, NULL, 0, NULL, 0, 'published', '2025-02-14 10:22:00', '2025-02-14 10:22:00'),
(3841, 'Bageshwar', 'bageshwar', 35, 1, NULL, 0, NULL, 0, 'published', '2025-02-14 10:22:00', '2025-02-14 10:22:00'),
(3842, 'Barkot', 'barkot', 35, 1, NULL, 0, NULL, 0, 'published', '2025-02-14 10:22:00', '2025-02-14 10:22:00'),
(3843, 'Bazpur', 'bazpur', 35, 1, NULL, 0, NULL, 0, 'published', '2025-02-14 10:22:00', '2025-02-14 10:22:00'),
(3844, 'Bhim Tal', 'bhim-tal', 35, 1, NULL, 0, NULL, 0, 'published', '2025-02-14 10:22:00', '2025-02-14 10:22:00'),
(3845, 'Bhowali', 'bhowali', 35, 1, NULL, 0, NULL, 0, 'published', '2025-02-14 10:22:00', '2025-02-14 10:22:00'),
(3846, 'Birbhaddar', 'birbhaddar', 35, 1, NULL, 0, NULL, 0, 'published', '2025-02-14 10:22:00', '2025-02-14 10:22:00'),
(3847, 'Chakrata', 'chakrata', 35, 1, NULL, 0, NULL, 0, 'published', '2025-02-14 10:22:00', '2025-02-14 10:22:00'),
(3848, 'Chamoli', 'chamoli', 35, 1, NULL, 0, NULL, 0, 'published', '2025-02-14 10:22:00', '2025-02-14 10:22:00'),
(3849, 'Champawat', 'champawat', 35, 1, NULL, 0, NULL, 0, 'published', '2025-02-14 10:22:00', '2025-02-14 10:22:00'),
(3850, 'Clement Town', 'clement-town', 35, 1, NULL, 0, NULL, 0, 'published', '2025-02-14 10:22:00', '2025-02-14 10:22:00'),
(3851, 'Dehradun', 'dehradun', 35, 1, NULL, 0, NULL, 0, 'published', '2025-02-14 10:22:00', '2025-02-14 10:22:00'),
(3852, 'Devaprayag', 'devaprayag', 35, 1, NULL, 0, NULL, 0, 'published', '2025-02-14 10:22:00', '2025-02-14 10:22:00'),
(3853, 'Dharchula', 'dharchula', 35, 1, NULL, 0, NULL, 0, 'published', '2025-02-14 10:22:00', '2025-02-14 10:22:00'),
(3854, 'Doiwala', 'doiwala', 35, 1, NULL, 0, NULL, 0, 'published', '2025-02-14 10:22:00', '2025-02-14 10:22:00'),
(3855, 'Dugadda', 'dugadda', 35, 1, NULL, 0, NULL, 0, 'published', '2025-02-14 10:22:00', '2025-02-14 10:22:00'),
(3856, 'Dwarahat', 'dwarahat', 35, 1, NULL, 0, NULL, 0, 'published', '2025-02-14 10:22:00', '2025-02-14 10:22:00'),
(3857, 'Garhwal', 'garhwal', 35, 1, NULL, 0, NULL, 0, 'published', '2025-02-14 10:22:00', '2025-02-14 10:22:00'),
(3858, 'Haldwani', 'haldwani', 35, 1, NULL, 0, NULL, 0, 'published', '2025-02-14 10:22:00', '2025-02-14 10:22:00'),
(3859, 'Harbatpur', 'harbatpur', 35, 1, NULL, 0, NULL, 0, 'published', '2025-02-14 10:22:00', '2025-02-14 10:22:00'),
(3860, 'Haridwar', 'haridwar', 35, 1, NULL, 0, NULL, 0, 'published', '2025-02-14 10:22:00', '2025-02-14 10:22:00'),
(3861, 'Jaspur', 'jaspur', 35, 1, NULL, 0, NULL, 0, 'published', '2025-02-14 10:22:00', '2025-02-14 10:22:00'),
(3862, 'Joshimath', 'joshimath', 35, 1, NULL, 0, NULL, 0, 'published', '2025-02-14 10:22:00', '2025-02-14 10:22:00'),
(3863, 'Kaladhungi', 'kaladhungi', 35, 1, NULL, 0, NULL, 0, 'published', '2025-02-14 10:22:00', '2025-02-14 10:22:00'),
(3864, 'Kalagarh Project Colony', 'kalagarh-project-colony', 35, 1, NULL, 0, NULL, 0, 'published', '2025-02-14 10:22:00', '2025-02-14 10:22:00'),
(3865, 'Kashipur', 'kashipur', 35, 1, NULL, 0, NULL, 0, 'published', '2025-02-14 10:22:00', '2025-02-14 10:22:00'),
(3866, 'Khatima', 'khatima', 35, 1, NULL, 0, NULL, 0, 'published', '2025-02-14 10:22:00', '2025-02-14 10:22:00'),
(3867, 'Kichha', 'kichha', 35, 1, NULL, 0, NULL, 0, 'published', '2025-02-14 10:22:00', '2025-02-14 10:22:00'),
(3868, 'Kotdwara', 'kotdwara', 35, 1, NULL, 0, NULL, 0, 'published', '2025-02-14 10:22:00', '2025-02-14 10:22:00'),
(3869, 'Laksar', 'laksar', 35, 1, NULL, 0, NULL, 0, 'published', '2025-02-14 10:22:00', '2025-02-14 10:22:00'),
(3870, 'Lansdowne', 'lansdowne', 35, 1, NULL, 0, NULL, 0, 'published', '2025-02-14 10:22:00', '2025-02-14 10:22:00'),
(3871, 'Lohaghat', 'lohaghat', 35, 1, NULL, 0, NULL, 0, 'published', '2025-02-14 10:22:00', '2025-02-14 10:22:00'),
(3872, 'Manglaur', 'manglaur', 35, 1, NULL, 0, NULL, 0, 'published', '2025-02-14 10:22:00', '2025-02-14 10:22:00'),
(3873, 'Mussoorie', 'mussoorie', 35, 1, NULL, 0, NULL, 0, 'published', '2025-02-14 10:22:00', '2025-02-14 10:22:00'),
(3874, 'Naini Tal', 'naini-tal', 35, 1, NULL, 0, NULL, 0, 'published', '2025-02-14 10:22:00', '2025-02-14 10:22:00'),
(3875, 'Narendranagar', 'narendranagar', 35, 1, NULL, 0, NULL, 0, 'published', '2025-02-14 10:22:00', '2025-02-14 10:22:00'),
(3876, 'Pauri', 'pauri', 35, 1, NULL, 0, NULL, 0, 'published', '2025-02-14 10:22:00', '2025-02-14 10:22:00'),
(3877, 'Pipalkoti', 'pipalkoti', 35, 1, NULL, 0, NULL, 0, 'published', '2025-02-14 10:22:00', '2025-02-14 10:22:00'),
(3878, 'Pithoragarh', 'pithoragarh', 35, 1, NULL, 0, NULL, 0, 'published', '2025-02-14 10:22:00', '2025-02-14 10:22:00'),
(3879, 'Raiwala Bara', 'raiwala-bara', 35, 1, NULL, 0, NULL, 0, 'published', '2025-02-14 10:22:00', '2025-02-14 10:22:00'),
(3880, 'Ranikhet', 'ranikhet', 35, 1, NULL, 0, NULL, 0, 'published', '2025-02-14 10:22:00', '2025-02-14 10:22:00'),
(3881, 'Rishikesh', 'rishikesh', 35, 1, NULL, 0, NULL, 0, 'published', '2025-02-14 10:22:00', '2025-02-14 10:22:00'),
(3882, 'Roorkee', 'roorkee', 35, 1, NULL, 0, NULL, 0, 'published', '2025-02-14 10:22:00', '2025-02-14 10:22:00'),
(3883, 'Rudraprayag', 'rudraprayag', 35, 1, NULL, 0, NULL, 0, 'published', '2025-02-14 10:22:00', '2025-02-14 10:22:00'),
(3884, 'Sitarganj', 'sitarganj', 35, 1, NULL, 0, NULL, 0, 'published', '2025-02-14 10:22:00', '2025-02-14 10:22:00'),
(3885, 'Tanakpur', 'tanakpur', 35, 1, NULL, 0, NULL, 0, 'published', '2025-02-14 10:22:00', '2025-02-14 10:22:00'),
(3886, 'Tehri', 'tehri', 35, 1, NULL, 0, NULL, 0, 'published', '2025-02-14 10:22:00', '2025-02-14 10:22:00'),
(3887, 'Tehri-Garhwal', 'tehri-garhwal', 35, 1, NULL, 0, NULL, 0, 'published', '2025-02-14 10:22:00', '2025-02-14 10:22:00'),
(3888, 'Udham Singh Nagar', 'udham-singh-nagar', 35, 1, NULL, 0, NULL, 0, 'published', '2025-02-14 10:22:00', '2025-02-14 10:22:00'),
(3889, 'Uttarkashi', 'uttarkashi', 35, 1, NULL, 0, NULL, 0, 'published', '2025-02-14 10:22:00', '2025-02-14 10:22:00'),
(3890, 'Vikasnagar', 'vikasnagar', 35, 1, NULL, 0, NULL, 0, 'published', '2025-02-14 10:22:00', '2025-02-14 10:22:00'),
(3891, 'Adra', 'adra', 36, 1, NULL, 0, NULL, 0, 'published', '2025-02-14 10:22:00', '2025-02-14 10:22:00'),
(3892, 'Ahmedpur', 'ahmedpur', 36, 1, NULL, 0, NULL, 0, 'published', '2025-02-14 10:22:00', '2025-02-14 10:22:00'),
(3893, 'Aistala', 'aistala', 36, 1, NULL, 0, NULL, 0, 'published', '2025-02-14 10:22:00', '2025-02-14 10:22:00'),
(3894, 'Aknapur', 'aknapur', 36, 1, NULL, 0, NULL, 0, 'published', '2025-02-14 10:22:00', '2025-02-14 10:22:00'),
(3895, 'Alipurduar', 'alipurduar', 36, 1, NULL, 0, NULL, 0, 'published', '2025-02-14 10:22:00', '2025-02-14 10:22:00'),
(3896, 'Amlagora', 'amlagora', 36, 1, NULL, 0, NULL, 0, 'published', '2025-02-14 10:22:00', '2025-02-14 10:22:00'),
(3897, 'Amta', 'amta', 36, 1, NULL, 0, NULL, 0, 'published', '2025-02-14 10:22:00', '2025-02-14 10:22:00'),
(3898, 'Amtala', 'amtala', 36, 1, NULL, 0, NULL, 0, 'published', '2025-02-14 10:22:00', '2025-02-14 10:22:00'),
(3899, 'Andal', 'andal', 36, 1, NULL, 0, NULL, 0, 'published', '2025-02-14 10:22:00', '2025-02-14 10:22:00'),
(3900, 'Arambagh community development block', 'arambagh-community-development-block', 36, 1, NULL, 0, NULL, 0, 'published', '2025-02-14 10:22:00', '2025-02-14 10:22:00'),
(3901, 'Asansol', 'asansol', 36, 1, NULL, 0, NULL, 0, 'published', '2025-02-14 10:22:00', '2025-02-14 10:22:00'),
(3902, 'Ashoknagar Kalyangarh', 'ashoknagar-kalyangarh', 36, 1, NULL, 0, NULL, 0, 'published', '2025-02-14 10:22:00', '2025-02-14 10:22:00'),
(3903, 'Badkulla', 'badkulla', 36, 1, NULL, 0, NULL, 0, 'published', '2025-02-14 10:22:00', '2025-02-14 10:22:00'),
(3904, 'Baduria', 'baduria', 36, 1, NULL, 0, NULL, 0, 'published', '2025-02-14 10:22:00', '2025-02-14 10:22:00'),
(3905, 'Bagdogra', 'bagdogra', 36, 1, NULL, 0, NULL, 0, 'published', '2025-02-14 10:22:00', '2025-02-14 10:22:00'),
(3906, 'Bagnan', 'bagnan', 36, 1, NULL, 0, NULL, 0, 'published', '2025-02-14 10:22:00', '2025-02-14 10:22:00'),
(3907, 'Bagula', 'bagula', 36, 1, NULL, 0, NULL, 0, 'published', '2025-02-14 10:22:00', '2025-02-14 10:22:00'),
(3908, 'Bahula', 'bahula', 36, 1, NULL, 0, NULL, 0, 'published', '2025-02-14 10:22:00', '2025-02-14 10:22:00'),
(3909, 'Baidyabati', 'baidyabati', 36, 1, NULL, 0, NULL, 0, 'published', '2025-02-14 10:22:00', '2025-02-14 10:22:00'),
(3910, 'Bakreswar', 'bakreswar', 36, 1, NULL, 0, NULL, 0, 'published', '2025-02-14 10:22:00', '2025-02-14 10:22:00'),
(3911, 'Balarampur', 'balarampur', 36, 1, NULL, 0, NULL, 0, 'published', '2025-02-14 10:22:00', '2025-02-14 10:22:00'),
(3912, 'Bali Chak', 'bali-chak', 36, 1, NULL, 0, NULL, 0, 'published', '2025-02-14 10:22:00', '2025-02-14 10:22:00'),
(3913, 'Bally', 'bally', 36, 1, NULL, 0, NULL, 0, 'published', '2025-02-14 10:22:00', '2025-02-14 10:22:00'),
(3914, 'Balurghat', 'balurghat', 36, 1, NULL, 0, NULL, 0, 'published', '2025-02-14 10:22:00', '2025-02-14 10:22:00'),
(3915, 'Bamangola community development block', 'bamangola-community-development-block', 36, 1, NULL, 0, NULL, 0, 'published', '2025-02-14 10:22:00', '2025-02-14 10:22:00'),
(3916, 'Baneswar', 'baneswar', 36, 1, NULL, 0, NULL, 0, 'published', '2025-02-14 10:22:00', '2025-02-14 10:22:00'),
(3917, 'Bankra', 'bankra', 36, 1, NULL, 0, NULL, 0, 'published', '2025-02-14 10:22:00', '2025-02-14 10:22:00'),
(3918, 'Bankura', 'bankura', 36, 1, NULL, 0, NULL, 0, 'published', '2025-02-14 10:22:00', '2025-02-14 10:22:00'),
(3919, 'Bansberia', 'bansberia', 36, 1, NULL, 0, NULL, 0, 'published', '2025-02-14 10:22:00', '2025-02-14 10:22:00'),
(3920, 'Bansihari community development block', 'bansihari-community-development-block', 36, 1, NULL, 0, NULL, 0, 'published', '2025-02-14 10:22:00', '2025-02-14 10:22:00'),
(3921, 'Barabazar', 'barabazar', 36, 1, NULL, 0, NULL, 0, 'published', '2025-02-14 10:22:00', '2025-02-14 10:22:00'),
(3922, 'Baranagar', 'baranagar', 36, 1, NULL, 0, NULL, 0, 'published', '2025-02-14 10:22:00', '2025-02-14 10:22:00'),
(3923, 'Barasat', 'barasat', 36, 1, NULL, 0, NULL, 0, 'published', '2025-02-14 10:22:00', '2025-02-14 10:22:00'),
(3924, 'Bardhaman', 'bardhaman', 36, 1, NULL, 0, NULL, 0, 'published', '2025-02-14 10:22:00', '2025-02-14 10:22:00'),
(3925, 'Barjora', 'barjora', 36, 1, NULL, 0, NULL, 0, 'published', '2025-02-14 10:22:00', '2025-02-14 10:22:00'),
(3926, 'Barrackpore', 'barrackpore', 36, 1, NULL, 0, NULL, 0, 'published', '2025-02-14 10:22:00', '2025-02-14 10:22:00'),
(3927, 'Baruipur', 'baruipur', 36, 1, NULL, 0, NULL, 0, 'published', '2025-02-14 10:22:00', '2025-02-14 10:22:00'),
(3928, 'Basanti', 'basanti', 36, 1, NULL, 0, NULL, 0, 'published', '2025-02-14 10:22:00', '2025-02-14 10:22:00'),
(3929, 'Basirhat', 'basirhat', 36, 1, NULL, 0, NULL, 0, 'published', '2025-02-14 10:22:00', '2025-02-14 10:22:00'),
(3930, 'Bawali', 'bawali', 36, 1, NULL, 0, NULL, 0, 'published', '2025-02-14 10:22:00', '2025-02-14 10:22:00'),
(3931, 'Begampur', 'begampur', 36, 1, NULL, 0, NULL, 0, 'published', '2025-02-14 10:22:00', '2025-02-14 10:22:00'),
(3932, 'Belda', 'belda', 36, 1, NULL, 0, NULL, 0, 'published', '2025-02-14 10:22:00', '2025-02-14 10:22:00'),
(3933, 'Beldanga', 'beldanga', 36, 1, NULL, 0, NULL, 0, 'published', '2025-02-14 10:22:00', '2025-02-14 10:22:00'),
(3934, 'Beliatore', 'beliatore', 36, 1, NULL, 0, NULL, 0, 'published', '2025-02-14 10:22:00', '2025-02-14 10:22:00'),
(3935, 'Berhampore', 'berhampore', 36, 1, NULL, 0, NULL, 0, 'published', '2025-02-14 10:22:00', '2025-02-14 10:22:00'),
(3936, 'Bhadreswar', 'bhadreswar', 36, 1, NULL, 0, NULL, 0, 'published', '2025-02-14 10:22:00', '2025-02-14 10:22:00'),
(3937, 'Bhandardaha', 'bhandardaha', 36, 1, NULL, 0, NULL, 0, 'published', '2025-02-14 10:22:00', '2025-02-14 10:22:00'),
(3938, 'Bhatpara', 'bhatpara', 36, 1, NULL, 0, NULL, 0, 'published', '2025-02-14 10:22:00', '2025-02-14 10:22:00'),
(3939, 'Birbhum district', 'birbhum-district', 36, 1, NULL, 0, NULL, 0, 'published', '2025-02-14 10:22:00', '2025-02-14 10:22:00'),
(3940, 'Birpara', 'birpara', 36, 1, NULL, 0, NULL, 0, 'published', '2025-02-14 10:22:00', '2025-02-14 10:22:00'),
(3941, 'Bolpur', 'bolpur', 36, 1, NULL, 0, NULL, 0, 'published', '2025-02-14 10:22:00', '2025-02-14 10:22:00'),
(3942, 'Budge Budge', 'budge-budge', 36, 1, NULL, 0, NULL, 0, 'published', '2025-02-14 10:22:00', '2025-02-14 10:22:00'),
(4001, 'Canning', 'canning', 36, 1, NULL, 0, NULL, 0, 'published', '2025-02-14 10:22:00', '2025-02-14 10:22:00'),
(4002, 'Chakapara', 'chakapara', 36, 1, NULL, 0, NULL, 0, 'published', '2025-02-14 10:22:00', '2025-02-14 10:22:00'),
(4003, 'Chakdaha', 'chakdaha', 36, 1, NULL, 0, NULL, 0, 'published', '2025-02-14 10:22:00', '2025-02-14 10:22:00'),
(4004, 'Champadanga', 'champadanga', 36, 1, NULL, 0, NULL, 0, 'published', '2025-02-14 10:22:00', '2025-02-14 10:22:00'),
(4005, 'Champahati', 'champahati', 36, 1, NULL, 0, NULL, 0, 'published', '2025-02-14 10:22:00', '2025-02-14 10:22:00'),
(4006, 'Champdani', 'champdani', 36, 1, NULL, 0, NULL, 0, 'published', '2025-02-14 10:22:00', '2025-02-14 10:22:00'),
(4007, 'Chandannagar', 'chandannagar', 36, 1, NULL, 0, NULL, 0, 'published', '2025-02-14 10:22:00', '2025-02-14 10:22:00'),
(4008, 'Chandrakona', 'chandrakona', 36, 1, NULL, 0, NULL, 0, 'published', '2025-02-14 10:22:00', '2025-02-14 10:22:00'),
(4009, 'Chittaranjan', 'chittaranjan', 36, 1, NULL, 0, NULL, 0, 'published', '2025-02-14 10:22:00', '2025-02-14 10:22:00'),
(4010, 'Churulia', 'churulia', 36, 1, NULL, 0, NULL, 0, 'published', '2025-02-14 10:22:00', '2025-02-14 10:22:00'),
(4011, 'Contai', 'contai', 36, 1, NULL, 0, NULL, 0, 'published', '2025-02-14 10:22:00', '2025-02-14 10:22:00'),
(4012, 'Cooch Behar', 'cooch-behar', 36, 1, NULL, 0, NULL, 0, 'published', '2025-02-14 10:22:00', '2025-02-14 10:22:00'),
(4013, 'Cossimbazar', 'cossimbazar', 36, 1, NULL, 0, NULL, 0, 'published', '2025-02-14 10:22:00', '2025-02-14 10:22:00'),
(4014, 'Dakshin Dinajpur district', 'dakshin-dinajpur-district', 36, 1, NULL, 0, NULL, 0, 'published', '2025-02-14 10:22:00', '2025-02-14 10:22:00'),
(4015, 'Dalkola', 'dalkola', 36, 1, NULL, 0, NULL, 0, 'published', '2025-02-14 10:22:00', '2025-02-14 10:22:00'),
(4016, 'Dam Dam', 'dam-dam', 36, 1, NULL, 0, NULL, 0, 'published', '2025-02-14 10:22:00', '2025-02-14 10:22:00'),
(4017, 'Darjeeling', 'darjeeling', 36, 1, NULL, 0, NULL, 0, 'published', '2025-02-14 10:22:00', '2025-02-14 10:22:00'),
(4018, 'Debagram', 'debagram', 36, 1, NULL, 0, NULL, 0, 'published', '2025-02-14 10:22:00', '2025-02-14 10:22:00'),
(4019, 'Debipur', 'debipur', 36, 1, NULL, 0, NULL, 0, 'published', '2025-02-14 10:22:00', '2025-02-14 10:22:00'),
(4020, 'Dhaniakhali community development block', 'dhaniakhali-community-development-block', 36, 1, NULL, 0, NULL, 0, 'published', '2025-02-14 10:22:00', '2025-02-14 10:22:00'),
(4021, 'Dhulagari', 'dhulagari', 36, 1, NULL, 0, NULL, 0, 'published', '2025-02-14 10:22:00', '2025-02-14 10:22:00'),
(4022, 'Dhulian', 'dhulian', 36, 1, NULL, 0, NULL, 0, 'published', '2025-02-14 10:22:00', '2025-02-14 10:22:00'),
(4023, 'Dhupguri', 'dhupguri', 36, 1, NULL, 0, NULL, 0, 'published', '2025-02-14 10:22:00', '2025-02-14 10:22:00'),
(4024, 'Diamond Harbour', 'diamond-harbour', 36, 1, NULL, 0, NULL, 0, 'published', '2025-02-14 10:22:00', '2025-02-14 10:22:00'),
(4025, 'Digha', 'digha', 36, 1, NULL, 0, NULL, 0, 'published', '2025-02-14 10:22:00', '2025-02-14 10:22:00'),
(4026, 'Dinhata', 'dinhata', 36, 1, NULL, 0, NULL, 0, 'published', '2025-02-14 10:22:00', '2025-02-14 10:22:00'),
(4027, 'Domjur', 'domjur', 36, 1, NULL, 0, NULL, 0, 'published', '2025-02-14 10:22:00', '2025-02-14 10:22:00'),
(4028, 'Dubrajpur', 'dubrajpur', 36, 1, NULL, 0, NULL, 0, 'published', '2025-02-14 10:22:00', '2025-02-14 10:22:00'),
(4029, 'Egra', 'egra', 36, 1, NULL, 0, NULL, 0, 'published', '2025-02-14 10:22:00', '2025-02-14 10:22:00'),
(4030, 'Falakata', 'falakata', 36, 1, NULL, 0, NULL, 0, 'published', '2025-02-14 10:22:00', '2025-02-14 10:22:00'),
(4031, 'Farakka', 'farakka', 36, 1, NULL, 0, NULL, 0, 'published', '2025-02-14 10:22:00', '2025-02-14 10:22:00'),
(4032, 'Fort Gloster', 'fort-gloster', 36, 1, NULL, 0, NULL, 0, 'published', '2025-02-14 10:22:00', '2025-02-14 10:22:00'),
(4033, 'Gaighata community development block', 'gaighata-community-development-block', 36, 1, NULL, 0, NULL, 0, 'published', '2025-02-14 10:22:00', '2025-02-14 10:22:00'),
(4034, 'Gairkata', 'gairkata', 36, 1, NULL, 0, NULL, 0, 'published', '2025-02-14 10:22:00', '2025-02-14 10:22:00'),
(4035, 'Gangadharpur', 'gangadharpur', 36, 1, NULL, 0, NULL, 0, 'published', '2025-02-14 10:22:00', '2025-02-14 10:22:00');
INSERT INTO `cities` (`id`, `name`, `slug`, `state_id`, `country_id`, `record_id`, `order`, `image`, `is_default`, `status`, `created_at`, `updated_at`) VALUES
(4036, 'Gangarampur', 'gangarampur', 36, 1, NULL, 0, NULL, 0, 'published', '2025-02-14 10:22:00', '2025-02-14 10:22:00'),
(4037, 'Garui', 'garui', 36, 1, NULL, 0, NULL, 0, 'published', '2025-02-14 10:22:00', '2025-02-14 10:22:00'),
(4038, 'Garulia', 'garulia', 36, 1, NULL, 0, NULL, 0, 'published', '2025-02-14 10:22:00', '2025-02-14 10:22:00'),
(4039, 'Ghatal', 'ghatal', 36, 1, NULL, 0, NULL, 0, 'published', '2025-02-14 10:22:00', '2025-02-14 10:22:00'),
(4040, 'Giria', 'giria', 36, 1, NULL, 0, NULL, 0, 'published', '2025-02-14 10:22:00', '2025-02-14 10:22:00'),
(4041, 'Gobardanga', 'gobardanga', 36, 1, NULL, 0, NULL, 0, 'published', '2025-02-14 10:22:00', '2025-02-14 10:22:00'),
(4042, 'Gobindapur', 'gobindapur', 36, 1, NULL, 0, NULL, 0, 'published', '2025-02-14 10:22:00', '2025-02-14 10:22:00'),
(4043, 'Gorubathan', 'gorubathan', 36, 1, NULL, 0, NULL, 0, 'published', '2025-02-14 10:22:00', '2025-02-14 10:22:00'),
(4044, 'Gosaba', 'gosaba', 36, 1, NULL, 0, NULL, 0, 'published', '2025-02-14 10:22:00', '2025-02-14 10:22:00'),
(4045, 'Gosanimari', 'gosanimari', 36, 1, NULL, 0, NULL, 0, 'published', '2025-02-14 10:22:00', '2025-02-14 10:22:00'),
(4046, 'Gurdaha', 'gurdaha', 36, 1, NULL, 0, NULL, 0, 'published', '2025-02-14 10:22:00', '2025-02-14 10:22:00'),
(4047, 'Guskhara', 'guskhara', 36, 1, NULL, 0, NULL, 0, 'published', '2025-02-14 10:22:00', '2025-02-14 10:22:00'),
(4048, 'Habra', 'habra', 36, 1, NULL, 0, NULL, 0, 'published', '2025-02-14 10:22:00', '2025-02-14 10:22:00'),
(4049, 'Haldia', 'haldia', 36, 1, NULL, 0, NULL, 0, 'published', '2025-02-14 10:22:00', '2025-02-14 10:22:00'),
(4050, 'Haldibari', 'haldibari', 36, 1, NULL, 0, NULL, 0, 'published', '2025-02-14 10:22:00', '2025-02-14 10:22:00'),
(4051, 'Halisahar', 'halisahar', 36, 1, NULL, 0, NULL, 0, 'published', '2025-02-14 10:22:00', '2025-02-14 10:22:00'),
(4052, 'Harindanga', 'harindanga', 36, 1, NULL, 0, NULL, 0, 'published', '2025-02-14 10:22:00', '2025-02-14 10:22:00'),
(4053, 'Haringhata', 'haringhata', 36, 1, NULL, 0, NULL, 0, 'published', '2025-02-14 10:22:00', '2025-02-14 10:22:00'),
(4054, 'Haripur', 'haripur', 36, 1, NULL, 0, NULL, 0, 'published', '2025-02-14 10:22:00', '2025-02-14 10:22:00'),
(4055, 'Hasimara', 'hasimara', 36, 1, NULL, 0, NULL, 0, 'published', '2025-02-14 10:22:00', '2025-02-14 10:22:00'),
(4056, 'Hindusthan Cables Town', 'hindusthan-cables-town', 36, 1, NULL, 0, NULL, 0, 'published', '2025-02-14 10:22:00', '2025-02-14 10:22:00'),
(4057, 'Hooghly district', 'hooghly-district', 36, 1, NULL, 0, NULL, 0, 'published', '2025-02-14 10:22:00', '2025-02-14 10:22:00'),
(4058, 'Howrah', 'howrah', 36, 1, NULL, 0, NULL, 0, 'published', '2025-02-14 10:22:00', '2025-02-14 10:22:00'),
(4059, 'Ichapur', 'ichapur', 36, 1, NULL, 0, NULL, 0, 'published', '2025-02-14 10:22:00', '2025-02-14 10:22:00'),
(4060, 'Indpur community development block', 'indpur-community-development-block', 36, 1, NULL, 0, NULL, 0, 'published', '2025-02-14 10:22:00', '2025-02-14 10:22:00'),
(4061, 'Ingraj Bazar', 'ingraj-bazar', 36, 1, NULL, 0, NULL, 0, 'published', '2025-02-14 10:22:00', '2025-02-14 10:22:00'),
(4062, 'Jafarpur', 'jafarpur', 36, 1, NULL, 0, NULL, 0, 'published', '2025-02-14 10:22:00', '2025-02-14 10:22:00'),
(4063, 'Jaigaon', 'jaigaon', 36, 1, NULL, 0, NULL, 0, 'published', '2025-02-14 10:22:00', '2025-02-14 10:22:00'),
(4064, 'Jalpaiguri', 'jalpaiguri', 36, 1, NULL, 0, NULL, 0, 'published', '2025-02-14 10:22:00', '2025-02-14 10:22:00'),
(4065, 'Jamuria', 'jamuria', 36, 1, NULL, 0, NULL, 0, 'published', '2025-02-14 10:22:00', '2025-02-14 10:22:00'),
(4066, 'Jangipur', 'jangipur', 36, 1, NULL, 0, NULL, 0, 'published', '2025-02-14 10:22:00', '2025-02-14 10:22:00'),
(4067, 'Jaynagar Majilpur', 'jaynagar-majilpur', 36, 1, NULL, 0, NULL, 0, 'published', '2025-02-14 10:22:00', '2025-02-14 10:22:00'),
(4068, 'Jejur', 'jejur', 36, 1, NULL, 0, NULL, 0, 'published', '2025-02-14 10:22:00', '2025-02-14 10:22:00'),
(4069, 'Jhalida', 'jhalida', 36, 1, NULL, 0, NULL, 0, 'published', '2025-02-14 10:22:00', '2025-02-14 10:22:00'),
(4070, 'Jhargram', 'jhargram', 36, 1, NULL, 0, NULL, 0, 'published', '2025-02-14 10:22:00', '2025-02-14 10:22:00'),
(4071, 'Jhilimili', 'jhilimili', 36, 1, NULL, 0, NULL, 0, 'published', '2025-02-14 10:22:00', '2025-02-14 10:22:00'),
(4072, 'Kakdwip', 'kakdwip', 36, 1, NULL, 0, NULL, 0, 'published', '2025-02-14 10:22:00', '2025-02-14 10:22:00'),
(4073, 'Kalaikunda', 'kalaikunda', 36, 1, NULL, 0, NULL, 0, 'published', '2025-02-14 10:22:00', '2025-02-14 10:22:00'),
(4074, 'Kaliaganj', 'kaliaganj', 36, 1, NULL, 0, NULL, 0, 'published', '2025-02-14 10:22:00', '2025-02-14 10:22:00'),
(4075, 'Kalimpong', 'kalimpong', 36, 1, NULL, 0, NULL, 0, 'published', '2025-02-14 10:22:00', '2025-02-14 10:22:00'),
(4076, 'Kalna', 'kalna', 36, 1, NULL, 0, NULL, 0, 'published', '2025-02-14 10:22:00', '2025-02-14 10:22:00'),
(4077, 'Kalyani', 'kalyani', 36, 1, NULL, 0, NULL, 0, 'published', '2025-02-14 10:22:00', '2025-02-14 10:22:00'),
(4078, 'Kamarhati', 'kamarhati', 36, 1, NULL, 0, NULL, 0, 'published', '2025-02-14 10:22:00', '2025-02-14 10:22:00'),
(4079, 'Kamarpukur', 'kamarpukur', 36, 1, NULL, 0, NULL, 0, 'published', '2025-02-14 10:22:00', '2025-02-14 10:22:00'),
(4080, 'Kanchrapara', 'kanchrapara', 36, 1, NULL, 0, NULL, 0, 'published', '2025-02-14 10:22:00', '2025-02-14 10:22:00'),
(4081, 'Kandi', 'kandi', 36, 1, NULL, 0, NULL, 0, 'published', '2025-02-14 10:22:00', '2025-02-14 10:22:00'),
(4082, 'Karimpur', 'karimpur', 36, 1, NULL, 0, NULL, 0, 'published', '2025-02-14 10:22:00', '2025-02-14 10:22:00'),
(4083, 'Katwa', 'katwa', 36, 1, NULL, 0, NULL, 0, 'published', '2025-02-14 10:22:00', '2025-02-14 10:22:00'),
(4084, 'Kenda', 'kenda', 36, 1, NULL, 0, NULL, 0, 'published', '2025-02-14 10:22:00', '2025-02-14 10:22:00'),
(4085, 'Keshabpur', 'keshabpur', 36, 1, NULL, 0, NULL, 0, 'published', '2025-02-14 10:22:00', '2025-02-14 10:22:00'),
(4086, 'Kharba', 'kharba', 36, 1, NULL, 0, NULL, 0, 'published', '2025-02-14 10:22:00', '2025-02-14 10:22:00'),
(4087, 'Khardaha', 'khardaha', 36, 1, NULL, 0, NULL, 0, 'published', '2025-02-14 10:22:00', '2025-02-14 10:22:00'),
(4088, 'Khatra', 'khatra', 36, 1, NULL, 0, NULL, 0, 'published', '2025-02-14 10:22:00', '2025-02-14 10:22:00'),
(4089, 'Kirnahar', 'kirnahar', 36, 1, NULL, 0, NULL, 0, 'published', '2025-02-14 10:22:00', '2025-02-14 10:22:00'),
(4090, 'Kolkata', 'kolkata', 36, 1, NULL, 0, NULL, 0, 'published', '2025-02-14 10:22:00', '2025-02-14 10:22:00'),
(4091, 'Konnagar', 'konnagar', 36, 1, NULL, 0, NULL, 0, 'published', '2025-02-14 10:22:00', '2025-02-14 10:22:00'),
(4092, 'Krishnanagar', 'krishnanagar', 36, 1, NULL, 0, NULL, 0, 'published', '2025-02-14 10:22:00', '2025-02-14 10:22:00'),
(4093, 'Krishnapur', 'krishnapur', 36, 1, NULL, 0, NULL, 0, 'published', '2025-02-14 10:22:00', '2025-02-14 10:22:00'),
(4094, 'Kshirpai', 'kshirpai', 36, 1, NULL, 0, NULL, 0, 'published', '2025-02-14 10:22:00', '2025-02-14 10:22:00'),
(4095, 'Kulpi', 'kulpi', 36, 1, NULL, 0, NULL, 0, 'published', '2025-02-14 10:22:00', '2025-02-14 10:22:00'),
(4096, 'Kultali', 'kultali', 36, 1, NULL, 0, NULL, 0, 'published', '2025-02-14 10:22:00', '2025-02-14 10:22:00'),
(4097, 'Kulti', 'kulti', 36, 1, NULL, 0, NULL, 0, 'published', '2025-02-14 10:22:00', '2025-02-14 10:22:00'),
(4098, 'Kurseong', 'kurseong', 36, 1, NULL, 0, NULL, 0, 'published', '2025-02-14 10:22:00', '2025-02-14 10:22:00'),
(4099, 'Lalgarh', 'lalgarh', 36, 1, NULL, 0, NULL, 0, 'published', '2025-02-14 10:22:00', '2025-02-14 10:22:00'),
(4100, 'Lalgola', 'lalgola', 36, 1, NULL, 0, NULL, 0, 'published', '2025-02-14 10:22:00', '2025-02-14 10:22:00'),
(4101, 'Loyabad', 'loyabad', 36, 1, NULL, 0, NULL, 0, 'published', '2025-02-14 10:22:00', '2025-02-14 10:22:00'),
(4102, 'Madanpur', 'madanpur', 36, 1, NULL, 0, NULL, 0, 'published', '2025-02-14 10:22:00', '2025-02-14 10:22:00'),
(4103, 'Madhyamgram', 'madhyamgram', 36, 1, NULL, 0, NULL, 0, 'published', '2025-02-14 10:22:00', '2025-02-14 10:22:00'),
(4104, 'Mahiari', 'mahiari', 36, 1, NULL, 0, NULL, 0, 'published', '2025-02-14 10:22:00', '2025-02-14 10:22:00'),
(4105, 'Mahishadal community development block', 'mahishadal-community-development-block', 36, 1, NULL, 0, NULL, 0, 'published', '2025-02-14 10:22:00', '2025-02-14 10:22:00'),
(4106, 'Mainaguri', 'mainaguri', 36, 1, NULL, 0, NULL, 0, 'published', '2025-02-14 10:22:00', '2025-02-14 10:22:00'),
(4107, 'Manikpara', 'manikpara', 36, 1, NULL, 0, NULL, 0, 'published', '2025-02-14 10:22:00', '2025-02-14 10:22:00'),
(4108, 'Masila', 'masila', 36, 1, NULL, 0, NULL, 0, 'published', '2025-02-14 10:22:00', '2025-02-14 10:22:00'),
(4109, 'Mathabhanga', 'mathabhanga', 36, 1, NULL, 0, NULL, 0, 'published', '2025-02-14 10:22:00', '2025-02-14 10:22:00'),
(4110, 'Matiali community development block', 'matiali-community-development-block', 36, 1, NULL, 0, NULL, 0, 'published', '2025-02-14 10:22:00', '2025-02-14 10:22:00'),
(4111, 'Matigara community development block', 'matigara-community-development-block', 36, 1, NULL, 0, NULL, 0, 'published', '2025-02-14 10:22:00', '2025-02-14 10:22:00'),
(4112, 'Medinipur', 'medinipur', 36, 1, NULL, 0, NULL, 0, 'published', '2025-02-14 10:22:00', '2025-02-14 10:22:00'),
(4113, 'Mejia community development block', 'mejia-community-development-block', 36, 1, NULL, 0, NULL, 0, 'published', '2025-02-14 10:22:00', '2025-02-14 10:22:00'),
(4114, 'Memari', 'memari', 36, 1, NULL, 0, NULL, 0, 'published', '2025-02-14 10:22:00', '2025-02-14 10:22:00'),
(4115, 'Mirik', 'mirik', 36, 1, NULL, 0, NULL, 0, 'published', '2025-02-14 10:22:00', '2025-02-14 10:22:00'),
(4116, 'Monoharpur', 'monoharpur', 36, 1, NULL, 0, NULL, 0, 'published', '2025-02-14 10:22:00', '2025-02-14 10:22:00'),
(4117, 'Muragacha', 'muragacha', 36, 1, NULL, 0, NULL, 0, 'published', '2025-02-14 10:22:00', '2025-02-14 10:22:00'),
(4118, 'Muri', 'muri', 36, 1, NULL, 0, NULL, 0, 'published', '2025-02-14 10:22:00', '2025-02-14 10:22:00'),
(4119, 'Murshidabad', 'murshidabad', 36, 1, NULL, 0, NULL, 0, 'published', '2025-02-14 10:22:00', '2025-02-14 10:22:00'),
(4120, 'Nabadwip', 'nabadwip', 36, 1, NULL, 0, NULL, 0, 'published', '2025-02-14 10:22:00', '2025-02-14 10:22:00'),
(4121, 'Nabagram', 'nabagram', 36, 1, NULL, 0, NULL, 0, 'published', '2025-02-14 10:22:00', '2025-02-14 10:22:00'),
(4122, 'Nadia district', 'nadia-district', 36, 1, NULL, 0, NULL, 0, 'published', '2025-02-14 10:22:00', '2025-02-14 10:22:00'),
(4123, 'Nagarukhra', 'nagarukhra', 36, 1, NULL, 0, NULL, 0, 'published', '2025-02-14 10:22:00', '2025-02-14 10:22:00'),
(4124, 'Nagrakata', 'nagrakata', 36, 1, NULL, 0, NULL, 0, 'published', '2025-02-14 10:22:00', '2025-02-14 10:22:00'),
(4125, 'Naihati', 'naihati', 36, 1, NULL, 0, NULL, 0, 'published', '2025-02-14 10:22:00', '2025-02-14 10:22:00'),
(4126, 'Naksalbari', 'naksalbari', 36, 1, NULL, 0, NULL, 0, 'published', '2025-02-14 10:22:00', '2025-02-14 10:22:00'),
(4127, 'Nalhati', 'nalhati', 36, 1, NULL, 0, NULL, 0, 'published', '2025-02-14 10:22:00', '2025-02-14 10:22:00'),
(4128, 'Nalpur', 'nalpur', 36, 1, NULL, 0, NULL, 0, 'published', '2025-02-14 10:22:00', '2025-02-14 10:22:00'),
(4129, 'Namkhana community development block', 'namkhana-community-development-block', 36, 1, NULL, 0, NULL, 0, 'published', '2025-02-14 10:22:00', '2025-02-14 10:22:00'),
(4130, 'Nandigram', 'nandigram', 36, 1, NULL, 0, NULL, 0, 'published', '2025-02-14 10:22:00', '2025-02-14 10:22:00'),
(4131, 'Nangi', 'nangi', 36, 1, NULL, 0, NULL, 0, 'published', '2025-02-14 10:22:00', '2025-02-14 10:22:00'),
(4132, 'Nayagram community development block', 'nayagram-community-development-block', 36, 1, NULL, 0, NULL, 0, 'published', '2025-02-14 10:22:00', '2025-02-14 10:22:00'),
(4133, 'North 24 Parganas district', 'north-24-parganas-district', 36, 1, NULL, 0, NULL, 0, 'published', '2025-02-14 10:22:00', '2025-02-14 10:22:00'),
(4134, 'Odlabari', 'odlabari', 36, 1, NULL, 0, NULL, 0, 'published', '2025-02-14 10:22:00', '2025-02-14 10:22:00'),
(4135, 'Paikpara', 'paikpara', 36, 1, NULL, 0, NULL, 0, 'published', '2025-02-14 10:22:00', '2025-02-14 10:22:00'),
(4136, 'Panagarh', 'panagarh', 36, 1, NULL, 0, NULL, 0, 'published', '2025-02-14 10:22:00', '2025-02-14 10:22:00'),
(4137, 'Panchla', 'panchla', 36, 1, NULL, 0, NULL, 0, 'published', '2025-02-14 10:22:00', '2025-02-14 10:22:00'),
(4138, 'Panchmura', 'panchmura', 36, 1, NULL, 0, NULL, 0, 'published', '2025-02-14 10:22:00', '2025-02-14 10:22:00'),
(4139, 'Pandua', 'pandua', 36, 1, NULL, 0, NULL, 0, 'published', '2025-02-14 10:22:00', '2025-02-14 10:22:00'),
(4140, 'Panihati', 'panihati', 36, 1, NULL, 0, NULL, 0, 'published', '2025-02-14 10:22:00', '2025-02-14 10:22:00'),
(4141, 'Panskura', 'panskura', 36, 1, NULL, 0, NULL, 0, 'published', '2025-02-14 10:22:00', '2025-02-14 10:22:00'),
(4142, 'Parbatipur', 'parbatipur', 36, 1, NULL, 0, NULL, 0, 'published', '2025-02-14 10:22:00', '2025-02-14 10:22:00'),
(4143, 'Paschim Medinipur district', 'paschim-medinipur-district', 36, 1, NULL, 0, NULL, 0, 'published', '2025-02-14 10:22:00', '2025-02-14 10:22:00'),
(4144, 'Patiram', 'patiram', 36, 1, NULL, 0, NULL, 0, 'published', '2025-02-14 10:22:00', '2025-02-14 10:22:00'),
(4145, 'Patrasaer', 'patrasaer', 36, 1, NULL, 0, NULL, 0, 'published', '2025-02-14 10:22:00', '2025-02-14 10:22:00'),
(4146, 'Patuli', 'patuli', 36, 1, NULL, 0, NULL, 0, 'published', '2025-02-14 10:22:00', '2025-02-14 10:22:00'),
(4147, 'Pujali', 'pujali', 36, 1, NULL, 0, NULL, 0, 'published', '2025-02-14 10:22:00', '2025-02-14 10:22:00'),
(4148, 'Puncha community development block', 'puncha-community-development-block', 36, 1, NULL, 0, NULL, 0, 'published', '2025-02-14 10:22:00', '2025-02-14 10:22:00'),
(4149, 'Purba Medinipur district', 'purba-medinipur-district', 36, 1, NULL, 0, NULL, 0, 'published', '2025-02-14 10:22:00', '2025-02-14 10:22:00'),
(4150, 'Purulia', 'purulia', 36, 1, NULL, 0, NULL, 0, 'published', '2025-02-14 10:22:00', '2025-02-14 10:22:00'),
(4151, 'Raghudebbati', 'raghudebbati', 36, 1, NULL, 0, NULL, 0, 'published', '2025-02-14 10:22:00', '2025-02-14 10:22:00'),
(4152, 'Raiganj', 'raiganj', 36, 1, NULL, 0, NULL, 0, 'published', '2025-02-14 10:22:00', '2025-02-14 10:22:00'),
(4153, 'Rajmahal', 'rajmahal', 36, 1, NULL, 0, NULL, 0, 'published', '2025-02-14 10:22:00', '2025-02-14 10:22:00'),
(4154, 'Rajnagar community development block', 'rajnagar-community-development-block', 36, 1, NULL, 0, NULL, 0, 'published', '2025-02-14 10:22:00', '2025-02-14 10:22:00'),
(4155, 'Ramchandrapur', 'ramchandrapur', 36, 1, NULL, 0, NULL, 0, 'published', '2025-02-14 10:22:00', '2025-02-14 10:22:00'),
(4156, 'Ramjibanpur', 'ramjibanpur', 36, 1, NULL, 0, NULL, 0, 'published', '2025-02-14 10:22:00', '2025-02-14 10:22:00'),
(4157, 'Rampur Hat', 'rampur-hat', 36, 1, NULL, 0, NULL, 0, 'published', '2025-02-14 10:22:00', '2025-02-14 10:22:00'),
(4158, 'Ranaghat', 'ranaghat', 36, 1, NULL, 0, NULL, 0, 'published', '2025-02-14 10:22:00', '2025-02-14 10:22:00'),
(4159, 'Raniganj', 'raniganj', 36, 1, NULL, 0, NULL, 0, 'published', '2025-02-14 10:22:00', '2025-02-14 10:22:00'),
(4160, 'Raypur', 'raypur', 36, 1, NULL, 0, NULL, 0, 'published', '2025-02-14 10:22:00', '2025-02-14 10:22:00'),
(4161, 'Rishra', 'rishra', 36, 1, NULL, 0, NULL, 0, 'published', '2025-02-14 10:22:00', '2025-02-14 10:22:00'),
(4162, 'Sahapur', 'sahapur', 36, 1, NULL, 0, NULL, 0, 'published', '2025-02-14 10:22:00', '2025-02-14 10:22:00'),
(4163, 'Sainthia', 'sainthia', 36, 1, NULL, 0, NULL, 0, 'published', '2025-02-14 10:22:00', '2025-02-14 10:22:00'),
(4164, 'Salanpur community development block', 'salanpur-community-development-block', 36, 1, NULL, 0, NULL, 0, 'published', '2025-02-14 10:22:00', '2025-02-14 10:22:00'),
(4165, 'Sankarpur', 'sankarpur', 36, 1, NULL, 0, NULL, 0, 'published', '2025-02-14 10:22:00', '2025-02-14 10:22:00'),
(4166, 'Sankrail', 'sankrail', 36, 1, NULL, 0, NULL, 0, 'published', '2025-02-14 10:22:00', '2025-02-14 10:22:00'),
(4167, 'Santipur', 'santipur', 36, 1, NULL, 0, NULL, 0, 'published', '2025-02-14 10:22:00', '2025-02-14 10:22:00'),
(4168, 'Santoshpur', 'santoshpur', 36, 1, NULL, 0, NULL, 0, 'published', '2025-02-14 10:22:00', '2025-02-14 10:22:00'),
(4169, 'Santuri community development block', 'santuri-community-development-block', 36, 1, NULL, 0, NULL, 0, 'published', '2025-02-14 10:22:00', '2025-02-14 10:22:00'),
(4170, 'Sarenga', 'sarenga', 36, 1, NULL, 0, NULL, 0, 'published', '2025-02-14 10:22:00', '2025-02-14 10:22:00'),
(4171, 'Serampore', 'serampore', 36, 1, NULL, 0, NULL, 0, 'published', '2025-02-14 10:22:00', '2025-02-14 10:22:00'),
(4172, 'Serpur', 'serpur', 36, 1, NULL, 0, NULL, 0, 'published', '2025-02-14 10:22:00', '2025-02-14 10:22:00'),
(4173, 'Shyamnagar West Bengal', 'shyamnagar-west-bengal', 36, 1, NULL, 0, NULL, 0, 'published', '2025-02-14 10:22:00', '2025-02-14 10:22:00'),
(4174, 'Siliguri', 'siliguri', 36, 1, NULL, 0, NULL, 0, 'published', '2025-02-14 10:22:00', '2025-02-14 10:22:00'),
(4175, 'Singur', 'singur', 36, 1, NULL, 0, NULL, 0, 'published', '2025-02-14 10:22:00', '2025-02-14 10:22:00'),
(4176, 'Sodpur', 'sodpur', 36, 1, NULL, 0, NULL, 0, 'published', '2025-02-14 10:22:00', '2025-02-14 10:22:00'),
(4177, 'Solap', 'solap', 36, 1, NULL, 0, NULL, 0, 'published', '2025-02-14 10:22:00', '2025-02-14 10:22:00'),
(4178, 'Sonada', 'sonada', 36, 1, NULL, 0, NULL, 0, 'published', '2025-02-14 10:22:00', '2025-02-14 10:22:00'),
(4179, 'Sonamukhi', 'sonamukhi', 36, 1, NULL, 0, NULL, 0, 'published', '2025-02-14 10:22:00', '2025-02-14 10:22:00'),
(4180, 'Sonarpur community development block', 'sonarpur-community-development-block', 36, 1, NULL, 0, NULL, 0, 'published', '2025-02-14 10:22:00', '2025-02-14 10:22:00'),
(4181, 'South 24 Parganas district', 'south-24-parganas-district', 36, 1, NULL, 0, NULL, 0, 'published', '2025-02-14 10:22:00', '2025-02-14 10:22:00'),
(4182, 'Srikhanda', 'srikhanda', 36, 1, NULL, 0, NULL, 0, 'published', '2025-02-14 10:22:00', '2025-02-14 10:22:00'),
(4183, 'Srirampur', 'srirampur', 36, 1, NULL, 0, NULL, 0, 'published', '2025-02-14 10:22:00', '2025-02-14 10:22:00'),
(4184, 'Suri', 'suri', 36, 1, NULL, 0, NULL, 0, 'published', '2025-02-14 10:22:00', '2025-02-14 10:22:00'),
(4185, 'Swarupnagar community development block', 'swarupnagar-community-development-block', 36, 1, NULL, 0, NULL, 0, 'published', '2025-02-14 10:22:00', '2025-02-14 10:22:00'),
(4186, 'Takdah', 'takdah', 36, 1, NULL, 0, NULL, 0, 'published', '2025-02-14 10:22:00', '2025-02-14 10:22:00'),
(4187, 'Taki', 'taki', 36, 1, NULL, 0, NULL, 0, 'published', '2025-02-14 10:22:00', '2025-02-14 10:22:00'),
(4188, 'Tamluk', 'tamluk', 36, 1, NULL, 0, NULL, 0, 'published', '2025-02-14 10:22:00', '2025-02-14 10:22:00'),
(4189, 'Tarakeswar', 'tarakeswar', 36, 1, NULL, 0, NULL, 0, 'published', '2025-02-14 10:22:00', '2025-02-14 10:22:00'),
(4190, 'Titagarh', 'titagarh', 36, 1, NULL, 0, NULL, 0, 'published', '2025-02-14 10:22:00', '2025-02-14 10:22:00'),
(4191, 'Tufanganj', 'tufanganj', 36, 1, NULL, 0, NULL, 0, 'published', '2025-02-14 10:22:00', '2025-02-14 10:22:00'),
(4192, 'Tulin', 'tulin', 36, 1, NULL, 0, NULL, 0, 'published', '2025-02-14 10:22:00', '2025-02-14 10:22:00'),
(4193, 'Uchalan', 'uchalan', 36, 1, NULL, 0, NULL, 0, 'published', '2025-02-14 10:22:00', '2025-02-14 10:22:00'),
(4194, 'Ula', 'ula', 36, 1, NULL, 0, NULL, 0, 'published', '2025-02-14 10:22:00', '2025-02-14 10:22:00'),
(4195, 'Uluberia', 'uluberia', 36, 1, NULL, 0, NULL, 0, 'published', '2025-02-14 10:22:00', '2025-02-14 10:22:00'),
(4196, 'Uttar Dinajpur district', 'uttar-dinajpur-district', 36, 1, NULL, 0, NULL, 0, 'published', '2025-02-14 10:22:00', '2025-02-14 10:22:00'),
(4197, 'Uttarpara Kotrung', 'uttarpara-kotrung', 36, 1, NULL, 0, NULL, 0, 'published', '2025-02-14 10:22:00', '2025-02-14 10:22:00');

-- --------------------------------------------------------

--
-- Table structure for table `cities_translations`
--

CREATE TABLE `cities_translations` (
  `lang_code` varchar(20) NOT NULL,
  `cities_id` bigint(20) UNSIGNED NOT NULL,
  `name` varchar(120) DEFAULT NULL,
  `slug` varchar(120) DEFAULT NULL
) ENGINE=InnoDB DEFAULT CHARSET=utf8mb4 COLLATE=utf8mb4_unicode_ci;

-- --------------------------------------------------------

--
-- Table structure for table `contacts`
--

CREATE TABLE `contacts` (
  `id` bigint(20) UNSIGNED NOT NULL,
  `name` varchar(60) NOT NULL,
  `email` varchar(60) DEFAULT NULL,
  `phone` varchar(60) DEFAULT NULL,
  `address` varchar(120) DEFAULT NULL,
  `subject` varchar(120) DEFAULT NULL,
  `content` longtext NOT NULL,
  `custom_fields` text DEFAULT NULL,
  `status` varchar(60) NOT NULL DEFAULT 'unread',
  `created_at` timestamp NULL DEFAULT NULL,
  `updated_at` timestamp NULL DEFAULT NULL
) ENGINE=InnoDB DEFAULT CHARSET=utf8mb4 COLLATE=utf8mb4_unicode_ci;

-- --------------------------------------------------------

--
-- Table structure for table `contact_custom_fields`
--

CREATE TABLE `contact_custom_fields` (
  `id` bigint(20) UNSIGNED NOT NULL,
  `type` varchar(191) NOT NULL,
  `required` tinyint(1) NOT NULL DEFAULT 0,
  `name` varchar(191) NOT NULL,
  `placeholder` varchar(191) DEFAULT NULL,
  `order` int(11) NOT NULL DEFAULT 999,
  `status` varchar(191) NOT NULL DEFAULT 'published',
  `created_at` timestamp NULL DEFAULT NULL,
  `updated_at` timestamp NULL DEFAULT NULL
) ENGINE=InnoDB DEFAULT CHARSET=utf8mb4 COLLATE=utf8mb4_unicode_ci;

-- --------------------------------------------------------

--
-- Table structure for table `contact_custom_fields_translations`
--

CREATE TABLE `contact_custom_fields_translations` (
  `contact_custom_fields_id` bigint(20) UNSIGNED NOT NULL,
  `lang_code` varchar(191) NOT NULL,
  `name` varchar(191) DEFAULT NULL,
  `placeholder` varchar(191) DEFAULT NULL
) ENGINE=InnoDB DEFAULT CHARSET=utf8mb4 COLLATE=utf8mb4_unicode_ci;

-- --------------------------------------------------------

--
-- Table structure for table `contact_custom_field_options`
--

CREATE TABLE `contact_custom_field_options` (
  `id` bigint(20) UNSIGNED NOT NULL,
  `custom_field_id` bigint(20) UNSIGNED NOT NULL,
  `label` varchar(191) DEFAULT NULL,
  `value` varchar(191) NOT NULL,
  `order` int(11) NOT NULL DEFAULT 999,
  `created_at` timestamp NULL DEFAULT NULL,
  `updated_at` timestamp NULL DEFAULT NULL
) ENGINE=InnoDB DEFAULT CHARSET=utf8mb4 COLLATE=utf8mb4_unicode_ci;

-- --------------------------------------------------------

--
-- Table structure for table `contact_custom_field_options_translations`
--

CREATE TABLE `contact_custom_field_options_translations` (
  `contact_custom_field_options_id` bigint(20) UNSIGNED NOT NULL,
  `lang_code` varchar(191) NOT NULL,
  `label` varchar(191) DEFAULT NULL,
  `value` varchar(191) DEFAULT NULL
) ENGINE=InnoDB DEFAULT CHARSET=utf8mb4 COLLATE=utf8mb4_unicode_ci;

-- --------------------------------------------------------

--
-- Table structure for table `contact_replies`
--

CREATE TABLE `contact_replies` (
  `id` bigint(20) UNSIGNED NOT NULL,
  `message` longtext NOT NULL,
  `contact_id` bigint(20) UNSIGNED NOT NULL,
  `created_at` timestamp NULL DEFAULT NULL,
  `updated_at` timestamp NULL DEFAULT NULL
) ENGINE=InnoDB DEFAULT CHARSET=utf8mb4 COLLATE=utf8mb4_unicode_ci;

-- --------------------------------------------------------

--
-- Table structure for table `countries`
--

CREATE TABLE `countries` (
  `id` bigint(20) UNSIGNED NOT NULL,
  `name` varchar(120) NOT NULL,
  `nationality` varchar(120) DEFAULT NULL,
  `order` tinyint(4) NOT NULL DEFAULT 0,
  `image` varchar(191) DEFAULT NULL,
  `is_default` tinyint(3) UNSIGNED NOT NULL DEFAULT 0,
  `status` varchar(60) NOT NULL DEFAULT 'published',
  `created_at` timestamp NULL DEFAULT NULL,
  `updated_at` timestamp NULL DEFAULT NULL,
  `code` varchar(10) DEFAULT NULL
) ENGINE=InnoDB DEFAULT CHARSET=utf8mb4 COLLATE=utf8mb4_unicode_ci;

--
-- Dumping data for table `countries`
--

INSERT INTO `countries` (`id`, `name`, `nationality`, `order`, `image`, `is_default`, `status`, `created_at`, `updated_at`, `code`) VALUES
(1, 'India', 'India', 0, NULL, 0, 'published', '2025-02-14 10:22:00', '2025-02-14 10:22:00', 'IN');

-- --------------------------------------------------------

--
-- Table structure for table `countries_translations`
--

CREATE TABLE `countries_translations` (
  `lang_code` varchar(20) NOT NULL,
  `countries_id` bigint(20) UNSIGNED NOT NULL,
  `name` varchar(120) DEFAULT NULL,
  `nationality` varchar(120) DEFAULT NULL
) ENGINE=InnoDB DEFAULT CHARSET=utf8mb4 COLLATE=utf8mb4_unicode_ci;

-- --------------------------------------------------------

--
-- Table structure for table `dashboard_widgets`
--

CREATE TABLE `dashboard_widgets` (
  `id` bigint(20) UNSIGNED NOT NULL,
  `name` varchar(120) NOT NULL,
  `created_at` timestamp NULL DEFAULT NULL,
  `updated_at` timestamp NULL DEFAULT NULL
) ENGINE=InnoDB DEFAULT CHARSET=utf8mb4 COLLATE=utf8mb4_unicode_ci;

--
-- Dumping data for table `dashboard_widgets`
--

INSERT INTO `dashboard_widgets` (`id`, `name`, `created_at`, `updated_at`) VALUES
(1, 'widget_total_1', '2025-02-14 08:22:22', '2025-02-14 08:22:22'),
(2, 'widget_total_2', '2025-02-14 08:22:23', '2025-02-14 08:22:23'),
(3, 'widget_total_3', '2025-02-14 08:22:23', '2025-02-14 08:22:23'),
(4, 'widget_total_4', '2025-02-14 08:22:23', '2025-02-14 08:22:23'),
(5, 'widget_total_themes', '2025-02-14 08:22:23', '2025-02-14 08:22:23'),
(6, 'widget_total_users', '2025-02-14 08:22:23', '2025-02-14 08:22:23'),
(7, 'widget_total_plugins', '2025-02-14 08:22:23', '2025-02-14 08:22:23'),
(8, 'widget_total_pages', '2025-02-14 08:22:23', '2025-02-14 08:22:23'),
(9, 'widget_posts_recent', '2025-02-14 08:22:23', '2025-02-14 08:22:23'),
(10, 'widget_audit_logs', '2025-02-14 08:22:24', '2025-02-14 08:22:24'),
(11, 'widget_request_errors', '2025-02-14 08:22:24', '2025-02-14 08:22:24'),
(12, 'widget_ecommerce_report_general', '2025-02-14 08:22:24', '2025-02-14 08:22:24');

-- --------------------------------------------------------

--
-- Table structure for table `dashboard_widget_settings`
--

CREATE TABLE `dashboard_widget_settings` (
  `id` bigint(20) UNSIGNED NOT NULL,
  `settings` text DEFAULT NULL,
  `user_id` bigint(20) UNSIGNED NOT NULL,
  `widget_id` bigint(20) UNSIGNED NOT NULL,
  `order` tinyint(3) UNSIGNED NOT NULL DEFAULT 0,
  `status` tinyint(3) UNSIGNED NOT NULL DEFAULT 1,
  `created_at` timestamp NULL DEFAULT NULL,
  `updated_at` timestamp NULL DEFAULT NULL
) ENGINE=InnoDB DEFAULT CHARSET=utf8mb4 COLLATE=utf8mb4_unicode_ci;

-- --------------------------------------------------------

--
-- Table structure for table `ec_brands`
--

CREATE TABLE `ec_brands` (
  `id` bigint(20) UNSIGNED NOT NULL,
  `name` varchar(191) NOT NULL,
  `description` mediumtext DEFAULT NULL,
  `website` varchar(191) DEFAULT NULL,
  `logo` varchar(191) DEFAULT NULL,
  `status` varchar(60) NOT NULL DEFAULT 'published',
  `order` tinyint(3) UNSIGNED NOT NULL DEFAULT 0,
  `is_featured` tinyint(3) UNSIGNED NOT NULL DEFAULT 0,
  `created_at` timestamp NULL DEFAULT NULL,
  `updated_at` timestamp NULL DEFAULT NULL
) ENGINE=InnoDB DEFAULT CHARSET=utf8mb4 COLLATE=utf8mb4_unicode_ci;

--
-- Dumping data for table `ec_brands`
--

INSERT INTO `ec_brands` (`id`, `name`, `description`, `website`, `logo`, `status`, `order`, `is_featured`, `created_at`, `updated_at`) VALUES
(6, 'Fashion', 'All Fashion Bransds', NULL, 'third-iphone-removebg-preview.png', 'published', 0, 1, '2025-02-14 23:34:25', '2025-02-14 23:37:38');

-- --------------------------------------------------------

--
-- Table structure for table `ec_brands_translations`
--

CREATE TABLE `ec_brands_translations` (
  `lang_code` varchar(191) NOT NULL,
  `ec_brands_id` bigint(20) UNSIGNED NOT NULL,
  `name` varchar(191) DEFAULT NULL,
  `description` mediumtext DEFAULT NULL
) ENGINE=InnoDB DEFAULT CHARSET=utf8mb4 COLLATE=utf8mb4_unicode_ci;

-- --------------------------------------------------------

--
-- Table structure for table `ec_cart`
--

CREATE TABLE `ec_cart` (
  `identifier` varchar(60) NOT NULL,
  `instance` varchar(60) NOT NULL,
  `content` longtext NOT NULL,
  `created_at` timestamp NULL DEFAULT NULL,
  `updated_at` timestamp NULL DEFAULT NULL
) ENGINE=InnoDB DEFAULT CHARSET=utf8mb4 COLLATE=utf8mb4_unicode_ci;

-- --------------------------------------------------------

--
-- Table structure for table `ec_currencies`
--

CREATE TABLE `ec_currencies` (
  `id` bigint(20) UNSIGNED NOT NULL,
  `title` varchar(191) NOT NULL,
  `symbol` varchar(10) NOT NULL,
  `is_prefix_symbol` tinyint(3) UNSIGNED NOT NULL DEFAULT 0,
  `decimals` tinyint(3) UNSIGNED DEFAULT 0,
  `order` int(10) UNSIGNED DEFAULT 0,
  `is_default` tinyint(4) NOT NULL DEFAULT 0,
  `exchange_rate` double NOT NULL DEFAULT 1,
  `created_at` timestamp NULL DEFAULT NULL,
  `updated_at` timestamp NULL DEFAULT NULL
) ENGINE=InnoDB DEFAULT CHARSET=utf8mb4 COLLATE=utf8mb4_unicode_ci;

--
-- Dumping data for table `ec_currencies`
--

INSERT INTO `ec_currencies` (`id`, `title`, `symbol`, `is_prefix_symbol`, `decimals`, `order`, `is_default`, `exchange_rate`, `created_at`, `updated_at`) VALUES
(1, 'USD', '$', 1, 2, 1, 0, 1, '2024-10-31 20:46:47', '2025-02-14 10:29:49'),
(5, 'INR', '₹', 1, 2, 3, 1, 86.62, '2025-02-14 10:29:49', '2025-02-15 00:59:52');

-- --------------------------------------------------------

--
-- Table structure for table `ec_customer_addresses`
--

CREATE TABLE `ec_customer_addresses` (
  `id` bigint(20) UNSIGNED NOT NULL,
  `name` varchar(191) NOT NULL,
  `email` varchar(60) DEFAULT NULL,
  `phone` varchar(20) DEFAULT NULL,
  `country` varchar(120) DEFAULT NULL,
  `state` varchar(120) DEFAULT NULL,
  `city` varchar(120) DEFAULT NULL,
  `address` varchar(191) DEFAULT NULL,
  `customer_id` bigint(20) UNSIGNED NOT NULL,
  `is_default` tinyint(3) UNSIGNED NOT NULL DEFAULT 0,
  `created_at` timestamp NULL DEFAULT NULL,
  `updated_at` timestamp NULL DEFAULT NULL,
  `zip_code` varchar(20) DEFAULT NULL
) ENGINE=InnoDB DEFAULT CHARSET=utf8mb4 COLLATE=utf8mb4_unicode_ci;

--
-- Dumping data for table `ec_customer_addresses`
--

INSERT INTO `ec_customer_addresses` (`id`, `name`, `email`, `phone`, `country`, `state`, `city`, `address`, `customer_id`, `is_default`, `created_at`, `updated_at`, `zip_code`) VALUES
(13, 'Ranavadiya Hardik', 'hndeveloping@gmail.com', '9313535043', 'IN', 'gujrat', 'Amreli', 'Marutinagar', 11, 1, '2025-02-14 10:42:39', '2025-02-14 10:42:39', NULL),
(14, 'Ashtvinayak Soft Solutions', 'ranavadiyahardik31@gmail.com', '9313535048', 'IN', 'Gujarat', 'Amreli', 'Marutinagar Hanuman Para Road', 12, 1, '2025-02-15 01:05:28', '2025-02-15 01:05:28', NULL);

-- --------------------------------------------------------

--
-- Table structure for table `ec_customer_deletion_requests`
--

CREATE TABLE `ec_customer_deletion_requests` (
  `id` bigint(20) UNSIGNED NOT NULL,
  `customer_id` bigint(20) UNSIGNED NOT NULL,
  `customer_name` varchar(191) DEFAULT NULL,
  `customer_phone` varchar(191) DEFAULT NULL,
  `customer_email` varchar(191) DEFAULT NULL,
  `token` varchar(191) NOT NULL,
  `status` varchar(50) NOT NULL DEFAULT 'waiting_for_confirmation',
  `reason` text DEFAULT NULL,
  `confirmed_at` datetime DEFAULT NULL,
  `created_at` timestamp NULL DEFAULT NULL,
  `updated_at` timestamp NULL DEFAULT NULL
) ENGINE=InnoDB DEFAULT CHARSET=utf8mb4 COLLATE=utf8mb4_unicode_ci;

-- --------------------------------------------------------

--
-- Table structure for table `ec_customer_password_resets`
--

CREATE TABLE `ec_customer_password_resets` (
  `email` varchar(191) NOT NULL,
  `token` varchar(191) NOT NULL,
  `created_at` timestamp NULL DEFAULT NULL
) ENGINE=InnoDB DEFAULT CHARSET=utf8mb4 COLLATE=utf8mb4_unicode_ci;

-- --------------------------------------------------------

--
-- Table structure for table `ec_customer_recently_viewed_products`
--

CREATE TABLE `ec_customer_recently_viewed_products` (
  `id` bigint(20) UNSIGNED NOT NULL,
  `customer_id` bigint(20) UNSIGNED NOT NULL,
  `product_id` bigint(20) UNSIGNED NOT NULL
) ENGINE=InnoDB DEFAULT CHARSET=utf8mb4 COLLATE=utf8mb4_unicode_ci;

--
-- Dumping data for table `ec_customer_recently_viewed_products`
--

INSERT INTO `ec_customer_recently_viewed_products` (`id`, `customer_id`, `product_id`) VALUES
(2, 11, 101),
(3, 12, 101),
(4, 11, 127);

-- --------------------------------------------------------

--
-- Table structure for table `ec_customer_used_coupons`
--

CREATE TABLE `ec_customer_used_coupons` (
  `discount_id` bigint(20) UNSIGNED NOT NULL,
  `customer_id` bigint(20) UNSIGNED NOT NULL
) ENGINE=InnoDB DEFAULT CHARSET=utf8mb4 COLLATE=utf8mb4_unicode_ci;

-- --------------------------------------------------------

--
-- Table structure for table `ec_discounts`
--

CREATE TABLE `ec_discounts` (
  `id` bigint(20) UNSIGNED NOT NULL,
  `title` varchar(120) DEFAULT NULL,
  `code` varchar(20) DEFAULT NULL,
  `start_date` datetime DEFAULT NULL,
  `end_date` datetime DEFAULT NULL,
  `quantity` int(11) DEFAULT NULL,
  `total_used` int(10) UNSIGNED NOT NULL DEFAULT 0,
  `value` double DEFAULT NULL,
  `type` varchar(60) DEFAULT 'coupon',
  `can_use_with_promotion` tinyint(1) NOT NULL DEFAULT 0,
  `can_use_with_flash_sale` tinyint(1) NOT NULL DEFAULT 0,
  `discount_on` varchar(20) DEFAULT NULL,
  `product_quantity` int(10) UNSIGNED DEFAULT NULL,
  `type_option` varchar(100) NOT NULL DEFAULT 'amount',
  `target` varchar(100) NOT NULL DEFAULT 'all-orders',
  `min_order_price` decimal(15,2) DEFAULT NULL,
  `apply_via_url` tinyint(1) NOT NULL DEFAULT 0,
  `display_at_checkout` tinyint(1) NOT NULL DEFAULT 0,
  `created_at` timestamp NULL DEFAULT NULL,
  `updated_at` timestamp NULL DEFAULT NULL,
  `store_id` bigint(20) UNSIGNED DEFAULT NULL,
  `description` varchar(400) DEFAULT NULL
) ENGINE=InnoDB DEFAULT CHARSET=utf8mb4 COLLATE=utf8mb4_unicode_ci;

--
-- Dumping data for table `ec_discounts`
--

INSERT INTO `ec_discounts` (`id`, `title`, `code`, `start_date`, `end_date`, `quantity`, `total_used`, `value`, `type`, `can_use_with_promotion`, `can_use_with_flash_sale`, `discount_on`, `product_quantity`, `type_option`, `target`, `min_order_price`, `apply_via_url`, `display_at_checkout`, `created_at`, `updated_at`, `store_id`, `description`) VALUES
(1, 'Discount 1', 'YULQKOT5EM3X', '2024-10-31 03:46:52', NULL, NULL, 0, 401, 'coupon', 0, 0, NULL, NULL, 'amount', 'all-orders', NULL, 0, 1, '2024-10-31 20:46:52', '2024-10-31 20:46:52', NULL, NULL),
(2, 'Discount 2', 'TZBRJ426LE0L', '2024-10-31 03:46:52', '2024-11-30 03:46:52', NULL, 0, 40, 'coupon', 0, 0, NULL, NULL, 'percentage', 'all-orders', NULL, 0, 1, '2024-10-31 20:46:52', '2024-10-31 20:46:52', NULL, NULL),
(3, 'Discount 3', 'DGENNOWFFOXW', '2024-10-31 03:46:52', '2024-11-02 03:46:52', NULL, 0, 569, 'coupon', 0, 0, NULL, NULL, 'same-price', 'all-orders', NULL, 0, 1, '2024-10-31 20:46:52', '2024-10-31 20:46:52', NULL, NULL),
(4, 'Discount 4', 'QAKTXNYIMYEZ', '2024-10-31 03:46:52', NULL, NULL, 0, 725, 'coupon', 0, 0, NULL, NULL, 'amount', 'all-orders', NULL, 0, 1, '2024-10-31 20:46:52', '2024-10-31 20:46:52', NULL, NULL),
(5, 'Discount 5', '1TASBWFJYI92', '2024-10-31 03:46:52', '2024-11-28 03:46:52', NULL, 0, 355, 'coupon', 0, 0, NULL, NULL, 'same-price', 'all-orders', NULL, 0, 1, '2024-10-31 20:46:52', '2024-10-31 20:46:52', NULL, NULL),
(6, 'Discount 6', '319ECRO40LDD', '2024-10-31 03:46:52', '2024-11-08 03:46:52', NULL, 0, 202, 'coupon', 0, 0, NULL, NULL, 'shipping', 'all-orders', NULL, 0, 1, '2024-10-31 20:46:52', '2024-10-31 20:46:52', NULL, NULL),
(7, 'Discount 7', '6B8B8UZRRFDK', '2024-10-31 03:46:52', NULL, NULL, 0, 487, 'coupon', 0, 0, NULL, NULL, 'same-price', 'all-orders', NULL, 0, 1, '2024-10-31 20:46:52', '2024-10-31 20:46:52', NULL, NULL),
(8, 'Discount 8', 'FE78VTNEDRY4', '2024-10-31 03:46:52', '2024-11-21 03:46:52', NULL, 0, 662, 'coupon', 0, 0, NULL, NULL, 'shipping', 'all-orders', NULL, 0, 1, '2024-10-31 20:46:52', '2024-10-31 20:46:52', NULL, NULL),
(9, 'Discount 9', 'EEGAYNUFPKD8', '2024-10-31 03:46:52', '2024-11-20 03:46:52', NULL, 0, 572, 'coupon', 0, 0, NULL, NULL, 'shipping', 'all-orders', NULL, 0, 1, '2024-10-31 20:46:52', '2024-10-31 20:46:52', NULL, NULL),
(10, 'Discount 10', 'K1YXSUX5WQV8', '2024-10-31 03:46:52', NULL, NULL, 0, 637, 'coupon', 0, 0, NULL, NULL, 'amount', 'all-orders', NULL, 0, 1, '2024-10-31 20:46:52', '2024-10-31 20:46:52', NULL, NULL),
(11, NULL, 'KDVLETLRQJUP', '2025-02-14 00:00:00', '2025-02-16 00:00:00', NULL, 1, 20, 'coupon', 0, 0, NULL, 1, 'amount', 'amount-minimum-order', 200.00, 0, 0, '2025-02-14 10:39:42', '2025-02-14 10:42:39', NULL, NULL);

-- --------------------------------------------------------

--
-- Table structure for table `ec_discount_customers`
--

CREATE TABLE `ec_discount_customers` (
  `discount_id` bigint(20) UNSIGNED NOT NULL,
  `customer_id` bigint(20) UNSIGNED NOT NULL
) ENGINE=InnoDB DEFAULT CHARSET=utf8mb4 COLLATE=utf8mb4_unicode_ci;

-- --------------------------------------------------------

--
-- Table structure for table `ec_discount_products`
--

CREATE TABLE `ec_discount_products` (
  `discount_id` bigint(20) UNSIGNED NOT NULL,
  `product_id` bigint(20) UNSIGNED NOT NULL
) ENGINE=InnoDB DEFAULT CHARSET=utf8mb4 COLLATE=utf8mb4_unicode_ci;

-- --------------------------------------------------------

--
-- Table structure for table `ec_discount_product_categories`
--

CREATE TABLE `ec_discount_product_categories` (
  `discount_id` bigint(20) UNSIGNED NOT NULL,
  `product_category_id` bigint(20) UNSIGNED NOT NULL
) ENGINE=InnoDB DEFAULT CHARSET=utf8mb4 COLLATE=utf8mb4_unicode_ci;

-- --------------------------------------------------------

--
-- Table structure for table `ec_discount_product_collections`
--

CREATE TABLE `ec_discount_product_collections` (
  `discount_id` bigint(20) UNSIGNED NOT NULL,
  `product_collection_id` bigint(20) UNSIGNED NOT NULL
) ENGINE=InnoDB DEFAULT CHARSET=utf8mb4 COLLATE=utf8mb4_unicode_ci;

-- --------------------------------------------------------

--
-- Table structure for table `ec_flash_sales`
--

CREATE TABLE `ec_flash_sales` (
  `id` bigint(20) UNSIGNED NOT NULL,
  `name` varchar(191) NOT NULL,
  `end_date` datetime NOT NULL,
  `status` varchar(60) NOT NULL DEFAULT 'published',
  `created_at` timestamp NULL DEFAULT NULL,
  `updated_at` timestamp NULL DEFAULT NULL
) ENGINE=InnoDB DEFAULT CHARSET=utf8mb4 COLLATE=utf8mb4_unicode_ci;

--
-- Dumping data for table `ec_flash_sales`
--

INSERT INTO `ec_flash_sales` (`id`, `name`, `end_date`, `status`, `created_at`, `updated_at`) VALUES
(1, 'Winter Sale', '2024-11-30 00:00:00', 'published', '2024-10-31 20:47:01', '2024-10-31 20:47:01'),
(2, 'Demo Sale', '2025-03-20 00:00:00', 'published', '2025-02-19 03:46:28', '2025-02-19 03:46:28');

-- --------------------------------------------------------

--
-- Table structure for table `ec_flash_sales_translations`
--

CREATE TABLE `ec_flash_sales_translations` (
  `lang_code` varchar(191) NOT NULL,
  `ec_flash_sales_id` bigint(20) UNSIGNED NOT NULL,
  `name` varchar(191) DEFAULT NULL
) ENGINE=InnoDB DEFAULT CHARSET=utf8mb4 COLLATE=utf8mb4_unicode_ci;

-- --------------------------------------------------------

--
-- Table structure for table `ec_flash_sale_products`
--

CREATE TABLE `ec_flash_sale_products` (
  `flash_sale_id` bigint(20) UNSIGNED NOT NULL,
  `product_id` bigint(20) UNSIGNED NOT NULL,
  `price` double UNSIGNED DEFAULT NULL,
  `quantity` int(10) UNSIGNED DEFAULT NULL,
  `sold` int(10) UNSIGNED NOT NULL DEFAULT 0
) ENGINE=InnoDB DEFAULT CHARSET=utf8mb4 COLLATE=utf8mb4_unicode_ci;

--
-- Dumping data for table `ec_flash_sale_products`
--

INSERT INTO `ec_flash_sale_products` (`flash_sale_id`, `product_id`, `price`, `quantity`, `sold`) VALUES
(2, 101, 700, 5, 0),
(2, 127, 1200, 3, 0);

-- --------------------------------------------------------

--
-- Table structure for table `ec_global_options`
--

CREATE TABLE `ec_global_options` (
  `id` bigint(20) UNSIGNED NOT NULL,
  `name` varchar(191) NOT NULL COMMENT 'Name of options',
  `option_type` varchar(191) NOT NULL COMMENT 'option type',
  `required` tinyint(1) NOT NULL DEFAULT 0 COMMENT 'Checked if this option is required',
  `created_at` timestamp NULL DEFAULT NULL,
  `updated_at` timestamp NULL DEFAULT NULL
) ENGINE=InnoDB DEFAULT CHARSET=utf8mb4 COLLATE=utf8mb4_unicode_ci;

--
-- Dumping data for table `ec_global_options`
--

INSERT INTO `ec_global_options` (`id`, `name`, `option_type`, `required`, `created_at`, `updated_at`) VALUES
(1, 'Warranty', 'Botble\\Ecommerce\\Option\\OptionType\\RadioButton', 1, '2024-10-31 20:46:52', '2024-10-31 20:46:52');

-- --------------------------------------------------------

--
-- Table structure for table `ec_global_options_translations`
--

CREATE TABLE `ec_global_options_translations` (
  `lang_code` varchar(191) NOT NULL,
  `ec_global_options_id` bigint(20) UNSIGNED NOT NULL,
  `name` varchar(191) DEFAULT NULL
) ENGINE=InnoDB DEFAULT CHARSET=utf8mb4 COLLATE=utf8mb4_unicode_ci;

-- --------------------------------------------------------

--
-- Table structure for table `ec_global_option_value`
--

CREATE TABLE `ec_global_option_value` (
  `id` bigint(20) UNSIGNED NOT NULL,
  `option_id` bigint(20) UNSIGNED NOT NULL COMMENT 'option id',
  `option_value` tinytext DEFAULT NULL COMMENT 'option value',
  `affect_price` double DEFAULT NULL COMMENT 'value of price of this option affect',
  `order` int(11) NOT NULL DEFAULT 9999,
  `affect_type` tinyint(4) NOT NULL DEFAULT 0 COMMENT '0. fixed 1. percent',
  `created_at` timestamp NULL DEFAULT NULL,
  `updated_at` timestamp NULL DEFAULT NULL
) ENGINE=InnoDB DEFAULT CHARSET=utf8mb4 COLLATE=utf8mb4_unicode_ci;

--
-- Dumping data for table `ec_global_option_value`
--

INSERT INTO `ec_global_option_value` (`id`, `option_id`, `option_value`, `affect_price`, `order`, `affect_type`, `created_at`, `updated_at`) VALUES
(1, 1, '1 Year', 0, 9999, 0, '2024-10-31 20:46:52', '2024-10-31 20:46:52'),
(2, 1, '2 Year', 10, 9999, 0, '2024-10-31 20:46:52', '2024-10-31 20:46:52'),
(3, 1, '3 Year', 20, 9999, 0, '2024-10-31 20:46:52', '2024-10-31 20:46:52');

-- --------------------------------------------------------

--
-- Table structure for table `ec_global_option_value_translations`
--

CREATE TABLE `ec_global_option_value_translations` (
  `lang_code` varchar(191) NOT NULL,
  `ec_global_option_value_id` bigint(20) UNSIGNED NOT NULL,
  `option_value` varchar(191) DEFAULT NULL
) ENGINE=InnoDB DEFAULT CHARSET=utf8mb4 COLLATE=utf8mb4_unicode_ci;

-- --------------------------------------------------------

--
-- Table structure for table `ec_grouped_products`
--

CREATE TABLE `ec_grouped_products` (
  `id` bigint(20) UNSIGNED NOT NULL,
  `parent_product_id` bigint(20) UNSIGNED NOT NULL,
  `product_id` bigint(20) UNSIGNED NOT NULL,
  `fixed_qty` int(11) NOT NULL DEFAULT 1
) ENGINE=InnoDB DEFAULT CHARSET=utf8mb4 COLLATE=utf8mb4_unicode_ci;

-- --------------------------------------------------------

--
-- Table structure for table `ec_invoices`
--

CREATE TABLE `ec_invoices` (
  `id` bigint(20) UNSIGNED NOT NULL,
  `reference_type` varchar(191) NOT NULL,
  `reference_id` bigint(20) UNSIGNED NOT NULL,
  `code` varchar(191) NOT NULL,
  `customer_name` varchar(191) DEFAULT NULL,
  `company_name` varchar(191) DEFAULT NULL,
  `company_logo` varchar(191) DEFAULT NULL,
  `customer_email` varchar(191) DEFAULT NULL,
  `customer_phone` varchar(191) DEFAULT NULL,
  `customer_address` varchar(191) DEFAULT NULL,
  `customer_tax_id` varchar(191) DEFAULT NULL,
  `sub_total` decimal(15,2) UNSIGNED NOT NULL,
  `tax_amount` decimal(15,2) UNSIGNED NOT NULL DEFAULT 0.00,
  `shipping_amount` decimal(15,2) UNSIGNED NOT NULL DEFAULT 0.00,
  `discount_amount` decimal(15,2) UNSIGNED NOT NULL DEFAULT 0.00,
  `shipping_option` varchar(60) DEFAULT NULL,
  `shipping_method` varchar(60) NOT NULL DEFAULT 'default',
  `coupon_code` varchar(120) DEFAULT NULL,
  `discount_description` varchar(191) DEFAULT NULL,
  `amount` decimal(15,2) UNSIGNED NOT NULL,
  `description` text DEFAULT NULL,
  `payment_id` bigint(20) UNSIGNED DEFAULT NULL,
  `status` varchar(191) NOT NULL DEFAULT 'pending',
  `paid_at` timestamp NULL DEFAULT NULL,
  `created_at` timestamp NULL DEFAULT NULL,
  `updated_at` timestamp NULL DEFAULT NULL
) ENGINE=InnoDB DEFAULT CHARSET=utf8mb4 COLLATE=utf8mb4_unicode_ci;

--
-- Dumping data for table `ec_invoices`
--

INSERT INTO `ec_invoices` (`id`, `reference_type`, `reference_id`, `code`, `customer_name`, `company_name`, `company_logo`, `customer_email`, `customer_phone`, `customer_address`, `customer_tax_id`, `sub_total`, `tax_amount`, `shipping_amount`, `discount_amount`, `shipping_option`, `shipping_method`, `coupon_code`, `discount_description`, `amount`, `description`, `payment_id`, `status`, `paid_at`, `created_at`, `updated_at`) VALUES
(1, 'Botble\\Ecommerce\\Models\\Order', 1, 'INV-1', 'Ranavadiya Hardik', '', NULL, 'hndeveloping@gmail.com', '9313535043', 'Marutinagar, Amreli, gujrat, IN', NULL, 650.00, 97.50, 0.00, 20.00, '3', 'default', 'KDVLETLRQJUP', NULL, 727.50, NULL, 1, 'completed', NULL, '2025-02-14 10:41:10', '2025-02-14 10:46:03'),
(3, 'Botble\\Ecommerce\\Models\\Order', 3, 'INV-2', 'Ashtvinayak Soft Solutions', '', NULL, 'ranavadiyahardik31@gmail.com', '9313535048', 'Marutinagar Hanuman Para Road, Amreli, Gujarat, IN', NULL, 700.00, 0.00, 0.00, 0.00, '3', 'default', NULL, NULL, 700.00, NULL, 3, 'canceled', NULL, '2025-02-15 01:07:30', '2025-02-15 01:24:11');

-- --------------------------------------------------------

--
-- Table structure for table `ec_invoice_items`
--

CREATE TABLE `ec_invoice_items` (
  `id` bigint(20) UNSIGNED NOT NULL,
  `invoice_id` bigint(20) UNSIGNED NOT NULL,
  `reference_type` varchar(191) NOT NULL,
  `reference_id` bigint(20) UNSIGNED NOT NULL,
  `name` varchar(191) NOT NULL,
  `description` varchar(400) DEFAULT NULL,
  `image` varchar(191) DEFAULT NULL,
  `qty` int(10) UNSIGNED NOT NULL,
  `price` decimal(15,2) NOT NULL DEFAULT 0.00,
  `sub_total` decimal(15,2) UNSIGNED NOT NULL,
  `tax_amount` decimal(15,2) UNSIGNED NOT NULL DEFAULT 0.00,
  `discount_amount` decimal(15,2) UNSIGNED NOT NULL DEFAULT 0.00,
  `amount` decimal(15,2) UNSIGNED NOT NULL,
  `options` text DEFAULT NULL,
  `created_at` timestamp NULL DEFAULT NULL,
  `updated_at` timestamp NULL DEFAULT NULL
) ENGINE=InnoDB DEFAULT CHARSET=utf8mb4 COLLATE=utf8mb4_unicode_ci;

--
-- Dumping data for table `ec_invoice_items`
--

INSERT INTO `ec_invoice_items` (`id`, `invoice_id`, `reference_type`, `reference_id`, `name`, `description`, `image`, `qty`, `price`, `sub_total`, `tax_amount`, `discount_amount`, `amount`, `options`, `created_at`, `updated_at`) VALUES
(1, 1, 'Botble\\Ecommerce\\Models\\Product', 1, 'Vintage Denim Jacket', NULL, 'main/products/product-18.jpg', 1, 650.00, 650.00, 97.50, 0.00, 747.50, '{\"image\":\"main\\/products\\/product-18.jpg\",\"attributes\":\"\",\"taxRate\":15,\"taxClasses\":{\"Import Tax\":15},\"options\":[],\"extras\":[],\"sku\":\"PO-155\",\"weight\":860}', '2025-02-14 10:42:40', '2025-02-14 10:42:40'),
(3, 3, 'Botble\\Ecommerce\\Models\\Product', 102, 'Women\'s Cotton Blend Co-ord Set', NULL, 'stores/ladylife/k2.jpeg', 1, 700.00, 700.00, 0.00, 0.00, 700.00, '{\"image\":\"stores\\/ladylife\\/k2.jpeg\",\"attributes\":\"(Color: Green, Size: S)\",\"taxRate\":0,\"taxClasses\":{\"None\":0},\"options\":[],\"extras\":[],\"sku\":\"SF-2443-ZU0Q-green-s\",\"weight\":200}', '2025-02-15 01:16:40', '2025-02-15 01:16:40');

-- --------------------------------------------------------

--
-- Table structure for table `ec_options`
--

CREATE TABLE `ec_options` (
  `id` bigint(20) UNSIGNED NOT NULL,
  `name` varchar(191) NOT NULL COMMENT 'Name of options',
  `option_type` varchar(191) DEFAULT NULL COMMENT 'option type',
  `product_id` bigint(20) UNSIGNED NOT NULL DEFAULT 0,
  `order` int(11) NOT NULL DEFAULT 9999,
  `required` tinyint(1) NOT NULL DEFAULT 0 COMMENT 'Checked if this option is required',
  `created_at` timestamp NULL DEFAULT NULL,
  `updated_at` timestamp NULL DEFAULT NULL
) ENGINE=InnoDB DEFAULT CHARSET=utf8mb4 COLLATE=utf8mb4_unicode_ci;

-- --------------------------------------------------------

--
-- Table structure for table `ec_options_translations`
--

CREATE TABLE `ec_options_translations` (
  `lang_code` varchar(191) NOT NULL,
  `ec_options_id` bigint(20) UNSIGNED NOT NULL,
  `name` varchar(191) DEFAULT NULL
) ENGINE=InnoDB DEFAULT CHARSET=utf8mb4 COLLATE=utf8mb4_unicode_ci;

-- --------------------------------------------------------

--
-- Table structure for table `ec_option_value`
--

CREATE TABLE `ec_option_value` (
  `id` bigint(20) UNSIGNED NOT NULL,
  `option_id` bigint(20) UNSIGNED NOT NULL COMMENT 'option id',
  `option_value` tinytext DEFAULT NULL COMMENT 'option value',
  `affect_price` double DEFAULT NULL COMMENT 'value of price of this option affect',
  `order` int(11) NOT NULL DEFAULT 9999,
  `affect_type` tinyint(4) NOT NULL DEFAULT 0 COMMENT '0. fixed 1. percent',
  `created_at` timestamp NULL DEFAULT NULL,
  `updated_at` timestamp NULL DEFAULT NULL
) ENGINE=InnoDB DEFAULT CHARSET=utf8mb4 COLLATE=utf8mb4_unicode_ci;

-- --------------------------------------------------------

--
-- Table structure for table `ec_option_value_translations`
--

CREATE TABLE `ec_option_value_translations` (
  `lang_code` varchar(191) NOT NULL,
  `ec_option_value_id` bigint(20) UNSIGNED NOT NULL,
  `option_value` varchar(191) DEFAULT NULL
) ENGINE=InnoDB DEFAULT CHARSET=utf8mb4 COLLATE=utf8mb4_unicode_ci;

-- --------------------------------------------------------

--
-- Table structure for table `ec_order_addresses`
--

CREATE TABLE `ec_order_addresses` (
  `id` bigint(20) UNSIGNED NOT NULL,
  `name` varchar(191) NOT NULL,
  `phone` varchar(20) DEFAULT NULL,
  `email` varchar(191) DEFAULT NULL,
  `country` varchar(120) DEFAULT NULL,
  `state` varchar(120) DEFAULT NULL,
  `city` varchar(120) DEFAULT NULL,
  `address` varchar(191) DEFAULT NULL,
  `order_id` bigint(20) UNSIGNED NOT NULL,
  `zip_code` varchar(20) DEFAULT NULL,
  `type` varchar(60) NOT NULL DEFAULT 'shipping_address'
) ENGINE=InnoDB DEFAULT CHARSET=utf8mb4 COLLATE=utf8mb4_unicode_ci;

--
-- Dumping data for table `ec_order_addresses`
--

INSERT INTO `ec_order_addresses` (`id`, `name`, `phone`, `email`, `country`, `state`, `city`, `address`, `order_id`, `zip_code`, `type`) VALUES
(1, 'Ranavadiya Hardik', '9313535043', 'hndeveloping@gmail.com', 'IN', 'gujrat', 'Amreli', 'Marutinagar', 1, NULL, 'shipping_address'),
(3, 'Ashtvinayak Soft Solutions', '9313535048', 'ranavadiyahardik31@gmail.com', 'IN', 'Gujarat', 'Amreli', 'Marutinagar Hanuman Para Road', 3, NULL, 'shipping_address');

-- --------------------------------------------------------

--
-- Table structure for table `ec_order_histories`
--

CREATE TABLE `ec_order_histories` (
  `id` bigint(20) UNSIGNED NOT NULL,
  `action` varchar(120) NOT NULL,
  `description` varchar(400) DEFAULT NULL,
  `user_id` bigint(20) UNSIGNED DEFAULT NULL,
  `order_id` bigint(20) UNSIGNED NOT NULL,
  `extras` text DEFAULT NULL,
  `created_at` timestamp NULL DEFAULT NULL,
  `updated_at` timestamp NULL DEFAULT NULL
) ENGINE=InnoDB DEFAULT CHARSET=utf8mb4 COLLATE=utf8mb4_unicode_ci;

--
-- Dumping data for table `ec_order_histories`
--

INSERT INTO `ec_order_histories` (`id`, `action`, `description`, `user_id`, `order_id`, `extras`, `created_at`, `updated_at`) VALUES
(1, 'create_order_from_payment_page', 'Order is created from checkout page', NULL, 1, NULL, '2025-02-14 10:42:39', '2025-02-14 10:42:39'),
(2, 'create_order', 'New order #10000001 from Ranavadiya Hardik', NULL, 1, NULL, '2025-02-14 10:42:52', '2025-02-14 10:42:52'),
(3, 'confirm_order', 'Order was verified by %user_name%', 1, 1, NULL, '2025-02-14 10:43:50', '2025-02-14 10:43:50'),
(4, 'confirm_payment', 'Payment was confirmed (amount ₹727.50) by %user_name%', 1, 1, NULL, '2025-02-14 10:45:35', '2025-02-14 10:45:35'),
(5, 'update_shipping_status', 'Changed status of shipping to: Delivered. Updated by: %user_name%', 1, 1, NULL, '2025-02-14 10:46:03', '2025-02-14 10:46:03'),
(6, 'mark_order_as_completed', 'Order is marked as completed by AVS Admin at 2025-02-14 16:16:05', 1, 1, NULL, '2025-02-14 10:46:05', '2025-02-14 10:46:05'),
(10, 'create_order_from_payment_page', 'Order is created from checkout page', NULL, 3, NULL, '2025-02-15 01:16:40', '2025-02-15 01:16:40'),
(11, 'send_order_confirmation_email', 'The email confirmation was sent to customer', NULL, 3, NULL, '2025-02-15 01:18:14', '2025-02-15 01:18:14'),
(12, 'create_order', 'New order #10000002 from Ashtvinayak Soft Solutions', NULL, 3, NULL, '2025-02-15 01:18:14', '2025-02-15 01:18:14'),
(13, 'confirm_order', 'Order was verified by %user_name%', 1, 3, NULL, '2025-02-15 01:20:19', '2025-02-15 01:20:19'),
(14, 'update_shipping_status', 'Changed status of shipping to: Ready to be shipped out. Updated by: %user_name%', 1, 3, NULL, '2025-02-15 01:21:58', '2025-02-15 01:21:58'),
(15, 'update_shipping_status', 'Changed status of shipping to: Approved. Updated by: %user_name%', 1, 3, NULL, '2025-02-15 01:23:20', '2025-02-15 01:23:20'),
(16, 'update_shipping_status', 'Changed status of shipping to: Pending. Updated by: %user_name%', 1, 3, NULL, '2025-02-15 01:23:49', '2025-02-15 01:23:49'),
(17, 'cancel_order', 'Order was cancelled by customer Ashtvinayak Soft Solutions with reason Cenceled', NULL, 3, NULL, '2025-02-15 01:24:23', '2025-02-15 01:24:23');

-- --------------------------------------------------------

--
-- Table structure for table `ec_order_product`
--

CREATE TABLE `ec_order_product` (
  `id` bigint(20) UNSIGNED NOT NULL,
  `order_id` bigint(20) UNSIGNED NOT NULL,
  `qty` int(11) NOT NULL,
  `price` decimal(15,2) NOT NULL,
  `tax_amount` decimal(15,2) NOT NULL,
  `options` text DEFAULT NULL,
  `product_options` text DEFAULT NULL COMMENT 'product option data',
  `product_id` bigint(20) UNSIGNED DEFAULT NULL,
  `product_name` varchar(191) NOT NULL,
  `product_image` varchar(191) DEFAULT NULL,
  `weight` double(8,2) DEFAULT 0.00,
  `restock_quantity` int(10) UNSIGNED DEFAULT 0,
  `created_at` timestamp NULL DEFAULT NULL,
  `updated_at` timestamp NULL DEFAULT NULL,
  `product_type` varchar(60) NOT NULL DEFAULT 'physical',
  `times_downloaded` int(11) NOT NULL DEFAULT 0,
  `license_code` char(36) DEFAULT NULL,
  `downloaded_at` timestamp NULL DEFAULT NULL
) ENGINE=InnoDB DEFAULT CHARSET=utf8mb4 COLLATE=utf8mb4_unicode_ci;

--
-- Dumping data for table `ec_order_product`
--

INSERT INTO `ec_order_product` (`id`, `order_id`, `qty`, `price`, `tax_amount`, `options`, `product_options`, `product_id`, `product_name`, `product_image`, `weight`, `restock_quantity`, `created_at`, `updated_at`, `product_type`, `times_downloaded`, `license_code`, `downloaded_at`) VALUES
(1, 1, 1, 650.00, 97.50, '{\"image\":\"main\\/products\\/product-18.jpg\",\"attributes\":\"\",\"taxRate\":15,\"taxClasses\":{\"Import Tax\":15},\"options\":[],\"extras\":[],\"sku\":\"PO-155\",\"weight\":860}', '[]', 1, 'Vintage Denim Jacket', 'main/products/product-18.jpg', 860.00, 0, '2025-02-14 10:41:10', '2025-02-14 10:42:39', 'physical', 0, NULL, NULL),
(3, 3, 1, 700.00, 0.00, '{\"image\":\"stores\\/ladylife\\/k2.jpeg\",\"attributes\":\"(Color: Green, Size: S)\",\"taxRate\":0,\"taxClasses\":{\"None\":0},\"options\":[],\"extras\":[],\"sku\":\"SF-2443-ZU0Q-green-s\",\"weight\":200}', '[]', 102, 'Women\'s Cotton Blend Co-ord Set', 'stores/ladylife/k2.jpeg', 200.00, 0, '2025-02-15 01:07:30', '2025-02-15 01:16:40', 'physical', 0, NULL, NULL);

-- --------------------------------------------------------

--
-- Table structure for table `ec_order_referrals`
--

CREATE TABLE `ec_order_referrals` (
  `id` bigint(20) UNSIGNED NOT NULL,
  `ip` varchar(39) DEFAULT NULL,
  `landing_domain` varchar(191) DEFAULT NULL,
  `landing_page` varchar(191) DEFAULT NULL,
  `landing_params` varchar(191) DEFAULT NULL,
  `referral` varchar(191) DEFAULT NULL,
  `gclid` varchar(191) DEFAULT NULL,
  `fclid` varchar(191) DEFAULT NULL,
  `utm_source` varchar(191) DEFAULT NULL,
  `utm_campaign` varchar(191) DEFAULT NULL,
  `utm_medium` varchar(191) DEFAULT NULL,
  `utm_term` varchar(191) DEFAULT NULL,
  `utm_content` varchar(191) DEFAULT NULL,
  `referrer_url` text DEFAULT NULL,
  `referrer_domain` varchar(191) DEFAULT NULL,
  `order_id` bigint(20) UNSIGNED DEFAULT NULL,
  `created_at` timestamp NULL DEFAULT NULL,
  `updated_at` timestamp NULL DEFAULT NULL
) ENGINE=InnoDB DEFAULT CHARSET=utf8mb4 COLLATE=utf8mb4_unicode_ci;

-- --------------------------------------------------------

--
-- Table structure for table `ec_order_returns`
--

CREATE TABLE `ec_order_returns` (
  `id` bigint(20) UNSIGNED NOT NULL,
  `code` varchar(191) DEFAULT NULL,
  `order_id` bigint(20) UNSIGNED NOT NULL COMMENT 'Order ID',
  `store_id` bigint(20) UNSIGNED DEFAULT NULL COMMENT 'Store ID',
  `user_id` bigint(20) UNSIGNED NOT NULL COMMENT 'Customer ID',
  `reason` text DEFAULT NULL COMMENT 'Reason return order',
  `order_status` varchar(191) DEFAULT NULL COMMENT 'Order current status',
  `return_status` varchar(191) NOT NULL COMMENT 'Return status',
  `created_at` timestamp NULL DEFAULT NULL,
  `updated_at` timestamp NULL DEFAULT NULL
) ENGINE=InnoDB DEFAULT CHARSET=utf8mb4 COLLATE=utf8mb4_unicode_ci;

-- --------------------------------------------------------

--
-- Table structure for table `ec_order_return_histories`
--

CREATE TABLE `ec_order_return_histories` (
  `id` bigint(20) UNSIGNED NOT NULL,
  `user_id` bigint(20) UNSIGNED DEFAULT NULL,
  `order_return_id` bigint(20) UNSIGNED NOT NULL,
  `action` varchar(191) NOT NULL,
  `description` varchar(400) DEFAULT NULL,
  `reason` varchar(191) DEFAULT NULL,
  `created_at` timestamp NULL DEFAULT NULL,
  `updated_at` timestamp NULL DEFAULT NULL
) ENGINE=InnoDB DEFAULT CHARSET=utf8mb4 COLLATE=utf8mb4_unicode_ci;

-- --------------------------------------------------------

--
-- Table structure for table `ec_order_return_items`
--

CREATE TABLE `ec_order_return_items` (
  `id` bigint(20) UNSIGNED NOT NULL,
  `order_return_id` bigint(20) UNSIGNED NOT NULL COMMENT 'Order return id',
  `order_product_id` bigint(20) UNSIGNED NOT NULL COMMENT 'Order product id',
  `product_id` bigint(20) UNSIGNED NOT NULL COMMENT 'Product id',
  `product_name` varchar(191) NOT NULL,
  `product_image` varchar(191) DEFAULT NULL,
  `qty` int(11) NOT NULL COMMENT 'Quantity return',
  `price` decimal(15,2) NOT NULL COMMENT 'Price Product',
  `reason` text DEFAULT NULL,
  `created_at` timestamp NULL DEFAULT NULL,
  `updated_at` timestamp NULL DEFAULT NULL,
  `refund_amount` decimal(12,2) DEFAULT 0.00
) ENGINE=InnoDB DEFAULT CHARSET=utf8mb4 COLLATE=utf8mb4_unicode_ci;

-- --------------------------------------------------------

--
-- Table structure for table `ec_order_tax_information`
--

CREATE TABLE `ec_order_tax_information` (
  `id` bigint(20) UNSIGNED NOT NULL,
  `order_id` bigint(20) UNSIGNED NOT NULL,
  `company_name` varchar(120) NOT NULL,
  `company_address` varchar(191) NOT NULL,
  `company_tax_code` varchar(20) NOT NULL,
  `company_email` varchar(60) NOT NULL,
  `created_at` timestamp NULL DEFAULT NULL,
  `updated_at` timestamp NULL DEFAULT NULL
) ENGINE=InnoDB DEFAULT CHARSET=utf8mb4 COLLATE=utf8mb4_unicode_ci;

-- --------------------------------------------------------

--
-- Table structure for table `ec_products`
--

CREATE TABLE `ec_products` (
  `id` bigint(20) UNSIGNED NOT NULL,
  `name` varchar(191) NOT NULL,
  `description` text DEFAULT NULL,
  `content` longtext DEFAULT NULL,
  `status` varchar(60) NOT NULL DEFAULT 'published',
  `images` text DEFAULT NULL,
  `video_media` text DEFAULT NULL,
  `sku` varchar(191) DEFAULT NULL,
  `order` int(10) UNSIGNED NOT NULL DEFAULT 0,
  `quantity` int(10) UNSIGNED DEFAULT NULL,
  `allow_checkout_when_out_of_stock` tinyint(3) UNSIGNED NOT NULL DEFAULT 0,
  `with_storehouse_management` tinyint(3) UNSIGNED NOT NULL DEFAULT 0,
  `is_featured` tinyint(3) UNSIGNED NOT NULL DEFAULT 0,
  `brand_id` bigint(20) UNSIGNED DEFAULT NULL,
  `is_variation` tinyint(4) NOT NULL DEFAULT 0,
  `sale_type` tinyint(4) NOT NULL DEFAULT 0,
  `price` double UNSIGNED DEFAULT NULL,
  `sale_price` double UNSIGNED DEFAULT NULL,
  `start_date` timestamp NULL DEFAULT NULL,
  `end_date` timestamp NULL DEFAULT NULL,
  `length` double(8,2) DEFAULT NULL,
  `wide` double(8,2) DEFAULT NULL,
  `height` double(8,2) DEFAULT NULL,
  `weight` double(8,2) DEFAULT NULL,
  `tax_id` bigint(20) UNSIGNED DEFAULT NULL,
  `views` bigint(20) NOT NULL DEFAULT 0,
  `created_at` timestamp NULL DEFAULT NULL,
  `updated_at` timestamp NULL DEFAULT NULL,
  `stock_status` varchar(191) DEFAULT 'in_stock',
  `store_id` bigint(20) UNSIGNED DEFAULT NULL,
  `created_by_id` bigint(20) UNSIGNED DEFAULT 0,
  `created_by_type` varchar(191) NOT NULL DEFAULT 'Botble\\ACL\\Models\\User',
  `approved_by` bigint(20) UNSIGNED DEFAULT 0,
  `image` varchar(191) DEFAULT NULL,
  `product_type` varchar(60) DEFAULT 'physical',
  `barcode` varchar(50) DEFAULT NULL,
  `cost_per_item` double DEFAULT NULL,
  `generate_license_code` tinyint(1) NOT NULL DEFAULT 0,
  `minimum_order_quantity` int(10) UNSIGNED DEFAULT 0,
  `maximum_order_quantity` int(10) UNSIGNED DEFAULT 0,
  `notify_attachment_updated` tinyint(1) NOT NULL DEFAULT 0,
  `specification_table_id` bigint(20) UNSIGNED DEFAULT NULL
) ENGINE=InnoDB DEFAULT CHARSET=utf8mb4 COLLATE=utf8mb4_unicode_ci;

--
-- Dumping data for table `ec_products`
--

INSERT INTO `ec_products` (`id`, `name`, `description`, `content`, `status`, `images`, `video_media`, `sku`, `order`, `quantity`, `allow_checkout_when_out_of_stock`, `with_storehouse_management`, `is_featured`, `brand_id`, `is_variation`, `sale_type`, `price`, `sale_price`, `start_date`, `end_date`, `length`, `wide`, `height`, `weight`, `tax_id`, `views`, `created_at`, `updated_at`, `stock_status`, `store_id`, `created_by_id`, `created_by_type`, `approved_by`, `image`, `product_type`, `barcode`, `cost_per_item`, `generate_license_code`, `minimum_order_quantity`, `maximum_order_quantity`, `notify_attachment_updated`, `specification_table_id`) VALUES
(101, 'Women\'s Cotton Blend Co-ord Set', '', '', 'published', '[\"stores\\/ladylife\\/k2.jpeg\",\"stores\\/ladylife\\/k1.jpeg\",\"stores\\/ladylife\\/k3.jpeg\"]', '\"[]\"', 'SF-2443-ZU0Q', 0, 0, 0, 0, 0, 4, 0, 1, 700, 650, '2025-02-15 03:33:16', '2025-02-17 03:33:20', 50.00, 50.00, 50.00, 200.00, NULL, 4, '2025-02-14 22:06:31', '2025-02-15 01:24:11', 'in_stock', 9, 11, 'Botble\\Ecommerce\\Models\\Customer', 0, 'stores/ladylife/k2.jpeg', 'physical', NULL, NULL, 0, 0, 0, 0, NULL),
(102, 'Women\'s Cotton Blend Co-ord Set', '', NULL, 'published', '[]', NULL, 'SF-2443-ZU0Q-green-s', 0, 1, 0, 0, 0, 4, 1, 1, 700, 650, '2025-02-15 03:33:16', '2025-02-17 03:33:20', 50.00, 50.00, 50.00, 200.00, NULL, 0, '2025-02-14 22:06:31', '2025-02-15 01:24:11', 'in_stock', 9, 11, 'Botble\\Ecommerce\\Models\\Customer', 0, NULL, 'physical', NULL, 650, 0, 0, 0, 0, NULL),
(103, 'Women\'s Cotton Blend Co-ord Set', '', NULL, 'published', '[]', NULL, 'SF-2443-1OJJ', 0, 0, 0, 0, 0, 4, 1, 0, 700, 650, NULL, NULL, 50.00, 50.00, 50.00, 200.00, NULL, 0, '2025-02-14 22:10:43', '2025-02-19 03:45:18', 'in_stock', 9, 11, 'Botble\\Ecommerce\\Models\\Customer', 0, NULL, 'physical', NULL, 650, 0, 0, 0, 0, NULL),
(127, 'Demo New Product', '<ol><li><strong>This Is A Best Product.</strong></li><li><strong>With Cotton Material.</strong></li><li><strong>With Amazing Price.</strong></li></ol>', '<p>Content Area</p>', 'published', '[\"seccond-iphone-removebg-preview.png\",\"first-iphone-removebg-preview.png\",\"fifth-iphone-removebg-preview.png\"]', '\"[]\"', 'SF-2443-MCG8', 0, 20, 0, 1, 0, NULL, 0, 0, 1200, 1000, NULL, NULL, 100.00, 200.00, 200.00, 200.00, NULL, 1, '2025-02-19 03:36:18', '2025-02-19 03:42:53', 'in_stock', NULL, 1, 'Botble\\ACL\\Models\\User', 0, 'seccond-iphone-removebg-preview.png', 'physical', NULL, 100, 0, 0, 0, 0, NULL),
(129, 'Demo New Product', '', NULL, 'published', '[]', NULL, 'SF-2443-LXZ9', 0, 20, 0, 1, 0, NULL, 1, 0, 1200, 1000, NULL, NULL, 100.00, 200.00, 200.00, 200.00, NULL, 0, '2025-02-19 03:41:31', '2025-02-19 03:42:53', 'in_stock', NULL, 1, 'Botble\\ACL\\Models\\User', 0, NULL, 'physical', NULL, 100, 0, 0, 0, 0, NULL),
(130, 'Demo New Product', '', NULL, 'published', '[]', NULL, 'SF-2443-SHMA', 0, 20, 0, 1, 0, NULL, 1, 0, 1200, 1000, NULL, NULL, 100.00, 200.00, 200.00, 200.00, NULL, 0, '2025-02-19 03:42:14', '2025-02-19 03:42:53', 'in_stock', NULL, 1, 'Botble\\ACL\\Models\\User', 0, NULL, 'physical', NULL, 100, 0, 0, 0, 0, NULL);

-- --------------------------------------------------------

--
-- Table structure for table `ec_products_translations`
--

CREATE TABLE `ec_products_translations` (
  `lang_code` varchar(191) NOT NULL,
  `ec_products_id` bigint(20) UNSIGNED NOT NULL,
  `name` varchar(191) DEFAULT NULL,
  `description` text DEFAULT NULL,
  `content` text DEFAULT NULL
) ENGINE=InnoDB DEFAULT CHARSET=utf8mb4 COLLATE=utf8mb4_unicode_ci;

-- --------------------------------------------------------

--
-- Table structure for table `ec_product_attributes`
--

CREATE TABLE `ec_product_attributes` (
  `id` bigint(20) UNSIGNED NOT NULL,
  `attribute_set_id` bigint(20) UNSIGNED NOT NULL,
  `title` varchar(120) NOT NULL,
  `slug` varchar(120) DEFAULT NULL,
  `color` varchar(50) DEFAULT NULL,
  `image` varchar(191) DEFAULT NULL,
  `is_default` tinyint(3) UNSIGNED NOT NULL DEFAULT 0,
  `order` tinyint(3) UNSIGNED NOT NULL DEFAULT 0,
  `created_at` timestamp NULL DEFAULT NULL,
  `updated_at` timestamp NULL DEFAULT NULL
) ENGINE=InnoDB DEFAULT CHARSET=utf8mb4 COLLATE=utf8mb4_unicode_ci;

--
-- Dumping data for table `ec_product_attributes`
--

INSERT INTO `ec_product_attributes` (`id`, `attribute_set_id`, `title`, `slug`, `color`, `image`, `is_default`, `order`, `created_at`, `updated_at`) VALUES
(1, 1, 'Green', 'green', 'rgb(39, 78, 19)', '', 1, 0, '2024-10-31 20:46:47', '2025-02-14 23:24:01'),
(2, 1, 'Blue', 'blue', 'rgb(7, 55, 99)', '', 0, 1, '2024-10-31 20:46:47', '2025-02-14 23:24:01'),
(3, 1, 'Red', 'red', '#DA323F', '', 0, 2, '2024-10-31 20:46:47', '2025-02-14 23:24:01'),
(4, 1, 'Black', 'black', 'rgb(0, 0, 0)', '', 0, 3, '2024-10-31 20:46:47', '2025-02-14 23:24:01'),
(5, 1, 'Brown', 'brown', '#87554B', '', 0, 4, '2024-10-31 20:46:47', '2025-02-14 23:24:01'),
(6, 2, 'S', 's', '', '', 1, 0, '2024-10-31 20:46:47', '2025-02-14 23:25:14'),
(7, 2, 'M', 'm', '', '', 0, 1, '2024-10-31 20:46:47', '2025-02-14 23:25:14'),
(8, 2, 'L', 'l', '', '', 0, 2, '2024-10-31 20:46:47', '2025-02-14 23:25:14'),
(9, 2, 'XL', 'xl', '', '', 0, 3, '2024-10-31 20:46:47', '2025-02-14 23:25:14'),
(10, 2, 'XXL', 'xxl', '', '', 0, 4, '2024-10-31 20:46:47', '2025-02-14 23:25:14'),
(11, 3, '1KG', '1kg', NULL, NULL, 1, 1, '2024-10-31 20:46:47', '2024-10-31 20:46:47'),
(12, 3, '2KG', '2kg', NULL, NULL, 0, 2, '2024-10-31 20:46:47', '2024-10-31 20:46:47'),
(13, 3, '3KG', '3kg', NULL, NULL, 0, 3, '2024-10-31 20:46:47', '2024-10-31 20:46:47'),
(14, 3, '4KG', '4kg', NULL, NULL, 0, 4, '2024-10-31 20:46:47', '2024-10-31 20:46:47'),
(15, 3, '5KG', '5kg', NULL, NULL, 0, 5, '2024-10-31 20:46:47', '2024-10-31 20:46:47'),
(16, 4, '1 Box', '1-box', NULL, NULL, 1, 1, '2024-10-31 20:46:47', '2024-10-31 20:46:47'),
(17, 4, '2 Boxes', '2-boxes', NULL, NULL, 0, 2, '2024-10-31 20:46:47', '2024-10-31 20:46:47'),
(18, 4, '3 Boxes', '3-boxes', NULL, NULL, 0, 3, '2024-10-31 20:46:47', '2024-10-31 20:46:47'),
(19, 4, '4 Boxes', '4-boxes', NULL, NULL, 0, 4, '2024-10-31 20:46:47', '2024-10-31 20:46:47'),
(20, 4, '5 Boxes', '5-boxes', NULL, NULL, 0, 5, '2024-10-31 20:46:47', '2024-10-31 20:46:47'),
(21, 1, 'Navy Blue', 'navy-blue', '', '', 0, 5, '2025-02-14 23:24:01', '2025-02-14 23:24:01'),
(22, 2, 'XXL', 'xxl-1', '', '', 0, 5, '2025-02-14 23:25:14', '2025-02-14 23:25:14'),
(23, 2, 'XXXL', 'xxxl', '', '', 0, 6, '2025-02-14 23:25:14', '2025-02-14 23:25:14'),
(24, 2, 'XXXXL', 'xxxxl', '', '', 0, 7, '2025-02-14 23:25:14', '2025-02-14 23:25:14');

-- --------------------------------------------------------

--
-- Table structure for table `ec_product_attributes_translations`
--

CREATE TABLE `ec_product_attributes_translations` (
  `lang_code` varchar(191) NOT NULL,
  `ec_product_attributes_id` bigint(20) UNSIGNED NOT NULL,
  `title` varchar(191) DEFAULT NULL
) ENGINE=InnoDB DEFAULT CHARSET=utf8mb4 COLLATE=utf8mb4_unicode_ci;

-- --------------------------------------------------------

--
-- Table structure for table `ec_product_attribute_sets`
--

CREATE TABLE `ec_product_attribute_sets` (
  `id` bigint(20) UNSIGNED NOT NULL,
  `title` varchar(120) NOT NULL,
  `slug` varchar(120) DEFAULT NULL,
  `display_layout` varchar(191) NOT NULL DEFAULT 'swatch_dropdown',
  `is_searchable` tinyint(3) UNSIGNED NOT NULL DEFAULT 1,
  `is_comparable` tinyint(3) UNSIGNED NOT NULL DEFAULT 1,
  `is_use_in_product_listing` tinyint(3) UNSIGNED NOT NULL DEFAULT 0,
  `status` varchar(60) NOT NULL DEFAULT 'published',
  `order` tinyint(3) UNSIGNED NOT NULL DEFAULT 0,
  `created_at` timestamp NULL DEFAULT NULL,
  `updated_at` timestamp NULL DEFAULT NULL,
  `use_image_from_product_variation` tinyint(3) UNSIGNED NOT NULL DEFAULT 0
) ENGINE=InnoDB DEFAULT CHARSET=utf8mb4 COLLATE=utf8mb4_unicode_ci;

--
-- Dumping data for table `ec_product_attribute_sets`
--

INSERT INTO `ec_product_attribute_sets` (`id`, `title`, `slug`, `display_layout`, `is_searchable`, `is_comparable`, `is_use_in_product_listing`, `status`, `order`, `created_at`, `updated_at`, `use_image_from_product_variation`) VALUES
(1, 'Color', 'color', 'visual', 1, 1, 1, 'published', 0, '2024-10-31 20:46:47', '2025-02-14 23:24:01', 0),
(2, 'Size', 'size', 'text', 1, 1, 1, 'published', 1, '2024-10-31 20:46:47', '2025-02-14 23:25:14', 0),
(3, 'Weight', 'weight', 'text', 1, 1, 1, 'published', 0, '2024-10-31 20:46:47', '2024-10-31 20:46:47', 0),
(4, 'Boxes', 'boxes', 'text', 1, 1, 1, 'published', 1, '2024-10-31 20:46:47', '2024-10-31 20:46:47', 0);

-- --------------------------------------------------------

--
-- Table structure for table `ec_product_attribute_sets_translations`
--

CREATE TABLE `ec_product_attribute_sets_translations` (
  `lang_code` varchar(191) NOT NULL,
  `ec_product_attribute_sets_id` bigint(20) UNSIGNED NOT NULL,
  `title` varchar(191) DEFAULT NULL
) ENGINE=InnoDB DEFAULT CHARSET=utf8mb4 COLLATE=utf8mb4_unicode_ci;

-- --------------------------------------------------------

--
-- Table structure for table `ec_product_categories`
--

CREATE TABLE `ec_product_categories` (
  `id` bigint(20) UNSIGNED NOT NULL,
  `name` varchar(191) NOT NULL,
  `parent_id` bigint(20) UNSIGNED NOT NULL DEFAULT 0,
  `description` mediumtext DEFAULT NULL,
  `status` varchar(60) NOT NULL DEFAULT 'published',
  `order` int(10) UNSIGNED NOT NULL DEFAULT 0,
  `image` varchar(191) DEFAULT NULL,
  `is_featured` tinyint(3) UNSIGNED NOT NULL DEFAULT 0,
  `created_at` timestamp NULL DEFAULT NULL,
  `updated_at` timestamp NULL DEFAULT NULL,
  `icon` varchar(191) DEFAULT NULL,
  `icon_image` varchar(191) DEFAULT NULL
) ENGINE=InnoDB DEFAULT CHARSET=utf8mb4 COLLATE=utf8mb4_unicode_ci;

--
-- Dumping data for table `ec_product_categories`
--

INSERT INTO `ec_product_categories` (`id`, `name`, `parent_id`, `description`, `status`, `order`, `image`, `is_featured`, `created_at`, `updated_at`, `icon`, `icon_image`) VALUES
(2, 'Clothing', 0, NULL, 'published', 1, 'manusia-formal-baju-biru-ultra-laut-bebas-png-dan-psd-pakaian-resmi-setelan-foto-paspor-pakaian-pria.jpeg', 1, '2024-10-31 20:46:57', '2025-02-14 22:57:27', NULL, NULL),
(3, 'Men\'s Clothing', 2, NULL, 'published', 0, NULL, 0, '2024-10-31 20:46:57', '2024-10-31 20:46:57', NULL, NULL),
(4, 'T-Shirts', 3, NULL, 'published', 0, NULL, 0, '2024-10-31 20:46:57', '2024-10-31 20:46:57', NULL, NULL),
(5, 'Jeans', 3, NULL, 'published', 1, NULL, 0, '2024-10-31 20:46:57', '2024-10-31 20:46:57', NULL, NULL),
(6, 'Suits', 3, NULL, 'published', 2, NULL, 0, '2024-10-31 20:46:57', '2024-10-31 20:46:57', NULL, NULL),
(7, 'Women\'s Clothing', 2, NULL, 'published', 1, 'fashion/product-categories/2.jpg', 1, '2024-10-31 20:46:57', '2024-10-31 20:46:57', NULL, NULL),
(8, 'Dresses', 7, NULL, 'published', 0, NULL, 0, '2024-10-31 20:46:57', '2024-10-31 20:46:57', NULL, NULL);

-- --------------------------------------------------------

--
-- Table structure for table `ec_product_categories_translations`
--

CREATE TABLE `ec_product_categories_translations` (
  `lang_code` varchar(191) NOT NULL,
  `ec_product_categories_id` bigint(20) UNSIGNED NOT NULL,
  `name` varchar(191) DEFAULT NULL,
  `description` mediumtext DEFAULT NULL
) ENGINE=InnoDB DEFAULT CHARSET=utf8mb4 COLLATE=utf8mb4_unicode_ci;

-- --------------------------------------------------------

--
-- Table structure for table `ec_product_categorizables`
--

CREATE TABLE `ec_product_categorizables` (
  `category_id` bigint(20) UNSIGNED NOT NULL,
  `reference_id` bigint(20) UNSIGNED NOT NULL,
  `reference_type` varchar(120) NOT NULL
) ENGINE=InnoDB DEFAULT CHARSET=utf8mb4 COLLATE=utf8mb4_unicode_ci;

-- --------------------------------------------------------

--
-- Table structure for table `ec_product_category_product`
--

CREATE TABLE `ec_product_category_product` (
  `category_id` bigint(20) UNSIGNED NOT NULL,
  `product_id` bigint(20) UNSIGNED NOT NULL
) ENGINE=InnoDB DEFAULT CHARSET=utf8mb4 COLLATE=utf8mb4_unicode_ci;

--
-- Dumping data for table `ec_product_category_product`
--

INSERT INTO `ec_product_category_product` (`category_id`, `product_id`) VALUES
(8, 101);

-- --------------------------------------------------------

--
-- Table structure for table `ec_product_collections`
--

CREATE TABLE `ec_product_collections` (
  `id` bigint(20) UNSIGNED NOT NULL,
  `name` varchar(191) NOT NULL,
  `slug` varchar(191) NOT NULL,
  `description` varchar(400) DEFAULT NULL,
  `image` varchar(191) DEFAULT NULL,
  `status` varchar(60) NOT NULL DEFAULT 'published',
  `created_at` timestamp NULL DEFAULT NULL,
  `updated_at` timestamp NULL DEFAULT NULL,
  `is_featured` tinyint(3) UNSIGNED NOT NULL DEFAULT 0
) ENGINE=InnoDB DEFAULT CHARSET=utf8mb4 COLLATE=utf8mb4_unicode_ci;

--
-- Dumping data for table `ec_product_collections`
--

INSERT INTO `ec_product_collections` (`id`, `name`, `slug`, `description`, `image`, `status`, `created_at`, `updated_at`, `is_featured`) VALUES
(2, 'Fashion Forward Finds', 'fashion-forward-finds', NULL, 'first-iphone-removebg-preview.png', 'published', '2024-10-31 20:46:57', '2025-02-14 23:32:31', 0);

-- --------------------------------------------------------

--
-- Table structure for table `ec_product_collections_translations`
--

CREATE TABLE `ec_product_collections_translations` (
  `lang_code` varchar(191) NOT NULL,
  `ec_product_collections_id` bigint(20) UNSIGNED NOT NULL,
  `name` varchar(191) DEFAULT NULL,
  `description` varchar(400) DEFAULT NULL
) ENGINE=InnoDB DEFAULT CHARSET=utf8mb4 COLLATE=utf8mb4_unicode_ci;

-- --------------------------------------------------------

--
-- Table structure for table `ec_product_collection_products`
--

CREATE TABLE `ec_product_collection_products` (
  `product_collection_id` bigint(20) UNSIGNED NOT NULL,
  `product_id` bigint(20) UNSIGNED NOT NULL
) ENGINE=InnoDB DEFAULT CHARSET=utf8mb4 COLLATE=utf8mb4_unicode_ci;

--
-- Dumping data for table `ec_product_collection_products`
--

INSERT INTO `ec_product_collection_products` (`product_collection_id`, `product_id`) VALUES
(2, 101),
(2, 127);

-- --------------------------------------------------------

--
-- Table structure for table `ec_product_cross_sale_relations`
--

CREATE TABLE `ec_product_cross_sale_relations` (
  `from_product_id` bigint(20) UNSIGNED NOT NULL,
  `to_product_id` bigint(20) UNSIGNED NOT NULL,
  `is_variant` tinyint(1) NOT NULL DEFAULT 0,
  `price` decimal(15,2) DEFAULT 0.00,
  `price_type` varchar(191) NOT NULL DEFAULT 'fixed',
  `apply_to_all_variations` tinyint(1) NOT NULL DEFAULT 1
) ENGINE=InnoDB DEFAULT CHARSET=utf8mb4 COLLATE=utf8mb4_unicode_ci;

-- --------------------------------------------------------

--
-- Table structure for table `ec_product_files`
--

CREATE TABLE `ec_product_files` (
  `id` bigint(20) UNSIGNED NOT NULL,
  `product_id` bigint(20) UNSIGNED DEFAULT NULL,
  `url` varchar(400) DEFAULT NULL,
  `extras` mediumtext DEFAULT NULL,
  `created_at` timestamp NULL DEFAULT NULL,
  `updated_at` timestamp NULL DEFAULT NULL
) ENGINE=InnoDB DEFAULT CHARSET=utf8mb4 COLLATE=utf8mb4_unicode_ci;

-- --------------------------------------------------------

--
-- Table structure for table `ec_product_labels`
--

CREATE TABLE `ec_product_labels` (
  `id` bigint(20) UNSIGNED NOT NULL,
  `name` varchar(191) NOT NULL,
  `color` varchar(120) DEFAULT NULL,
  `status` varchar(60) NOT NULL DEFAULT 'published',
  `created_at` timestamp NULL DEFAULT NULL,
  `updated_at` timestamp NULL DEFAULT NULL
) ENGINE=InnoDB DEFAULT CHARSET=utf8mb4 COLLATE=utf8mb4_unicode_ci;

--
-- Dumping data for table `ec_product_labels`
--

INSERT INTO `ec_product_labels` (`id`, `name`, `color`, `status`, `created_at`, `updated_at`) VALUES
(1, 'Hot', '#AC2200', 'published', '2024-10-31 20:46:47', '2024-10-31 20:46:47'),
(2, 'New', '#006554', 'published', '2024-10-31 20:46:47', '2024-10-31 20:46:47'),
(3, 'Sale', '#9A3B00', 'published', '2024-10-31 20:46:47', '2024-10-31 20:46:47');

-- --------------------------------------------------------

--
-- Table structure for table `ec_product_labels_translations`
--

CREATE TABLE `ec_product_labels_translations` (
  `lang_code` varchar(191) NOT NULL,
  `ec_product_labels_id` bigint(20) UNSIGNED NOT NULL,
  `name` varchar(191) DEFAULT NULL,
  `description` varchar(400) DEFAULT NULL
) ENGINE=InnoDB DEFAULT CHARSET=utf8mb4 COLLATE=utf8mb4_unicode_ci;

-- --------------------------------------------------------

--
-- Table structure for table `ec_product_label_products`
--

CREATE TABLE `ec_product_label_products` (
  `product_label_id` bigint(20) UNSIGNED NOT NULL,
  `product_id` bigint(20) UNSIGNED NOT NULL
) ENGINE=InnoDB DEFAULT CHARSET=utf8mb4 COLLATE=utf8mb4_unicode_ci;

--
-- Dumping data for table `ec_product_label_products`
--

INSERT INTO `ec_product_label_products` (`product_label_id`, `product_id`) VALUES
(2, 101),
(2, 127);

-- --------------------------------------------------------

--
-- Table structure for table `ec_product_related_relations`
--

CREATE TABLE `ec_product_related_relations` (
  `from_product_id` bigint(20) UNSIGNED NOT NULL,
  `to_product_id` bigint(20) UNSIGNED NOT NULL
) ENGINE=InnoDB DEFAULT CHARSET=utf8mb4 COLLATE=utf8mb4_unicode_ci;

--
-- Dumping data for table `ec_product_related_relations`
--

INSERT INTO `ec_product_related_relations` (`from_product_id`, `to_product_id`) VALUES
(127, 101);

-- --------------------------------------------------------

--
-- Table structure for table `ec_product_specification_attribute`
--

CREATE TABLE `ec_product_specification_attribute` (
  `product_id` bigint(20) UNSIGNED NOT NULL,
  `attribute_id` bigint(20) UNSIGNED NOT NULL,
  `value` text DEFAULT NULL,
  `hidden` tinyint(1) NOT NULL DEFAULT 0,
  `order` tinyint(4) NOT NULL DEFAULT 0
) ENGINE=InnoDB DEFAULT CHARSET=utf8mb4 COLLATE=utf8mb4_unicode_ci;

-- --------------------------------------------------------

--
-- Table structure for table `ec_product_tags`
--

CREATE TABLE `ec_product_tags` (
  `id` bigint(20) UNSIGNED NOT NULL,
  `name` varchar(120) NOT NULL,
  `description` varchar(400) DEFAULT NULL,
  `status` varchar(60) NOT NULL DEFAULT 'published',
  `created_at` timestamp NULL DEFAULT NULL,
  `updated_at` timestamp NULL DEFAULT NULL
) ENGINE=InnoDB DEFAULT CHARSET=utf8mb4 COLLATE=utf8mb4_unicode_ci;

--
-- Dumping data for table `ec_product_tags`
--

INSERT INTO `ec_product_tags` (`id`, `name`, `description`, `status`, `created_at`, `updated_at`) VALUES
(7, 'Kurti', NULL, 'published', '2025-02-14 22:06:31', '2025-02-14 22:06:31'),
(8, 'New', NULL, 'published', '2025-02-19 03:36:18', '2025-02-19 03:36:18'),
(9, 'Demo', NULL, 'published', '2025-02-19 03:36:18', '2025-02-19 03:36:18');

-- --------------------------------------------------------

--
-- Table structure for table `ec_product_tags_translations`
--

CREATE TABLE `ec_product_tags_translations` (
  `lang_code` varchar(191) NOT NULL,
  `ec_product_tags_id` bigint(20) UNSIGNED NOT NULL,
  `name` varchar(191) DEFAULT NULL
) ENGINE=InnoDB DEFAULT CHARSET=utf8mb4 COLLATE=utf8mb4_unicode_ci;

-- --------------------------------------------------------

--
-- Table structure for table `ec_product_tag_product`
--

CREATE TABLE `ec_product_tag_product` (
  `product_id` bigint(20) UNSIGNED NOT NULL,
  `tag_id` bigint(20) UNSIGNED NOT NULL
) ENGINE=InnoDB DEFAULT CHARSET=utf8mb4 COLLATE=utf8mb4_unicode_ci;

--
-- Dumping data for table `ec_product_tag_product`
--

INSERT INTO `ec_product_tag_product` (`product_id`, `tag_id`) VALUES
(101, 7),
(127, 7),
(127, 8),
(127, 9);

-- --------------------------------------------------------

--
-- Table structure for table `ec_product_up_sale_relations`
--

CREATE TABLE `ec_product_up_sale_relations` (
  `from_product_id` bigint(20) UNSIGNED NOT NULL,
  `to_product_id` bigint(20) UNSIGNED NOT NULL
) ENGINE=InnoDB DEFAULT CHARSET=utf8mb4 COLLATE=utf8mb4_unicode_ci;

-- --------------------------------------------------------

--
-- Table structure for table `ec_product_variations`
--

CREATE TABLE `ec_product_variations` (
  `id` bigint(20) UNSIGNED NOT NULL,
  `product_id` bigint(20) UNSIGNED DEFAULT NULL,
  `configurable_product_id` bigint(20) UNSIGNED NOT NULL,
  `is_default` tinyint(4) NOT NULL DEFAULT 0
) ENGINE=InnoDB DEFAULT CHARSET=utf8mb4 COLLATE=utf8mb4_unicode_ci;

--
-- Dumping data for table `ec_product_variations`
--

INSERT INTO `ec_product_variations` (`id`, `product_id`, `configurable_product_id`, `is_default`) VALUES
(58, 102, 101, 1),
(59, 103, 101, 0),
(84, 129, 127, 1),
(85, 130, 127, 0);

-- --------------------------------------------------------

--
-- Table structure for table `ec_product_variation_items`
--

CREATE TABLE `ec_product_variation_items` (
  `id` bigint(20) UNSIGNED NOT NULL,
  `attribute_id` bigint(20) UNSIGNED NOT NULL,
  `variation_id` bigint(20) UNSIGNED NOT NULL
) ENGINE=InnoDB DEFAULT CHARSET=utf8mb4 COLLATE=utf8mb4_unicode_ci;

--
-- Dumping data for table `ec_product_variation_items`
--

INSERT INTO `ec_product_variation_items` (`id`, `attribute_id`, `variation_id`) VALUES
(115, 1, 58),
(168, 1, 84),
(117, 3, 59),
(170, 3, 85),
(116, 6, 58),
(169, 6, 85),
(118, 7, 59),
(167, 7, 84);

-- --------------------------------------------------------

--
-- Table structure for table `ec_product_views`
--

CREATE TABLE `ec_product_views` (
  `id` bigint(20) UNSIGNED NOT NULL,
  `product_id` bigint(20) UNSIGNED NOT NULL,
  `views` int(11) NOT NULL DEFAULT 1,
  `date` date NOT NULL DEFAULT '2024-11-01'
) ENGINE=InnoDB DEFAULT CHARSET=utf8mb4 COLLATE=utf8mb4_unicode_ci;

--
-- Dumping data for table `ec_product_views`
--

INSERT INTO `ec_product_views` (`id`, `product_id`, `views`, `date`) VALUES
(2, 101, 3, '2025-02-15'),
(5, 101, 1, '2025-02-17'),
(6, 127, 1, '2025-02-19');

-- --------------------------------------------------------

--
-- Table structure for table `ec_product_with_attribute_set`
--

CREATE TABLE `ec_product_with_attribute_set` (
  `attribute_set_id` bigint(20) UNSIGNED NOT NULL,
  `product_id` bigint(20) UNSIGNED NOT NULL,
  `order` tinyint(3) UNSIGNED NOT NULL DEFAULT 0
) ENGINE=InnoDB DEFAULT CHARSET=utf8mb4 COLLATE=utf8mb4_unicode_ci;

--
-- Dumping data for table `ec_product_with_attribute_set`
--

INSERT INTO `ec_product_with_attribute_set` (`attribute_set_id`, `product_id`, `order`) VALUES
(1, 101, 0),
(2, 101, 0),
(1, 127, 0),
(2, 127, 0);

-- --------------------------------------------------------

--
-- Table structure for table `ec_reviews`
--

CREATE TABLE `ec_reviews` (
  `id` bigint(20) UNSIGNED NOT NULL,
  `customer_id` bigint(20) UNSIGNED DEFAULT NULL,
  `customer_name` varchar(191) DEFAULT NULL,
  `customer_email` varchar(191) DEFAULT NULL,
  `product_id` bigint(20) UNSIGNED NOT NULL,
  `star` double(8,2) NOT NULL,
  `comment` text NOT NULL,
  `status` varchar(60) NOT NULL DEFAULT 'published',
  `created_at` timestamp NULL DEFAULT NULL,
  `updated_at` timestamp NULL DEFAULT NULL,
  `images` text DEFAULT NULL
) ENGINE=InnoDB DEFAULT CHARSET=utf8mb4 COLLATE=utf8mb4_unicode_ci;

--
-- Dumping data for table `ec_reviews`
--

INSERT INTO `ec_reviews` (`id`, `customer_id`, `customer_name`, `customer_email`, `product_id`, `star`, `comment`, `status`, `created_at`, `updated_at`, `images`) VALUES
(1001, 11, 'Ranavadiya Hardik', 'hndeveloping@gmail.com', 101, 5.00, 'This Product Is Amazing', 'published', '2025-02-14 23:38:04', '2025-02-14 23:39:12', NULL);

-- --------------------------------------------------------

--
-- Table structure for table `ec_review_replies`
--

CREATE TABLE `ec_review_replies` (
  `id` bigint(20) UNSIGNED NOT NULL,
  `user_id` bigint(20) UNSIGNED NOT NULL,
  `review_id` bigint(20) UNSIGNED NOT NULL,
  `message` text NOT NULL,
  `created_at` timestamp NULL DEFAULT NULL,
  `updated_at` timestamp NULL DEFAULT NULL
) ENGINE=InnoDB DEFAULT CHARSET=utf8mb4 COLLATE=utf8mb4_unicode_ci;

--
-- Dumping data for table `ec_review_replies`
--

INSERT INTO `ec_review_replies` (`id`, `user_id`, `review_id`, `message`, `created_at`, `updated_at`) VALUES
(1, 1, 1001, 'Thank You.', '2025-02-14 23:39:34', '2025-02-14 23:39:34');

-- --------------------------------------------------------

--
-- Table structure for table `ec_shared_wishlists`
--

CREATE TABLE `ec_shared_wishlists` (
  `id` bigint(20) UNSIGNED NOT NULL,
  `code` varchar(191) NOT NULL,
  `product_ids` text DEFAULT NULL,
  `created_at` timestamp NULL DEFAULT NULL,
  `updated_at` timestamp NULL DEFAULT NULL
) ENGINE=InnoDB DEFAULT CHARSET=utf8mb4 COLLATE=utf8mb4_unicode_ci;

--
-- Dumping data for table `ec_shared_wishlists`
--

INSERT INTO `ec_shared_wishlists` (`id`, `code`, `product_ids`, `created_at`, `updated_at`) VALUES
(1, '7KkJ4abN', '[101]', '2025-02-14 22:12:39', '2025-02-14 22:12:39'),
(2, 'v28QJab1', '[]', '2025-02-15 00:07:39', '2025-02-15 00:07:39');

-- --------------------------------------------------------

--
-- Table structure for table `ec_shipments`
--

CREATE TABLE `ec_shipments` (
  `id` bigint(20) UNSIGNED NOT NULL,
  `order_id` bigint(20) UNSIGNED NOT NULL,
  `user_id` bigint(20) UNSIGNED DEFAULT NULL,
  `weight` double(8,2) DEFAULT 0.00,
  `shipment_id` varchar(120) DEFAULT NULL,
  `rate_id` varchar(120) DEFAULT NULL,
  `note` varchar(120) DEFAULT NULL,
  `status` varchar(120) NOT NULL DEFAULT 'pending',
  `cod_amount` decimal(15,2) DEFAULT 0.00,
  `cod_status` varchar(60) NOT NULL DEFAULT 'pending',
  `cross_checking_status` varchar(60) NOT NULL DEFAULT 'pending',
  `price` decimal(15,2) DEFAULT 0.00,
  `store_id` bigint(20) UNSIGNED DEFAULT NULL,
  `created_at` timestamp NULL DEFAULT NULL,
  `updated_at` timestamp NULL DEFAULT NULL,
  `tracking_id` varchar(191) DEFAULT NULL,
  `shipping_company_name` varchar(191) DEFAULT NULL,
  `tracking_link` varchar(191) DEFAULT NULL,
  `estimate_date_shipped` datetime DEFAULT NULL,
  `date_shipped` datetime DEFAULT NULL,
  `customer_delivered_confirmed_at` timestamp NULL DEFAULT NULL,
  `label_url` text DEFAULT NULL,
  `metadata` mediumtext DEFAULT NULL
) ENGINE=InnoDB DEFAULT CHARSET=utf8mb4 COLLATE=utf8mb4_unicode_ci;

--
-- Dumping data for table `ec_shipments`
--

INSERT INTO `ec_shipments` (`id`, `order_id`, `user_id`, `weight`, `shipment_id`, `rate_id`, `note`, `status`, `cod_amount`, `cod_status`, `cross_checking_status`, `price`, `store_id`, `created_at`, `updated_at`, `tracking_id`, `shipping_company_name`, `tracking_link`, `estimate_date_shipped`, `date_shipped`, `customer_delivered_confirmed_at`, `label_url`, `metadata`) VALUES
(1, 1, 0, 860.00, '', '', NULL, 'delivered', 0.00, 'pending', 'pending', 0.00, 6, '2025-02-14 10:42:39', '2025-02-14 10:46:03', NULL, NULL, NULL, NULL, '2025-02-14 16:16:03', NULL, NULL, NULL),
(3, 3, 0, 200.00, '', '', NULL, 'canceled', 0.00, 'pending', 'pending', 0.00, 9, '2025-02-15 01:16:40', '2025-02-15 01:24:11', NULL, NULL, NULL, NULL, NULL, NULL, NULL, NULL);

-- --------------------------------------------------------

--
-- Table structure for table `ec_shipment_histories`
--

CREATE TABLE `ec_shipment_histories` (
  `id` bigint(20) UNSIGNED NOT NULL,
  `action` varchar(120) NOT NULL,
  `description` varchar(400) DEFAULT NULL,
  `user_id` bigint(20) UNSIGNED DEFAULT NULL,
  `shipment_id` bigint(20) UNSIGNED NOT NULL,
  `order_id` bigint(20) UNSIGNED NOT NULL,
  `created_at` timestamp NULL DEFAULT NULL,
  `updated_at` timestamp NULL DEFAULT NULL,
  `user_type` varchar(191) NOT NULL DEFAULT 'Botble\\ACL\\Models\\User'
) ENGINE=InnoDB DEFAULT CHARSET=utf8mb4 COLLATE=utf8mb4_unicode_ci;

--
-- Dumping data for table `ec_shipment_histories`
--

INSERT INTO `ec_shipment_histories` (`id`, `action`, `description`, `user_id`, `shipment_id`, `order_id`, `created_at`, `updated_at`, `user_type`) VALUES
(1, 'update_status', 'Changed status of shipping to: Delivered. Updated by: %user_name%', 1, 1, 1, '2025-02-14 10:46:03', '2025-02-14 10:46:03', 'Botble\\ACL\\Models\\User'),
(2, 'update_status', 'Changed status of shipping to: Ready to be shipped out. Updated by: %user_name%', 1, 3, 3, '2025-02-15 01:21:58', '2025-02-15 01:21:58', 'Botble\\ACL\\Models\\User'),
(3, 'update_status', 'Changed status of shipping to: Approved. Updated by: %user_name%', 1, 3, 3, '2025-02-15 01:23:20', '2025-02-15 01:23:20', 'Botble\\ACL\\Models\\User'),
(4, 'update_status', 'Changed status of shipping to: Pending. Updated by: %user_name%', 1, 3, 3, '2025-02-15 01:23:49', '2025-02-15 01:23:49', 'Botble\\ACL\\Models\\User');

-- --------------------------------------------------------

--
-- Table structure for table `ec_shipping`
--

CREATE TABLE `ec_shipping` (
  `id` bigint(20) UNSIGNED NOT NULL,
  `title` varchar(191) DEFAULT NULL,
  `country` varchar(120) DEFAULT NULL,
  `created_at` timestamp NULL DEFAULT NULL,
  `updated_at` timestamp NULL DEFAULT NULL
) ENGINE=InnoDB DEFAULT CHARSET=utf8mb4 COLLATE=utf8mb4_unicode_ci;

--
-- Dumping data for table `ec_shipping`
--

INSERT INTO `ec_shipping` (`id`, `title`, `country`, `created_at`, `updated_at`) VALUES
(1, 'All', NULL, '2024-10-31 20:46:51', '2024-10-31 20:46:51');

-- --------------------------------------------------------

--
-- Table structure for table `ec_shipping_rules`
--

CREATE TABLE `ec_shipping_rules` (
  `id` bigint(20) UNSIGNED NOT NULL,
  `name` varchar(120) NOT NULL,
  `shipping_id` bigint(20) UNSIGNED NOT NULL,
  `type` varchar(24) DEFAULT 'based_on_price',
  `from` decimal(15,2) DEFAULT 0.00,
  `to` decimal(15,2) DEFAULT 0.00,
  `price` decimal(15,2) DEFAULT 0.00,
  `created_at` timestamp NULL DEFAULT NULL,
  `updated_at` timestamp NULL DEFAULT NULL
) ENGINE=InnoDB DEFAULT CHARSET=utf8mb4 COLLATE=utf8mb4_unicode_ci;

--
-- Dumping data for table `ec_shipping_rules`
--

INSERT INTO `ec_shipping_rules` (`id`, `name`, `shipping_id`, `type`, `from`, `to`, `price`, `created_at`, `updated_at`) VALUES
(1, 'Free delivery', 1, 'based_on_price', 1000.00, NULL, 0.00, '2024-10-31 20:46:51', '2024-10-31 20:46:51'),
(2, 'Flat Rate', 1, 'based_on_price', 0.00, NULL, 20.00, '2024-10-31 20:46:51', '2024-10-31 20:46:51'),
(3, 'Local Pickup', 1, 'based_on_price', 0.00, NULL, 0.00, '2024-10-31 20:46:51', '2024-10-31 20:46:51');

-- --------------------------------------------------------

--
-- Table structure for table `ec_shipping_rule_items`
--

CREATE TABLE `ec_shipping_rule_items` (
  `id` bigint(20) UNSIGNED NOT NULL,
  `shipping_rule_id` bigint(20) UNSIGNED NOT NULL,
  `country` varchar(120) DEFAULT NULL,
  `state` varchar(120) DEFAULT NULL,
  `city` varchar(120) DEFAULT NULL,
  `zip_code` varchar(20) DEFAULT NULL,
  `adjustment_price` decimal(15,2) DEFAULT 0.00,
  `is_enabled` tinyint(1) NOT NULL DEFAULT 1,
  `created_at` timestamp NULL DEFAULT NULL,
  `updated_at` timestamp NULL DEFAULT NULL
) ENGINE=InnoDB DEFAULT CHARSET=utf8mb4 COLLATE=utf8mb4_unicode_ci;

-- --------------------------------------------------------

--
-- Table structure for table `ec_specification_attributes`
--

CREATE TABLE `ec_specification_attributes` (
  `id` bigint(20) UNSIGNED NOT NULL,
  `group_id` bigint(20) UNSIGNED NOT NULL,
  `name` varchar(191) NOT NULL,
  `type` varchar(20) NOT NULL,
  `options` text DEFAULT NULL,
  `default_value` varchar(191) DEFAULT NULL,
  `created_at` timestamp NULL DEFAULT NULL,
  `updated_at` timestamp NULL DEFAULT NULL,
  `author_type` varchar(191) DEFAULT NULL,
  `author_id` bigint(20) UNSIGNED DEFAULT NULL
) ENGINE=InnoDB DEFAULT CHARSET=utf8mb4 COLLATE=utf8mb4_unicode_ci;

--
-- Dumping data for table `ec_specification_attributes`
--

INSERT INTO `ec_specification_attributes` (`id`, `group_id`, `name`, `type`, `options`, `default_value`, `created_at`, `updated_at`, `author_type`, `author_id`) VALUES
(9, 5, 'Demo Attribute', 'text', NULL, 'Demo', '2025-02-14 22:16:53', '2025-02-14 22:16:53', 'Botble\\Ecommerce\\Models\\Customer', 11),
(10, 6, 'New Attribute', 'textarea', NULL, 'Demo', '2025-02-19 03:56:29', '2025-02-19 03:56:29', NULL, NULL);

-- --------------------------------------------------------

--
-- Table structure for table `ec_specification_attributes_translations`
--

CREATE TABLE `ec_specification_attributes_translations` (
  `lang_code` varchar(20) NOT NULL,
  `ec_specification_attributes_id` bigint(20) UNSIGNED NOT NULL,
  `name` varchar(191) DEFAULT NULL,
  `options` text DEFAULT NULL,
  `default_value` varchar(191) DEFAULT NULL
) ENGINE=InnoDB DEFAULT CHARSET=utf8mb4 COLLATE=utf8mb4_unicode_ci;

-- --------------------------------------------------------

--
-- Table structure for table `ec_specification_groups`
--

CREATE TABLE `ec_specification_groups` (
  `id` bigint(20) UNSIGNED NOT NULL,
  `name` varchar(191) NOT NULL,
  `description` varchar(400) DEFAULT NULL,
  `created_at` timestamp NULL DEFAULT NULL,
  `updated_at` timestamp NULL DEFAULT NULL,
  `author_type` varchar(191) DEFAULT NULL,
  `author_id` bigint(20) UNSIGNED DEFAULT NULL
) ENGINE=InnoDB DEFAULT CHARSET=utf8mb4 COLLATE=utf8mb4_unicode_ci;

--
-- Dumping data for table `ec_specification_groups`
--

INSERT INTO `ec_specification_groups` (`id`, `name`, `description`, `created_at`, `updated_at`, `author_type`, `author_id`) VALUES
(5, 'New Group', 'Demo', '2025-02-14 22:16:13', '2025-02-14 22:16:13', 'Botble\\Ecommerce\\Models\\Customer', 11),
(6, 'Cotton', 'Cotton Fabric', '2025-02-14 23:56:18', '2025-02-14 23:56:18', NULL, NULL);

-- --------------------------------------------------------

--
-- Table structure for table `ec_specification_tables`
--

CREATE TABLE `ec_specification_tables` (
  `id` bigint(20) UNSIGNED NOT NULL,
  `name` varchar(191) NOT NULL,
  `description` varchar(400) DEFAULT NULL,
  `created_at` timestamp NULL DEFAULT NULL,
  `updated_at` timestamp NULL DEFAULT NULL,
  `author_type` varchar(191) DEFAULT NULL,
  `author_id` bigint(20) UNSIGNED DEFAULT NULL
) ENGINE=InnoDB DEFAULT CHARSET=utf8mb4 COLLATE=utf8mb4_unicode_ci;

--
-- Dumping data for table `ec_specification_tables`
--

INSERT INTO `ec_specification_tables` (`id`, `name`, `description`, `created_at`, `updated_at`, `author_type`, `author_id`) VALUES
(1, 'General Specification', NULL, '2024-10-31 20:46:59', '2024-10-31 20:46:59', NULL, NULL),
(2, 'Technical Specification', NULL, '2024-10-31 20:46:59', '2024-10-31 20:46:59', NULL, NULL),
(3, 'Demo Group', 'Demo', '2025-02-14 22:17:33', '2025-02-14 22:17:33', 'Botble\\Ecommerce\\Models\\Customer', 11);

-- --------------------------------------------------------

--
-- Table structure for table `ec_specification_table_group`
--

CREATE TABLE `ec_specification_table_group` (
  `table_id` bigint(20) UNSIGNED NOT NULL,
  `group_id` bigint(20) UNSIGNED NOT NULL,
  `order` tinyint(4) NOT NULL DEFAULT 0
) ENGINE=InnoDB DEFAULT CHARSET=utf8mb4 COLLATE=utf8mb4_unicode_ci;

--
-- Dumping data for table `ec_specification_table_group`
--

INSERT INTO `ec_specification_table_group` (`table_id`, `group_id`, `order`) VALUES
(1, 1, 0),
(1, 2, 0),
(2, 3, 0),
(2, 4, 0),
(3, 5, 0);

-- --------------------------------------------------------

--
-- Table structure for table `ec_store_locators`
--

CREATE TABLE `ec_store_locators` (
  `id` bigint(20) UNSIGNED NOT NULL,
  `name` varchar(60) NOT NULL,
  `email` varchar(60) DEFAULT NULL,
  `phone` varchar(20) NOT NULL,
  `address` varchar(191) NOT NULL,
  `country` varchar(120) DEFAULT NULL,
  `state` varchar(120) DEFAULT NULL,
  `city` varchar(120) DEFAULT NULL,
  `is_primary` tinyint(1) DEFAULT 0,
  `is_shipping_location` tinyint(1) DEFAULT 1,
  `created_at` timestamp NULL DEFAULT NULL,
  `updated_at` timestamp NULL DEFAULT NULL,
  `zip_code` varchar(20) DEFAULT NULL
) ENGINE=InnoDB DEFAULT CHARSET=utf8mb4 COLLATE=utf8mb4_unicode_ci;

--
-- Dumping data for table `ec_store_locators`
--

INSERT INTO `ec_store_locators` (`id`, `name`, `email`, `phone`, `address`, `country`, `state`, `city`, `is_primary`, `is_shipping_location`, `created_at`, `updated_at`, `zip_code`) VALUES
(1, 'Shofy', 'sales@botble.com', '1800979769', '502 New Street', 'AU', 'Brighton VIC', 'Brighton VIC', 1, 1, '2024-10-31 20:46:52', '2024-10-31 20:46:52', NULL);

-- --------------------------------------------------------

--
-- Table structure for table `ec_taxes`
--

CREATE TABLE `ec_taxes` (
  `id` bigint(20) UNSIGNED NOT NULL,
  `title` varchar(191) DEFAULT NULL,
  `percentage` double(8,6) DEFAULT NULL,
  `priority` int(11) DEFAULT NULL,
  `status` varchar(60) NOT NULL DEFAULT 'published',
  `created_at` timestamp NULL DEFAULT NULL,
  `updated_at` timestamp NULL DEFAULT NULL
) ENGINE=InnoDB DEFAULT CHARSET=utf8mb4 COLLATE=utf8mb4_unicode_ci;

--
-- Dumping data for table `ec_taxes`
--

INSERT INTO `ec_taxes` (`id`, `title`, `percentage`, `priority`, `status`, `created_at`, `updated_at`) VALUES
(1, 'VAT', 10.000000, 1, 'published', '2024-10-31 20:46:51', '2024-10-31 20:46:51'),
(2, 'None', 0.000000, 2, 'published', '2024-10-31 20:46:51', '2024-10-31 20:46:51'),
(3, 'Import Tax', 15.000000, 3, 'published', '2024-10-31 20:46:51', '2024-10-31 20:46:51');

-- --------------------------------------------------------

--
-- Table structure for table `ec_tax_products`
--

CREATE TABLE `ec_tax_products` (
  `tax_id` bigint(20) UNSIGNED NOT NULL,
  `product_id` bigint(20) UNSIGNED NOT NULL
) ENGINE=InnoDB DEFAULT CHARSET=utf8mb4 COLLATE=utf8mb4_unicode_ci;

--
-- Dumping data for table `ec_tax_products`
--

INSERT INTO `ec_tax_products` (`tax_id`, `product_id`) VALUES
(2, 101),
(2, 127);

-- --------------------------------------------------------

--
-- Table structure for table `ec_tax_rules`
--

CREATE TABLE `ec_tax_rules` (
  `id` bigint(20) UNSIGNED NOT NULL,
  `tax_id` bigint(20) UNSIGNED NOT NULL,
  `country` varchar(120) DEFAULT NULL,
  `state` varchar(120) DEFAULT NULL,
  `city` varchar(120) DEFAULT NULL,
  `zip_code` varchar(20) DEFAULT NULL,
  `priority` int(11) DEFAULT NULL,
  `is_enabled` tinyint(1) NOT NULL DEFAULT 1,
  `created_at` timestamp NULL DEFAULT NULL,
  `updated_at` timestamp NULL DEFAULT NULL,
  `percentage` double(8,6) DEFAULT NULL
) ENGINE=InnoDB DEFAULT CHARSET=utf8mb4 COLLATE=utf8mb4_unicode_ci;

-- --------------------------------------------------------

--
-- Table structure for table `ec_wish_lists`
--

CREATE TABLE `ec_wish_lists` (
  `customer_id` bigint(20) UNSIGNED NOT NULL,
  `product_id` bigint(20) UNSIGNED NOT NULL,
  `created_at` timestamp NULL DEFAULT NULL,
  `updated_at` timestamp NULL DEFAULT NULL
) ENGINE=InnoDB DEFAULT CHARSET=utf8mb4 COLLATE=utf8mb4_unicode_ci;

-- --------------------------------------------------------

--
-- Table structure for table `failed_jobs`
--

CREATE TABLE `failed_jobs` (
  `id` bigint(20) UNSIGNED NOT NULL,
  `uuid` varchar(191) NOT NULL,
  `connection` text NOT NULL,
  `queue` text NOT NULL,
  `payload` longtext NOT NULL,
  `exception` longtext NOT NULL,
  `failed_at` timestamp NOT NULL DEFAULT current_timestamp()
) ENGINE=InnoDB DEFAULT CHARSET=utf8mb4 COLLATE=utf8mb4_unicode_ci;

-- --------------------------------------------------------

--
-- Table structure for table `faqs`
--

CREATE TABLE `faqs` (
  `id` bigint(20) UNSIGNED NOT NULL,
  `question` text NOT NULL,
  `answer` text NOT NULL,
  `category_id` bigint(20) UNSIGNED NOT NULL,
  `status` varchar(60) NOT NULL DEFAULT 'published',
  `created_at` timestamp NULL DEFAULT NULL,
  `updated_at` timestamp NULL DEFAULT NULL
) ENGINE=InnoDB DEFAULT CHARSET=utf8mb4 COLLATE=utf8mb4_unicode_ci;

--
-- Dumping data for table `faqs`
--

INSERT INTO `faqs` (`id`, `question`, `answer`, `category_id`, `status`, `created_at`, `updated_at`) VALUES
(1, 'What Shipping Methods Are Available?', 'Ex Portland Pitchfork irure mustache. Eutra fap before they sold out literally. Aliquip ugh bicycle rights actually mlkshk, seitan squid craft beer tempor.', 1, 'published', '2024-10-31 20:46:47', '2024-10-31 20:46:47'),
(2, 'Do You Ship Internationally?', 'Hoodie tote bag mixtape tofu. Typewriter jean shorts wolf quinoa, messenger bag organic freegan cray.', 1, 'published', '2024-10-31 20:46:47', '2024-10-31 20:46:47'),
(3, 'How Long Will It Take To Get My Package?', 'Swag slow-carb quinoa VHS typewriter pork belly brunch, paleo single-origin coffee Wes Anderson. Flexitarian Pitchfork forage, literally paleo fap pour-over. Wes Anderson Pinterest YOLO fanny pack meggings, deep v XOXO chambray sustainable slow-carb raw denim church-key fap chillwave Etsy. +1 typewriter kitsch, American Apparel tofu Banksy Vice.', 1, 'published', '2024-10-31 20:46:47', '2024-10-31 20:46:47'),
(4, 'What Payment Methods Are Accepted?', 'Fashion axe DIY jean shorts, swag kale chips meh polaroid kogi butcher Wes Anderson chambray next level semiotics gentrify yr. Voluptate photo booth fugiat Vice. Austin sed Williamsburg, ea labore raw denim voluptate cred proident mixtape excepteur mustache. Twee chia photo booth readymade food truck, hoodie roof party swag keytar PBR DIY.', 2, 'published', '2024-10-31 20:46:47', '2024-10-31 20:46:47'),
(5, 'Is Buying On-Line Safe?', 'Art party authentic freegan semiotics jean shorts chia cred. Neutra Austin roof party Brooklyn, synth Thundercats swag 8-bit photo booth. Plaid letterpress leggings craft beer meh ethical Pinterest.', 2, 'published', '2024-10-31 20:46:47', '2024-10-31 20:46:47'),
(6, 'How do I place an Order?', 'Keytar cray slow-carb, Godard banh mi salvia pour-over. Slow-carb Odd Future seitan normcore. Master cleanse American Apparel gentrify flexitarian beard slow-carb next level. Raw denim polaroid paleo farm-to-table, put a bird on it lo-fi tattooed Wes Anderson Pinterest letterpress. Fingerstache McSweeney’s pour-over, letterpress Schlitz photo booth master cleanse bespoke hashtag chillwave gentrify.', 3, 'published', '2024-10-31 20:46:47', '2024-10-31 20:46:47'),
(7, 'How Can I Cancel Or Change My Order?', 'Plaid letterpress leggings craft beer meh ethical Pinterest. Art party authentic freegan semiotics jean shorts chia cred. Neutra Austin roof party Brooklyn, synth Thundercats swag 8-bit photo booth.', 3, 'published', '2024-10-31 20:46:47', '2024-10-31 20:46:47'),
(8, 'Do I need an account to place an order?', 'Thundercats swag 8-bit photo booth. Plaid letterpress leggings craft beer meh ethical Pinterest. Twee chia photo booth readymade food truck, hoodie roof party swag keytar PBR DIY. Cray ugh 3 wolf moon fap, fashion axe irony butcher cornhole typewriter chambray VHS banjo street art.', 3, 'published', '2024-10-31 20:46:47', '2024-10-31 20:46:47'),
(9, 'How Do I Track My Order?', 'Keytar cray slow-carb, Godard banh mi salvia pour-over. Slow-carb @Odd Future seitan normcore. Master cleanse American Apparel gentrify flexitarian beard slow-carb next level.', 3, 'published', '2024-10-31 20:46:47', '2024-10-31 20:46:47'),
(10, 'How Can I Return a Product?', '<p>If Your Product Was Damaged Then You Can Return Product.</p>', 3, 'published', '2024-10-31 20:46:47', '2025-02-15 00:05:55');

-- --------------------------------------------------------

--
-- Table structure for table `faqs_translations`
--

CREATE TABLE `faqs_translations` (
  `lang_code` varchar(20) NOT NULL,
  `faqs_id` bigint(20) UNSIGNED NOT NULL,
  `question` text DEFAULT NULL,
  `answer` text DEFAULT NULL
) ENGINE=InnoDB DEFAULT CHARSET=utf8mb4 COLLATE=utf8mb4_unicode_ci;

-- --------------------------------------------------------

--
-- Table structure for table `faq_categories`
--

CREATE TABLE `faq_categories` (
  `id` bigint(20) UNSIGNED NOT NULL,
  `name` varchar(120) NOT NULL,
  `order` tinyint(4) NOT NULL DEFAULT 0,
  `status` varchar(60) NOT NULL DEFAULT 'published',
  `created_at` timestamp NULL DEFAULT NULL,
  `updated_at` timestamp NULL DEFAULT NULL,
  `description` varchar(400) DEFAULT NULL
) ENGINE=InnoDB DEFAULT CHARSET=utf8mb4 COLLATE=utf8mb4_unicode_ci;

--
-- Dumping data for table `faq_categories`
--

INSERT INTO `faq_categories` (`id`, `name`, `order`, `status`, `created_at`, `updated_at`, `description`) VALUES
(1, 'Shipping', 0, 'published', '2024-10-31 20:46:47', '2024-10-31 20:46:47', NULL),
(2, 'Payment', 1, 'published', '2024-10-31 20:46:47', '2024-10-31 20:46:47', NULL),
(3, 'Order &amp; Returns', 2, 'published', '2024-10-31 20:46:47', '2024-10-31 20:46:47', NULL);

-- --------------------------------------------------------

--
-- Table structure for table `faq_categories_translations`
--

CREATE TABLE `faq_categories_translations` (
  `lang_code` varchar(20) NOT NULL,
  `faq_categories_id` bigint(20) UNSIGNED NOT NULL,
  `name` varchar(120) DEFAULT NULL
) ENGINE=InnoDB DEFAULT CHARSET=utf8mb4 COLLATE=utf8mb4_unicode_ci;

-- --------------------------------------------------------

--
-- Table structure for table `galleries`
--

CREATE TABLE `galleries` (
  `id` bigint(20) UNSIGNED NOT NULL,
  `name` varchar(120) NOT NULL,
  `description` longtext NOT NULL,
  `is_featured` tinyint(3) UNSIGNED NOT NULL DEFAULT 0,
  `order` tinyint(3) UNSIGNED NOT NULL DEFAULT 0,
  `image` varchar(191) DEFAULT NULL,
  `user_id` bigint(20) UNSIGNED DEFAULT NULL,
  `status` varchar(60) NOT NULL DEFAULT 'published',
  `created_at` timestamp NULL DEFAULT NULL,
  `updated_at` timestamp NULL DEFAULT NULL
) ENGINE=InnoDB DEFAULT CHARSET=utf8mb4 COLLATE=utf8mb4_unicode_ci;

--
-- Dumping data for table `galleries`
--

INSERT INTO `galleries` (`id`, `name`, `description`, `is_featured`, `order`, `image`, `user_id`, `status`, `created_at`, `updated_at`) VALUES
(1, 'Perfect', 'Queen. \'I haven\'t the slightest idea,\' said the Queen. \'I haven\'t the least notice of her head in the morning, just time to see if she had read about them in books, and she did not like to be patted.', 1, 0, 'fashion/galleries/1.jpg', 1, 'published', '2024-10-31 20:47:01', '2024-10-31 20:47:01'),
(2, 'New Day', 'Who would not allow without knowing how old it was, and, as the Lory positively refused to tell them something more. \'You promised to tell them something more. \'You promised to tell its age, there.', 1, 0, 'fashion/galleries/2.jpg', 1, 'published', '2024-10-31 20:47:01', '2024-10-31 20:47:01'),
(3, 'Happy Day', 'Yet you turned a corner, \'Oh my ears and whiskers, how late it\'s getting!\' She was close behind us, and he\'s treading on her spectacles, and began talking to him,\' said Alice hastily; \'but I\'m not.', 1, 0, 'fashion/galleries/3.jpg', 1, 'published', '2024-10-31 20:47:01', '2024-10-31 20:47:01'),
(4, 'Nature', 'RED rose-tree, and we won\'t talk about trouble!\' said the Cat, and vanished. Alice was soon left alone. \'I wish you wouldn\'t have come here.\' Alice didn\'t think that proved it at all. However.', 1, 0, 'fashion/galleries/4.jpg', 1, 'published', '2024-10-31 20:47:01', '2024-10-31 20:47:01'),
(5, 'Morning', 'Laughing and Grief, they used to do:-- \'How doth the little--\"\' and she did it so VERY tired of this. I vote the young lady tells us a story.\' \'I\'m afraid I can\'t understand it myself to begin.', 1, 0, 'fashion/galleries/5.jpg', 1, 'published', '2024-10-31 20:47:01', '2024-10-31 20:47:01');

-- --------------------------------------------------------

--
-- Table structure for table `galleries_translations`
--

CREATE TABLE `galleries_translations` (
  `lang_code` varchar(20) NOT NULL,
  `galleries_id` bigint(20) UNSIGNED NOT NULL,
  `name` varchar(191) DEFAULT NULL,
  `description` longtext DEFAULT NULL
) ENGINE=InnoDB DEFAULT CHARSET=utf8mb4 COLLATE=utf8mb4_unicode_ci;

-- --------------------------------------------------------

--
-- Table structure for table `gallery_meta`
--

CREATE TABLE `gallery_meta` (
  `id` bigint(20) UNSIGNED NOT NULL,
  `images` text DEFAULT NULL,
  `reference_id` bigint(20) UNSIGNED NOT NULL,
  `reference_type` varchar(120) NOT NULL,
  `created_at` timestamp NULL DEFAULT NULL,
  `updated_at` timestamp NULL DEFAULT NULL
) ENGINE=InnoDB DEFAULT CHARSET=utf8mb4 COLLATE=utf8mb4_unicode_ci;

--
-- Dumping data for table `gallery_meta`
--

INSERT INTO `gallery_meta` (`id`, `images`, `reference_id`, `reference_type`, `created_at`, `updated_at`) VALUES
(1, '[{\"img\":\"fashion\\/galleries\\/3.jpg\",\"description\":\"White Rabbit. She was moving them about as curious as it went. So she began nursing her child again, singing a sort of chance of her childhood: and how she would keep, through all her knowledge of.\"},{\"img\":\"fashion\\/galleries\\/2.jpg\",\"description\":\"I like\\\"!\' \'You might just as the hall was very glad to get out again. Suddenly she came in with a kind of authority over Alice. \'Stand up and bawled out, \\\"He\'s murdering the time! Off with his.\"},{\"img\":\"fashion\\/galleries\\/4.jpg\",\"description\":\"Alice. \'I\'m glad they\'ve begun asking riddles.--I believe I can guess that,\' she added in an impatient tone: \'explanations take such a thing. After a minute or two she walked on in the lap of her.\"},{\"img\":\"fashion\\/galleries\\/1.jpg\",\"description\":\"Alice dodged behind a great hurry. An enormous puppy was looking about for them, but they were all ornamented with hearts. Next came the guests, mostly Kings and Queens, and among them Alice.\"}]', 1, 'Botble\\Gallery\\Models\\Gallery', '2024-10-31 20:47:01', '2024-10-31 20:47:01'),
(2, '[{\"img\":\"fashion\\/galleries\\/3.jpg\",\"description\":\"White Rabbit. She was moving them about as curious as it went. So she began nursing her child again, singing a sort of chance of her childhood: and how she would keep, through all her knowledge of.\"},{\"img\":\"fashion\\/galleries\\/2.jpg\",\"description\":\"I like\\\"!\' \'You might just as the hall was very glad to get out again. Suddenly she came in with a kind of authority over Alice. \'Stand up and bawled out, \\\"He\'s murdering the time! Off with his.\"},{\"img\":\"fashion\\/galleries\\/4.jpg\",\"description\":\"Alice. \'I\'m glad they\'ve begun asking riddles.--I believe I can guess that,\' she added in an impatient tone: \'explanations take such a thing. After a minute or two she walked on in the lap of her.\"},{\"img\":\"fashion\\/galleries\\/1.jpg\",\"description\":\"Alice dodged behind a great hurry. An enormous puppy was looking about for them, but they were all ornamented with hearts. Next came the guests, mostly Kings and Queens, and among them Alice.\"}]', 2, 'Botble\\Gallery\\Models\\Gallery', '2024-10-31 20:47:01', '2024-10-31 20:47:01'),
(3, '[{\"img\":\"fashion\\/galleries\\/3.jpg\",\"description\":\"White Rabbit. She was moving them about as curious as it went. So she began nursing her child again, singing a sort of chance of her childhood: and how she would keep, through all her knowledge of.\"},{\"img\":\"fashion\\/galleries\\/2.jpg\",\"description\":\"I like\\\"!\' \'You might just as the hall was very glad to get out again. Suddenly she came in with a kind of authority over Alice. \'Stand up and bawled out, \\\"He\'s murdering the time! Off with his.\"},{\"img\":\"fashion\\/galleries\\/4.jpg\",\"description\":\"Alice. \'I\'m glad they\'ve begun asking riddles.--I believe I can guess that,\' she added in an impatient tone: \'explanations take such a thing. After a minute or two she walked on in the lap of her.\"},{\"img\":\"fashion\\/galleries\\/1.jpg\",\"description\":\"Alice dodged behind a great hurry. An enormous puppy was looking about for them, but they were all ornamented with hearts. Next came the guests, mostly Kings and Queens, and among them Alice.\"}]', 3, 'Botble\\Gallery\\Models\\Gallery', '2024-10-31 20:47:01', '2024-10-31 20:47:01'),
(4, '[{\"img\":\"fashion\\/galleries\\/3.jpg\",\"description\":\"White Rabbit. She was moving them about as curious as it went. So she began nursing her child again, singing a sort of chance of her childhood: and how she would keep, through all her knowledge of.\"},{\"img\":\"fashion\\/galleries\\/2.jpg\",\"description\":\"I like\\\"!\' \'You might just as the hall was very glad to get out again. Suddenly she came in with a kind of authority over Alice. \'Stand up and bawled out, \\\"He\'s murdering the time! Off with his.\"},{\"img\":\"fashion\\/galleries\\/4.jpg\",\"description\":\"Alice. \'I\'m glad they\'ve begun asking riddles.--I believe I can guess that,\' she added in an impatient tone: \'explanations take such a thing. After a minute or two she walked on in the lap of her.\"},{\"img\":\"fashion\\/galleries\\/1.jpg\",\"description\":\"Alice dodged behind a great hurry. An enormous puppy was looking about for them, but they were all ornamented with hearts. Next came the guests, mostly Kings and Queens, and among them Alice.\"}]', 4, 'Botble\\Gallery\\Models\\Gallery', '2024-10-31 20:47:01', '2024-10-31 20:47:01'),
(5, '[{\"img\":\"fashion\\/galleries\\/3.jpg\",\"description\":\"White Rabbit. She was moving them about as curious as it went. So she began nursing her child again, singing a sort of chance of her childhood: and how she would keep, through all her knowledge of.\"},{\"img\":\"fashion\\/galleries\\/2.jpg\",\"description\":\"I like\\\"!\' \'You might just as the hall was very glad to get out again. Suddenly she came in with a kind of authority over Alice. \'Stand up and bawled out, \\\"He\'s murdering the time! Off with his.\"},{\"img\":\"fashion\\/galleries\\/4.jpg\",\"description\":\"Alice. \'I\'m glad they\'ve begun asking riddles.--I believe I can guess that,\' she added in an impatient tone: \'explanations take such a thing. After a minute or two she walked on in the lap of her.\"},{\"img\":\"fashion\\/galleries\\/1.jpg\",\"description\":\"Alice dodged behind a great hurry. An enormous puppy was looking about for them, but they were all ornamented with hearts. Next came the guests, mostly Kings and Queens, and among them Alice.\"}]', 5, 'Botble\\Gallery\\Models\\Gallery', '2024-10-31 20:47:01', '2024-10-31 20:47:01');

-- --------------------------------------------------------

--
-- Table structure for table `gallery_meta_translations`
--

CREATE TABLE `gallery_meta_translations` (
  `lang_code` varchar(20) NOT NULL,
  `gallery_meta_id` bigint(20) UNSIGNED NOT NULL,
  `images` text DEFAULT NULL
) ENGINE=InnoDB DEFAULT CHARSET=utf8mb4 COLLATE=utf8mb4_unicode_ci;

-- --------------------------------------------------------

--
-- Table structure for table `jobs`
--

CREATE TABLE `jobs` (
  `id` bigint(20) UNSIGNED NOT NULL,
  `queue` varchar(191) NOT NULL,
  `payload` longtext NOT NULL,
  `attempts` tinyint(3) UNSIGNED NOT NULL,
  `reserved_at` int(10) UNSIGNED DEFAULT NULL,
  `available_at` int(10) UNSIGNED NOT NULL,
  `created_at` int(10) UNSIGNED NOT NULL
) ENGINE=InnoDB DEFAULT CHARSET=utf8mb4 COLLATE=utf8mb4_unicode_ci;

-- --------------------------------------------------------

--
-- Table structure for table `languages`
--

CREATE TABLE `languages` (
  `lang_id` bigint(20) UNSIGNED NOT NULL,
  `lang_name` varchar(120) NOT NULL,
  `lang_locale` varchar(20) NOT NULL,
  `lang_code` varchar(20) NOT NULL,
  `lang_flag` varchar(20) DEFAULT NULL,
  `lang_is_default` tinyint(3) UNSIGNED NOT NULL DEFAULT 0,
  `lang_order` int(11) NOT NULL DEFAULT 0,
  `lang_is_rtl` tinyint(3) UNSIGNED NOT NULL DEFAULT 0
) ENGINE=InnoDB DEFAULT CHARSET=utf8mb4 COLLATE=utf8mb4_unicode_ci;

--
-- Dumping data for table `languages`
--

INSERT INTO `languages` (`lang_id`, `lang_name`, `lang_locale`, `lang_code`, `lang_flag`, `lang_is_default`, `lang_order`, `lang_is_rtl`) VALUES
(1, 'English', 'en', 'en_US', 'us', 1, 0, 0);

-- --------------------------------------------------------

--
-- Table structure for table `language_meta`
--

CREATE TABLE `language_meta` (
  `lang_meta_id` bigint(20) UNSIGNED NOT NULL,
  `lang_meta_code` varchar(20) DEFAULT NULL,
  `lang_meta_origin` varchar(32) NOT NULL,
  `reference_id` bigint(20) UNSIGNED NOT NULL,
  `reference_type` varchar(120) NOT NULL
) ENGINE=InnoDB DEFAULT CHARSET=utf8mb4 COLLATE=utf8mb4_unicode_ci;

--
-- Dumping data for table `language_meta`
--

INSERT INTO `language_meta` (`lang_meta_id`, `lang_meta_code`, `lang_meta_origin`, `reference_id`, `reference_type`) VALUES
(1, 'en_US', 'aacc76e7b707f46f5576c22efa0121f0', 1, 'Botble\\SimpleSlider\\Models\\SimpleSlider'),
(2, 'en_US', '576ed30b95db9990d95e7f0b9fdacb5e', 1, 'Botble\\Menu\\Models\\MenuLocation'),
(3, 'en_US', '583ce1e6f3f67a14896fdcac9451e680', 1, 'Botble\\Menu\\Models\\Menu'),
(4, 'en_US', '950c59ee2280ab81bee5b6aeec43a1a8', 2, 'Botble\\Menu\\Models\\Menu'),
(5, 'en_US', '27263301fa9c7296de07daac5ed0fa7b', 3, 'Botble\\Menu\\Models\\Menu'),
(6, 'en_US', 'bc0a2388419bad6790eb6b29ef72aaa7', 1, 'Botble\\Menu\\Models\\MenuNode'),
(7, 'en_US', '0b39d247d57ea71ccb40e3f2a21d7c56', 2, 'Botble\\Menu\\Models\\MenuNode'),
(8, 'en_US', 'a3793ca7f97bd22b171769551f425fb2', 3, 'Botble\\Menu\\Models\\MenuNode'),
(9, 'en_US', '3553ec994a7d5e7c66ca23a1d1660481', 4, 'Botble\\Menu\\Models\\MenuNode'),
(10, 'en_US', '8d7fdac50ee3b70dd24b909cfe427edc', 5, 'Botble\\Menu\\Models\\MenuNode'),
(11, 'en_US', 'bf7d7598532b9a781ee31b43169daa10', 6, 'Botble\\Menu\\Models\\MenuNode'),
(12, 'en_US', '8bfba328bf0e303341f0457c7c9b1372', 7, 'Botble\\Menu\\Models\\MenuNode'),
(13, 'en_US', '2aaf3d780ebfb4560aade684d9063652', 8, 'Botble\\Menu\\Models\\MenuNode'),
(14, 'en_US', '11ca2f9cce2ee47f65dd91906650f954', 9, 'Botble\\Menu\\Models\\MenuNode'),
(15, 'en_US', '2fada5a1c6f6b55ca5014c51e9a81cdb', 10, 'Botble\\Menu\\Models\\MenuNode'),
(16, 'en_US', '21a59a1b69e821fc34b42344a7c4643a', 11, 'Botble\\Menu\\Models\\MenuNode'),
(17, 'en_US', 'bee315da914cb4b665fa2cb165968838', 12, 'Botble\\Menu\\Models\\MenuNode'),
(18, 'en_US', 'eddde6355f1ddec0bba4ef6fdb74f598', 13, 'Botble\\Menu\\Models\\MenuNode'),
(19, 'en_US', 'e425b61555271671ae4087c588af994e', 14, 'Botble\\Menu\\Models\\MenuNode'),
(20, 'en_US', '14a9204474bd1a65a24721abc0546c11', 15, 'Botble\\Menu\\Models\\MenuNode'),
(21, 'en_US', 'f5b2afef0013b401e163ec1e81ea138b', 16, 'Botble\\Menu\\Models\\MenuNode'),
(22, 'en_US', '7156eb4b0fbb9485fb9ae7e7c667df6f', 17, 'Botble\\Menu\\Models\\MenuNode'),
(23, 'en_US', '014de376f7733e87a9896fb30d4d3c9a', 18, 'Botble\\Menu\\Models\\MenuNode'),
(24, 'en_US', 'ffcbb758ebdc7c950e599cb7cd5c0675', 19, 'Botble\\Menu\\Models\\MenuNode'),
(25, 'en_US', '10797e00d76948a0a26d19677b88e90e', 20, 'Botble\\Menu\\Models\\MenuNode'),
(26, 'en_US', '301246bc3897f05672a1fdda82e82e6d', 21, 'Botble\\Menu\\Models\\MenuNode'),
(27, 'en_US', '5ed38fc2c66cd2650ebf806c3240c484', 22, 'Botble\\Menu\\Models\\MenuNode'),
(28, 'en_US', '0ef0cd3bb8e91fc5d3f0c36272ccd76e', 23, 'Botble\\Menu\\Models\\MenuNode'),
(29, 'en_US', '480d194523273956a609bf8a338c85af', 24, 'Botble\\Menu\\Models\\MenuNode'),
(30, 'en_US', '60e194e0f8989815a184b97422666711', 25, 'Botble\\Menu\\Models\\MenuNode'),
(31, 'en_US', '472b14a9802ef53be9e48c98f4f8a9c0', 42, 'Botble\\Menu\\Models\\MenuNode'),
(32, 'en_US', '1c554518091965904e7a18f25ad03a6e', 26, 'Botble\\Menu\\Models\\MenuNode'),
(33, 'en_US', 'e59ea36b1beee444088489659762a17e', 27, 'Botble\\Menu\\Models\\MenuNode'),
(34, 'en_US', 'aa26b0d09a4628f0eb7e8b36a64b7a37', 28, 'Botble\\Menu\\Models\\MenuNode'),
(35, 'en_US', '9e2b91ab17a64fbb90daac9ab52e8d2c', 29, 'Botble\\Menu\\Models\\MenuNode'),
(36, 'en_US', '73b32b5217c00717e6e9088835981345', 30, 'Botble\\Menu\\Models\\MenuNode'),
(37, 'en_US', '7f55b7eb21a2b3bbe584a0a970f3e2c4', 44, 'Botble\\Menu\\Models\\MenuNode'),
(38, 'en_US', 'bc224db69a8f6e1dafcbcc6f8a935992', 4, 'Botble\\Menu\\Models\\Menu'),
(39, 'en_US', 'ebb93c347504a01bd86fc45276faf0b0', 45, 'Botble\\Menu\\Models\\MenuNode'),
(40, 'en_US', '33bbb38f97a73928acbb97cbe20a2781', 46, 'Botble\\Menu\\Models\\MenuNode'),
(41, 'en_US', '71c98f71b313b377b0be7a2ea31d5c2b', 47, 'Botble\\Menu\\Models\\MenuNode'),
(42, 'en_US', '18e7d4cabede8b346552914bc5116fc2', 48, 'Botble\\Menu\\Models\\MenuNode'),
(43, 'en_US', '26e15cf7589bac3dd4a9bcaa0f4ab837', 49, 'Botble\\Menu\\Models\\MenuNode');

-- --------------------------------------------------------

--
-- Table structure for table `media_files`
--

CREATE TABLE `media_files` (
  `id` bigint(20) UNSIGNED NOT NULL,
  `user_id` bigint(20) UNSIGNED NOT NULL,
  `name` varchar(191) NOT NULL,
  `alt` varchar(191) DEFAULT NULL,
  `folder_id` bigint(20) UNSIGNED NOT NULL DEFAULT 0,
  `mime_type` varchar(120) NOT NULL,
  `size` int(11) NOT NULL,
  `url` varchar(191) NOT NULL,
  `options` text DEFAULT NULL,
  `created_at` timestamp NULL DEFAULT NULL,
  `updated_at` timestamp NULL DEFAULT NULL,
  `deleted_at` timestamp NULL DEFAULT NULL,
  `visibility` varchar(191) NOT NULL DEFAULT 'public'
) ENGINE=InnoDB DEFAULT CHARSET=utf8mb4 COLLATE=utf8mb4_unicode_ci;

--
-- Dumping data for table `media_files`
--

INSERT INTO `media_files` (`id`, `user_id`, `name`, `alt`, `folder_id`, `mime_type`, `size`, `url`, `options`, `created_at`, `updated_at`, `deleted_at`, `visibility`) VALUES
(1, 0, '404', '404', 2, 'image/png', 16004, 'main/general/404.png', '[]', '2024-10-31 20:46:45', '2024-10-31 20:46:45', NULL, 'public'),
(2, 0, 'about-1', 'about-1', 2, 'image/jpeg', 9222, 'main/general/about-1.jpg', '[]', '2024-10-31 20:46:45', '2024-10-31 20:46:45', NULL, 'public'),
(3, 0, 'about-2', 'about-2', 2, 'image/jpeg', 5105, 'main/general/about-2.jpg', '[]', '2024-10-31 20:46:45', '2024-10-31 20:46:45', NULL, 'public'),
(4, 0, 'auth-banner', 'auth-banner', 2, 'image/png', 48468, 'main/general/auth-banner.png', '[]', '2024-10-31 20:46:45', '2024-10-31 20:46:45', NULL, 'public'),
(5, 0, 'breadcrumb', 'breadcrumb', 2, 'image/jpeg', 5276, 'main/general/breadcrumb.jpg', '[]', '2024-10-31 20:46:46', '2024-10-31 20:46:46', NULL, 'public'),
(6, 0, 'contact-img', 'contact-img', 2, 'image/jpeg', 13078, 'main/general/contact-img.jpg', '[]', '2024-10-31 20:46:46', '2024-10-31 20:46:46', NULL, 'public'),
(7, 0, 'cta-shape-1', 'cta-shape-1', 2, 'image/png', 23294, 'main/general/cta-shape-1.png', '[]', '2024-10-31 20:46:46', '2024-10-31 20:46:46', NULL, 'public'),
(8, 0, 'cta-shape-2', 'cta-shape-2', 2, 'image/png', 16820, 'main/general/cta-shape-2.png', '[]', '2024-10-31 20:46:46', '2024-10-31 20:46:46', NULL, 'public'),
(9, 0, 'cta-thumb-1', 'cta-thumb-1', 2, 'image/jpeg', 6053, 'main/general/cta-thumb-1.jpg', '[]', '2024-10-31 20:46:46', '2024-10-31 20:46:46', NULL, 'public'),
(10, 0, 'favicon', 'favicon', 2, 'image/png', 1822, 'main/general/favicon.png', '[]', '2024-10-31 20:46:46', '2024-10-31 20:46:46', NULL, 'public'),
(11, 0, 'footer-pay', 'footer-pay', 2, 'image/png', 490, 'main/general/footer-pay.png', '[]', '2024-10-31 20:46:46', '2024-10-31 20:46:46', NULL, 'public'),
(12, 0, 'logo-white', 'logo-white', 2, 'image/png', 21450, 'main/general/logo-white.png', '[]', '2024-10-31 20:46:46', '2024-10-31 20:46:46', NULL, 'public'),
(13, 0, 'logo', 'logo', 2, 'image/png', 22334, 'main/general/logo.png', '[]', '2024-10-31 20:46:46', '2024-10-31 20:46:46', NULL, 'public'),
(14, 0, 'newsletter-popup', 'newsletter-popup', 2, 'image/png', 17253, 'main/general/newsletter-popup.png', '[]', '2024-10-31 20:46:46', '2024-10-31 20:46:46', NULL, 'public'),
(15, 0, 'placeholder', 'placeholder', 2, 'image/png', 2100, 'main/general/placeholder.png', '[]', '2024-10-31 20:46:46', '2024-10-31 20:46:46', NULL, 'public'),
(16, 0, 'preloader-icon', 'preloader-icon', 2, 'image/png', 4160, 'main/general/preloader-icon.png', '[]', '2024-10-31 20:46:46', '2024-10-31 20:46:46', NULL, 'public'),
(17, 0, 'signature', 'signature', 2, 'image/png', 2330, 'main/general/signature.png', '[]', '2024-10-31 20:46:46', '2024-10-31 20:46:46', NULL, 'public'),
(18, 0, 'slider-offer', 'slider-offer', 2, 'image/png', 970, 'main/general/slider-offer.png', '[]', '2024-10-31 20:46:46', '2024-10-31 20:46:46', NULL, 'public'),
(29, 0, '1', '1', 4, 'image/png', 948, 'main/brands/1.png', '[]', '2024-10-31 20:46:47', '2024-10-31 20:46:47', NULL, 'public'),
(30, 0, '2', '2', 4, 'image/png', 948, 'main/brands/2.png', '[]', '2024-10-31 20:46:47', '2024-10-31 20:46:47', NULL, 'public'),
(31, 0, '3', '3', 4, 'image/png', 948, 'main/brands/3.png', '[]', '2024-10-31 20:46:47', '2024-10-31 20:46:47', NULL, 'public'),
(32, 0, '4', '4', 4, 'image/png', 948, 'main/brands/4.png', '[]', '2024-10-31 20:46:47', '2024-10-31 20:46:47', NULL, 'public'),
(33, 0, '5', '5', 4, 'image/png', 948, 'main/brands/5.png', '[]', '2024-10-31 20:46:47', '2024-10-31 20:46:47', NULL, 'public'),
(34, 0, '1', '1', 5, 'image/jpeg', 4294, 'main/customers/1.jpg', '[]', '2024-10-31 20:46:47', '2024-10-31 20:46:47', NULL, 'public'),
(35, 0, '10', '10', 5, 'image/jpeg', 4294, 'main/customers/10.jpg', '[]', '2024-10-31 20:46:47', '2024-10-31 20:46:47', NULL, 'public'),
(36, 0, '2', '2', 5, 'image/jpeg', 4294, 'main/customers/2.jpg', '[]', '2024-10-31 20:46:47', '2024-10-31 20:46:47', NULL, 'public'),
(37, 0, '3', '3', 5, 'image/jpeg', 4294, 'main/customers/3.jpg', '[]', '2024-10-31 20:46:47', '2024-10-31 20:46:47', NULL, 'public'),
(38, 0, '4', '4', 5, 'image/jpeg', 4294, 'main/customers/4.jpg', '[]', '2024-10-31 20:46:47', '2024-10-31 20:46:47', NULL, 'public'),
(39, 0, '5', '5', 5, 'image/jpeg', 4294, 'main/customers/5.jpg', '[]', '2024-10-31 20:46:47', '2024-10-31 20:46:47', NULL, 'public'),
(40, 0, '6', '6', 5, 'image/jpeg', 4294, 'main/customers/6.jpg', '[]', '2024-10-31 20:46:48', '2024-10-31 20:46:48', NULL, 'public'),
(41, 0, '7', '7', 5, 'image/jpeg', 4294, 'main/customers/7.jpg', '[]', '2024-10-31 20:46:48', '2024-10-31 20:46:48', NULL, 'public'),
(42, 0, '8', '8', 5, 'image/jpeg', 4294, 'main/customers/8.jpg', '[]', '2024-10-31 20:46:48', '2024-10-31 20:46:48', NULL, 'public'),
(43, 0, '9', '9', 5, 'image/jpeg', 4294, 'main/customers/9.jpg', '[]', '2024-10-31 20:46:48', '2024-10-31 20:46:48', NULL, 'public'),
(44, 0, 'blog-big-1', 'blog-big-1', 6, 'image/jpeg', 13885, 'main/blog/blog-big-1.jpg', '[]', '2024-10-31 20:46:51', '2024-10-31 20:46:51', NULL, 'public'),
(45, 0, 'blog-details-sm-1', 'blog-details-sm-1', 6, 'image/jpeg', 8166, 'main/blog/blog-details-sm-1.jpg', '[]', '2024-10-31 20:46:51', '2024-10-31 20:46:51', NULL, 'public'),
(46, 0, 'post-1', 'post-1', 6, 'image/jpeg', 6189, 'main/blog/post-1.jpg', '[]', '2024-10-31 20:46:51', '2024-10-31 20:46:51', NULL, 'public'),
(47, 0, 'post-10', 'post-10', 6, 'image/jpeg', 5907, 'main/blog/post-10.jpg', '[]', '2024-10-31 20:46:51', '2024-10-31 20:46:51', NULL, 'public'),
(48, 0, 'post-11', 'post-11', 6, 'image/jpeg', 5907, 'main/blog/post-11.jpg', '[]', '2024-10-31 20:46:51', '2024-10-31 20:46:51', NULL, 'public'),
(49, 0, 'post-12', 'post-12', 6, 'image/jpeg', 5907, 'main/blog/post-12.jpg', '[]', '2024-10-31 20:46:51', '2024-10-31 20:46:51', NULL, 'public'),
(50, 0, 'post-2', 'post-2', 6, 'image/jpeg', 6189, 'main/blog/post-2.jpg', '[]', '2024-10-31 20:46:51', '2024-10-31 20:46:51', NULL, 'public'),
(51, 0, 'post-3', 'post-3', 6, 'image/jpeg', 6189, 'main/blog/post-3.jpg', '[]', '2024-10-31 20:46:51', '2024-10-31 20:46:51', NULL, 'public'),
(52, 0, 'post-4', 'post-4', 6, 'image/jpeg', 6045, 'main/blog/post-4.jpg', '[]', '2024-10-31 20:46:51', '2024-10-31 20:46:51', NULL, 'public'),
(53, 0, 'post-5', 'post-5', 6, 'image/jpeg', 6045, 'main/blog/post-5.jpg', '[]', '2024-10-31 20:46:51', '2024-10-31 20:46:51', NULL, 'public'),
(54, 0, 'post-6', 'post-6', 6, 'image/jpeg', 6045, 'main/blog/post-6.jpg', '[]', '2024-10-31 20:46:51', '2024-10-31 20:46:51', NULL, 'public'),
(55, 0, 'post-7', 'post-7', 6, 'image/jpeg', 5907, 'main/blog/post-7.jpg', '[]', '2024-10-31 20:46:51', '2024-10-31 20:46:51', NULL, 'public'),
(56, 0, 'post-8', 'post-8', 6, 'image/jpeg', 5907, 'main/blog/post-8.jpg', '[]', '2024-10-31 20:46:51', '2024-10-31 20:46:51', NULL, 'public'),
(57, 0, 'post-9', 'post-9', 6, 'image/jpeg', 5907, 'main/blog/post-9.jpg', '[]', '2024-10-31 20:46:51', '2024-10-31 20:46:51', NULL, 'public'),
(58, 0, '1', '1', 3, 'image/jpeg', 4068, 'main/users/1.jpg', '[]', '2024-10-31 20:46:51', '2024-10-31 20:46:51', NULL, 'public'),
(59, 0, '10', '10', 3, 'image/jpeg', 7599, 'main/users/10.jpg', '[]', '2024-10-31 20:46:52', '2024-10-31 20:46:52', NULL, 'public'),
(60, 0, '2', '2', 3, 'image/jpeg', 7599, 'main/users/2.jpg', '[]', '2024-10-31 20:46:52', '2024-10-31 20:46:52', NULL, 'public'),
(61, 0, '3', '3', 3, 'image/jpeg', 6387, 'main/users/3.jpg', '[]', '2024-10-31 20:46:52', '2024-10-31 20:46:52', NULL, 'public'),
(62, 0, '4', '4', 3, 'image/jpeg', 7599, 'main/users/4.jpg', '[]', '2024-10-31 20:46:52', '2024-10-31 20:46:52', NULL, 'public'),
(63, 0, '5', '5', 3, 'image/jpeg', 6387, 'main/users/5.jpg', '[]', '2024-10-31 20:46:52', '2024-10-31 20:46:52', NULL, 'public'),
(64, 0, '6', '6', 3, 'image/jpeg', 7599, 'main/users/6.jpg', '[]', '2024-10-31 20:46:52', '2024-10-31 20:46:52', NULL, 'public'),
(65, 0, '7', '7', 3, 'image/jpeg', 6387, 'main/users/7.jpg', '[]', '2024-10-31 20:46:52', '2024-10-31 20:46:52', NULL, 'public'),
(66, 0, '8', '8', 3, 'image/jpeg', 7599, 'main/users/8.jpg', '[]', '2024-10-31 20:46:52', '2024-10-31 20:46:52', NULL, 'public'),
(67, 0, '9', '9', 3, 'image/jpeg', 6387, 'main/users/9.jpg', '[]', '2024-10-31 20:46:52', '2024-10-31 20:46:52', NULL, 'public'),
(68, 0, '1', '1', 7, 'image/png', 9022, 'main/stores/1.png', '[]', '2024-10-31 20:46:52', '2024-10-31 20:46:52', NULL, 'public'),
(69, 0, '10', '10', 7, 'image/png', 4384, 'main/stores/10.png', '[]', '2024-10-31 20:46:52', '2024-10-31 20:46:52', NULL, 'public'),
(70, 0, '11', '11', 7, 'image/png', 4706, 'main/stores/11.png', '[]', '2024-10-31 20:46:52', '2024-10-31 20:46:52', NULL, 'public'),
(71, 0, '12', '12', 7, 'image/png', 5075, 'main/stores/12.png', '[]', '2024-10-31 20:46:52', '2024-10-31 20:46:52', NULL, 'public'),
(72, 0, '13', '13', 7, 'image/png', 3700, 'main/stores/13.png', '[]', '2024-10-31 20:46:53', '2024-10-31 20:46:53', NULL, 'public'),
(73, 0, '14', '14', 7, 'image/png', 4239, 'main/stores/14.png', '[]', '2024-10-31 20:46:53', '2024-10-31 20:46:53', NULL, 'public'),
(74, 0, '15', '15', 7, 'image/png', 5304, 'main/stores/15.png', '[]', '2024-10-31 20:46:53', '2024-10-31 20:46:53', NULL, 'public'),
(75, 0, '16', '16', 7, 'image/png', 4796, 'main/stores/16.png', '[]', '2024-10-31 20:46:53', '2024-10-31 20:46:53', NULL, 'public'),
(76, 0, '17', '17', 7, 'image/png', 4919, 'main/stores/17.png', '[]', '2024-10-31 20:46:53', '2024-10-31 20:46:53', NULL, 'public'),
(77, 0, '2', '2', 7, 'image/png', 8598, 'main/stores/2.png', '[]', '2024-10-31 20:46:53', '2024-10-31 20:46:53', NULL, 'public'),
(78, 0, '3', '3', 7, 'image/png', 7888, 'main/stores/3.png', '[]', '2024-10-31 20:46:53', '2024-10-31 20:46:53', NULL, 'public'),
(79, 0, '4', '4', 7, 'image/png', 8393, 'main/stores/4.png', '[]', '2024-10-31 20:46:53', '2024-10-31 20:46:53', NULL, 'public'),
(80, 0, '5', '5', 7, 'image/png', 10159, 'main/stores/5.png', '[]', '2024-10-31 20:46:53', '2024-10-31 20:46:53', NULL, 'public'),
(81, 0, '6', '6', 7, 'image/png', 10312, 'main/stores/6.png', '[]', '2024-10-31 20:46:53', '2024-10-31 20:46:53', NULL, 'public'),
(82, 0, '7', '7', 7, 'image/png', 3764, 'main/stores/7.png', '[]', '2024-10-31 20:46:53', '2024-10-31 20:46:53', NULL, 'public'),
(83, 0, '8', '8', 7, 'image/png', 4237, 'main/stores/8.png', '[]', '2024-10-31 20:46:53', '2024-10-31 20:46:53', NULL, 'public'),
(84, 0, '9', '9', 7, 'image/png', 4096, 'main/stores/9.png', '[]', '2024-10-31 20:46:53', '2024-10-31 20:46:53', NULL, 'public'),
(85, 0, 'cover-1', 'cover-1', 7, 'image/png', 4208, 'main/stores/cover-1.png', '[]', '2024-10-31 20:46:53', '2024-10-31 20:46:53', NULL, 'public'),
(86, 0, 'cover-2', 'cover-2', 7, 'image/png', 8798, 'main/stores/cover-2.png', '[]', '2024-10-31 20:46:53', '2024-10-31 20:46:53', NULL, 'public'),
(87, 0, 'cover-3', 'cover-3', 7, 'image/png', 3888, 'main/stores/cover-3.png', '[]', '2024-10-31 20:46:53', '2024-10-31 20:46:53', NULL, 'public'),
(88, 0, 'cover-4', 'cover-4', 7, 'image/png', 11893, 'main/stores/cover-4.png', '[]', '2024-10-31 20:46:53', '2024-10-31 20:46:53', NULL, 'public'),
(89, 0, 'cover-5', 'cover-5', 7, 'image/png', 8798, 'main/stores/cover-5.png', '[]', '2024-10-31 20:46:53', '2024-10-31 20:46:53', NULL, 'public'),
(90, 0, 'shape-1', 'shape-1', 9, 'image/png', 1842, 'fashion/sliders/shape-1.png', '[]', '2024-10-31 20:46:56', '2024-10-31 20:46:56', NULL, 'public'),
(91, 0, 'shape-2', 'shape-2', 9, 'image/png', 489, 'fashion/sliders/shape-2.png', '[]', '2024-10-31 20:46:56', '2024-10-31 20:46:56', NULL, 'public'),
(92, 0, 'shape-3', 'shape-3', 9, 'image/png', 221, 'fashion/sliders/shape-3.png', '[]', '2024-10-31 20:46:56', '2024-10-31 20:46:56', NULL, 'public'),
(93, 0, 'slider-1', 'slider-1', 9, 'image/png', 10444, 'fashion/sliders/slider-1.png', '[]', '2024-10-31 20:46:56', '2024-10-31 20:46:56', NULL, 'public'),
(94, 0, 'slider-2', 'slider-2', 9, 'image/png', 9843, 'fashion/sliders/slider-2.png', '[]', '2024-10-31 20:46:56', '2024-10-31 20:46:56', NULL, 'public'),
(95, 0, 'slider-3', 'slider-3', 9, 'image/png', 11768, 'fashion/sliders/slider-3.png', '[]', '2024-10-31 20:46:56', '2024-10-31 20:46:56', NULL, 'public'),
(96, 0, '1', '1', 10, 'image/jpeg', 4294, 'fashion/product-categories/1.jpg', '[]', '2024-10-31 20:46:56', '2024-10-31 20:46:56', NULL, 'public'),
(97, 0, '2', '2', 10, 'image/jpeg', 4294, 'fashion/product-categories/2.jpg', '[]', '2024-10-31 20:46:56', '2024-10-31 20:46:56', NULL, 'public'),
(98, 0, '3', '3', 10, 'image/jpeg', 4294, 'fashion/product-categories/3.jpg', '[]', '2024-10-31 20:46:56', '2024-10-31 20:46:56', NULL, 'public'),
(99, 0, '4', '4', 10, 'image/jpeg', 4294, 'fashion/product-categories/4.jpg', '[]', '2024-10-31 20:46:57', '2024-10-31 20:46:57', NULL, 'public'),
(100, 0, '5', '5', 10, 'image/jpeg', 4294, 'fashion/product-categories/5.jpg', '[]', '2024-10-31 20:46:57', '2024-10-31 20:46:57', NULL, 'public'),
(101, 0, '6', '6', 10, 'image/jpeg', 4294, 'fashion/product-categories/6.jpg', '[]', '2024-10-31 20:46:57', '2024-10-31 20:46:57', NULL, 'public'),
(102, 0, 'product-1', 'product-1', 11, 'image/png', 9803, 'fashion/products/product-1.png', '[]', '2024-10-31 20:46:57', '2024-10-31 20:46:57', NULL, 'public'),
(103, 0, 'product-2', 'product-2', 11, 'image/png', 9803, 'fashion/products/product-2.png', '[]', '2024-10-31 20:46:57', '2024-10-31 20:46:57', NULL, 'public'),
(104, 0, 'product-3', 'product-3', 11, 'image/png', 9803, 'fashion/products/product-3.png', '[]', '2024-10-31 20:46:57', '2024-10-31 20:46:57', NULL, 'public'),
(105, 0, 'product-4', 'product-4', 11, 'image/png', 9803, 'fashion/products/product-4.png', '[]', '2024-10-31 20:46:57', '2024-10-31 20:46:57', NULL, 'public'),
(106, 0, 'product-5', 'product-5', 11, 'image/png', 9803, 'fashion/products/product-5.png', '[]', '2024-10-31 20:46:57', '2024-10-31 20:46:57', NULL, 'public'),
(107, 0, 'product-6', 'product-6', 11, 'image/png', 9803, 'fashion/products/product-6.png', '[]', '2024-10-31 20:46:57', '2024-10-31 20:46:57', NULL, 'public'),
(108, 0, 'product-7', 'product-7', 11, 'image/png', 9803, 'fashion/products/product-7.png', '[]', '2024-10-31 20:46:57', '2024-10-31 20:46:57', NULL, 'public'),
(109, 0, 'product-8', 'product-8', 11, 'image/png', 9803, 'fashion/products/product-8.png', '[]', '2024-10-31 20:46:57', '2024-10-31 20:46:57', NULL, 'public'),
(110, 0, '1', '1', 12, 'image/jpeg', 15433, 'main/video/1.jpg', '[]', '2024-10-31 20:46:58', '2024-10-31 20:46:58', NULL, 'public'),
(111, 0, '2', '2', 12, 'image/jpeg', 18347, 'main/video/2.jpg', '[]', '2024-10-31 20:46:58', '2024-10-31 20:46:58', NULL, 'public'),
(112, 0, 'video-1', 'video-1', 12, 'video/mp4', 4959871, 'main/video/video-1.mp4', '[]', '2024-10-31 20:46:58', '2024-10-31 20:46:58', NULL, 'public'),
(113, 0, 'video-2', 'video-2', 12, 'video/mp4', 1077550, 'main/video/video-2.mp4', '[]', '2024-10-31 20:46:58', '2024-10-31 20:46:58', NULL, 'public'),
(114, 0, '1', '1', 13, 'image/jpeg', 6309, 'main/banners/1.jpg', '[]', '2024-10-31 20:47:00', '2024-10-31 20:47:00', NULL, 'public'),
(115, 0, '2', '2', 13, 'image/jpeg', 6275, 'main/banners/2.jpg', '[]', '2024-10-31 20:47:00', '2024-10-31 20:47:00', NULL, 'public'),
(116, 0, 'slider-1', 'slider-1', 13, 'image/png', 8207, 'main/banners/slider-1.png', '[]', '2024-10-31 20:47:00', '2024-10-31 20:47:00', NULL, 'public'),
(117, 0, 'slider-2', 'slider-2', 13, 'image/png', 8497, 'main/banners/slider-2.png', '[]', '2024-10-31 20:47:00', '2024-10-31 20:47:00', NULL, 'public'),
(118, 0, 'slider-3', 'slider-3', 13, 'image/png', 6239, 'main/banners/slider-3.png', '[]', '2024-10-31 20:47:00', '2024-10-31 20:47:00', NULL, 'public'),
(119, 0, '1', '1', 14, 'image/jpeg', 6287, 'fashion/banners/1.jpg', '[]', '2024-10-31 20:47:00', '2024-10-31 20:47:00', NULL, 'public'),
(120, 0, '2', '2', 14, 'image/jpeg', 5975, 'fashion/banners/2.jpg', '[]', '2024-10-31 20:47:00', '2024-10-31 20:47:00', NULL, 'public'),
(121, 0, '3', '3', 14, 'image/jpeg', 5975, 'fashion/banners/3.jpg', '[]', '2024-10-31 20:47:01', '2024-10-31 20:47:01', NULL, 'public'),
(122, 0, '4', '4', 14, 'image/jpeg', 9052, 'fashion/banners/4.jpg', '[]', '2024-10-31 20:47:01', '2024-10-31 20:47:01', NULL, 'public'),
(123, 0, '1', '1', 15, 'image/jpeg', 4294, 'fashion/galleries/1.jpg', '[]', '2024-10-31 20:47:01', '2024-10-31 20:47:01', NULL, 'public'),
(124, 0, '2', '2', 15, 'image/jpeg', 4294, 'fashion/galleries/2.jpg', '[]', '2024-10-31 20:47:01', '2024-10-31 20:47:01', NULL, 'public'),
(125, 0, '3', '3', 15, 'image/jpeg', 4294, 'fashion/galleries/3.jpg', '[]', '2024-10-31 20:47:01', '2024-10-31 20:47:01', NULL, 'public'),
(126, 0, '4', '4', 15, 'image/jpeg', 4294, 'fashion/galleries/4.jpg', '[]', '2024-10-31 20:47:01', '2024-10-31 20:47:01', NULL, 'public'),
(127, 0, '5', '5', 15, 'image/jpeg', 4294, 'fashion/galleries/5.jpg', '[]', '2024-10-31 20:47:01', '2024-10-31 20:47:01', NULL, 'public'),
(128, 0, 'icon-1', 'icon-1', 16, 'image/png', 4492, 'main/contact/icon-1.png', '[]', '2024-10-31 20:47:01', '2024-10-31 20:47:01', NULL, 'public'),
(129, 0, 'icon-2', 'icon-2', 16, 'image/png', 5753, 'main/contact/icon-2.png', '[]', '2024-10-31 20:47:01', '2024-10-31 20:47:01', NULL, 'public'),
(130, 0, 'icon-3', 'icon-3', 16, 'image/png', 5987, 'main/contact/icon-3.png', '[]', '2024-10-31 20:47:01', '2024-10-31 20:47:01', NULL, 'public'),
(131, 0, 'line', 'line', 17, 'image/png', 6598, 'main/shapes/line.png', '[]', '2024-10-31 20:47:02', '2024-10-31 20:47:02', NULL, 'public'),
(132, 0, 'quote', 'quote', 17, 'image/png', 592, 'main/shapes/quote.png', '[]', '2024-10-31 20:47:02', '2024-10-31 20:47:02', NULL, 'public'),
(133, 1, 'first_iphone-removebg-preview', 'first_iphone-removebg-preview', 11, 'image/png', 130471, 'fashion/products/first-iphone-removebg-preview.png', '[]', '2025-02-14 08:27:58', '2025-02-14 08:27:58', NULL, 'public'),
(134, 1, 'seccond_iphone-removebg-preview', 'seccond_iphone-removebg-preview', 11, 'image/png', 35398, 'fashion/products/seccond-iphone-removebg-preview.png', '[]', '2025-02-14 08:28:01', '2025-02-14 08:28:01', NULL, 'public'),
(135, 1, 'third_iphone-removebg-preview', 'third_iphone-removebg-preview', 11, 'image/png', 48083, 'fashion/products/third-iphone-removebg-preview.png', '[]', '2025-02-14 08:28:02', '2025-02-14 08:28:02', NULL, 'public'),
(136, 1, 'fifth_iphone-removebg-preview', 'fifth_iphone-removebg-preview', 11, 'image/png', 44982, 'fashion/products/fifth-iphone-removebg-preview.png', '[]', '2025-02-14 08:28:03', '2025-02-14 08:28:03', NULL, 'public'),
(137, 0, 'logo_avs', 'logo_avs', 19, 'image/jpeg', 8375, 'customers/11/logo-avs.jpeg', '[]', '2025-02-14 10:33:25', '2025-02-14 10:33:25', NULL, 'public'),
(138, 1, 'logo_avs', 'logo_avs', 0, 'image/jpeg', 8375, 'logo-avs.jpeg', '[]', '2025-02-14 21:45:51', '2025-02-14 21:45:51', NULL, 'public'),
(139, 1, 'logo_avs-1', 'logo_avs-1', 0, 'image/jpeg', 8375, 'logo-avs-1.jpeg', '[]', '2025-02-14 21:46:17', '2025-02-14 21:46:17', NULL, 'public'),
(140, 0, 'k3', 'k3', 21, 'image/jpeg', 12924, 'stores/ladylife/k3.jpeg', '[]', '2025-02-14 22:02:51', '2025-02-14 22:02:51', NULL, 'public'),
(141, 0, 'k2', 'k2', 21, 'image/jpeg', 18209, 'stores/ladylife/k2.jpeg', '[]', '2025-02-14 22:02:52', '2025-02-14 22:02:52', NULL, 'public'),
(142, 0, 'k1', 'k1', 21, 'image/jpeg', 12762, 'stores/ladylife/k1.jpeg', '[]', '2025-02-14 22:02:53', '2025-02-14 22:02:53', NULL, 'public'),
(143, 1, 'fifth_iphone-removebg-preview', 'fifth_iphone-removebg-preview', 0, 'image/png', 44982, 'fifth-iphone-removebg-preview.png', '[]', '2025-02-14 22:33:14', '2025-02-14 22:33:14', NULL, 'public'),
(144, 1, 'first_iphone-removebg-preview', 'first_iphone-removebg-preview', 0, 'image/png', 130471, 'first-iphone-removebg-preview.png', '[]', '2025-02-14 22:33:15', '2025-02-14 22:33:15', NULL, 'public'),
(145, 1, 'seccond_iphone-removebg-preview', 'seccond_iphone-removebg-preview', 0, 'image/png', 35398, 'seccond-iphone-removebg-preview.png', '[]', '2025-02-14 22:33:16', '2025-02-14 22:33:16', NULL, 'public'),
(146, 1, 'third_iphone-removebg-preview', 'third_iphone-removebg-preview', 0, 'image/png', 48083, 'third-iphone-removebg-preview.png', '[]', '2025-02-14 22:33:17', '2025-02-14 22:33:17', NULL, 'public'),
(147, 1, '295cca3a-6cc2-4785-96e7-de290410ead1', '295cca3a-6cc2-4785-96e7-de290410ead1', 0, 'image/jpeg', 137957, '295cca3a-6cc2-4785-96e7-de290410ead1.jpeg', '[]', '2025-02-14 22:50:06', '2025-02-14 22:50:57', '2025-02-14 22:50:57', 'public'),
(148, 1, '295cca3a-6cc2-4785-96e7-de290410ead1-1', '295cca3a-6cc2-4785-96e7-de290410ead1-1', 0, 'image/jpeg', 133478, '295cca3a-6cc2-4785-96e7-de290410ead1-1.jpeg?v=1739593430', '[]', '2025-02-14 22:52:32', '2025-02-14 22:53:50', NULL, 'public'),
(149, 1, '295cca3a-6cc2-4785-96e7-de290410ead1-2', '295cca3a-6cc2-4785-96e7-de290410ead1-2', 0, 'image/jpeg', 133478, '295cca3a-6cc2-4785-96e7-de290410ead1-2.jpeg', '[]', '2025-02-14 22:53:59', '2025-02-14 22:53:59', NULL, 'public'),
(150, 1, 'Manusia Formal Baju Biru Ultra Laut Bebas Png Dan Psd, Pakaian Resmi, Setelan Foto Paspor, Pakaian Pria PNG Transparan Clipart dan File PSD untuk Unduh Gratis', 'Manusia Formal Baju Biru Ultra Laut Bebas Png Dan Psd, Pakaian Resmi, Setelan Foto Paspor, Pakaian Pria PNG Transparan Clipart dan File PSD untuk Unduh Gratis', 0, 'image/jpeg', 13838, 'manusia-formal-baju-biru-ultra-laut-bebas-png-dan-psd-pakaian-resmi-setelan-foto-paspor-pakaian-pria.jpeg', '[]', '2025-02-14 22:57:18', '2025-02-14 22:57:18', NULL, 'public'),
(151, 1, 'avs-logo', 'avs-logo', 0, 'image/png', 118425, 'avs-logo.png', '[]', '2025-02-17 08:27:43', '2025-02-17 08:27:43', NULL, 'public');

-- --------------------------------------------------------

--
-- Table structure for table `media_folders`
--

CREATE TABLE `media_folders` (
  `id` bigint(20) UNSIGNED NOT NULL,
  `user_id` bigint(20) UNSIGNED NOT NULL,
  `name` varchar(191) DEFAULT NULL,
  `color` varchar(191) DEFAULT NULL,
  `slug` varchar(191) DEFAULT NULL,
  `parent_id` bigint(20) UNSIGNED NOT NULL DEFAULT 0,
  `created_at` timestamp NULL DEFAULT NULL,
  `updated_at` timestamp NULL DEFAULT NULL,
  `deleted_at` timestamp NULL DEFAULT NULL
) ENGINE=InnoDB DEFAULT CHARSET=utf8mb4 COLLATE=utf8mb4_unicode_ci;

--
-- Dumping data for table `media_folders`
--

INSERT INTO `media_folders` (`id`, `user_id`, `name`, `color`, `slug`, `parent_id`, `created_at`, `updated_at`, `deleted_at`) VALUES
(1, 0, 'main', NULL, 'main', 0, '2024-10-31 20:46:45', '2024-10-31 20:46:45', NULL),
(2, 0, 'general', NULL, 'general', 1, '2024-10-31 20:46:45', '2024-10-31 20:46:45', NULL),
(3, 0, 'users', NULL, 'users', 1, '2024-10-31 20:46:46', '2024-10-31 20:46:46', NULL),
(4, 0, 'brands', NULL, 'brands', 1, '2024-10-31 20:46:47', '2024-10-31 20:46:47', NULL),
(5, 0, 'customers', NULL, 'customers', 1, '2024-10-31 20:46:47', '2024-10-31 20:46:47', NULL),
(6, 0, 'blog', NULL, 'blog', 1, '2024-10-31 20:46:51', '2024-10-31 20:46:51', NULL),
(7, 0, 'stores', NULL, 'stores', 1, '2024-10-31 20:46:52', '2024-10-31 20:46:52', NULL),
(8, 0, 'fashion', NULL, 'fashion', 0, '2024-10-31 20:46:56', '2024-10-31 20:46:56', NULL),
(9, 0, 'sliders', NULL, 'sliders', 8, '2024-10-31 20:46:56', '2024-10-31 20:46:56', NULL),
(10, 0, 'product-categories', NULL, 'product-categories', 8, '2024-10-31 20:46:56', '2024-10-31 20:46:56', NULL),
(11, 0, 'products', NULL, 'products', 8, '2024-10-31 20:46:57', '2024-10-31 20:46:57', NULL),
(12, 0, 'video', NULL, 'video', 1, '2024-10-31 20:46:57', '2024-10-31 20:46:57', NULL),
(13, 0, 'banners', NULL, 'banners', 1, '2024-10-31 20:47:00', '2024-10-31 20:47:00', NULL),
(14, 0, 'banners', NULL, 'banners', 8, '2024-10-31 20:47:00', '2024-10-31 20:47:00', NULL),
(15, 0, 'galleries', NULL, 'galleries', 8, '2024-10-31 20:47:01', '2024-10-31 20:47:01', NULL),
(16, 0, 'contact', NULL, 'contact', 1, '2024-10-31 20:47:01', '2024-10-31 20:47:01', NULL),
(17, 0, 'shapes', NULL, 'shapes', 1, '2024-10-31 20:47:02', '2024-10-31 20:47:02', NULL),
(18, 0, 'customers', NULL, 'customers', 0, '2025-02-14 10:33:25', '2025-02-14 10:33:25', NULL),
(19, 0, '11', NULL, '11', 18, '2025-02-14 10:33:25', '2025-02-14 10:33:25', NULL),
(20, 0, 'stores', NULL, 'stores', 0, '2025-02-14 22:02:51', '2025-02-14 22:02:51', NULL),
(21, 0, 'ladylife', NULL, 'ladylife', 20, '2025-02-14 22:02:51', '2025-02-14 22:02:51', NULL);

-- --------------------------------------------------------

--
-- Table structure for table `media_settings`
--

CREATE TABLE `media_settings` (
  `id` bigint(20) UNSIGNED NOT NULL,
  `key` varchar(120) NOT NULL,
  `value` text DEFAULT NULL,
  `media_id` bigint(20) UNSIGNED DEFAULT NULL,
  `user_id` bigint(20) UNSIGNED DEFAULT NULL,
  `created_at` timestamp NULL DEFAULT NULL,
  `updated_at` timestamp NULL DEFAULT NULL
) ENGINE=InnoDB DEFAULT CHARSET=utf8mb4 COLLATE=utf8mb4_unicode_ci;

-- --------------------------------------------------------

--
-- Table structure for table `menus`
--

CREATE TABLE `menus` (
  `id` bigint(20) UNSIGNED NOT NULL,
  `name` varchar(120) NOT NULL,
  `slug` varchar(120) DEFAULT NULL,
  `status` varchar(60) NOT NULL DEFAULT 'published',
  `created_at` timestamp NULL DEFAULT NULL,
  `updated_at` timestamp NULL DEFAULT NULL
) ENGINE=InnoDB DEFAULT CHARSET=utf8mb4 COLLATE=utf8mb4_unicode_ci;

--
-- Dumping data for table `menus`
--

INSERT INTO `menus` (`id`, `name`, `slug`, `status`, `created_at`, `updated_at`) VALUES
(1, 'Main menu', 'main-menu', 'published', '2024-10-31 20:47:01', '2025-02-14 23:10:22'),
(2, 'My Account', 'my-account', 'published', '2024-10-31 20:47:02', '2024-10-31 20:47:02'),
(3, 'Information', 'information', 'published', '2024-10-31 20:47:02', '2024-10-31 20:47:02'),
(4, 'footer-menu', 'footer-menu', 'published', '2025-02-15 00:30:52', '2025-02-15 00:33:33');

-- --------------------------------------------------------

--
-- Table structure for table `menu_locations`
--

CREATE TABLE `menu_locations` (
  `id` bigint(20) UNSIGNED NOT NULL,
  `menu_id` bigint(20) UNSIGNED NOT NULL,
  `location` varchar(191) NOT NULL,
  `created_at` timestamp NULL DEFAULT NULL,
  `updated_at` timestamp NULL DEFAULT NULL
) ENGINE=InnoDB DEFAULT CHARSET=utf8mb4 COLLATE=utf8mb4_unicode_ci;

--
-- Dumping data for table `menu_locations`
--

INSERT INTO `menu_locations` (`id`, `menu_id`, `location`, `created_at`, `updated_at`) VALUES
(1, 1, 'main-menu', '2024-10-31 20:47:02', '2024-10-31 20:47:02');

-- --------------------------------------------------------

--
-- Table structure for table `menu_nodes`
--

CREATE TABLE `menu_nodes` (
  `id` bigint(20) UNSIGNED NOT NULL,
  `menu_id` bigint(20) UNSIGNED NOT NULL,
  `parent_id` bigint(20) UNSIGNED NOT NULL DEFAULT 0,
  `reference_id` bigint(20) UNSIGNED DEFAULT NULL,
  `reference_type` varchar(191) DEFAULT NULL,
  `url` varchar(191) DEFAULT NULL,
  `icon_font` varchar(191) DEFAULT NULL,
  `position` tinyint(3) UNSIGNED NOT NULL DEFAULT 0,
  `title` varchar(191) DEFAULT NULL,
  `css_class` varchar(191) DEFAULT NULL,
  `target` varchar(20) NOT NULL DEFAULT '_self',
  `has_child` tinyint(3) UNSIGNED NOT NULL DEFAULT 0,
  `created_at` timestamp NULL DEFAULT NULL,
  `updated_at` timestamp NULL DEFAULT NULL
) ENGINE=InnoDB DEFAULT CHARSET=utf8mb4 COLLATE=utf8mb4_unicode_ci;

--
-- Dumping data for table `menu_nodes`
--

INSERT INTO `menu_nodes` (`id`, `menu_id`, `parent_id`, `reference_id`, `reference_type`, `url`, `icon_font`, `position`, `title`, `css_class`, `target`, `has_child`, `created_at`, `updated_at`) VALUES
(1, 1, 0, 1, 'Botble\\Page\\Models\\Page', '', '', 0, 'Home', '', '_self', 0, '2024-10-31 20:47:02', '2025-02-14 23:10:22'),
(7, 1, 0, 0, NULL, '', '', 2, 'Shop', '', '_self', 1, '2024-10-31 20:47:02', '2025-02-14 23:10:22'),
(8, 1, 44, 2, 'Botble\\Page\\Models\\Page', '/categories', '', 0, 'Shop Categories', '', '_self', 0, '2024-10-31 20:47:02', '2025-02-14 23:10:22'),
(9, 1, 44, 3, 'Botble\\Page\\Models\\Page', '/brands', '', 1, 'Shop Brands', '', '_self', 0, '2024-10-31 20:47:02', '2025-02-14 23:10:22'),
(12, 1, 44, 0, NULL, '/products/classic-aviator-sunglasses', '', 2, 'Product Detail', '', '_self', 0, '2024-10-31 20:47:02', '2025-02-14 23:10:22'),
(13, 1, 7, 4, 'Botble\\Page\\Models\\Page', '/coupons', '', 0, 'Grab Coupons', '', '_self', 0, '2024-10-31 20:47:02', '2025-02-14 23:10:22'),
(14, 1, 7, 0, NULL, '/cart', '', 1, 'Cart', '', '_self', 0, '2024-10-31 20:47:02', '2025-02-14 23:10:22'),
(15, 1, 7, 0, NULL, '/compare', '', 2, 'Compare', '', '_self', 0, '2024-10-31 20:47:02', '2025-02-14 23:10:22'),
(16, 1, 7, 0, NULL, '/wishlist', '', 3, 'Wishlist', '', '_self', 0, '2024-10-31 20:47:02', '2025-02-14 23:10:22'),
(17, 1, 7, 0, NULL, '/orders/tracking', '', 4, 'Track Your Order', '', '_self', 0, '2024-10-31 20:47:02', '2025-02-14 23:10:22'),
(30, 1, 0, 6, 'Botble\\Page\\Models\\Page', '/contact', '', 3, 'Contact', '', '_self', 0, '2024-10-31 20:47:02', '2025-02-14 23:10:22'),
(31, 2, 0, NULL, NULL, '/orders/tracking', NULL, 1, 'Track Orders', NULL, '_self', 0, '2024-10-31 20:47:02', '2024-10-31 20:47:02'),
(32, 2, 0, 11, 'Botble\\Page\\Models\\Page', '/shipping', NULL, 1, 'Shipping', NULL, '_self', 0, '2024-10-31 20:47:02', '2024-10-31 20:47:02'),
(33, 2, 0, NULL, NULL, '/wishlist', NULL, 1, 'Wishlist', NULL, '_self', 0, '2024-10-31 20:47:02', '2024-10-31 20:47:02'),
(34, 2, 0, NULL, NULL, '/customer/overview', NULL, 1, 'My Account', NULL, '_self', 0, '2024-10-31 20:47:02', '2024-10-31 20:47:02'),
(35, 2, 0, NULL, NULL, '/customer/orders', NULL, 1, 'Order History', NULL, '_self', 0, '2024-10-31 20:47:02', '2024-10-31 20:47:02'),
(36, 2, 0, NULL, NULL, '/customer/order-returns', NULL, 1, 'Returns', NULL, '_self', 0, '2024-10-31 20:47:02', '2024-10-31 20:47:02'),
(37, 3, 0, 9, 'Botble\\Page\\Models\\Page', '/our-story', NULL, 2, 'Our Story', NULL, '_self', 0, '2024-10-31 20:47:02', '2024-10-31 20:47:02'),
(38, 3, 0, 10, 'Botble\\Page\\Models\\Page', '/careers', NULL, 2, 'Careers', NULL, '_self', 0, '2024-10-31 20:47:02', '2024-10-31 20:47:02'),
(39, 3, 0, 8, 'Botble\\Page\\Models\\Page', '/cookie-policy', NULL, 2, 'Privacy Policy', NULL, '_self', 0, '2024-10-31 20:47:02', '2024-10-31 20:47:02'),
(40, 3, 0, NULL, NULL, '/blog', NULL, 2, 'Latest News', NULL, '_self', 0, '2024-10-31 20:47:02', '2024-10-31 20:47:02'),
(41, 3, 0, 6, 'Botble\\Page\\Models\\Page', '/contact', NULL, 2, 'Contact Us', NULL, '_self', 0, '2024-10-31 20:47:02', '2024-10-31 20:47:02'),
(44, 1, 0, 0, NULL, '/', 'ti ti-list-details', 1, 'Details', '', '_self', 1, '2025-02-14 23:08:41', '2025-02-14 23:10:22'),
(45, 4, 0, 1, 'Botble\\Page\\Models\\Page', '', NULL, 0, 'Home', NULL, '_self', 0, '2025-02-15 00:31:18', '2025-02-15 00:33:33'),
(46, 4, 0, 6, 'Botble\\Page\\Models\\Page', '/contact', NULL, 1, 'Contact', NULL, '_self', 0, '2025-02-15 00:31:34', '2025-02-15 00:33:33'),
(47, 4, 0, 7, 'Botble\\Page\\Models\\Page', '/faqs', NULL, 2, 'FAQs', NULL, '_self', 0, '2025-02-15 00:32:59', '2025-02-15 00:33:33'),
(48, 4, 0, 13, 'Botble\\Page\\Models\\Page', '/return-policy', NULL, 3, 'Return Policy', NULL, '_self', 0, '2025-02-15 00:32:59', '2025-02-15 00:33:33'),
(49, 4, 0, 7, 'Botble\\Ecommerce\\Models\\ProductCategory', '/product-categories/womens-clothing', NULL, 4, 'Women\'s Clothing', NULL, '_self', 0, '2025-02-15 00:33:13', '2025-02-15 00:33:34');

-- --------------------------------------------------------

--
-- Table structure for table `meta_boxes`
--

CREATE TABLE `meta_boxes` (
  `id` bigint(20) UNSIGNED NOT NULL,
  `meta_key` varchar(191) NOT NULL,
  `meta_value` text DEFAULT NULL,
  `reference_id` bigint(20) UNSIGNED NOT NULL,
  `reference_type` varchar(120) NOT NULL,
  `created_at` timestamp NULL DEFAULT NULL,
  `updated_at` timestamp NULL DEFAULT NULL
) ENGINE=InnoDB DEFAULT CHARSET=utf8mb4 COLLATE=utf8mb4_unicode_ci;

--
-- Dumping data for table `meta_boxes`
--

INSERT INTO `meta_boxes` (`id`, `meta_key`, `meta_value`, `reference_id`, `reference_type`, `created_at`, `updated_at`) VALUES
(1, 'button_label', '[\"Shop Collection\"]', 1, 'Botble\\SimpleSlider\\Models\\SimpleSliderItem', '2024-10-31 20:46:56', '2024-10-31 20:46:56'),
(2, 'button_label', '[\"Shop Collection\"]', 2, 'Botble\\SimpleSlider\\Models\\SimpleSliderItem', '2024-10-31 20:46:56', '2024-10-31 20:46:56'),
(3, 'button_label', '[\"Shop Collection\"]', 3, 'Botble\\SimpleSlider\\Models\\SimpleSliderItem', '2024-10-31 20:46:56', '2024-10-31 20:46:56'),
(4, 'faq_ids', '[[2,5,6,8,9]]', 1, 'Botble\\Ecommerce\\Models\\Product', '2024-10-31 20:46:58', '2024-10-31 20:46:58'),
(5, 'faq_ids', '[[3,4,5,6,7]]', 2, 'Botble\\Ecommerce\\Models\\Product', '2024-10-31 20:46:58', '2024-10-31 20:46:58'),
(6, 'faq_ids', '[[3,5,8,9,10]]', 3, 'Botble\\Ecommerce\\Models\\Product', '2024-10-31 20:46:58', '2024-10-31 20:46:58'),
(7, 'faq_ids', '[[2,5,8,9,10]]', 4, 'Botble\\Ecommerce\\Models\\Product', '2024-10-31 20:46:58', '2024-10-31 20:46:58'),
(8, 'faq_ids', '[[1,2,5,8,10]]', 5, 'Botble\\Ecommerce\\Models\\Product', '2024-10-31 20:46:58', '2024-10-31 20:46:58'),
(9, 'faq_ids', '[[1,3,7,9,10]]', 6, 'Botble\\Ecommerce\\Models\\Product', '2024-10-31 20:46:58', '2024-10-31 20:46:58'),
(10, 'faq_ids', '[[1,2,6,9,10]]', 7, 'Botble\\Ecommerce\\Models\\Product', '2024-10-31 20:46:58', '2024-10-31 20:46:58'),
(11, 'faq_ids', '[[1,4,6,8,9]]', 8, 'Botble\\Ecommerce\\Models\\Product', '2024-10-31 20:46:58', '2024-10-31 20:46:58'),
(12, 'faq_ids', '[[2,3,5,6,8]]', 9, 'Botble\\Ecommerce\\Models\\Product', '2024-10-31 20:46:58', '2024-10-31 20:46:58'),
(13, 'faq_ids', '[[1,2,7,8,10]]', 10, 'Botble\\Ecommerce\\Models\\Product', '2024-10-31 20:46:58', '2024-10-31 20:46:58'),
(14, 'faq_ids', '[[1,4,6,7,10]]', 11, 'Botble\\Ecommerce\\Models\\Product', '2024-10-31 20:46:58', '2024-10-31 20:46:58'),
(15, 'faq_ids', '[[2,5,6,9,10]]', 12, 'Botble\\Ecommerce\\Models\\Product', '2024-10-31 20:46:58', '2024-10-31 20:46:58'),
(16, 'faq_ids', '[[1,3,4,6,9]]', 13, 'Botble\\Ecommerce\\Models\\Product', '2024-10-31 20:46:58', '2024-10-31 20:46:58'),
(17, 'faq_ids', '[[1,3,4,9,10]]', 14, 'Botble\\Ecommerce\\Models\\Product', '2024-10-31 20:46:58', '2024-10-31 20:46:58'),
(18, 'faq_ids', '[[1,2,6,7,8]]', 15, 'Botble\\Ecommerce\\Models\\Product', '2024-10-31 20:46:58', '2024-10-31 20:46:58'),
(19, 'faq_ids', '[[1,3,5,6,8]]', 16, 'Botble\\Ecommerce\\Models\\Product', '2024-10-31 20:46:58', '2024-10-31 20:46:58'),
(20, 'faq_ids', '[[1,4,7,8,10]]', 17, 'Botble\\Ecommerce\\Models\\Product', '2024-10-31 20:46:58', '2024-10-31 20:46:58'),
(21, 'faq_ids', '[[1,5,6,9,10]]', 18, 'Botble\\Ecommerce\\Models\\Product', '2024-10-31 20:46:58', '2024-10-31 20:46:58'),
(22, 'faq_ids', '[[1,4,5,8,9]]', 19, 'Botble\\Ecommerce\\Models\\Product', '2024-10-31 20:46:58', '2024-10-31 20:46:58'),
(23, 'faq_ids', '[[1,4,5,6,10]]', 20, 'Botble\\Ecommerce\\Models\\Product', '2024-10-31 20:46:58', '2024-10-31 20:46:58'),
(24, 'faq_ids', '[[1,2,3,6,7]]', 21, 'Botble\\Ecommerce\\Models\\Product', '2024-10-31 20:46:58', '2024-10-31 20:46:58'),
(25, 'faq_ids', '[[2,6,7,8,10]]', 22, 'Botble\\Ecommerce\\Models\\Product', '2024-10-31 20:46:58', '2024-10-31 20:46:58'),
(26, 'faq_ids', '[[1,2,4,6,10]]', 23, 'Botble\\Ecommerce\\Models\\Product', '2024-10-31 20:46:58', '2024-10-31 20:46:58'),
(27, 'faq_ids', '[[5,6,7,8,9]]', 24, 'Botble\\Ecommerce\\Models\\Product', '2024-10-31 20:46:58', '2024-10-31 20:46:58'),
(28, 'faq_ids', '[[1,4,7,8,9]]', 25, 'Botble\\Ecommerce\\Models\\Product', '2024-10-31 20:46:58', '2024-10-31 20:46:58'),
(29, 'faq_ids', '[[1,2,5,6,8]]', 26, 'Botble\\Ecommerce\\Models\\Product', '2024-10-31 20:46:58', '2024-10-31 20:46:58'),
(30, 'faq_ids', '[[1,4,5,6,7]]', 27, 'Botble\\Ecommerce\\Models\\Product', '2024-10-31 20:46:58', '2024-10-31 20:46:58'),
(31, 'faq_ids', '[[1,2,6,7,9]]', 28, 'Botble\\Ecommerce\\Models\\Product', '2024-10-31 20:46:58', '2024-10-31 20:46:58'),
(32, 'faq_ids', '[[1,4,5,9,10]]', 29, 'Botble\\Ecommerce\\Models\\Product', '2024-10-31 20:46:58', '2024-10-31 20:46:58'),
(33, 'faq_ids', '[[2,4,5,6,10]]', 30, 'Botble\\Ecommerce\\Models\\Product', '2024-10-31 20:46:58', '2024-10-31 20:46:58'),
(34, 'faq_ids', '[[2,4,5,7,9]]', 31, 'Botble\\Ecommerce\\Models\\Product', '2024-10-31 20:46:58', '2024-10-31 20:46:58'),
(35, 'faq_ids', '[[2,6,8,9,10]]', 32, 'Botble\\Ecommerce\\Models\\Product', '2024-10-31 20:46:58', '2024-10-31 20:46:58'),
(36, 'faq_ids', '[[1,2,3,6,7]]', 33, 'Botble\\Ecommerce\\Models\\Product', '2024-10-31 20:46:58', '2024-10-31 20:46:58'),
(38, 'faq_ids', '[[2,4,5,7,10]]', 35, 'Botble\\Ecommerce\\Models\\Product', '2024-10-31 20:46:58', '2024-10-31 20:46:58'),
(39, 'faq_ids', '[[1,5,6,7,8]]', 36, 'Botble\\Ecommerce\\Models\\Product', '2024-10-31 20:46:58', '2024-10-31 20:46:58'),
(40, 'faq_ids', '[[1,4,5,8,9]]', 37, 'Botble\\Ecommerce\\Models\\Product', '2024-10-31 20:46:58', '2024-10-31 20:46:58'),
(41, 'faq_ids', '[[5,6,7,8,9]]', 38, 'Botble\\Ecommerce\\Models\\Product', '2024-10-31 20:46:58', '2024-10-31 20:46:58'),
(42, 'faq_ids', '[[1,6,7,9,10]]', 39, 'Botble\\Ecommerce\\Models\\Product', '2024-10-31 20:46:58', '2024-10-31 20:46:58'),
(43, 'faq_ids', '[[1,3,5,6,10]]', 40, 'Botble\\Ecommerce\\Models\\Product', '2024-10-31 20:46:58', '2024-10-31 20:46:58'),
(44, 'faq_ids', '[[2,5,7,8,10]]', 41, 'Botble\\Ecommerce\\Models\\Product', '2024-10-31 20:46:58', '2024-10-31 20:46:58'),
(45, 'faq_ids', '[[1,3,4,8,10]]', 42, 'Botble\\Ecommerce\\Models\\Product', '2024-10-31 20:46:58', '2024-10-31 20:46:58'),
(46, 'faq_ids', '[[\"3\",\"5\",\"6\",\"7\",\"10\"]]', 43, 'Botble\\Ecommerce\\Models\\Product', '2024-10-31 20:46:58', '2025-02-14 08:30:47'),
(53, 'title', '[\"New Arrivals\"]', 3, 'Botble\\Ads\\Models\\Ads', '2024-10-31 20:47:01', '2025-02-14 23:44:31'),
(54, 'button_label', '[\"Shop Now\"]', 3, 'Botble\\Ads\\Models\\Ads', '2024-10-31 20:47:01', '2024-10-31 20:47:01'),
(61, 'breadcrumb_style', '[\"none\"]', 1, 'Botble\\Page\\Models\\Page', '2024-10-31 20:47:01', '2024-10-31 20:47:01'),
(62, 'breadcrumb_style', '[\"align-start\"]', 2, 'Botble\\Page\\Models\\Page', '2024-10-31 20:47:01', '2024-10-31 20:47:01'),
(63, 'breadcrumb_style', '[\"align-center\"]', 7, 'Botble\\Page\\Models\\Page', '2024-10-31 20:47:01', '2024-10-31 20:47:01'),
(64, 'seo_meta', '[{\"index\":\"index\"}]', 43, 'Botble\\Ecommerce\\Models\\Product', '2025-02-14 08:30:46', '2025-02-14 08:30:46'),
(65, 'background_color', '[\"transparent\"]', 1, 'Botble\\SimpleSlider\\Models\\SimpleSliderItem', '2025-02-14 10:15:15', '2025-02-14 10:15:15'),
(66, 'is_light', '[\"0\"]', 1, 'Botble\\SimpleSlider\\Models\\SimpleSliderItem', '2025-02-14 10:15:15', '2025-02-14 10:15:15'),
(67, 'background_color', '[\"transparent\"]', 2, 'Botble\\SimpleSlider\\Models\\SimpleSliderItem', '2025-02-14 10:15:35', '2025-02-14 10:15:35'),
(68, 'is_light', '[\"0\"]', 2, 'Botble\\SimpleSlider\\Models\\SimpleSliderItem', '2025-02-14 10:15:35', '2025-02-14 10:15:35'),
(69, 'background_color', '[\"transparent\"]', 3, 'Botble\\SimpleSlider\\Models\\SimpleSliderItem', '2025-02-14 10:15:53', '2025-02-14 10:15:53'),
(70, 'is_light', '[\"0\"]', 3, 'Botble\\SimpleSlider\\Models\\SimpleSliderItem', '2025-02-14 10:15:53', '2025-02-14 10:15:53'),
(71, 'subtitle', '[\"Demo\"]', 1, 'Botble\\SimpleSlider\\Models\\SimpleSliderItem', '2025-02-14 10:20:24', '2025-02-14 10:20:24'),
(72, 'breadcrumb_style', '[\"align-start\"]', 3, 'Botble\\Page\\Models\\Page', '2025-02-14 10:37:37', '2025-02-14 10:37:37'),
(73, 'breadcrumb_background', '[\"fashion\\/products\\/fifth-iphone-removebg-preview.png\"]', 3, 'Botble\\Page\\Models\\Page', '2025-02-14 10:37:37', '2025-02-14 10:37:37'),
(74, 'seo_meta', '[{\"index\":\"index\"}]', 3, 'Botble\\Page\\Models\\Page', '2025-02-14 10:37:37', '2025-02-14 10:37:37'),
(75, 'tablet_image', '[\"fashion\\/products\\/first-iphone-removebg-preview.png\"]', 1, 'Botble\\SimpleSlider\\Models\\SimpleSliderItem', '2025-02-14 10:54:14', '2025-02-14 10:54:14'),
(76, 'mobile_image', '[\"fashion\\/products\\/first-iphone-removebg-preview.png\"]', 1, 'Botble\\SimpleSlider\\Models\\SimpleSliderItem', '2025-02-14 10:54:14', '2025-02-14 10:54:14'),
(77, 'tablet_image', '[\"fashion\\/products\\/seccond-iphone-removebg-preview.png\"]', 2, 'Botble\\SimpleSlider\\Models\\SimpleSliderItem', '2025-02-14 10:54:35', '2025-02-14 10:54:35'),
(78, 'mobile_image', '[\"fashion\\/products\\/seccond-iphone-removebg-preview.png\"]', 2, 'Botble\\SimpleSlider\\Models\\SimpleSliderItem', '2025-02-14 10:54:35', '2025-02-14 10:54:35'),
(79, 'tablet_image', '[\"fashion\\/products\\/third-iphone-removebg-preview.png\"]', 3, 'Botble\\SimpleSlider\\Models\\SimpleSliderItem', '2025-02-14 10:54:55', '2025-02-14 10:54:55'),
(80, 'mobile_image', '[\"fashion\\/products\\/third-iphone-removebg-preview.png\"]', 3, 'Botble\\SimpleSlider\\Models\\SimpleSliderItem', '2025-02-14 10:54:55', '2025-02-14 10:54:55'),
(81, 'breadcrumb_background', '[\"fashion\\/products\\/first-iphone-removebg-preview.png\"]', 1, 'Botble\\Page\\Models\\Page', '2025-02-14 10:58:06', '2025-02-14 10:58:06'),
(82, 'breadcrumb_style', '[\"align-start\"]', 14, 'Botble\\Page\\Models\\Page', '2025-02-14 10:59:43', '2025-02-14 10:59:43'),
(83, 'breadcrumb_background', '[\"fashion\\/products\\/third-iphone-removebg-preview.png\"]', 14, 'Botble\\Page\\Models\\Page', '2025-02-14 10:59:43', '2025-02-14 10:59:43'),
(84, 'seo_meta', '[{\"index\":\"index\"}]', 14, 'Botble\\Page\\Models\\Page', '2025-02-14 10:59:43', '2025-02-14 10:59:43'),
(85, 'seo_meta', '[{\"index\":\"index\"}]', 101, 'Botble\\Ecommerce\\Models\\Product', '2025-02-14 22:06:31', '2025-02-14 22:06:31'),
(86, 'faq_ids', '[[]]', 101, 'Botble\\Ecommerce\\Models\\Product', '2025-02-14 22:06:31', '2025-02-14 22:06:31'),
(87, 'seo_meta', '[{\"index\":\"index\"}]', 7, 'Botble\\Ecommerce\\Models\\ProductTag', '2025-02-14 22:06:31', '2025-02-14 22:06:31'),
(88, 'seo_meta', '[{\"index\":\"index\"}]', 2, 'Botble\\Page\\Models\\Page', '2025-02-14 22:55:39', '2025-02-14 22:55:39'),
(89, 'seo_meta', '[{\"index\":\"index\"}]', 2, 'Botble\\Ecommerce\\Models\\ProductCategory', '2025-02-14 22:57:28', '2025-02-14 22:57:28'),
(90, 'seo_meta', '[{\"index\":\"index\"}]', 6, 'Botble\\Ecommerce\\Models\\Brand', '2025-02-14 23:34:25', '2025-02-14 23:34:25'),
(91, 'seo_meta', '[{\"index\":\"index\"}]', 127, 'Botble\\Ecommerce\\Models\\Product', '2025-02-19 03:36:18', '2025-02-19 03:36:18'),
(92, 'faq_ids', '[[]]', 127, 'Botble\\Ecommerce\\Models\\Product', '2025-02-19 03:36:18', '2025-02-19 03:36:18'),
(93, 'seo_meta', '[{\"index\":\"index\"}]', 8, 'Botble\\Ecommerce\\Models\\ProductTag', '2025-02-19 03:36:18', '2025-02-19 03:36:18'),
(94, 'seo_meta', '[{\"index\":\"index\"}]', 9, 'Botble\\Ecommerce\\Models\\ProductTag', '2025-02-19 03:36:18', '2025-02-19 03:36:18');

-- --------------------------------------------------------

--
-- Table structure for table `migrations`
--

CREATE TABLE `migrations` (
  `id` int(10) UNSIGNED NOT NULL,
  `migration` varchar(191) NOT NULL,
  `batch` int(11) NOT NULL
) ENGINE=InnoDB DEFAULT CHARSET=utf8mb4 COLLATE=utf8mb4_unicode_ci;

--
-- Dumping data for table `migrations`
--

INSERT INTO `migrations` (`id`, `migration`, `batch`) VALUES
(1, '2013_04_09_032329_create_base_tables', 1),
(2, '2013_04_09_062329_create_revisions_table', 1),
(3, '2014_10_12_000000_create_users_table', 1),
(4, '2014_10_12_100000_create_password_reset_tokens_table', 1),
(5, '2015_06_18_033822_create_blog_table', 1),
(6, '2015_06_29_025744_create_audit_history', 1),
(7, '2016_05_28_112028_create_system_request_logs_table', 1),
(8, '2016_06_10_230148_create_acl_tables', 1),
(9, '2016_06_14_230857_create_menus_table', 1),
(10, '2016_06_17_091537_create_contacts_table', 1),
(11, '2016_06_28_221418_create_pages_table', 1),
(12, '2016_10_03_032336_create_languages_table', 1),
(13, '2016_10_05_074239_create_setting_table', 1),
(14, '2016_10_07_193005_create_translations_table', 1),
(15, '2016_10_13_150201_create_galleries_table', 1),
(16, '2016_11_28_032840_create_dashboard_widget_tables', 1),
(17, '2016_12_16_084601_create_widgets_table', 1),
(18, '2017_05_09_070343_create_media_tables', 1),
(19, '2017_05_18_080441_create_payment_tables', 1),
(20, '2017_07_11_140018_create_simple_slider_table', 1),
(21, '2017_10_24_154832_create_newsletter_table', 1),
(22, '2017_11_03_070450_create_slug_table', 1),
(23, '2018_07_09_214610_create_testimonial_table', 1),
(24, '2018_07_09_221238_create_faq_table', 1),
(25, '2019_01_05_053554_create_jobs_table', 1),
(26, '2019_08_19_000000_create_failed_jobs_table', 1),
(27, '2019_11_18_061011_create_country_table', 1),
(28, '2019_12_14_000001_create_personal_access_tokens_table', 1),
(29, '2020_03_05_041139_create_ecommerce_tables', 1),
(30, '2020_11_18_150916_ads_create_ads_table', 1),
(31, '2021_01_01_044147_ecommerce_create_flash_sale_table', 1),
(32, '2021_01_17_082713_add_column_is_featured_to_product_collections_table', 1),
(33, '2021_01_18_024333_add_zip_code_into_table_customer_addresses', 1),
(34, '2021_02_16_092633_remove_default_value_for_author_type', 1),
(35, '2021_02_18_073505_update_table_ec_reviews', 1),
(36, '2021_03_10_024419_add_column_confirmed_at_to_table_ec_customers', 1),
(37, '2021_03_10_025153_change_column_tax_amount', 1),
(38, '2021_03_20_033103_add_column_availability_to_table_ec_products', 1),
(39, '2021_03_27_144913_add_customer_type_into_table_payments', 1),
(40, '2021_04_28_074008_ecommerce_create_product_label_table', 1),
(41, '2021_05_24_034720_make_column_currency_nullable', 1),
(42, '2021_05_31_173037_ecommerce_create_ec_products_translations', 1),
(43, '2021_07_06_030002_create_marketplace_table', 1),
(44, '2021_08_09_161302_add_metadata_column_to_payments_table', 1),
(45, '2021_08_17_105016_remove_column_currency_id_in_some_tables', 1),
(46, '2021_08_30_142128_add_images_column_to_ec_reviews_table', 1),
(47, '2021_09_04_150137_add_vendor_verified_at_to_ec_customers_table', 1),
(48, '2021_10_04_030050_add_column_created_by_to_table_ec_products', 1),
(49, '2021_10_04_033903_add_column_approved_by_into_table_ec_products', 1),
(50, '2021_10_05_122616_add_status_column_to_ec_customers_table', 1),
(51, '2021_10_06_124943_add_transaction_id_column_to_mp_customer_withdrawals_table', 1),
(52, '2021_10_10_054216_add_columns_to_mp_customer_revenues_table', 1),
(53, '2021_10_19_020859_update_metadata_field', 1),
(54, '2021_10_25_021023_fix-priority-load-for-language-advanced', 1),
(55, '2021_11_03_025806_nullable_phone_number_in_ec_customer_addresses', 1),
(56, '2021_11_23_071403_correct_languages_for_product_variations', 1),
(57, '2021_11_28_031808_add_product_tags_translations', 1),
(58, '2021_12_01_031123_add_featured_image_to_ec_products', 1),
(59, '2021_12_02_035301_add_ads_translations_table', 1),
(60, '2021_12_03_030600_create_blog_translations', 1),
(61, '2021_12_03_075608_create_page_translations', 1),
(62, '2021_12_03_082134_create_faq_translations', 1),
(63, '2021_12_03_082953_create_gallery_translations', 1),
(64, '2021_12_03_083642_create_testimonials_translations', 1),
(65, '2021_12_03_084118_create_location_translations', 1),
(66, '2021_12_03_094518_migrate_old_location_data', 1),
(67, '2021_12_06_031304_update_table_mp_customer_revenues', 1),
(68, '2021_12_10_034440_switch_plugin_location_to_use_language_advanced', 1),
(69, '2022_01_01_033107_update_table_ec_shipments', 1),
(70, '2022_01_16_085908_improve_plugin_location', 1),
(71, '2022_02_16_042457_improve_product_attribute_sets', 1),
(72, '2022_03_22_075758_correct_product_name', 1),
(73, '2022_04_19_113334_add_index_to_ec_products', 1),
(74, '2022_04_19_113923_add_index_to_table_posts', 1),
(75, '2022_04_20_100851_add_index_to_media_table', 1),
(76, '2022_04_20_101046_add_index_to_menu_table', 1),
(77, '2022_04_28_144405_remove_unused_table', 1),
(78, '2022_04_30_034048_create_gallery_meta_translations_table', 1),
(79, '2022_05_05_115015_create_ec_customer_recently_viewed_products_table', 1),
(80, '2022_05_18_143720_add_index_to_table_ec_product_categories', 1),
(81, '2022_06_16_095633_add_index_to_some_tables', 1),
(82, '2022_06_28_151901_activate_paypal_stripe_plugin', 1),
(83, '2022_06_30_035148_create_order_referrals_table', 1),
(84, '2022_07_07_153354_update_charge_id_in_table_payments', 1),
(85, '2022_07_10_034813_move_lang_folder_to_root', 1),
(86, '2022_07_24_153815_add_completed_at_to_ec_orders_table', 1),
(87, '2022_08_04_051940_add_missing_column_expires_at', 1),
(88, '2022_08_04_052122_delete_location_backup_tables', 1),
(89, '2022_08_14_032836_create_ec_order_returns_table', 1),
(90, '2022_08_14_033554_create_ec_order_return_items_table', 1),
(91, '2022_08_15_040324_add_billing_address', 1),
(92, '2022_08_30_091114_support_digital_products_table', 1),
(93, '2022_09_01_000001_create_admin_notifications_tables', 1),
(94, '2022_09_13_095744_create_options_table', 1),
(95, '2022_09_13_104347_create_option_value_table', 1),
(96, '2022_10_05_163518_alter_table_ec_order_product', 1),
(97, '2022_10_12_041517_create_invoices_table', 1),
(98, '2022_10_12_142226_update_orders_table', 1),
(99, '2022_10_13_024916_update_table_order_returns', 1),
(100, '2022_10_14_024629_drop_column_is_featured', 1),
(101, '2022_10_19_152916_add_columns_to_mp_stores_table', 1),
(102, '2022_10_20_062849_create_mp_category_sale_commissions_table', 1),
(103, '2022_10_21_030830_update_columns_in_ec_shipments_table', 1),
(104, '2022_10_28_021046_update_columns_in_ec_shipments_table', 1),
(105, '2022_11_02_071413_add_more_info_for_store', 1),
(106, '2022_11_02_080444_add_tax_info', 1),
(107, '2022_11_16_034522_update_type_column_in_ec_shipping_rules_table', 1),
(108, '2022_11_18_063357_add_missing_timestamp_in_table_settings', 1),
(109, '2022_11_19_041643_add_ec_tax_product_table', 1),
(110, '2022_12_02_093615_update_slug_index_columns', 1),
(111, '2022_12_12_063830_update_tax_defadult_in_ec_tax_products_table', 1),
(112, '2022_12_17_041532_fix_address_in_order_invoice', 1),
(113, '2022_12_26_070329_create_ec_product_views_table', 1),
(114, '2023_01_04_033051_fix_product_categories', 1),
(115, '2023_01_09_050400_add_ec_global_options_translations_table', 1),
(116, '2023_01_10_093754_add_missing_option_value_id', 1),
(117, '2023_01_17_082713_add_column_barcode_and_cost_per_item_to_product_table', 1),
(118, '2023_01_26_021854_add_ec_customer_used_coupons_table', 1),
(119, '2023_01_30_024431_add_alt_to_media_table', 1),
(120, '2023_02_01_062030_add_store_translations', 1),
(121, '2023_02_08_015900_update_options_column_in_ec_order_product_table', 1),
(122, '2023_02_13_032133_update_fee_column_mp_customer_revenues_table', 1),
(123, '2023_02_16_042611_drop_table_password_resets', 1),
(124, '2023_02_17_023648_fix_store_prefix', 1),
(125, '2023_02_27_095752_remove_duplicate_reviews', 1),
(126, '2023_03_20_115757_add_user_type_column_to_ec_shipment_histories_table', 1),
(127, '2023_04_17_062645_add_open_in_new_tab', 1),
(128, '2023_04_21_082427_create_ec_product_categorizables_table', 1),
(129, '2023_04_23_005903_add_column_permissions_to_admin_notifications', 1),
(130, '2023_04_23_061847_increase_state_translations_abbreviation_column', 1),
(131, '2023_05_03_011331_add_missing_column_price_into_invoice_items_table', 1),
(132, '2023_05_10_075124_drop_column_id_in_role_users_table', 1),
(133, '2023_05_17_025812_fix_invoice_issue', 1),
(134, '2023_05_26_073140_move_option_make_phone_field_optional_at_checkout_page_to_mandatory_fields', 1),
(135, '2023_05_27_144611_fix_exchange_rate_setting', 1),
(136, '2023_06_22_084331_add_generate_license_code_to_ec_products_table', 1),
(137, '2023_06_30_042512_create_ec_order_tax_information_table', 1),
(138, '2023_07_06_011444_create_slug_translations_table', 1),
(139, '2023_07_14_022724_remove_column_id_from_ec_product_collection_products', 1),
(140, '2023_07_26_041451_add_more_columns_to_location_table', 1),
(141, '2023_07_27_041451_add_more_columns_to_location_translation_table', 1),
(142, '2023_08_09_012940_remove_column_status_in_ec_product_attributes', 1),
(143, '2023_08_11_060908_create_announcements_table', 1),
(144, '2023_08_15_064505_create_ec_tax_rules_table', 1),
(145, '2023_08_15_073307_drop_unique_in_states_cities_translations', 1),
(146, '2023_08_21_021819_make_column_address_in_ec_customer_addresses_nullable', 1),
(147, '2023_08_21_090810_make_page_content_nullable', 1),
(148, '2023_08_22_094114_drop_unique_for_barcode', 1),
(149, '2023_08_29_074620_make_column_author_id_nullable', 1),
(150, '2023_08_29_075308_make_column_user_id_nullable', 1),
(151, '2023_08_30_031811_add_apply_via_url_column_to_ec_discounts_table', 1),
(152, '2023_09_07_094312_add_index_to_product_sku_and_translations', 1),
(153, '2023_09_14_021936_update_index_for_slugs_table', 1),
(154, '2023_09_14_022423_add_index_for_language_table', 1),
(155, '2023_09_19_024955_create_discount_product_categories_table', 1),
(156, '2023_10_17_070728_add_icon_and_icon_image_to_product_categories_table', 1),
(157, '2023_10_21_065016_make_state_id_in_table_cities_nullable', 1),
(158, '2023_11_07_023805_add_tablet_mobile_image', 1),
(159, '2023_11_10_080225_migrate_contact_blacklist_email_domains_to_core', 1),
(160, '2023_11_14_033417_change_request_column_in_table_audit_histories', 1),
(161, '2023_11_17_063408_add_description_column_to_faq_categories_table', 1),
(162, '2023_11_22_154643_add_unique_in_table_ec_products_variations', 1),
(163, '2023_11_27_032313_add_price_columns_to_ec_product_cross_sale_relations_table', 1),
(164, '2023_12_06_023945_add_display_on_checkout_column_to_ec_discounts_table', 1),
(165, '2023_12_07_095130_add_color_column_to_media_folders_table', 1),
(166, '2023_12_12_105220_drop_translations_table', 1),
(167, '2023_12_17_162208_make_sure_column_color_in_media_folders_nullable', 1),
(168, '2023_12_25_040604_ec_create_review_replies_table', 1),
(169, '2023_12_26_090340_add_private_notes_column_to_ec_customers_table', 1),
(170, '2024_01_16_070706_fix_translation_tables', 1),
(171, '2024_01_23_075227_add_proof_file_to_ec_orders_table', 1),
(172, '2024_03_14_041050_migrate_lazy_load_theme_options', 1),
(173, '2024_03_20_080001_migrate_change_attribute_email_to_nullable_form_contacts_table', 1),
(174, '2024_03_21_100334_update_section_title_shape', 1),
(175, '2024_03_25_000001_update_captcha_settings_for_contact', 1),
(176, '2024_03_25_000001_update_captcha_settings_for_newsletter', 1),
(177, '2024_03_26_041531_add_cancel_reason_to_ec_orders_table', 1),
(178, '2024_03_27_062402_create_ec_customer_deletion_requests_table', 1),
(179, '2024_03_29_042242_migrate_old_captcha_settings', 1),
(180, '2024_03_29_093946_create_ec_order_return_histories_table', 1),
(181, '2024_04_01_043317_add_google_adsense_slot_id_to_ads_table', 1),
(182, '2024_04_01_063523_add_customer_columns_to_ec_reviews_table', 1),
(183, '2024_04_03_062451_add_cover_image_to_table_mp_stores', 1),
(184, '2024_04_04_110758_update_value_column_in_user_meta_table', 1),
(185, '2024_04_15_092654_migrate_ecommerce_google_tag_manager_code_setting', 1),
(186, '2024_04_16_035713_add_min_max_order_quantity_columns_to_products_table', 1),
(187, '2024_04_19_063914_create_custom_fields_table', 1),
(188, '2024_04_27_100730_improve_analytics_setting', 1),
(189, '2024_05_07_073153_improve_table_wishlist', 1),
(190, '2024_05_07_082630_create_mp_messages_table', 1),
(191, '2024_05_07_093703_add_missing_zip_code_into_table_store_locators', 1),
(192, '2024_05_12_091229_add_column_visibility_to_table_media_files', 1),
(193, '2024_05_15_021503_fix_invoice_path', 1),
(194, '2024_06_20_160724_create_ec_shared_wishlists_table', 1),
(195, '2024_06_28_025104_add_notify_attachment_updated_column_to_ec_products_table', 1),
(196, '2024_07_03_030900_add_downloaded_at_column_to_ec_order_product_table', 1),
(197, '2024_07_04_083133_create_payment_logs_table', 1),
(198, '2024_07_07_091316_fix_column_url_in_menu_nodes_table', 1),
(199, '2024_07_12_100000_change_random_hash_for_media', 1),
(200, '2024_07_14_071826_make_customer_email_nullable', 1),
(201, '2024_07_15_104916_add_video_media_column_to_ec_products_table', 1),
(202, '2024_07_19_131849_add_documents_to_mp_stores_table', 1),
(203, '2024_07_26_052530_add_percentage_to_tax_rules_table', 1),
(204, '2024_07_30_091615_fix_order_column_in_categories_table', 1),
(205, '2024_08_14_123028_add_customer_delivered_confirmed_at_column_to_ec_shipments_table', 1),
(206, '2024_08_17_094600_add_image_into_countries', 1),
(207, '2024_08_18_083119_add_tax_id_column_to_mp_stores_table', 1),
(208, '2024_08_19_132849_create_specification_tables', 1),
(209, '2024_08_27_141244_add_block_reason_to_ec_customers_table', 1),
(210, '2024_09_07_060744_add_author_column_to_specification_tables', 1),
(211, '2024_09_14_064023_add_can_use_with_flash_sale_column_to_ec_discounts_table', 1),
(212, '2024_09_14_100108_add_stripe_connect_details_to_ec_customers_table', 1),
(213, '2024_09_17_125408_add_square_logo_to_stores_table', 1),
(214, '2024_09_25_073928_remove_wrong_product_slugs', 1),
(215, '2024_09_30_024515_create_sessions_table', 1);

-- --------------------------------------------------------

--
-- Table structure for table `mp_category_sale_commissions`
--

CREATE TABLE `mp_category_sale_commissions` (
  `id` bigint(20) UNSIGNED NOT NULL,
  `product_category_id` bigint(20) UNSIGNED NOT NULL,
  `commission_percentage` decimal(8,2) NOT NULL DEFAULT 0.00
) ENGINE=InnoDB DEFAULT CHARSET=utf8mb4 COLLATE=utf8mb4_unicode_ci;

-- --------------------------------------------------------

--
-- Table structure for table `mp_customer_revenues`
--

CREATE TABLE `mp_customer_revenues` (
  `id` bigint(20) UNSIGNED NOT NULL,
  `customer_id` bigint(20) UNSIGNED DEFAULT NULL,
  `order_id` bigint(20) UNSIGNED DEFAULT NULL,
  `sub_amount` decimal(15,2) DEFAULT 0.00,
  `fee` decimal(15,2) DEFAULT 0.00,
  `amount` decimal(15,2) DEFAULT 0.00,
  `current_balance` decimal(15,2) DEFAULT 0.00,
  `currency` varchar(120) DEFAULT NULL,
  `description` text DEFAULT NULL,
  `created_at` timestamp NULL DEFAULT NULL,
  `updated_at` timestamp NULL DEFAULT NULL,
  `user_id` bigint(20) UNSIGNED NOT NULL DEFAULT 0,
  `type` varchar(60) DEFAULT NULL
) ENGINE=InnoDB DEFAULT CHARSET=utf8mb4 COLLATE=utf8mb4_unicode_ci;

-- --------------------------------------------------------

--
-- Table structure for table `mp_customer_withdrawals`
--

CREATE TABLE `mp_customer_withdrawals` (
  `id` bigint(20) UNSIGNED NOT NULL,
  `customer_id` bigint(20) UNSIGNED DEFAULT NULL,
  `fee` decimal(15,2) UNSIGNED DEFAULT 0.00,
  `amount` decimal(15,2) UNSIGNED DEFAULT 0.00,
  `current_balance` decimal(15,2) UNSIGNED DEFAULT 0.00,
  `currency` varchar(120) DEFAULT NULL,
  `description` text DEFAULT NULL,
  `bank_info` text DEFAULT NULL,
  `payment_channel` varchar(60) DEFAULT NULL,
  `user_id` bigint(20) UNSIGNED NOT NULL DEFAULT 0,
  `status` varchar(60) NOT NULL DEFAULT 'pending',
  `images` text DEFAULT NULL,
  `created_at` timestamp NULL DEFAULT NULL,
  `updated_at` timestamp NULL DEFAULT NULL,
  `transaction_id` varchar(60) DEFAULT NULL
) ENGINE=InnoDB DEFAULT CHARSET=utf8mb4 COLLATE=utf8mb4_unicode_ci;

-- --------------------------------------------------------

--
-- Table structure for table `mp_messages`
--

CREATE TABLE `mp_messages` (
  `id` bigint(20) UNSIGNED NOT NULL,
  `store_id` bigint(20) UNSIGNED NOT NULL,
  `customer_id` bigint(20) UNSIGNED DEFAULT NULL,
  `name` varchar(60) NOT NULL,
  `email` varchar(60) NOT NULL,
  `content` longtext NOT NULL,
  `created_at` timestamp NULL DEFAULT NULL,
  `updated_at` timestamp NULL DEFAULT NULL
) ENGINE=InnoDB DEFAULT CHARSET=utf8mb4 COLLATE=utf8mb4_unicode_ci;

-- --------------------------------------------------------

--
-- Table structure for table `mp_stores`
--

CREATE TABLE `mp_stores` (
  `id` bigint(20) UNSIGNED NOT NULL,
  `name` varchar(191) NOT NULL,
  `email` varchar(60) DEFAULT NULL,
  `phone` varchar(20) DEFAULT NULL,
  `address` varchar(191) DEFAULT NULL,
  `country` varchar(120) DEFAULT NULL,
  `state` varchar(120) DEFAULT NULL,
  `city` varchar(120) DEFAULT NULL,
  `customer_id` bigint(20) UNSIGNED DEFAULT NULL,
  `logo` varchar(191) DEFAULT NULL,
  `logo_square` varchar(255) DEFAULT NULL,
  `cover_image` varchar(191) DEFAULT NULL,
  `description` varchar(400) DEFAULT NULL,
  `content` longtext DEFAULT NULL,
  `status` varchar(60) NOT NULL DEFAULT 'published',
  `vendor_verified_at` datetime DEFAULT NULL,
  `created_at` timestamp NULL DEFAULT NULL,
  `updated_at` timestamp NULL DEFAULT NULL,
  `zip_code` varchar(20) DEFAULT NULL,
  `company` varchar(191) DEFAULT NULL,
  `tax_id` varchar(191) DEFAULT NULL,
  `certificate_file` varchar(191) DEFAULT NULL,
  `government_id_file` varchar(191) DEFAULT NULL
) ENGINE=InnoDB DEFAULT CHARSET=utf8mb4 COLLATE=utf8mb4_unicode_ci;

--
-- Dumping data for table `mp_stores`
--

INSERT INTO `mp_stores` (`id`, `name`, `email`, `phone`, `address`, `country`, `state`, `city`, `customer_id`, `logo`, `logo_square`, `cover_image`, `description`, `content`, `status`, `vendor_verified_at`, `created_at`, `updated_at`, `zip_code`, `company`, `tax_id`, `certificate_file`, `government_id_file`) VALUES
(9, 'Ladylife Boutique', '', '9313535043', NULL, NULL, NULL, NULL, 11, NULL, NULL, NULL, NULL, NULL, 'published', NULL, '2025-02-14 21:53:51', '2025-02-14 21:53:51', NULL, NULL, NULL, NULL, NULL);

-- --------------------------------------------------------

--
-- Table structure for table `mp_stores_translations`
--

CREATE TABLE `mp_stores_translations` (
  `lang_code` varchar(191) NOT NULL,
  `mp_stores_id` bigint(20) UNSIGNED NOT NULL,
  `name` varchar(191) DEFAULT NULL,
  `description` varchar(400) DEFAULT NULL,
  `content` longtext DEFAULT NULL,
  `address` varchar(191) DEFAULT NULL,
  `company` varchar(191) DEFAULT NULL,
  `cover_image` varchar(191) DEFAULT NULL
) ENGINE=InnoDB DEFAULT CHARSET=utf8mb4 COLLATE=utf8mb4_unicode_ci;

-- --------------------------------------------------------

--
-- Table structure for table `mp_vendor_info`
--

CREATE TABLE `mp_vendor_info` (
  `id` bigint(20) UNSIGNED NOT NULL,
  `customer_id` bigint(20) UNSIGNED NOT NULL DEFAULT 0,
  `balance` decimal(15,2) NOT NULL DEFAULT 0.00,
  `total_fee` decimal(15,2) NOT NULL DEFAULT 0.00,
  `total_revenue` decimal(15,2) NOT NULL DEFAULT 0.00,
  `signature` varchar(191) DEFAULT NULL,
  `bank_info` text DEFAULT NULL,
  `created_at` timestamp NULL DEFAULT NULL,
  `updated_at` timestamp NULL DEFAULT NULL,
  `payout_payment_method` varchar(120) DEFAULT 'bank_transfer',
  `tax_info` text DEFAULT NULL
) ENGINE=InnoDB DEFAULT CHARSET=utf8mb4 COLLATE=utf8mb4_unicode_ci;

--
-- Dumping data for table `mp_vendor_info`
--

INSERT INTO `mp_vendor_info` (`id`, `customer_id`, `balance`, `total_fee`, `total_revenue`, `signature`, `bank_info`, `created_at`, `updated_at`, `payout_payment_method`, `tax_info`) VALUES
(8, 11, 0.00, 0.00, 0.00, '$2y$12$Wu/f03j961RZXJNXyKNE6euE1qIbm1PeH83Hs13RXx.o8QiOnIrki', NULL, '2025-02-14 21:53:55', '2025-02-14 21:53:55', 'bank_transfer', NULL);

-- --------------------------------------------------------

--
-- Table structure for table `newsletters`
--

CREATE TABLE `newsletters` (
  `id` bigint(20) UNSIGNED NOT NULL,
  `email` varchar(120) NOT NULL,
  `name` varchar(120) DEFAULT NULL,
  `status` varchar(60) NOT NULL DEFAULT 'subscribed',
  `created_at` timestamp NULL DEFAULT NULL,
  `updated_at` timestamp NULL DEFAULT NULL
) ENGINE=InnoDB DEFAULT CHARSET=utf8mb4 COLLATE=utf8mb4_unicode_ci;

--
-- Dumping data for table `newsletters`
--

INSERT INTO `newsletters` (`id`, `email`, `name`, `status`, `created_at`, `updated_at`) VALUES
(1, 'ranavadiyahardik31@gmail.com', NULL, 'subscribed', '2025-02-19 04:23:30', '2025-02-19 04:23:30');

-- --------------------------------------------------------

--
-- Table structure for table `pages`
--

CREATE TABLE `pages` (
  `id` bigint(20) UNSIGNED NOT NULL,
  `name` varchar(120) NOT NULL,
  `content` longtext DEFAULT NULL,
  `user_id` bigint(20) UNSIGNED DEFAULT NULL,
  `image` varchar(191) DEFAULT NULL,
  `template` varchar(60) DEFAULT NULL,
  `description` varchar(400) DEFAULT NULL,
  `status` varchar(60) NOT NULL DEFAULT 'published',
  `created_at` timestamp NULL DEFAULT NULL,
  `updated_at` timestamp NULL DEFAULT NULL
) ENGINE=InnoDB DEFAULT CHARSET=utf8mb4 COLLATE=utf8mb4_unicode_ci;

--
-- Dumping data for table `pages`
--

INSERT INTO `pages` (`id`, `name`, `content`, `user_id`, `image`, `template`, `description`, `status`, `created_at`, `updated_at`) VALUES
(1, 'Home', '<shortcode>[simple-slider style=\"2\" key=\"home-slider\" customize_font_family_of_description=\"0\" font_family_of_description=\"Oregano\" title_font_size=\"80\" is_autoplay=\"yes\" autoplay_speed=\"5000\" is_loop=\"yes\"][/simple-slider]</shortcode><p>&nbsp;</p><shortcode>[ecommerce-categories style=\"slider\" category_ids=\"2,7\" title=\"Popular On The Our Store.\" subtitle=\"Shop by Category\" background_color=\"#F3F5F7\" items_per_view=\"5\" show_products_count=\"yes\" enable_lazy_loading=\"no\"][/ecommerce-categories]</shortcode><shortcode>[ads style=\"2\" key_1=\"WXAUTIJV1QU0\" full_width=\"0,1\" enable_lazy_loading=\"no\"][/ads]</shortcode><shortcode>[ecommerce-product-groups title=\"Customer Favorite Style Product\" subtitle=\"All Product Shop\" limit=\"8\" tabs=\"all,featured,on-sale,trending,top-rated\" enable_lazy_loading=\"yes\"][/ecommerce-product-groups]</shortcode><shortcode>[ecommerce-products style=\"slider-full-width\" title=\"This Week\'s Featured\" subtitle=\"Shop by Category\" collection_ids=\"1\" limit=\"5\" with_sidebar=\"on\" background_color=\"#EFF1F5\" enable_lazy_loading=\"yes\"][/ecommerce-products]</shortcode><shortcode>[ecommerce-products title=\"Trending Arrivals\" subtitle=\"More to Discover\" collection_ids=\"1\" limit=\"5\" with_sidebar=\"on\" ads_ids=\"6\" style=\"slider\" ads=\"VKJNCBIBQC1O\" enable_lazy_loading=\"yes\"][/ecommerce-products]</shortcode><shortcode>[ecommerce-products style=\"slider-full-width\" title=\"This Week\'s Featured\" subtitle=\"Best Seller This Week\'s\" limit=\"12\" slides_to_show=\"4\" items_per_row=\"4\" border_color=\"#fd4b6b\" background_color=\"#EFF1F5\" enable_lazy_loading=\"yes\"][/ecommerce-products]</shortcode><p>&nbsp;</p><p>&nbsp;</p><shortcode>[site-features style=\"2\" quantity=\"4\" title_1=\"Free Delivery\" description_1=\"Orders from all item\" icon_1=\"ti ti-truck-delivery\" title_2=\"Return &amp; Refund\" description_2=\"Money-back guarantee\" icon_2=\"ti ti-currency-dollar\" title_3=\"Member Discount\" description_3=\"Every order over $140.00\" icon_3=\"ti ti-discount-2\" title_4=\"Support 24/7\" description_4=\"Contact us 24 hours a day\" icon_4=\"ti ti-headset\" enable_lazy_loading=\"yes\"][/site-features]</shortcode>', 1, 'fashion/products/fifth-iphone-removebg-preview.png', 'full-width', '', 'published', '2024-10-31 20:47:01', '2025-02-19 04:34:52'),
(2, 'Categories', '<p>&nbsp;</p><shortcode>[ecommerce-categories style=\"grid\" category_ids=\"2,7\" title=\"Popular On The Our Store.\" subtitle=\"Shop by Category\" background_color=\"#F3F5F7\" items_per_view=\"5\" show_products_count=\"yes\" enable_lazy_loading=\"yes\"][/ecommerce-categories]</shortcode>', 1, NULL, 'full-width', 'Categories Of Our Products', 'published', '2024-10-31 20:47:01', '2025-02-19 04:35:44'),
(3, 'Brands', '<shortcode>[ecommerce-brands show_brand_name=\"1\" enable_lazy_loading=\"yes\"][/ecommerce-brands]</shortcode>', 1, 'fashion/products/seccond-iphone-removebg-preview.png', 'default', '', 'published', '2024-10-31 20:47:01', '2025-02-14 10:37:37'),
(4, 'Coupons', '[ecommerce-coupons coupon_ids=\"1,2,3,4,5,6\" enable_lazy_loading=\"yes\"][/ecommerce-coupons]', 1, NULL, 'full-width', NULL, 'published', '2024-10-31 20:47:01', '2024-10-31 20:47:01'),
(5, 'Blog', NULL, 1, NULL, 'full-width', NULL, 'published', '2024-10-31 20:47:01', '2024-10-31 20:47:01'),
(6, 'Contact', '[contact-form show_contact_form=&quot;1&quot; title=&quot;Sent A Message&quot; quantity=&quot;2&quot; icon_1=&quot;main/contact/icon-1.png&quot; content_1=&quot;contact@shofy.com &lt;br&gt; &lt;strong&gt;+670 413 90 762&lt;/strong&gt;&quot; icon_2=&quot;main/contact/icon-2.png&quot; content_2=&quot;502 New St, Brighton VIC 3186, Australia&quot; show_social_info=&quot;1&quot; social_info_label=&quot;Find on social media&quot; social_info_icon=&quot;main/contact/icon-3.png&quot;][/contact-form][google-map]502 New Street, Brighton VIC, Australia[/google-map]', 1, NULL, 'full-width', NULL, 'published', '2024-10-31 20:47:01', '2024-10-31 20:47:01'),
(7, 'FAQs', '[faqs style=\"group\" title=\"Frequently Ask Questions\" description=\"Below are frequently asked questions, you may find the answer for yourself.\" category_ids=\"1,2,3\" expand_first_time=\"1\"][/faqs]', 1, NULL, NULL, NULL, 'published', '2024-10-31 20:47:01', '2024-10-31 20:47:01'),
(8, 'Cookie Policy', '<h3>EU Cookie Consent</h3><p>To use this website we are using Cookies and collecting some Data. To be compliant with the EU GDPR we give you to choose if you allow us to use certain Cookies and to collect some Data.</p><h4>Essential Data</h4><p>The Essential Data is needed to run the Site you are visiting technically. You can not deactivate them.</p><p>- Session Cookie: PHP uses a Cookie to identify user sessions. Without this Cookie the Website is not working.</p><p>- XSRF-Token Cookie: Laravel automatically generates a CSRF \"token\" for each active user session managed by the application. This token is used to verify that the authenticated user is the one actually making the requests to the application.</p>', 1, NULL, NULL, NULL, 'published', '2024-10-31 20:47:01', '2024-10-31 20:47:01'),
(9, 'Our Story', '<h4>A passion for handcrafted coffee, brewed with love and community.</h4>\n\n<p>\n    We are a small, family-owned coffee roaster dedicated to bringing the finest, ethically sourced beans to your cup. Our story began in a cozy kitchen, fueled by a shared passion for the rich aroma and invigorating taste of freshly brewed coffee. We dreamt of creating a space where people could connect over a warm cup, share stories, and experience the joy of handcrafted coffee.\n</p>\n\n<h4>From Humble Beginnings to Roasting Success:</h4>\n\n<p>\n    Our journey started with a small coffee roaster nestled in our garage. We spent countless hours experimenting with different roasting profiles, meticulously cupping each batch to achieve the perfect balance of flavor and aroma. Driven by a desire to make a difference, we built relationships with sustainable coffee farms around the world, ensuring fair trade practices and the highest quality beans.\n</p>\n\n<h4>Milestones and More to Come:</h4>\n\n<p>\n    Our dedication to quality and community resonated with coffee lovers, and our small business quickly grew. We opened our first cafe, a warm and inviting space where people could gather, savor our freshly roasted coffee, and connect with friends and neighbors. We\'ve continued to expand, now offering a variety of handcrafted coffee beverages, alongside delicious pastries and light bites.\n</p>\n\n<h4>Values at Our Core:</h4>\n\n<p>\n    At the heart of everything we do lies our commitment to ethical sourcing, sustainable practices, and building meaningful connections. We believe in supporting the communities that cultivate our coffee beans, ensuring fair wages and responsible farming methods. Every cup you enjoy contributes to a positive impact, one sip at a time.\n</p>\n\n<h4>Join us on our journey!</h4>\n\n<p>\n    We invite you to explore our world of coffee, from the rich diversity of our bean origins to the unique flavors crafted through meticulous roasting. Visit our cafe, discover your perfect cup, and become part of our ever-growing coffee community. Let\'s connect over a cup, share stories, and celebrate the simple joy of a well-brewed coffee.\n</p>\n', 1, NULL, NULL, NULL, 'published', '2024-10-31 20:47:01', '2024-10-31 20:47:01'),
(10, 'Careers', '<h3>Careers: Be Part of Our Brewing Legacy</h3>\n\n<p>\n    At Shofy, we\'re not just brewing coffee, we\'re brewing a legacy. Since our humble beginnings in 2024, we\'ve grown from a small, family-owned roaster to a thriving coffee haven. But our passion for quality, community, and sustainability remains at the core of everything we do.\n</p>\n\n<h4>Why Join Our Team?</h4>\n\n<ul>\n    <li>\n        <p><strong>Become a Coffee Connoisseur</strong>: Immerse yourself in the world of coffee, learning from experienced roasters and baristas about bean origins, roasting techniques, and crafting the perfect cup.</p>\n    </li>\n    <li>\n        <p><strong>Fuel Your Passion</strong>: Contribute to our mission by sourcing ethically, promoting sustainable practices, and fostering positive relationships with coffee-growing communities around the globe.</p>\n    </li>\n    <li>\n        <p><strong>Grow with Us</strong>: We offer comprehensive training programs and opportunities for professional development, helping you refine your skills and advance your career in the coffee industry.</p>\n    </li>\n    <li>\n        <p><strong>Be Part of the Family</strong>: We cultivate a collaborative and supportive work environment where your unique talents and perspectives are valued.</p>\n    </li>\n</ul>\n\n<h4>Current Openings:</h4>\n\n<ul>\n    <li>\n        <p><strong>Coffee Roaster</strong>: Play a vital role in our roasting process, meticulously crafting unique flavor profiles and ensuring the highest quality beans reach our customers.</p>\n    </li>\n    <li>\n        <p><strong>Barista</strong>: Become a coffee ambassador, welcoming guests with a smile, crafting their perfect cup, and sharing your knowledge and passion for coffee.</p>\n    </li>\n    <li>\n        <p><strong>Cafe Manager</strong>: Lead your team in creating a warm and inviting atmosphere, overseeing daily operations, and ensuring exceptional customer service.</p>\n    </li>\n</ul>\n\n<h4>We are always looking for passionate individuals who share our values:</h4>\n\n<ul>\n    <li>\n        <p>A genuine love for coffee and a desire to learn everything there is to know about it.</p>\n    </li>\n    <li>\n        <p>A commitment to ethical sourcing, sustainability, and social responsibility.</p>\n    </li>\n    <li>\n        <p>Excellent communication and interpersonal skills to build rapport with colleagues and customers.</p>\n    </li>\n    <li>\n        <p>A positive attitude, a willingness to learn, and a collaborative spirit.</p>\n    </li>\n</ul>\n\n<p>Ready to join our brewing legacy?</p>\n\n<p>\n    Submit your resume and cover letter, telling us why you\'re a perfect fit for our team. We look forward to meeting passionate individuals who are ready to brew the future with us, one cup at a time.\n</p>\n', 1, NULL, NULL, NULL, 'published', '2024-10-31 20:47:01', '2024-10-31 20:47:01'),
(11, 'Shipping', '<section>\n    <h2>Shipping Methods</h2>\n    <p>We offer several shipping methods to choose from:</p>\n    <ul>\n        <li>Standard Shipping - 3 to 5 business days</li>\n        <li>Express Shipping - 1 to 2 business days</li>\n        <li>International Shipping - 7 to 14 business days</li>\n    </ul>\n    <p>Please note that shipping times may vary depending on your location and other factors.</p>\n</section>\n\n<section>\n    <h2>Shipping Costs</h2>\n    <p>Shipping costs are calculated based on the weight of your order and the shipping method selected during checkout.</p>\n    <p>You can view the estimated shipping costs in your shopping cart before completing your purchase.</p>\n</section>\n\n<section>\n    <h2>Tracking Your Order</h2>\n    <p>Once your order has been shipped, you will receive a confirmation email with a tracking number.</p>\n    <p>You can use this tracking number to monitor the status of your delivery on our website or through the shipping carrier\'s website.</p>\n</section>\n\n<section>\n    <h2>Shipping Restrictions</h2>\n    <p>Some items may be subject to shipping restrictions due to size, weight, or destination.</p>\n    <p>If your order contains any restricted items, we will notify you during the checkout process.</p>\n</section>\n', 1, NULL, NULL, NULL, 'published', '2024-10-31 20:47:01', '2024-10-31 20:47:01'),
(12, 'Coming Soon', '[coming-soon title=\"Get Notified When We Launch\" countdown_time=\"2025-05-20\" address=\" 58 Street Commercial Road Fratton, Australia\" hotline=\"+123456789\" business_hours=\"Mon – Sat: 8 am – 5 pm, Sunday: CLOSED\" show_social_links=\"0,1\" image=\"main/general/contact-img.jpg\"][/coming-soon]', 1, NULL, 'without-layout', NULL, 'published', '2024-10-31 20:47:01', '2024-10-31 20:47:01'),
(13, 'Return Policy', '<h1>Return Policy</h1>\n<p>Thank you for shopping at [Your Company Name]. We are committed to ensuring that you are completely satisfied with\n    your purchase. If for any reason you are not entirely happy with your purchase, we\'re here to help.</p>\n\n<h2>Returns</h2>\n<p>You have [X] calendar days to return an item from the date you received it.</p>\n<p>To be eligible for a return, your item must be unused and in the same condition that you received it. Your item must\n    be in the original packaging.</p>\n<p>Your item needs to have the receipt or proof of purchase.</p>\n\n<h2>Refunds</h2>\n<p>Once we receive your item, we will inspect it and notify you that we have received your returned item. We will\n    immediately notify you on the status of your refund after inspecting the item.</p>\n<p>If your return is approved, we will initiate a refund to your credit card (or original method of payment). You will\n    receive the credit within a certain amount of days, depending on your card issuer\'s policies.</p>\n\n<h2>Shipping</h2>\n<p>You will be responsible for paying for your own shipping costs for returning your item. Shipping costs are\n    non-refundable. If you receive a refund, the cost of return shipping will be deducted from your refund.</p>\n\n<h2>Contact Us</h2>\n<p>If you have any questions on how to return your item to us, contact us at:</p>\n<ul>\n    <li>Email: [Your Email Address]</li>\n    <li>Phone: [Your Phone Number]</li>\n    <li>Address: [Your Physical Address]</li>\n</ul>\n', 1, NULL, NULL, NULL, 'published', '2024-10-31 20:47:01', '2024-10-31 20:47:01'),
(14, 'New Products', '<shortcode>[ecommerce-collections collection_ids=\"2\" items_per_view=\"5\" enable_lazy_loading=\"yes\"][/ecommerce-collections]</shortcode>', 1, 'fashion/products/first-iphone-removebg-preview.png', 'full-width', 'New Products Added', 'published', '2025-02-14 10:59:43', '2025-02-14 10:59:43');

-- --------------------------------------------------------

--
-- Table structure for table `pages_translations`
--

CREATE TABLE `pages_translations` (
  `lang_code` varchar(20) NOT NULL,
  `pages_id` bigint(20) UNSIGNED NOT NULL,
  `name` varchar(191) DEFAULT NULL,
  `description` varchar(400) DEFAULT NULL,
  `content` longtext DEFAULT NULL
) ENGINE=InnoDB DEFAULT CHARSET=utf8mb4 COLLATE=utf8mb4_unicode_ci;

-- --------------------------------------------------------

--
-- Table structure for table `password_reset_tokens`
--

CREATE TABLE `password_reset_tokens` (
  `email` varchar(191) NOT NULL,
  `token` varchar(191) NOT NULL,
  `created_at` timestamp NULL DEFAULT NULL
) ENGINE=InnoDB DEFAULT CHARSET=utf8mb4 COLLATE=utf8mb4_unicode_ci;

-- --------------------------------------------------------

--
-- Table structure for table `payments`
--

CREATE TABLE `payments` (
  `id` bigint(20) UNSIGNED NOT NULL,
  `currency` varchar(120) DEFAULT NULL,
  `user_id` bigint(20) UNSIGNED NOT NULL DEFAULT 0,
  `charge_id` varchar(191) DEFAULT NULL,
  `payment_channel` varchar(60) DEFAULT NULL,
  `description` varchar(400) DEFAULT NULL,
  `amount` decimal(15,2) UNSIGNED NOT NULL,
  `order_id` bigint(20) UNSIGNED DEFAULT NULL,
  `status` varchar(60) DEFAULT 'pending',
  `payment_type` varchar(191) DEFAULT 'confirm',
  `customer_id` bigint(20) UNSIGNED DEFAULT NULL,
  `refunded_amount` decimal(15,2) UNSIGNED DEFAULT NULL,
  `refund_note` varchar(191) DEFAULT NULL,
  `created_at` timestamp NULL DEFAULT NULL,
  `updated_at` timestamp NULL DEFAULT NULL,
  `customer_type` varchar(191) DEFAULT NULL,
  `metadata` mediumtext DEFAULT NULL
) ENGINE=InnoDB DEFAULT CHARSET=utf8mb4 COLLATE=utf8mb4_unicode_ci;

--
-- Dumping data for table `payments`
--

INSERT INTO `payments` (`id`, `currency`, `user_id`, `charge_id`, `payment_channel`, `description`, `amount`, `order_id`, `status`, `payment_type`, `customer_id`, `refunded_amount`, `refund_note`, `created_at`, `updated_at`, `customer_type`, `metadata`) VALUES
(1, 'INR', 1, 'RZ37OEHXVD', 'cod', NULL, 727.50, 1, 'completed', 'confirm', 11, NULL, NULL, '2025-02-14 10:42:39', '2025-02-14 10:45:34', 'Botble\\Ecommerce\\Models\\Customer', NULL),
(3, 'INR', 1, 'IOH5BOHDMZ', 'cod', NULL, 700.00, 3, 'pending', 'confirm', 12, NULL, NULL, '2025-02-15 01:16:40', '2025-02-15 01:20:19', 'Botble\\Ecommerce\\Models\\Customer', NULL);

-- --------------------------------------------------------

--
-- Table structure for table `payment_logs`
--

CREATE TABLE `payment_logs` (
  `id` bigint(20) UNSIGNED NOT NULL,
  `payment_method` varchar(191) NOT NULL,
  `request` longtext DEFAULT NULL,
  `response` longtext DEFAULT NULL,
  `ip_address` varchar(45) NOT NULL,
  `created_at` timestamp NULL DEFAULT NULL,
  `updated_at` timestamp NULL DEFAULT NULL
) ENGINE=InnoDB DEFAULT CHARSET=utf8mb4 COLLATE=utf8mb4_unicode_ci;

-- --------------------------------------------------------

--
-- Table structure for table `personal_access_tokens`
--

CREATE TABLE `personal_access_tokens` (
  `id` bigint(20) UNSIGNED NOT NULL,
  `tokenable_type` varchar(191) NOT NULL,
  `tokenable_id` bigint(20) UNSIGNED NOT NULL,
  `name` varchar(191) NOT NULL,
  `token` varchar(64) NOT NULL,
  `abilities` text DEFAULT NULL,
  `last_used_at` timestamp NULL DEFAULT NULL,
  `expires_at` timestamp NULL DEFAULT NULL,
  `created_at` timestamp NULL DEFAULT NULL,
  `updated_at` timestamp NULL DEFAULT NULL
) ENGINE=InnoDB DEFAULT CHARSET=utf8mb4 COLLATE=utf8mb4_unicode_ci;

-- --------------------------------------------------------

--
-- Table structure for table `posts`
--

CREATE TABLE `posts` (
  `id` bigint(20) UNSIGNED NOT NULL,
  `name` varchar(191) NOT NULL,
  `description` varchar(400) DEFAULT NULL,
  `content` longtext DEFAULT NULL,
  `status` varchar(60) NOT NULL DEFAULT 'published',
  `author_id` bigint(20) UNSIGNED DEFAULT NULL,
  `author_type` varchar(191) NOT NULL DEFAULT 'Botble\\ACL\\Models\\User',
  `is_featured` tinyint(3) UNSIGNED NOT NULL DEFAULT 0,
  `image` varchar(191) DEFAULT NULL,
  `views` int(10) UNSIGNED NOT NULL DEFAULT 0,
  `format_type` varchar(30) DEFAULT NULL,
  `created_at` timestamp NULL DEFAULT NULL,
  `updated_at` timestamp NULL DEFAULT NULL
) ENGINE=InnoDB DEFAULT CHARSET=utf8mb4 COLLATE=utf8mb4_unicode_ci;

--
-- Dumping data for table `posts`
--

INSERT INTO `posts` (`id`, `name`, `description`, `content`, `status`, `author_id`, `author_type`, `is_featured`, `image`, `views`, `format_type`, `created_at`, `updated_at`) VALUES
(1, '4 Expert Tips On How To Choose The Right Men’s Wallet', 'LITTLE larger, sir, if you drink much from a bottle marked \'poison,\' so Alice soon began talking to herself, \'Why, they\'re only a child!\' The Queen turned angrily away from him, and very neatly and.', '<p class=\"tp-dropcap\">sales process is critically important to the success of your reps and your business. If you\'ve never seen a really skilled salesperson work, it seems almost effortless. They ask great questions, craftt perfect proposal, answer questions, address concerns and seamlessly seal the Underneath the surface of all of that, the salesperson has probably dedicated hours honing their craft and ensuring the process moves smoothly.</p>\n\n<p>One of the challenges that often surfaces when  working with a remote sales team is a lack of transparency over what is happening, and where in the process things are taking place. We’re going to peel back the curtain and show you how to create the best sales.</p>\n\n<h4 class=\"tp-postbox-details-heading\">Breaking Up With Fast Fashion Has Been Easier</h4>\n<p>Lommodo ligula eget dolor. Aenean massa. Cum sociis que penatibus magnis dis parturient montes lorem, nascetur ridiculus mus. Donec quam felis, ultricies nec, pellentesque euro, pretium, sem. Nulla onsequat massa quis enim. donec pede justo fringilla vel aliquet.</p>\n\n<div class=\"tp-postbox-details-desc-thumb text-center\">\n   <img src=\"/storage/main/blog/blog-details-sm-1.jpg\" alt=\"\">\n   <span class=\"tp-postbox-details-desc-thumb-caption\">Gucci’s Women’s Cruise Collection 2023 Lookbook Has Arrived</span>\n</div>\n<p>“We’re so glad we’ll be working with you to get your new marketing strategy up and running. I\'ve attached the details of your package. Next you’ll get an email from Jen to schedule your kick-off meeting and be assigned your account rep. During your kick-off meeting, we will introduce your project team, let you know what access we need to start.” </p>\n\n<div class=\"tp-postbox-details-quote\">\n   <blockquote>\n      <div class=\"tp-postbox-details-quote-shape\">\n         <img class=\"tp-postbox-details-quote-shape-1\" src=\"/storage/main/shapes/line.png\" alt=\"\">\n         <img class=\"tp-postbox-details-quote-shape-2\" src=\"/storage/main/shapes/quote.png\" alt=\"\">\n      </div>\n      <p>There is a way out of every box, a solution to every puzzle its just a matter of finding it.</p>\n      <span style=\"color: #fff\">Shahnewaz Sakil</span>\n   </blockquote>\n</div>\n\n<h4 class=\"tp-postbox-details-heading\">Exploring the English Countryside</h4>\n<p>Lorem ligula eget dolor. Aenean massa. Cum sociis que penatibus et magnis dis parturient montes lorem,nascetur ridiculus mus. Donec quam felis, ultricies nec, pellentesque euro, pretium quis, sem. Nulla onsequat massa quis enim.</p>\n\n<div class=\"tp-postbox-details-list\">\n   <ul>\n      <li>Lorem ipsum dolor sit amet.</li>\n      <li>At vero eos et accusamus et iusto odio.</li>\n      <li>Excepteur sint occaecat cupidatat non proident.</li>\n   </ul>\n</div>\n<p>Rhoncus ut, imperdiet a, venenatis vitae, justo. Nullam dictum felis eu pede mollis pretium. Integer cidunt. Cras dapibus. Vivamus elementum semper nisi. Aenean vulputate eleifend tellus. Aenean leo ligula, porttitor eu, consequat vitae lorem.</p>\n', 'published', 1, 'Botble\\ACL\\Models\\User', 1, 'main/blog/post-2.jpg', 1146, NULL, '2024-10-31 20:46:52', '2024-10-31 20:46:52'),
(2, 'Sexy Clutches: How to Buy &amp; Wear a Designer Clutch Bag', 'Dormouse, who was trembling down to look down and cried. \'Come, there\'s no room at all a pity. I said \"What for?\"\' \'She boxed the Queen\'s absence, and were quite silent, and looked at them with.', '<p class=\"tp-dropcap\">sales process is critically important to the success of your reps and your business. If you\'ve never seen a really skilled salesperson work, it seems almost effortless. They ask great questions, craftt perfect proposal, answer questions, address concerns and seamlessly seal the Underneath the surface of all of that, the salesperson has probably dedicated hours honing their craft and ensuring the process moves smoothly.</p>\n\n<p>One of the challenges that often surfaces when  working with a remote sales team is a lack of transparency over what is happening, and where in the process things are taking place. We’re going to peel back the curtain and show you how to create the best sales.</p>\n\n<h4 class=\"tp-postbox-details-heading\">Breaking Up With Fast Fashion Has Been Easier</h4>\n<p>Lommodo ligula eget dolor. Aenean massa. Cum sociis que penatibus magnis dis parturient montes lorem, nascetur ridiculus mus. Donec quam felis, ultricies nec, pellentesque euro, pretium, sem. Nulla onsequat massa quis enim. donec pede justo fringilla vel aliquet.</p>\n\n<div class=\"tp-postbox-details-desc-thumb text-center\">\n   <img src=\"/storage/main/blog/blog-details-sm-1.jpg\" alt=\"\">\n   <span class=\"tp-postbox-details-desc-thumb-caption\">Gucci’s Women’s Cruise Collection 2023 Lookbook Has Arrived</span>\n</div>\n<p>“We’re so glad we’ll be working with you to get your new marketing strategy up and running. I\'ve attached the details of your package. Next you’ll get an email from Jen to schedule your kick-off meeting and be assigned your account rep. During your kick-off meeting, we will introduce your project team, let you know what access we need to start.” </p>\n\n<div class=\"tp-postbox-details-quote\">\n   <blockquote>\n      <div class=\"tp-postbox-details-quote-shape\">\n         <img class=\"tp-postbox-details-quote-shape-1\" src=\"/storage/main/shapes/line.png\" alt=\"\">\n         <img class=\"tp-postbox-details-quote-shape-2\" src=\"/storage/main/shapes/quote.png\" alt=\"\">\n      </div>\n      <p>There is a way out of every box, a solution to every puzzle its just a matter of finding it.</p>\n      <span style=\"color: #fff\">Shahnewaz Sakil</span>\n   </blockquote>\n</div>\n\n<h4 class=\"tp-postbox-details-heading\">Exploring the English Countryside</h4>\n<p>Lorem ligula eget dolor. Aenean massa. Cum sociis que penatibus et magnis dis parturient montes lorem,nascetur ridiculus mus. Donec quam felis, ultricies nec, pellentesque euro, pretium quis, sem. Nulla onsequat massa quis enim.</p>\n\n<div class=\"tp-postbox-details-list\">\n   <ul>\n      <li>Lorem ipsum dolor sit amet.</li>\n      <li>At vero eos et accusamus et iusto odio.</li>\n      <li>Excepteur sint occaecat cupidatat non proident.</li>\n   </ul>\n</div>\n<p>Rhoncus ut, imperdiet a, venenatis vitae, justo. Nullam dictum felis eu pede mollis pretium. Integer cidunt. Cras dapibus. Vivamus elementum semper nisi. Aenean vulputate eleifend tellus. Aenean leo ligula, porttitor eu, consequat vitae lorem.</p>\n', 'published', 1, 'Botble\\ACL\\Models\\User', 1, 'main/blog/post-10.jpg', 2178, NULL, '2024-10-31 20:46:52', '2024-10-31 20:46:52'),
(3, 'The Top 2020 Handbag Trends to Know', 'Gryphon. \'Do you play croquet?\' The soldiers were silent, and looked at it uneasily, shaking it every now and then, \'we went to school in the face. \'I\'ll put a stop to this,\' she said this, she came.', '<p class=\"tp-dropcap\">sales process is critically important to the success of your reps and your business. If you\'ve never seen a really skilled salesperson work, it seems almost effortless. They ask great questions, craftt perfect proposal, answer questions, address concerns and seamlessly seal the Underneath the surface of all of that, the salesperson has probably dedicated hours honing their craft and ensuring the process moves smoothly.</p>\n\n<p>One of the challenges that often surfaces when  working with a remote sales team is a lack of transparency over what is happening, and where in the process things are taking place. We’re going to peel back the curtain and show you how to create the best sales.</p>\n\n<h4 class=\"tp-postbox-details-heading\">Breaking Up With Fast Fashion Has Been Easier</h4>\n<p>Lommodo ligula eget dolor. Aenean massa. Cum sociis que penatibus magnis dis parturient montes lorem, nascetur ridiculus mus. Donec quam felis, ultricies nec, pellentesque euro, pretium, sem. Nulla onsequat massa quis enim. donec pede justo fringilla vel aliquet.</p>\n\n<div class=\"tp-postbox-details-desc-thumb text-center\">\n   <img src=\"/storage/main/blog/blog-details-sm-1.jpg\" alt=\"\">\n   <span class=\"tp-postbox-details-desc-thumb-caption\">Gucci’s Women’s Cruise Collection 2023 Lookbook Has Arrived</span>\n</div>\n<p>“We’re so glad we’ll be working with you to get your new marketing strategy up and running. I\'ve attached the details of your package. Next you’ll get an email from Jen to schedule your kick-off meeting and be assigned your account rep. During your kick-off meeting, we will introduce your project team, let you know what access we need to start.” </p>\n\n<div class=\"tp-postbox-details-quote\">\n   <blockquote>\n      <div class=\"tp-postbox-details-quote-shape\">\n         <img class=\"tp-postbox-details-quote-shape-1\" src=\"/storage/main/shapes/line.png\" alt=\"\">\n         <img class=\"tp-postbox-details-quote-shape-2\" src=\"/storage/main/shapes/quote.png\" alt=\"\">\n      </div>\n      <p>There is a way out of every box, a solution to every puzzle its just a matter of finding it.</p>\n      <span style=\"color: #fff\">Shahnewaz Sakil</span>\n   </blockquote>\n</div>\n\n<h4 class=\"tp-postbox-details-heading\">Exploring the English Countryside</h4>\n<p>Lorem ligula eget dolor. Aenean massa. Cum sociis que penatibus et magnis dis parturient montes lorem,nascetur ridiculus mus. Donec quam felis, ultricies nec, pellentesque euro, pretium quis, sem. Nulla onsequat massa quis enim.</p>\n\n<div class=\"tp-postbox-details-list\">\n   <ul>\n      <li>Lorem ipsum dolor sit amet.</li>\n      <li>At vero eos et accusamus et iusto odio.</li>\n      <li>Excepteur sint occaecat cupidatat non proident.</li>\n   </ul>\n</div>\n<p>Rhoncus ut, imperdiet a, venenatis vitae, justo. Nullam dictum felis eu pede mollis pretium. Integer cidunt. Cras dapibus. Vivamus elementum semper nisi. Aenean vulputate eleifend tellus. Aenean leo ligula, porttitor eu, consequat vitae lorem.</p>\n', 'published', 1, 'Botble\\ACL\\Models\\User', 1, 'main/blog/post-12.jpg', 1113, NULL, '2024-10-31 20:46:52', '2024-10-31 20:46:52'),
(4, 'How to Match the Color of Your Handbag With an Outfit', 'Presently she began nibbling at the cook tulip-roots instead of onions.\' Seven flung down his brush, and had come to the fifth bend, I think?\' he said to herself, in a tone of this was her dream.', '<p class=\"tp-dropcap\">sales process is critically important to the success of your reps and your business. If you\'ve never seen a really skilled salesperson work, it seems almost effortless. They ask great questions, craftt perfect proposal, answer questions, address concerns and seamlessly seal the Underneath the surface of all of that, the salesperson has probably dedicated hours honing their craft and ensuring the process moves smoothly.</p>\n\n<p>One of the challenges that often surfaces when  working with a remote sales team is a lack of transparency over what is happening, and where in the process things are taking place. We’re going to peel back the curtain and show you how to create the best sales.</p>\n\n<h4 class=\"tp-postbox-details-heading\">Breaking Up With Fast Fashion Has Been Easier</h4>\n<p>Lommodo ligula eget dolor. Aenean massa. Cum sociis que penatibus magnis dis parturient montes lorem, nascetur ridiculus mus. Donec quam felis, ultricies nec, pellentesque euro, pretium, sem. Nulla onsequat massa quis enim. donec pede justo fringilla vel aliquet.</p>\n\n<div class=\"tp-postbox-details-desc-thumb text-center\">\n   <img src=\"/storage/main/blog/blog-details-sm-1.jpg\" alt=\"\">\n   <span class=\"tp-postbox-details-desc-thumb-caption\">Gucci’s Women’s Cruise Collection 2023 Lookbook Has Arrived</span>\n</div>\n<p>“We’re so glad we’ll be working with you to get your new marketing strategy up and running. I\'ve attached the details of your package. Next you’ll get an email from Jen to schedule your kick-off meeting and be assigned your account rep. During your kick-off meeting, we will introduce your project team, let you know what access we need to start.” </p>\n\n<div class=\"tp-postbox-details-quote\">\n   <blockquote>\n      <div class=\"tp-postbox-details-quote-shape\">\n         <img class=\"tp-postbox-details-quote-shape-1\" src=\"/storage/main/shapes/line.png\" alt=\"\">\n         <img class=\"tp-postbox-details-quote-shape-2\" src=\"/storage/main/shapes/quote.png\" alt=\"\">\n      </div>\n      <p>There is a way out of every box, a solution to every puzzle its just a matter of finding it.</p>\n      <span style=\"color: #fff\">Shahnewaz Sakil</span>\n   </blockquote>\n</div>\n\n<h4 class=\"tp-postbox-details-heading\">Exploring the English Countryside</h4>\n<p>Lorem ligula eget dolor. Aenean massa. Cum sociis que penatibus et magnis dis parturient montes lorem,nascetur ridiculus mus. Donec quam felis, ultricies nec, pellentesque euro, pretium quis, sem. Nulla onsequat massa quis enim.</p>\n\n<div class=\"tp-postbox-details-list\">\n   <ul>\n      <li>Lorem ipsum dolor sit amet.</li>\n      <li>At vero eos et accusamus et iusto odio.</li>\n      <li>Excepteur sint occaecat cupidatat non proident.</li>\n   </ul>\n</div>\n<p>Rhoncus ut, imperdiet a, venenatis vitae, justo. Nullam dictum felis eu pede mollis pretium. Integer cidunt. Cras dapibus. Vivamus elementum semper nisi. Aenean vulputate eleifend tellus. Aenean leo ligula, porttitor eu, consequat vitae lorem.</p>\n', 'published', 1, 'Botble\\ACL\\Models\\User', 0, 'main/blog/post-10.jpg', 327, NULL, '2024-10-31 20:46:52', '2024-10-31 20:46:52'),
(5, 'How to Care for Leather Bags', 'Her chin was pressed hard against it, that attempt proved a failure. Alice heard it muttering to himself as he said in a twinkling! Half-past one, time for dinner!\' (\'I only wish people knew that.', '<p class=\"tp-dropcap\">sales process is critically important to the success of your reps and your business. If you\'ve never seen a really skilled salesperson work, it seems almost effortless. They ask great questions, craftt perfect proposal, answer questions, address concerns and seamlessly seal the Underneath the surface of all of that, the salesperson has probably dedicated hours honing their craft and ensuring the process moves smoothly.</p>\n\n<p>One of the challenges that often surfaces when  working with a remote sales team is a lack of transparency over what is happening, and where in the process things are taking place. We’re going to peel back the curtain and show you how to create the best sales.</p>\n\n<h4 class=\"tp-postbox-details-heading\">Breaking Up With Fast Fashion Has Been Easier</h4>\n<p>Lommodo ligula eget dolor. Aenean massa. Cum sociis que penatibus magnis dis parturient montes lorem, nascetur ridiculus mus. Donec quam felis, ultricies nec, pellentesque euro, pretium, sem. Nulla onsequat massa quis enim. donec pede justo fringilla vel aliquet.</p>\n\n<div class=\"tp-postbox-details-desc-thumb text-center\">\n   <img src=\"/storage/main/blog/blog-details-sm-1.jpg\" alt=\"\">\n   <span class=\"tp-postbox-details-desc-thumb-caption\">Gucci’s Women’s Cruise Collection 2023 Lookbook Has Arrived</span>\n</div>\n<p>“We’re so glad we’ll be working with you to get your new marketing strategy up and running. I\'ve attached the details of your package. Next you’ll get an email from Jen to schedule your kick-off meeting and be assigned your account rep. During your kick-off meeting, we will introduce your project team, let you know what access we need to start.” </p>\n\n<div class=\"tp-postbox-details-quote\">\n   <blockquote>\n      <div class=\"tp-postbox-details-quote-shape\">\n         <img class=\"tp-postbox-details-quote-shape-1\" src=\"/storage/main/shapes/line.png\" alt=\"\">\n         <img class=\"tp-postbox-details-quote-shape-2\" src=\"/storage/main/shapes/quote.png\" alt=\"\">\n      </div>\n      <p>There is a way out of every box, a solution to every puzzle its just a matter of finding it.</p>\n      <span style=\"color: #fff\">Shahnewaz Sakil</span>\n   </blockquote>\n</div>\n\n<h4 class=\"tp-postbox-details-heading\">Exploring the English Countryside</h4>\n<p>Lorem ligula eget dolor. Aenean massa. Cum sociis que penatibus et magnis dis parturient montes lorem,nascetur ridiculus mus. Donec quam felis, ultricies nec, pellentesque euro, pretium quis, sem. Nulla onsequat massa quis enim.</p>\n\n<div class=\"tp-postbox-details-list\">\n   <ul>\n      <li>Lorem ipsum dolor sit amet.</li>\n      <li>At vero eos et accusamus et iusto odio.</li>\n      <li>Excepteur sint occaecat cupidatat non proident.</li>\n   </ul>\n</div>\n<p>Rhoncus ut, imperdiet a, venenatis vitae, justo. Nullam dictum felis eu pede mollis pretium. Integer cidunt. Cras dapibus. Vivamus elementum semper nisi. Aenean vulputate eleifend tellus. Aenean leo ligula, porttitor eu, consequat vitae lorem.</p>\n', 'published', 1, 'Botble\\ACL\\Models\\User', 1, 'main/blog/post-3.jpg', 634, NULL, '2024-10-31 20:46:52', '2024-10-31 20:46:52'),
(6, 'We\'re Crushing Hard on Summer\'s 10 Biggest Bag Trends', 'Alice thought the poor little juror (it was Bill, the Lizard) could not possibly reach it: she could even make out which were the cook, to see it pop down a very interesting dance to watch,\' said.', '<p class=\"tp-dropcap\">sales process is critically important to the success of your reps and your business. If you\'ve never seen a really skilled salesperson work, it seems almost effortless. They ask great questions, craftt perfect proposal, answer questions, address concerns and seamlessly seal the Underneath the surface of all of that, the salesperson has probably dedicated hours honing their craft and ensuring the process moves smoothly.</p>\n\n<p>One of the challenges that often surfaces when  working with a remote sales team is a lack of transparency over what is happening, and where in the process things are taking place. We’re going to peel back the curtain and show you how to create the best sales.</p>\n\n<h4 class=\"tp-postbox-details-heading\">Breaking Up With Fast Fashion Has Been Easier</h4>\n<p>Lommodo ligula eget dolor. Aenean massa. Cum sociis que penatibus magnis dis parturient montes lorem, nascetur ridiculus mus. Donec quam felis, ultricies nec, pellentesque euro, pretium, sem. Nulla onsequat massa quis enim. donec pede justo fringilla vel aliquet.</p>\n\n<div class=\"tp-postbox-details-desc-thumb text-center\">\n   <img src=\"/storage/main/blog/blog-details-sm-1.jpg\" alt=\"\">\n   <span class=\"tp-postbox-details-desc-thumb-caption\">Gucci’s Women’s Cruise Collection 2023 Lookbook Has Arrived</span>\n</div>\n<p>“We’re so glad we’ll be working with you to get your new marketing strategy up and running. I\'ve attached the details of your package. Next you’ll get an email from Jen to schedule your kick-off meeting and be assigned your account rep. During your kick-off meeting, we will introduce your project team, let you know what access we need to start.” </p>\n\n<div class=\"tp-postbox-details-quote\">\n   <blockquote>\n      <div class=\"tp-postbox-details-quote-shape\">\n         <img class=\"tp-postbox-details-quote-shape-1\" src=\"/storage/main/shapes/line.png\" alt=\"\">\n         <img class=\"tp-postbox-details-quote-shape-2\" src=\"/storage/main/shapes/quote.png\" alt=\"\">\n      </div>\n      <p>There is a way out of every box, a solution to every puzzle its just a matter of finding it.</p>\n      <span style=\"color: #fff\">Shahnewaz Sakil</span>\n   </blockquote>\n</div>\n\n<h4 class=\"tp-postbox-details-heading\">Exploring the English Countryside</h4>\n<p>Lorem ligula eget dolor. Aenean massa. Cum sociis que penatibus et magnis dis parturient montes lorem,nascetur ridiculus mus. Donec quam felis, ultricies nec, pellentesque euro, pretium quis, sem. Nulla onsequat massa quis enim.</p>\n\n<div class=\"tp-postbox-details-list\">\n   <ul>\n      <li>Lorem ipsum dolor sit amet.</li>\n      <li>At vero eos et accusamus et iusto odio.</li>\n      <li>Excepteur sint occaecat cupidatat non proident.</li>\n   </ul>\n</div>\n<p>Rhoncus ut, imperdiet a, venenatis vitae, justo. Nullam dictum felis eu pede mollis pretium. Integer cidunt. Cras dapibus. Vivamus elementum semper nisi. Aenean vulputate eleifend tellus. Aenean leo ligula, porttitor eu, consequat vitae lorem.</p>\n', 'published', 1, 'Botble\\ACL\\Models\\User', 1, 'main/blog/post-2.jpg', 1175, NULL, '2024-10-31 20:46:52', '2024-10-31 20:46:52'),
(7, 'Essential Qualities of Highly Successful Music', 'I\'m I, and--oh dear, how puzzling it all seemed quite dull and stupid for life to go down--Here, Bill! the master says you\'re to go down--Here, Bill! the master says you\'re to go after that savage.', '<p class=\"tp-dropcap\">sales process is critically important to the success of your reps and your business. If you\'ve never seen a really skilled salesperson work, it seems almost effortless. They ask great questions, craftt perfect proposal, answer questions, address concerns and seamlessly seal the Underneath the surface of all of that, the salesperson has probably dedicated hours honing their craft and ensuring the process moves smoothly.</p>\n\n<p>One of the challenges that often surfaces when  working with a remote sales team is a lack of transparency over what is happening, and where in the process things are taking place. We’re going to peel back the curtain and show you how to create the best sales.</p>\n\n<h4 class=\"tp-postbox-details-heading\">Breaking Up With Fast Fashion Has Been Easier</h4>\n<p>Lommodo ligula eget dolor. Aenean massa. Cum sociis que penatibus magnis dis parturient montes lorem, nascetur ridiculus mus. Donec quam felis, ultricies nec, pellentesque euro, pretium, sem. Nulla onsequat massa quis enim. donec pede justo fringilla vel aliquet.</p>\n\n<div class=\"tp-postbox-details-desc-thumb text-center\">\n   <img src=\"/storage/main/blog/blog-details-sm-1.jpg\" alt=\"\">\n   <span class=\"tp-postbox-details-desc-thumb-caption\">Gucci’s Women’s Cruise Collection 2023 Lookbook Has Arrived</span>\n</div>\n<p>“We’re so glad we’ll be working with you to get your new marketing strategy up and running. I\'ve attached the details of your package. Next you’ll get an email from Jen to schedule your kick-off meeting and be assigned your account rep. During your kick-off meeting, we will introduce your project team, let you know what access we need to start.” </p>\n\n<div class=\"tp-postbox-details-quote\">\n   <blockquote>\n      <div class=\"tp-postbox-details-quote-shape\">\n         <img class=\"tp-postbox-details-quote-shape-1\" src=\"/storage/main/shapes/line.png\" alt=\"\">\n         <img class=\"tp-postbox-details-quote-shape-2\" src=\"/storage/main/shapes/quote.png\" alt=\"\">\n      </div>\n      <p>There is a way out of every box, a solution to every puzzle its just a matter of finding it.</p>\n      <span style=\"color: #fff\">Shahnewaz Sakil</span>\n   </blockquote>\n</div>\n\n<h4 class=\"tp-postbox-details-heading\">Exploring the English Countryside</h4>\n<p>Lorem ligula eget dolor. Aenean massa. Cum sociis que penatibus et magnis dis parturient montes lorem,nascetur ridiculus mus. Donec quam felis, ultricies nec, pellentesque euro, pretium quis, sem. Nulla onsequat massa quis enim.</p>\n\n<div class=\"tp-postbox-details-list\">\n   <ul>\n      <li>Lorem ipsum dolor sit amet.</li>\n      <li>At vero eos et accusamus et iusto odio.</li>\n      <li>Excepteur sint occaecat cupidatat non proident.</li>\n   </ul>\n</div>\n<p>Rhoncus ut, imperdiet a, venenatis vitae, justo. Nullam dictum felis eu pede mollis pretium. Integer cidunt. Cras dapibus. Vivamus elementum semper nisi. Aenean vulputate eleifend tellus. Aenean leo ligula, porttitor eu, consequat vitae lorem.</p>\n', 'published', 1, 'Botble\\ACL\\Models\\User', 1, 'main/blog/post-3.jpg', 240, NULL, '2024-10-31 20:46:52', '2024-10-31 20:46:52'),
(8, '9 Things I Love About Shaving My Head', 'Hatter: \'I\'m on the English coast you find a pleasure in all directions, \'just like a stalk out of its mouth again, and we put a stop to this,\' she said this, she was now more than three.\' \'Your.', '<p class=\"tp-dropcap\">sales process is critically important to the success of your reps and your business. If you\'ve never seen a really skilled salesperson work, it seems almost effortless. They ask great questions, craftt perfect proposal, answer questions, address concerns and seamlessly seal the Underneath the surface of all of that, the salesperson has probably dedicated hours honing their craft and ensuring the process moves smoothly.</p>\n\n<p>One of the challenges that often surfaces when  working with a remote sales team is a lack of transparency over what is happening, and where in the process things are taking place. We’re going to peel back the curtain and show you how to create the best sales.</p>\n\n<h4 class=\"tp-postbox-details-heading\">Breaking Up With Fast Fashion Has Been Easier</h4>\n<p>Lommodo ligula eget dolor. Aenean massa. Cum sociis que penatibus magnis dis parturient montes lorem, nascetur ridiculus mus. Donec quam felis, ultricies nec, pellentesque euro, pretium, sem. Nulla onsequat massa quis enim. donec pede justo fringilla vel aliquet.</p>\n\n<div class=\"tp-postbox-details-desc-thumb text-center\">\n   <img src=\"/storage/main/blog/blog-details-sm-1.jpg\" alt=\"\">\n   <span class=\"tp-postbox-details-desc-thumb-caption\">Gucci’s Women’s Cruise Collection 2023 Lookbook Has Arrived</span>\n</div>\n<p>“We’re so glad we’ll be working with you to get your new marketing strategy up and running. I\'ve attached the details of your package. Next you’ll get an email from Jen to schedule your kick-off meeting and be assigned your account rep. During your kick-off meeting, we will introduce your project team, let you know what access we need to start.” </p>\n\n<div class=\"tp-postbox-details-quote\">\n   <blockquote>\n      <div class=\"tp-postbox-details-quote-shape\">\n         <img class=\"tp-postbox-details-quote-shape-1\" src=\"/storage/main/shapes/line.png\" alt=\"\">\n         <img class=\"tp-postbox-details-quote-shape-2\" src=\"/storage/main/shapes/quote.png\" alt=\"\">\n      </div>\n      <p>There is a way out of every box, a solution to every puzzle its just a matter of finding it.</p>\n      <span style=\"color: #fff\">Shahnewaz Sakil</span>\n   </blockquote>\n</div>\n\n<h4 class=\"tp-postbox-details-heading\">Exploring the English Countryside</h4>\n<p>Lorem ligula eget dolor. Aenean massa. Cum sociis que penatibus et magnis dis parturient montes lorem,nascetur ridiculus mus. Donec quam felis, ultricies nec, pellentesque euro, pretium quis, sem. Nulla onsequat massa quis enim.</p>\n\n<div class=\"tp-postbox-details-list\">\n   <ul>\n      <li>Lorem ipsum dolor sit amet.</li>\n      <li>At vero eos et accusamus et iusto odio.</li>\n      <li>Excepteur sint occaecat cupidatat non proident.</li>\n   </ul>\n</div>\n<p>Rhoncus ut, imperdiet a, venenatis vitae, justo. Nullam dictum felis eu pede mollis pretium. Integer cidunt. Cras dapibus. Vivamus elementum semper nisi. Aenean vulputate eleifend tellus. Aenean leo ligula, porttitor eu, consequat vitae lorem.</p>\n', 'published', 1, 'Botble\\ACL\\Models\\User', 1, 'main/blog/post-10.jpg', 2214, NULL, '2024-10-31 20:46:52', '2024-10-31 20:46:52'),
(9, 'Why Teamwork Really Makes The Dream Work', 'Gryphon whispered in reply, \'for fear they should forget them before the trial\'s over!\' thought Alice. The King looked anxiously at the top of it. Presently the Rabbit just under the sea--\' (\'I.', '<p class=\"tp-dropcap\">sales process is critically important to the success of your reps and your business. If you\'ve never seen a really skilled salesperson work, it seems almost effortless. They ask great questions, craftt perfect proposal, answer questions, address concerns and seamlessly seal the Underneath the surface of all of that, the salesperson has probably dedicated hours honing their craft and ensuring the process moves smoothly.</p>\n\n<p>One of the challenges that often surfaces when  working with a remote sales team is a lack of transparency over what is happening, and where in the process things are taking place. We’re going to peel back the curtain and show you how to create the best sales.</p>\n\n<h4 class=\"tp-postbox-details-heading\">Breaking Up With Fast Fashion Has Been Easier</h4>\n<p>Lommodo ligula eget dolor. Aenean massa. Cum sociis que penatibus magnis dis parturient montes lorem, nascetur ridiculus mus. Donec quam felis, ultricies nec, pellentesque euro, pretium, sem. Nulla onsequat massa quis enim. donec pede justo fringilla vel aliquet.</p>\n\n<div class=\"tp-postbox-details-desc-thumb text-center\">\n   <img src=\"/storage/main/blog/blog-details-sm-1.jpg\" alt=\"\">\n   <span class=\"tp-postbox-details-desc-thumb-caption\">Gucci’s Women’s Cruise Collection 2023 Lookbook Has Arrived</span>\n</div>\n<p>“We’re so glad we’ll be working with you to get your new marketing strategy up and running. I\'ve attached the details of your package. Next you’ll get an email from Jen to schedule your kick-off meeting and be assigned your account rep. During your kick-off meeting, we will introduce your project team, let you know what access we need to start.” </p>\n\n<div class=\"tp-postbox-details-quote\">\n   <blockquote>\n      <div class=\"tp-postbox-details-quote-shape\">\n         <img class=\"tp-postbox-details-quote-shape-1\" src=\"/storage/main/shapes/line.png\" alt=\"\">\n         <img class=\"tp-postbox-details-quote-shape-2\" src=\"/storage/main/shapes/quote.png\" alt=\"\">\n      </div>\n      <p>There is a way out of every box, a solution to every puzzle its just a matter of finding it.</p>\n      <span style=\"color: #fff\">Shahnewaz Sakil</span>\n   </blockquote>\n</div>\n\n<h4 class=\"tp-postbox-details-heading\">Exploring the English Countryside</h4>\n<p>Lorem ligula eget dolor. Aenean massa. Cum sociis que penatibus et magnis dis parturient montes lorem,nascetur ridiculus mus. Donec quam felis, ultricies nec, pellentesque euro, pretium quis, sem. Nulla onsequat massa quis enim.</p>\n\n<div class=\"tp-postbox-details-list\">\n   <ul>\n      <li>Lorem ipsum dolor sit amet.</li>\n      <li>At vero eos et accusamus et iusto odio.</li>\n      <li>Excepteur sint occaecat cupidatat non proident.</li>\n   </ul>\n</div>\n<p>Rhoncus ut, imperdiet a, venenatis vitae, justo. Nullam dictum felis eu pede mollis pretium. Integer cidunt. Cras dapibus. Vivamus elementum semper nisi. Aenean vulputate eleifend tellus. Aenean leo ligula, porttitor eu, consequat vitae lorem.</p>\n', 'published', 1, 'Botble\\ACL\\Models\\User', 0, 'main/blog/post-9.jpg', 1014, NULL, '2024-10-31 20:46:52', '2024-10-31 20:46:52'),
(10, 'The World Caters to Average People', 'March--just before HE went mad, you know--\' (pointing with his head!\"\' \'How dreadfully savage!\' exclaimed Alice. \'That\'s the judge,\' she said this, she was getting quite crowded with the Lory, with.', '<p class=\"tp-dropcap\">sales process is critically important to the success of your reps and your business. If you\'ve never seen a really skilled salesperson work, it seems almost effortless. They ask great questions, craftt perfect proposal, answer questions, address concerns and seamlessly seal the Underneath the surface of all of that, the salesperson has probably dedicated hours honing their craft and ensuring the process moves smoothly.</p>\n\n<p>One of the challenges that often surfaces when  working with a remote sales team is a lack of transparency over what is happening, and where in the process things are taking place. We’re going to peel back the curtain and show you how to create the best sales.</p>\n\n<h4 class=\"tp-postbox-details-heading\">Breaking Up With Fast Fashion Has Been Easier</h4>\n<p>Lommodo ligula eget dolor. Aenean massa. Cum sociis que penatibus magnis dis parturient montes lorem, nascetur ridiculus mus. Donec quam felis, ultricies nec, pellentesque euro, pretium, sem. Nulla onsequat massa quis enim. donec pede justo fringilla vel aliquet.</p>\n\n<div class=\"tp-postbox-details-desc-thumb text-center\">\n   <img src=\"/storage/main/blog/blog-details-sm-1.jpg\" alt=\"\">\n   <span class=\"tp-postbox-details-desc-thumb-caption\">Gucci’s Women’s Cruise Collection 2023 Lookbook Has Arrived</span>\n</div>\n<p>“We’re so glad we’ll be working with you to get your new marketing strategy up and running. I\'ve attached the details of your package. Next you’ll get an email from Jen to schedule your kick-off meeting and be assigned your account rep. During your kick-off meeting, we will introduce your project team, let you know what access we need to start.” </p>\n\n<div class=\"tp-postbox-details-quote\">\n   <blockquote>\n      <div class=\"tp-postbox-details-quote-shape\">\n         <img class=\"tp-postbox-details-quote-shape-1\" src=\"/storage/main/shapes/line.png\" alt=\"\">\n         <img class=\"tp-postbox-details-quote-shape-2\" src=\"/storage/main/shapes/quote.png\" alt=\"\">\n      </div>\n      <p>There is a way out of every box, a solution to every puzzle its just a matter of finding it.</p>\n      <span style=\"color: #fff\">Shahnewaz Sakil</span>\n   </blockquote>\n</div>\n\n<h4 class=\"tp-postbox-details-heading\">Exploring the English Countryside</h4>\n<p>Lorem ligula eget dolor. Aenean massa. Cum sociis que penatibus et magnis dis parturient montes lorem,nascetur ridiculus mus. Donec quam felis, ultricies nec, pellentesque euro, pretium quis, sem. Nulla onsequat massa quis enim.</p>\n\n<div class=\"tp-postbox-details-list\">\n   <ul>\n      <li>Lorem ipsum dolor sit amet.</li>\n      <li>At vero eos et accusamus et iusto odio.</li>\n      <li>Excepteur sint occaecat cupidatat non proident.</li>\n   </ul>\n</div>\n<p>Rhoncus ut, imperdiet a, venenatis vitae, justo. Nullam dictum felis eu pede mollis pretium. Integer cidunt. Cras dapibus. Vivamus elementum semper nisi. Aenean vulputate eleifend tellus. Aenean leo ligula, porttitor eu, consequat vitae lorem.</p>\n', 'published', 1, 'Botble\\ACL\\Models\\User', 0, 'main/blog/post-2.jpg', 1236, NULL, '2024-10-31 20:46:52', '2024-10-31 20:46:52'),
(11, 'The litigants on the screen are not actors', 'She ate a little pattering of feet in the distance, sitting sad and lonely on a bough of a well--\' \'What did they live at the Hatter, \'when the Queen never left off sneezing by this time?\' she said.', '<p class=\"tp-dropcap\">sales process is critically important to the success of your reps and your business. If you\'ve never seen a really skilled salesperson work, it seems almost effortless. They ask great questions, craftt perfect proposal, answer questions, address concerns and seamlessly seal the Underneath the surface of all of that, the salesperson has probably dedicated hours honing their craft and ensuring the process moves smoothly.</p>\n\n<p>One of the challenges that often surfaces when  working with a remote sales team is a lack of transparency over what is happening, and where in the process things are taking place. We’re going to peel back the curtain and show you how to create the best sales.</p>\n\n<h4 class=\"tp-postbox-details-heading\">Breaking Up With Fast Fashion Has Been Easier</h4>\n<p>Lommodo ligula eget dolor. Aenean massa. Cum sociis que penatibus magnis dis parturient montes lorem, nascetur ridiculus mus. Donec quam felis, ultricies nec, pellentesque euro, pretium, sem. Nulla onsequat massa quis enim. donec pede justo fringilla vel aliquet.</p>\n\n<div class=\"tp-postbox-details-desc-thumb text-center\">\n   <img src=\"/storage/main/blog/blog-details-sm-1.jpg\" alt=\"\">\n   <span class=\"tp-postbox-details-desc-thumb-caption\">Gucci’s Women’s Cruise Collection 2023 Lookbook Has Arrived</span>\n</div>\n<p>“We’re so glad we’ll be working with you to get your new marketing strategy up and running. I\'ve attached the details of your package. Next you’ll get an email from Jen to schedule your kick-off meeting and be assigned your account rep. During your kick-off meeting, we will introduce your project team, let you know what access we need to start.” </p>\n\n<div class=\"tp-postbox-details-quote\">\n   <blockquote>\n      <div class=\"tp-postbox-details-quote-shape\">\n         <img class=\"tp-postbox-details-quote-shape-1\" src=\"/storage/main/shapes/line.png\" alt=\"\">\n         <img class=\"tp-postbox-details-quote-shape-2\" src=\"/storage/main/shapes/quote.png\" alt=\"\">\n      </div>\n      <p>There is a way out of every box, a solution to every puzzle its just a matter of finding it.</p>\n      <span style=\"color: #fff\">Shahnewaz Sakil</span>\n   </blockquote>\n</div>\n\n<h4 class=\"tp-postbox-details-heading\">Exploring the English Countryside</h4>\n<p>Lorem ligula eget dolor. Aenean massa. Cum sociis que penatibus et magnis dis parturient montes lorem,nascetur ridiculus mus. Donec quam felis, ultricies nec, pellentesque euro, pretium quis, sem. Nulla onsequat massa quis enim.</p>\n\n<div class=\"tp-postbox-details-list\">\n   <ul>\n      <li>Lorem ipsum dolor sit amet.</li>\n      <li>At vero eos et accusamus et iusto odio.</li>\n      <li>Excepteur sint occaecat cupidatat non proident.</li>\n   </ul>\n</div>\n<p>Rhoncus ut, imperdiet a, venenatis vitae, justo. Nullam dictum felis eu pede mollis pretium. Integer cidunt. Cras dapibus. Vivamus elementum semper nisi. Aenean vulputate eleifend tellus. Aenean leo ligula, porttitor eu, consequat vitae lorem.</p>\n', 'published', 1, 'Botble\\ACL\\Models\\User', 1, 'main/blog/post-7.jpg', 1131, NULL, '2024-10-31 20:46:52', '2024-10-31 20:46:52'),
(12, 'Hiring the Right Sales Team at the Right Time', 'Alice. It looked good-natured, she thought: still it was over at last: \'and I do so like that curious song about the temper of your nose-- What made you so awfully clever?\' \'I have answered three.', '<p class=\"tp-dropcap\">sales process is critically important to the success of your reps and your business. If you\'ve never seen a really skilled salesperson work, it seems almost effortless. They ask great questions, craftt perfect proposal, answer questions, address concerns and seamlessly seal the Underneath the surface of all of that, the salesperson has probably dedicated hours honing their craft and ensuring the process moves smoothly.</p>\n\n<p>One of the challenges that often surfaces when  working with a remote sales team is a lack of transparency over what is happening, and where in the process things are taking place. We’re going to peel back the curtain and show you how to create the best sales.</p>\n\n<h4 class=\"tp-postbox-details-heading\">Breaking Up With Fast Fashion Has Been Easier</h4>\n<p>Lommodo ligula eget dolor. Aenean massa. Cum sociis que penatibus magnis dis parturient montes lorem, nascetur ridiculus mus. Donec quam felis, ultricies nec, pellentesque euro, pretium, sem. Nulla onsequat massa quis enim. donec pede justo fringilla vel aliquet.</p>\n\n<div class=\"tp-postbox-details-desc-thumb text-center\">\n   <img src=\"/storage/main/blog/blog-details-sm-1.jpg\" alt=\"\">\n   <span class=\"tp-postbox-details-desc-thumb-caption\">Gucci’s Women’s Cruise Collection 2023 Lookbook Has Arrived</span>\n</div>\n<p>“We’re so glad we’ll be working with you to get your new marketing strategy up and running. I\'ve attached the details of your package. Next you’ll get an email from Jen to schedule your kick-off meeting and be assigned your account rep. During your kick-off meeting, we will introduce your project team, let you know what access we need to start.” </p>\n\n<div class=\"tp-postbox-details-quote\">\n   <blockquote>\n      <div class=\"tp-postbox-details-quote-shape\">\n         <img class=\"tp-postbox-details-quote-shape-1\" src=\"/storage/main/shapes/line.png\" alt=\"\">\n         <img class=\"tp-postbox-details-quote-shape-2\" src=\"/storage/main/shapes/quote.png\" alt=\"\">\n      </div>\n      <p>There is a way out of every box, a solution to every puzzle its just a matter of finding it.</p>\n      <span style=\"color: #fff\">Shahnewaz Sakil</span>\n   </blockquote>\n</div>\n\n<h4 class=\"tp-postbox-details-heading\">Exploring the English Countryside</h4>\n<p>Lorem ligula eget dolor. Aenean massa. Cum sociis que penatibus et magnis dis parturient montes lorem,nascetur ridiculus mus. Donec quam felis, ultricies nec, pellentesque euro, pretium quis, sem. Nulla onsequat massa quis enim.</p>\n\n<div class=\"tp-postbox-details-list\">\n   <ul>\n      <li>Lorem ipsum dolor sit amet.</li>\n      <li>At vero eos et accusamus et iusto odio.</li>\n      <li>Excepteur sint occaecat cupidatat non proident.</li>\n   </ul>\n</div>\n<p>Rhoncus ut, imperdiet a, venenatis vitae, justo. Nullam dictum felis eu pede mollis pretium. Integer cidunt. Cras dapibus. Vivamus elementum semper nisi. Aenean vulputate eleifend tellus. Aenean leo ligula, porttitor eu, consequat vitae lorem.</p>\n', 'published', 1, 'Botble\\ACL\\Models\\User', 1, 'main/blog/post-8.jpg', 2418, NULL, '2024-10-31 20:46:52', '2024-10-31 20:46:52'),
(13, 'Fully Embrace the Return of 90s fashion', 'I can\'t take LESS,\' said the Lory. Alice replied very gravely. \'What else had you to learn?\' \'Well, there was room for this, and she drew herself up closer to Alice\'s side as she went slowly after.', '<p class=\"tp-dropcap\">sales process is critically important to the success of your reps and your business. If you\'ve never seen a really skilled salesperson work, it seems almost effortless. They ask great questions, craftt perfect proposal, answer questions, address concerns and seamlessly seal the Underneath the surface of all of that, the salesperson has probably dedicated hours honing their craft and ensuring the process moves smoothly.</p>\n\n<p>One of the challenges that often surfaces when  working with a remote sales team is a lack of transparency over what is happening, and where in the process things are taking place. We’re going to peel back the curtain and show you how to create the best sales.</p>\n\n<h4 class=\"tp-postbox-details-heading\">Breaking Up With Fast Fashion Has Been Easier</h4>\n<p>Lommodo ligula eget dolor. Aenean massa. Cum sociis que penatibus magnis dis parturient montes lorem, nascetur ridiculus mus. Donec quam felis, ultricies nec, pellentesque euro, pretium, sem. Nulla onsequat massa quis enim. donec pede justo fringilla vel aliquet.</p>\n\n<div class=\"tp-postbox-details-desc-thumb text-center\">\n   <img src=\"/storage/main/blog/blog-details-sm-1.jpg\" alt=\"\">\n   <span class=\"tp-postbox-details-desc-thumb-caption\">Gucci’s Women’s Cruise Collection 2023 Lookbook Has Arrived</span>\n</div>\n<p>“We’re so glad we’ll be working with you to get your new marketing strategy up and running. I\'ve attached the details of your package. Next you’ll get an email from Jen to schedule your kick-off meeting and be assigned your account rep. During your kick-off meeting, we will introduce your project team, let you know what access we need to start.” </p>\n\n<div class=\"tp-postbox-details-quote\">\n   <blockquote>\n      <div class=\"tp-postbox-details-quote-shape\">\n         <img class=\"tp-postbox-details-quote-shape-1\" src=\"/storage/main/shapes/line.png\" alt=\"\">\n         <img class=\"tp-postbox-details-quote-shape-2\" src=\"/storage/main/shapes/quote.png\" alt=\"\">\n      </div>\n      <p>There is a way out of every box, a solution to every puzzle its just a matter of finding it.</p>\n      <span style=\"color: #fff\">Shahnewaz Sakil</span>\n   </blockquote>\n</div>\n\n<h4 class=\"tp-postbox-details-heading\">Exploring the English Countryside</h4>\n<p>Lorem ligula eget dolor. Aenean massa. Cum sociis que penatibus et magnis dis parturient montes lorem,nascetur ridiculus mus. Donec quam felis, ultricies nec, pellentesque euro, pretium quis, sem. Nulla onsequat massa quis enim.</p>\n\n<div class=\"tp-postbox-details-list\">\n   <ul>\n      <li>Lorem ipsum dolor sit amet.</li>\n      <li>At vero eos et accusamus et iusto odio.</li>\n      <li>Excepteur sint occaecat cupidatat non proident.</li>\n   </ul>\n</div>\n<p>Rhoncus ut, imperdiet a, venenatis vitae, justo. Nullam dictum felis eu pede mollis pretium. Integer cidunt. Cras dapibus. Vivamus elementum semper nisi. Aenean vulputate eleifend tellus. Aenean leo ligula, porttitor eu, consequat vitae lorem.</p>\n', 'published', 1, 'Botble\\ACL\\Models\\User', 1, 'main/blog/post-8.jpg', 1644, NULL, '2024-10-31 20:46:52', '2024-10-31 20:46:52'),
(14, 'Exploring the English Countryside', 'March Hare had just begun to dream that she had nothing else to do, and perhaps as this before, never! And I declare it\'s too bad, that it might be hungry, in which case it would like the look of.', '<p class=\"tp-dropcap\">sales process is critically important to the success of your reps and your business. If you\'ve never seen a really skilled salesperson work, it seems almost effortless. They ask great questions, craftt perfect proposal, answer questions, address concerns and seamlessly seal the Underneath the surface of all of that, the salesperson has probably dedicated hours honing their craft and ensuring the process moves smoothly.</p>\n\n<p>One of the challenges that often surfaces when  working with a remote sales team is a lack of transparency over what is happening, and where in the process things are taking place. We’re going to peel back the curtain and show you how to create the best sales.</p>\n\n<h4 class=\"tp-postbox-details-heading\">Breaking Up With Fast Fashion Has Been Easier</h4>\n<p>Lommodo ligula eget dolor. Aenean massa. Cum sociis que penatibus magnis dis parturient montes lorem, nascetur ridiculus mus. Donec quam felis, ultricies nec, pellentesque euro, pretium, sem. Nulla onsequat massa quis enim. donec pede justo fringilla vel aliquet.</p>\n\n<div class=\"tp-postbox-details-desc-thumb text-center\">\n   <img src=\"/storage/main/blog/blog-details-sm-1.jpg\" alt=\"\">\n   <span class=\"tp-postbox-details-desc-thumb-caption\">Gucci’s Women’s Cruise Collection 2023 Lookbook Has Arrived</span>\n</div>\n<p>“We’re so glad we’ll be working with you to get your new marketing strategy up and running. I\'ve attached the details of your package. Next you’ll get an email from Jen to schedule your kick-off meeting and be assigned your account rep. During your kick-off meeting, we will introduce your project team, let you know what access we need to start.” </p>\n\n<div class=\"tp-postbox-details-quote\">\n   <blockquote>\n      <div class=\"tp-postbox-details-quote-shape\">\n         <img class=\"tp-postbox-details-quote-shape-1\" src=\"/storage/main/shapes/line.png\" alt=\"\">\n         <img class=\"tp-postbox-details-quote-shape-2\" src=\"/storage/main/shapes/quote.png\" alt=\"\">\n      </div>\n      <p>There is a way out of every box, a solution to every puzzle its just a matter of finding it.</p>\n      <span style=\"color: #fff\">Shahnewaz Sakil</span>\n   </blockquote>\n</div>\n\n<h4 class=\"tp-postbox-details-heading\">Exploring the English Countryside</h4>\n<p>Lorem ligula eget dolor. Aenean massa. Cum sociis que penatibus et magnis dis parturient montes lorem,nascetur ridiculus mus. Donec quam felis, ultricies nec, pellentesque euro, pretium quis, sem. Nulla onsequat massa quis enim.</p>\n\n<div class=\"tp-postbox-details-list\">\n   <ul>\n      <li>Lorem ipsum dolor sit amet.</li>\n      <li>At vero eos et accusamus et iusto odio.</li>\n      <li>Excepteur sint occaecat cupidatat non proident.</li>\n   </ul>\n</div>\n<p>Rhoncus ut, imperdiet a, venenatis vitae, justo. Nullam dictum felis eu pede mollis pretium. Integer cidunt. Cras dapibus. Vivamus elementum semper nisi. Aenean vulputate eleifend tellus. Aenean leo ligula, porttitor eu, consequat vitae lorem.</p>\n', 'published', 1, 'Botble\\ACL\\Models\\User', 0, 'main/blog/post-5.jpg', 316, NULL, '2024-10-31 20:46:52', '2024-10-31 20:46:52');
INSERT INTO `posts` (`id`, `name`, `description`, `content`, `status`, `author_id`, `author_type`, `is_featured`, `image`, `views`, `format_type`, `created_at`, `updated_at`) VALUES
(15, 'Here’s the First Valentino’s New Makeup Collection', 'Alice replied, so eagerly that the way wherever she wanted much to know, but the tops of the e--e--evening, Beautiful, beautiful Soup!\' CHAPTER XI. Who Stole the Tarts? The King turned pale, and.', '<p class=\"tp-dropcap\">sales process is critically important to the success of your reps and your business. If you\'ve never seen a really skilled salesperson work, it seems almost effortless. They ask great questions, craftt perfect proposal, answer questions, address concerns and seamlessly seal the Underneath the surface of all of that, the salesperson has probably dedicated hours honing their craft and ensuring the process moves smoothly.</p>\n\n<p>One of the challenges that often surfaces when  working with a remote sales team is a lack of transparency over what is happening, and where in the process things are taking place. We’re going to peel back the curtain and show you how to create the best sales.</p>\n\n<h4 class=\"tp-postbox-details-heading\">Breaking Up With Fast Fashion Has Been Easier</h4>\n<p>Lommodo ligula eget dolor. Aenean massa. Cum sociis que penatibus magnis dis parturient montes lorem, nascetur ridiculus mus. Donec quam felis, ultricies nec, pellentesque euro, pretium, sem. Nulla onsequat massa quis enim. donec pede justo fringilla vel aliquet.</p>\n\n<div class=\"tp-postbox-details-desc-thumb text-center\">\n   <img src=\"/storage/main/blog/blog-details-sm-1.jpg\" alt=\"\">\n   <span class=\"tp-postbox-details-desc-thumb-caption\">Gucci’s Women’s Cruise Collection 2023 Lookbook Has Arrived</span>\n</div>\n<p>“We’re so glad we’ll be working with you to get your new marketing strategy up and running. I\'ve attached the details of your package. Next you’ll get an email from Jen to schedule your kick-off meeting and be assigned your account rep. During your kick-off meeting, we will introduce your project team, let you know what access we need to start.” </p>\n\n<div class=\"tp-postbox-details-quote\">\n   <blockquote>\n      <div class=\"tp-postbox-details-quote-shape\">\n         <img class=\"tp-postbox-details-quote-shape-1\" src=\"/storage/main/shapes/line.png\" alt=\"\">\n         <img class=\"tp-postbox-details-quote-shape-2\" src=\"/storage/main/shapes/quote.png\" alt=\"\">\n      </div>\n      <p>There is a way out of every box, a solution to every puzzle its just a matter of finding it.</p>\n      <span style=\"color: #fff\">Shahnewaz Sakil</span>\n   </blockquote>\n</div>\n\n<h4 class=\"tp-postbox-details-heading\">Exploring the English Countryside</h4>\n<p>Lorem ligula eget dolor. Aenean massa. Cum sociis que penatibus et magnis dis parturient montes lorem,nascetur ridiculus mus. Donec quam felis, ultricies nec, pellentesque euro, pretium quis, sem. Nulla onsequat massa quis enim.</p>\n\n<div class=\"tp-postbox-details-list\">\n   <ul>\n      <li>Lorem ipsum dolor sit amet.</li>\n      <li>At vero eos et accusamus et iusto odio.</li>\n      <li>Excepteur sint occaecat cupidatat non proident.</li>\n   </ul>\n</div>\n<p>Rhoncus ut, imperdiet a, venenatis vitae, justo. Nullam dictum felis eu pede mollis pretium. Integer cidunt. Cras dapibus. Vivamus elementum semper nisi. Aenean vulputate eleifend tellus. Aenean leo ligula, porttitor eu, consequat vitae lorem.</p>\n', 'published', 1, 'Botble\\ACL\\Models\\User', 0, 'main/blog/post-9.jpg', 2250, NULL, '2024-10-31 20:46:52', '2024-10-31 20:46:52'),
(16, 'Follow Your own Design process, whatever gets', 'Duchess, the Duchess! Oh! won\'t she be savage if I\'ve been changed several times since then.\' \'What do you like the Queen?\' said the Dormouse; \'--well in.\' This answer so confused poor Alice, \'to.', '<p class=\"tp-dropcap\">sales process is critically important to the success of your reps and your business. If you\'ve never seen a really skilled salesperson work, it seems almost effortless. They ask great questions, craftt perfect proposal, answer questions, address concerns and seamlessly seal the Underneath the surface of all of that, the salesperson has probably dedicated hours honing their craft and ensuring the process moves smoothly.</p>\n\n<p>One of the challenges that often surfaces when  working with a remote sales team is a lack of transparency over what is happening, and where in the process things are taking place. We’re going to peel back the curtain and show you how to create the best sales.</p>\n\n<h4 class=\"tp-postbox-details-heading\">Breaking Up With Fast Fashion Has Been Easier</h4>\n<p>Lommodo ligula eget dolor. Aenean massa. Cum sociis que penatibus magnis dis parturient montes lorem, nascetur ridiculus mus. Donec quam felis, ultricies nec, pellentesque euro, pretium, sem. Nulla onsequat massa quis enim. donec pede justo fringilla vel aliquet.</p>\n\n<div class=\"tp-postbox-details-desc-thumb text-center\">\n   <img src=\"/storage/main/blog/blog-details-sm-1.jpg\" alt=\"\">\n   <span class=\"tp-postbox-details-desc-thumb-caption\">Gucci’s Women’s Cruise Collection 2023 Lookbook Has Arrived</span>\n</div>\n<p>“We’re so glad we’ll be working with you to get your new marketing strategy up and running. I\'ve attached the details of your package. Next you’ll get an email from Jen to schedule your kick-off meeting and be assigned your account rep. During your kick-off meeting, we will introduce your project team, let you know what access we need to start.” </p>\n\n<div class=\"tp-postbox-details-quote\">\n   <blockquote>\n      <div class=\"tp-postbox-details-quote-shape\">\n         <img class=\"tp-postbox-details-quote-shape-1\" src=\"/storage/main/shapes/line.png\" alt=\"\">\n         <img class=\"tp-postbox-details-quote-shape-2\" src=\"/storage/main/shapes/quote.png\" alt=\"\">\n      </div>\n      <p>There is a way out of every box, a solution to every puzzle its just a matter of finding it.</p>\n      <span style=\"color: #fff\">Shahnewaz Sakil</span>\n   </blockquote>\n</div>\n\n<h4 class=\"tp-postbox-details-heading\">Exploring the English Countryside</h4>\n<p>Lorem ligula eget dolor. Aenean massa. Cum sociis que penatibus et magnis dis parturient montes lorem,nascetur ridiculus mus. Donec quam felis, ultricies nec, pellentesque euro, pretium quis, sem. Nulla onsequat massa quis enim.</p>\n\n<div class=\"tp-postbox-details-list\">\n   <ul>\n      <li>Lorem ipsum dolor sit amet.</li>\n      <li>At vero eos et accusamus et iusto odio.</li>\n      <li>Excepteur sint occaecat cupidatat non proident.</li>\n   </ul>\n</div>\n<p>Rhoncus ut, imperdiet a, venenatis vitae, justo. Nullam dictum felis eu pede mollis pretium. Integer cidunt. Cras dapibus. Vivamus elementum semper nisi. Aenean vulputate eleifend tellus. Aenean leo ligula, porttitor eu, consequat vitae lorem.</p>\n', 'published', 1, 'Botble\\ACL\\Models\\User', 1, 'main/blog/post-5.jpg', 181, NULL, '2024-10-31 20:46:52', '2024-10-31 20:46:52'),
(17, 'Freelancer Days 2024, What’s new?', 'First, however, she went on, turning to Alice. \'Only a thimble,\' said Alice timidly. \'Would you tell me,\' said Alice, a little ledge of rock, and, as they used to say.\' \'So he did, so he with his.', '<p class=\"tp-dropcap\">sales process is critically important to the success of your reps and your business. If you\'ve never seen a really skilled salesperson work, it seems almost effortless. They ask great questions, craftt perfect proposal, answer questions, address concerns and seamlessly seal the Underneath the surface of all of that, the salesperson has probably dedicated hours honing their craft and ensuring the process moves smoothly.</p>\n\n<p>One of the challenges that often surfaces when  working with a remote sales team is a lack of transparency over what is happening, and where in the process things are taking place. We’re going to peel back the curtain and show you how to create the best sales.</p>\n\n<h4 class=\"tp-postbox-details-heading\">Breaking Up With Fast Fashion Has Been Easier</h4>\n<p>Lommodo ligula eget dolor. Aenean massa. Cum sociis que penatibus magnis dis parturient montes lorem, nascetur ridiculus mus. Donec quam felis, ultricies nec, pellentesque euro, pretium, sem. Nulla onsequat massa quis enim. donec pede justo fringilla vel aliquet.</p>\n\n<div class=\"tp-postbox-details-desc-thumb text-center\">\n   <img src=\"/storage/main/blog/blog-details-sm-1.jpg\" alt=\"\">\n   <span class=\"tp-postbox-details-desc-thumb-caption\">Gucci’s Women’s Cruise Collection 2023 Lookbook Has Arrived</span>\n</div>\n<p>“We’re so glad we’ll be working with you to get your new marketing strategy up and running. I\'ve attached the details of your package. Next you’ll get an email from Jen to schedule your kick-off meeting and be assigned your account rep. During your kick-off meeting, we will introduce your project team, let you know what access we need to start.” </p>\n\n<div class=\"tp-postbox-details-quote\">\n   <blockquote>\n      <div class=\"tp-postbox-details-quote-shape\">\n         <img class=\"tp-postbox-details-quote-shape-1\" src=\"/storage/main/shapes/line.png\" alt=\"\">\n         <img class=\"tp-postbox-details-quote-shape-2\" src=\"/storage/main/shapes/quote.png\" alt=\"\">\n      </div>\n      <p>There is a way out of every box, a solution to every puzzle its just a matter of finding it.</p>\n      <span style=\"color: #fff\">Shahnewaz Sakil</span>\n   </blockquote>\n</div>\n\n<h4 class=\"tp-postbox-details-heading\">Exploring the English Countryside</h4>\n<p>Lorem ligula eget dolor. Aenean massa. Cum sociis que penatibus et magnis dis parturient montes lorem,nascetur ridiculus mus. Donec quam felis, ultricies nec, pellentesque euro, pretium quis, sem. Nulla onsequat massa quis enim.</p>\n\n<div class=\"tp-postbox-details-list\">\n   <ul>\n      <li>Lorem ipsum dolor sit amet.</li>\n      <li>At vero eos et accusamus et iusto odio.</li>\n      <li>Excepteur sint occaecat cupidatat non proident.</li>\n   </ul>\n</div>\n<p>Rhoncus ut, imperdiet a, venenatis vitae, justo. Nullam dictum felis eu pede mollis pretium. Integer cidunt. Cras dapibus. Vivamus elementum semper nisi. Aenean vulputate eleifend tellus. Aenean leo ligula, porttitor eu, consequat vitae lorem.</p>\n', 'published', 1, 'Botble\\ACL\\Models\\User', 1, 'main/blog/post-7.jpg', 131, NULL, '2024-10-31 20:46:52', '2024-10-31 20:46:52'),
(18, 'Quality Foods Requirments For Every Human Body’s', 'Queen jumped up on to himself as he shook his head sadly. \'Do I look like one, but it is.\' \'I quite forgot how to get us dry would be quite as safe to stay in here any longer!\' She waited for some.', '<p class=\"tp-dropcap\">sales process is critically important to the success of your reps and your business. If you\'ve never seen a really skilled salesperson work, it seems almost effortless. They ask great questions, craftt perfect proposal, answer questions, address concerns and seamlessly seal the Underneath the surface of all of that, the salesperson has probably dedicated hours honing their craft and ensuring the process moves smoothly.</p>\n\n<p>One of the challenges that often surfaces when  working with a remote sales team is a lack of transparency over what is happening, and where in the process things are taking place. We’re going to peel back the curtain and show you how to create the best sales.</p>\n\n<h4 class=\"tp-postbox-details-heading\">Breaking Up With Fast Fashion Has Been Easier</h4>\n<p>Lommodo ligula eget dolor. Aenean massa. Cum sociis que penatibus magnis dis parturient montes lorem, nascetur ridiculus mus. Donec quam felis, ultricies nec, pellentesque euro, pretium, sem. Nulla onsequat massa quis enim. donec pede justo fringilla vel aliquet.</p>\n\n<div class=\"tp-postbox-details-desc-thumb text-center\">\n   <img src=\"/storage/main/blog/blog-details-sm-1.jpg\" alt=\"\">\n   <span class=\"tp-postbox-details-desc-thumb-caption\">Gucci’s Women’s Cruise Collection 2023 Lookbook Has Arrived</span>\n</div>\n<p>“We’re so glad we’ll be working with you to get your new marketing strategy up and running. I\'ve attached the details of your package. Next you’ll get an email from Jen to schedule your kick-off meeting and be assigned your account rep. During your kick-off meeting, we will introduce your project team, let you know what access we need to start.” </p>\n\n<div class=\"tp-postbox-details-quote\">\n   <blockquote>\n      <div class=\"tp-postbox-details-quote-shape\">\n         <img class=\"tp-postbox-details-quote-shape-1\" src=\"/storage/main/shapes/line.png\" alt=\"\">\n         <img class=\"tp-postbox-details-quote-shape-2\" src=\"/storage/main/shapes/quote.png\" alt=\"\">\n      </div>\n      <p>There is a way out of every box, a solution to every puzzle its just a matter of finding it.</p>\n      <span style=\"color: #fff\">Shahnewaz Sakil</span>\n   </blockquote>\n</div>\n\n<h4 class=\"tp-postbox-details-heading\">Exploring the English Countryside</h4>\n<p>Lorem ligula eget dolor. Aenean massa. Cum sociis que penatibus et magnis dis parturient montes lorem,nascetur ridiculus mus. Donec quam felis, ultricies nec, pellentesque euro, pretium quis, sem. Nulla onsequat massa quis enim.</p>\n\n<div class=\"tp-postbox-details-list\">\n   <ul>\n      <li>Lorem ipsum dolor sit amet.</li>\n      <li>At vero eos et accusamus et iusto odio.</li>\n      <li>Excepteur sint occaecat cupidatat non proident.</li>\n   </ul>\n</div>\n<p>Rhoncus ut, imperdiet a, venenatis vitae, justo. Nullam dictum felis eu pede mollis pretium. Integer cidunt. Cras dapibus. Vivamus elementum semper nisi. Aenean vulputate eleifend tellus. Aenean leo ligula, porttitor eu, consequat vitae lorem.</p>\n', 'published', 1, 'Botble\\ACL\\Models\\User', 1, 'main/blog/post-11.jpg', 1760, NULL, '2024-10-31 20:46:52', '2024-10-31 20:46:52');

-- --------------------------------------------------------

--
-- Table structure for table `posts_translations`
--

CREATE TABLE `posts_translations` (
  `lang_code` varchar(20) NOT NULL,
  `posts_id` bigint(20) UNSIGNED NOT NULL,
  `name` varchar(191) DEFAULT NULL,
  `description` varchar(400) DEFAULT NULL,
  `content` longtext DEFAULT NULL
) ENGINE=InnoDB DEFAULT CHARSET=utf8mb4 COLLATE=utf8mb4_unicode_ci;

-- --------------------------------------------------------

--
-- Table structure for table `post_categories`
--

CREATE TABLE `post_categories` (
  `category_id` bigint(20) UNSIGNED NOT NULL,
  `post_id` bigint(20) UNSIGNED NOT NULL
) ENGINE=InnoDB DEFAULT CHARSET=utf8mb4 COLLATE=utf8mb4_unicode_ci;

--
-- Dumping data for table `post_categories`
--

INSERT INTO `post_categories` (`category_id`, `post_id`) VALUES
(3, 1),
(4, 1),
(5, 2),
(4, 2),
(2, 3),
(1, 3),
(3, 4),
(1, 4),
(2, 5),
(5, 5),
(1, 6),
(4, 6),
(1, 7),
(2, 8),
(5, 8),
(3, 9),
(6, 9),
(4, 10),
(2, 10),
(4, 11),
(6, 11),
(6, 12),
(2, 12),
(2, 13),
(3, 13),
(4, 14),
(3, 14),
(2, 15),
(5, 15),
(6, 16),
(1, 16),
(5, 17),
(3, 17),
(6, 18),
(2, 18);

-- --------------------------------------------------------

--
-- Table structure for table `post_tags`
--

CREATE TABLE `post_tags` (
  `tag_id` bigint(20) UNSIGNED NOT NULL,
  `post_id` bigint(20) UNSIGNED NOT NULL
) ENGINE=InnoDB DEFAULT CHARSET=utf8mb4 COLLATE=utf8mb4_unicode_ci;

--
-- Dumping data for table `post_tags`
--

INSERT INTO `post_tags` (`tag_id`, `post_id`) VALUES
(4, 1),
(3, 1),
(1, 1),
(2, 2),
(8, 2),
(3, 3),
(6, 3),
(8, 3),
(2, 4),
(4, 4),
(1, 4),
(5, 5),
(1, 5),
(2, 5),
(6, 6),
(5, 6),
(3, 6),
(3, 7),
(8, 7),
(8, 8),
(5, 8),
(1, 9),
(4, 9),
(4, 10),
(6, 10),
(3, 10),
(2, 11),
(7, 11),
(4, 12),
(1, 12),
(5, 12),
(4, 13),
(2, 13),
(3, 14),
(2, 14),
(4, 15),
(3, 15),
(7, 15),
(6, 16),
(8, 16),
(3, 17),
(1, 17),
(8, 17),
(3, 18),
(8, 18),
(5, 18);

-- --------------------------------------------------------

--
-- Table structure for table `request_logs`
--

CREATE TABLE `request_logs` (
  `id` bigint(20) UNSIGNED NOT NULL,
  `status_code` int(11) DEFAULT NULL,
  `url` varchar(191) DEFAULT NULL,
  `count` int(10) UNSIGNED NOT NULL DEFAULT 0,
  `user_id` varchar(191) DEFAULT NULL,
  `referrer` text DEFAULT NULL,
  `created_at` timestamp NULL DEFAULT NULL,
  `updated_at` timestamp NULL DEFAULT NULL
) ENGINE=InnoDB DEFAULT CHARSET=utf8mb4 COLLATE=utf8mb4_unicode_ci;

--
-- Dumping data for table `request_logs`
--

INSERT INTO `request_logs` (`id`, `status_code`, `url`, `count`, `user_id`, `referrer`, `created_at`, `updated_at`) VALUES
(1, 404, 'http://localhost:81/avs_ecom3', 4, '[1]', NULL, '2025-02-14 08:39:06', '2025-02-14 10:10:48'),
(2, 404, 'http://localhost:8000/404', 1, '[1]', NULL, '2025-02-14 22:37:17', '2025-02-14 22:37:17'),
(3, 404, 'http://localhost:8000/sourceMap/chrome/css/download_scan_popup.css.map', 1, NULL, NULL, '2025-02-16 04:34:03', '2025-02-16 04:34:03'),
(4, 404, 'http://localhost:8000/sourceMap/chrome/css/interactive_balloon.css.map', 1, NULL, NULL, '2025-02-16 04:34:04', '2025-02-16 04:34:04');

-- --------------------------------------------------------

--
-- Table structure for table `roles`
--

CREATE TABLE `roles` (
  `id` bigint(20) UNSIGNED NOT NULL,
  `slug` varchar(120) NOT NULL,
  `name` varchar(120) NOT NULL,
  `permissions` text DEFAULT NULL,
  `description` varchar(400) DEFAULT NULL,
  `is_default` tinyint(3) UNSIGNED NOT NULL DEFAULT 0,
  `created_by` bigint(20) UNSIGNED NOT NULL,
  `updated_by` bigint(20) UNSIGNED NOT NULL,
  `created_at` timestamp NULL DEFAULT NULL,
  `updated_at` timestamp NULL DEFAULT NULL
) ENGINE=InnoDB DEFAULT CHARSET=utf8mb4 COLLATE=utf8mb4_unicode_ci;

--
-- Dumping data for table `roles`
--

INSERT INTO `roles` (`id`, `slug`, `name`, `permissions`, `description`, `is_default`, `created_by`, `updated_by`, `created_at`, `updated_at`) VALUES
(1, 'admin', 'Admin', '{\"users.index\":true,\"users.create\":true,\"users.edit\":true,\"users.destroy\":true,\"roles.index\":true,\"roles.create\":true,\"roles.edit\":true,\"roles.destroy\":true,\"core.system\":true,\"core.cms\":true,\"core.manage.license\":true,\"systems.cronjob\":true,\"core.tools\":true,\"tools.data-synchronize\":true,\"media.index\":true,\"files.index\":true,\"files.create\":true,\"files.edit\":true,\"files.trash\":true,\"files.destroy\":true,\"folders.index\":true,\"folders.create\":true,\"folders.edit\":true,\"folders.trash\":true,\"folders.destroy\":true,\"settings.index\":true,\"settings.common\":true,\"settings.options\":true,\"settings.email\":true,\"settings.media\":true,\"settings.admin-appearance\":true,\"settings.cache\":true,\"settings.datatables\":true,\"settings.email.rules\":true,\"settings.others\":true,\"menus.index\":true,\"menus.create\":true,\"menus.edit\":true,\"menus.destroy\":true,\"optimize.settings\":true,\"pages.index\":true,\"pages.create\":true,\"pages.edit\":true,\"pages.destroy\":true,\"plugins.index\":true,\"plugins.edit\":true,\"plugins.remove\":true,\"plugins.marketplace\":true,\"core.appearance\":true,\"theme.index\":true,\"theme.activate\":true,\"theme.remove\":true,\"theme.options\":true,\"theme.custom-css\":true,\"theme.custom-js\":true,\"theme.custom-html\":true,\"theme.robots-txt\":true,\"settings.website-tracking\":true,\"widgets.index\":true,\"ads.index\":true,\"ads.create\":true,\"ads.edit\":true,\"ads.destroy\":true,\"ads.settings\":true,\"analytics.general\":true,\"analytics.page\":true,\"analytics.browser\":true,\"analytics.referrer\":true,\"analytics.settings\":true,\"announcements.index\":true,\"announcements.create\":true,\"announcements.edit\":true,\"announcements.destroy\":true,\"announcements.settings\":true,\"audit-log.index\":true,\"audit-log.destroy\":true,\"backups.index\":true,\"backups.create\":true,\"backups.restore\":true,\"backups.destroy\":true,\"plugins.blog\":true,\"posts.index\":true,\"posts.create\":true,\"posts.edit\":true,\"posts.destroy\":true,\"categories.index\":true,\"categories.create\":true,\"categories.edit\":true,\"categories.destroy\":true,\"tags.index\":true,\"tags.create\":true,\"tags.edit\":true,\"tags.destroy\":true,\"blog.settings\":true,\"posts.export\":true,\"posts.import\":true,\"captcha.settings\":true,\"contacts.index\":true,\"contacts.edit\":true,\"contacts.destroy\":true,\"contact.settings\":true,\"plugins.ecommerce\":true,\"ecommerce.report.index\":true,\"products.index\":true,\"products.create\":true,\"products.edit\":true,\"products.destroy\":true,\"products.duplicate\":true,\"ecommerce.product-prices.index\":true,\"ecommerce.product-prices.edit\":true,\"ecommerce.product-inventory.index\":true,\"ecommerce.product-inventory.edit\":true,\"product-categories.index\":true,\"product-categories.create\":true,\"product-categories.edit\":true,\"product-categories.destroy\":true,\"product-tag.index\":true,\"product-tag.create\":true,\"product-tag.edit\":true,\"product-tag.destroy\":true,\"brands.index\":true,\"brands.create\":true,\"brands.edit\":true,\"brands.destroy\":true,\"product-collections.index\":true,\"product-collections.create\":true,\"product-collections.edit\":true,\"product-collections.destroy\":true,\"product-attribute-sets.index\":true,\"product-attribute-sets.create\":true,\"product-attribute-sets.edit\":true,\"product-attribute-sets.destroy\":true,\"product-attributes.index\":true,\"product-attributes.create\":true,\"product-attributes.edit\":true,\"product-attributes.destroy\":true,\"tax.index\":true,\"tax.create\":true,\"tax.edit\":true,\"tax.destroy\":true,\"reviews.index\":true,\"reviews.create\":true,\"reviews.destroy\":true,\"reviews.publish\":true,\"reviews.reply\":true,\"ecommerce.shipments.index\":true,\"ecommerce.shipments.create\":true,\"ecommerce.shipments.edit\":true,\"ecommerce.shipments.destroy\":true,\"orders.index\":true,\"orders.create\":true,\"orders.edit\":true,\"orders.destroy\":true,\"discounts.index\":true,\"discounts.create\":true,\"discounts.edit\":true,\"discounts.destroy\":true,\"customers.index\":true,\"customers.create\":true,\"customers.edit\":true,\"customers.destroy\":true,\"flash-sale.index\":true,\"flash-sale.create\":true,\"flash-sale.edit\":true,\"flash-sale.destroy\":true,\"product-label.index\":true,\"product-label.create\":true,\"product-label.edit\":true,\"product-label.destroy\":true,\"ecommerce.import.products.index\":true,\"ecommerce.export.products.index\":true,\"order_returns.index\":true,\"order_returns.edit\":true,\"order_returns.destroy\":true,\"global-option.index\":true,\"global-option.create\":true,\"global-option.edit\":true,\"global-option.destroy\":true,\"ecommerce.invoice.index\":true,\"ecommerce.invoice.edit\":true,\"ecommerce.invoice.destroy\":true,\"ecommerce.settings\":true,\"ecommerce.settings.general\":true,\"ecommerce.invoice-template.index\":true,\"ecommerce.settings.currencies\":true,\"ecommerce.settings.products\":true,\"ecommerce.settings.product-search\":true,\"ecommerce.settings.digital-products\":true,\"ecommerce.settings.store-locators\":true,\"ecommerce.settings.invoices\":true,\"ecommerce.settings.product-reviews\":true,\"ecommerce.settings.customers\":true,\"ecommerce.settings.shopping\":true,\"ecommerce.settings.taxes\":true,\"ecommerce.settings.shipping\":true,\"ecommerce.settings.tracking\":true,\"ecommerce.settings.standard-and-format\":true,\"ecommerce.settings.checkout\":true,\"ecommerce.settings.return\":true,\"ecommerce.settings.flash-sale\":true,\"ecommerce.settings.product-specification\":true,\"product-categories.export\":true,\"product-categories.import\":true,\"orders.export\":true,\"ecommerce.product-specification.index\":true,\"ecommerce.specification-groups.index\":true,\"ecommerce.specification-groups.create\":true,\"ecommerce.specification-groups.edit\":true,\"ecommerce.specification-groups.destroy\":true,\"ecommerce.specification-attributes.index\":true,\"ecommerce.specification-attributes.create\":true,\"ecommerce.specification-attributes.edit\":true,\"ecommerce.specification-attributes.destroy\":true,\"ecommerce.specification-tables.index\":true,\"ecommerce.specification-tables.create\":true,\"ecommerce.specification-tables.edit\":true,\"ecommerce.specification-tables.destroy\":true,\"plugin.faq\":true,\"faq.index\":true,\"faq.create\":true,\"faq.edit\":true,\"faq.destroy\":true,\"faq_category.index\":true,\"faq_category.create\":true,\"faq_category.edit\":true,\"faq_category.destroy\":true,\"faqs.settings\":true,\"galleries.index\":true,\"galleries.create\":true,\"galleries.edit\":true,\"galleries.destroy\":true,\"languages.index\":true,\"languages.create\":true,\"languages.edit\":true,\"languages.destroy\":true,\"plugin.location\":true,\"country.index\":true,\"country.create\":true,\"country.edit\":true,\"country.destroy\":true,\"state.index\":true,\"state.create\":true,\"state.edit\":true,\"state.destroy\":true,\"city.index\":true,\"city.create\":true,\"city.edit\":true,\"city.destroy\":true,\"marketplace.index\":true,\"marketplace.store.index\":true,\"marketplace.store.create\":true,\"marketplace.store.edit\":true,\"marketplace.store.destroy\":true,\"marketplace.store.view\":true,\"marketplace.store.revenue.create\":true,\"marketplace.withdrawal.index\":true,\"marketplace.withdrawal.edit\":true,\"marketplace.withdrawal.destroy\":true,\"marketplace.withdrawal.invoice\":true,\"marketplace.vendors.index\":true,\"marketplace.unverified-vendors.index\":true,\"marketplace.vendors.control\":true,\"marketplace.unverified-vendors.edit\":true,\"marketplace.reports\":true,\"marketplace.settings\":true,\"newsletter.index\":true,\"newsletter.destroy\":true,\"newsletter.settings\":true,\"payment.index\":true,\"payments.settings\":true,\"payment.destroy\":true,\"payments.logs\":true,\"payments.logs.show\":true,\"payments.logs.destroy\":true,\"request-log.index\":true,\"request-log.destroy\":true,\"sale-popup.settings\":true,\"simple-slider.index\":true,\"simple-slider.create\":true,\"simple-slider.edit\":true,\"simple-slider.destroy\":true,\"simple-slider-item.index\":true,\"simple-slider-item.create\":true,\"simple-slider-item.edit\":true,\"simple-slider-item.destroy\":true,\"simple-slider.settings\":true,\"social-login.settings\":true,\"testimonial.index\":true,\"testimonial.create\":true,\"testimonial.edit\":true,\"testimonial.destroy\":true,\"plugins.translation\":true,\"translations.locales\":true,\"translations.theme-translations\":true,\"translations.index\":true,\"theme-translations.export\":true,\"other-translations.export\":true,\"theme-translations.import\":true,\"other-translations.import\":true}', 'Admin users role', 1, 1, 1, '2024-10-31 20:46:47', '2024-10-31 20:46:47');

-- --------------------------------------------------------

--
-- Table structure for table `role_users`
--

CREATE TABLE `role_users` (
  `user_id` bigint(20) UNSIGNED NOT NULL,
  `role_id` bigint(20) UNSIGNED NOT NULL,
  `created_at` timestamp NULL DEFAULT NULL,
  `updated_at` timestamp NULL DEFAULT NULL
) ENGINE=InnoDB DEFAULT CHARSET=utf8mb4 COLLATE=utf8mb4_unicode_ci;

-- --------------------------------------------------------

--
-- Table structure for table `sessions`
--

CREATE TABLE `sessions` (
  `id` varchar(191) NOT NULL,
  `user_id` bigint(20) UNSIGNED DEFAULT NULL,
  `ip_address` varchar(45) DEFAULT NULL,
  `user_agent` text DEFAULT NULL,
  `payload` longtext NOT NULL,
  `last_activity` int(11) NOT NULL
) ENGINE=InnoDB DEFAULT CHARSET=utf8mb4 COLLATE=utf8mb4_unicode_ci;

--
-- Dumping data for table `sessions`
--

INSERT INTO `sessions` (`id`, `user_id`, `ip_address`, `user_agent`, `payload`, `last_activity`) VALUES
('RY7jTTlP1Xmh1oY8a6L4qJzVdjsptWllInSqQYTo', NULL, '::1', 'Mozilla/5.0 (Windows NT 10.0; Win64; x64) AppleWebKit/537.36 (KHTML, like Gecko) Chrome/133.0.0.0 Safari/537.36', 'YTo0OntzOjY6Il90b2tlbiI7czo0MDoiQXQ1N29CQmNKYzVHS1A5ZEZpcVBwT0VsejZ0b20xRzJLZnVIS0FxNSI7czo2OiJfZmxhc2giO2E6Mjp7czozOiJvbGQiO2E6MDp7fXM6MzoibmV3IjthOjA6e319czozOiJ1cmwiO2E6MTp7czo4OiJpbnRlbmRlZCI7czoxNTg6Imh0dHA6Ly9sb2NhbGhvc3Q6ODEvc2hvZnktMTI1L2NvZGVjYW55b24tNTExMTk2Mzgtc2hvZnktZWNvbW1lcmNlLW11bHRpdmVuZG9yLW1hcmtldHBsYWNlLWxhcmF2ZWwtcGxhdGZvcm0vcHVibGljL2FkbWluL3RoZW1lL29wdGlvbnMvb3B0LXRleHQtc3Vic2VjdGlvbi1sb2dvIjt9czo5OiJfcHJldmlvdXMiO2E6MTp7czozOiJ1cmwiO3M6MTU4OiJodHRwOi8vbG9jYWxob3N0OjgxL3Nob2Z5LTEyNS9jb2RlY2FueW9uLTUxMTE5NjM4LXNob2Z5LWVjb21tZXJjZS1tdWx0aXZlbmRvci1tYXJrZXRwbGFjZS1sYXJhdmVsLXBsYXRmb3JtL3B1YmxpYy9hZG1pbi90aGVtZS9vcHRpb25zL29wdC10ZXh0LXN1YnNlY3Rpb24tbG9nbyI7fX0=', 1739542757);

-- --------------------------------------------------------

--
-- Table structure for table `settings`
--

CREATE TABLE `settings` (
  `id` bigint(20) UNSIGNED NOT NULL,
  `key` varchar(191) NOT NULL,
  `value` text DEFAULT NULL,
  `created_at` timestamp NULL DEFAULT NULL,
  `updated_at` timestamp NULL DEFAULT NULL
) ENGINE=InnoDB DEFAULT CHARSET=utf8mb4 COLLATE=utf8mb4_unicode_ci;



-- --------------------------------------------------------

--
-- Table structure for table `simple_slider_items`
--

CREATE TABLE `simple_slider_items` (
  `id` bigint(20) UNSIGNED NOT NULL,
  `simple_slider_id` bigint(20) UNSIGNED NOT NULL,
  `title` varchar(191) DEFAULT NULL,
  `image` varchar(191) NOT NULL,
  `link` varchar(191) DEFAULT NULL,
  `description` text DEFAULT NULL,
  `order` int(10) UNSIGNED NOT NULL DEFAULT 0,
  `created_at` timestamp NULL DEFAULT NULL,
  `updated_at` timestamp NULL DEFAULT NULL
) ENGINE=InnoDB DEFAULT CHARSET=utf8mb4 COLLATE=utf8mb4_unicode_ci;

--
-- Dumping data for table `simple_slider_items`
--

INSERT INTO `simple_slider_items` (`id`, `simple_slider_id`, `title`, `image`, `link`, `description`, `order`, `created_at`, `updated_at`) VALUES
(1, 1, 'The Clothing Collection', 'fashion/products/first-iphone-removebg-preview.png', '/products', 'New Arrivals 2023', 0, '2024-10-31 20:46:56', '2025-02-14 10:15:15'),
(2, 1, 'The Summer Collection', 'fashion/products/seccond-iphone-removebg-preview.png', '/products', 'Best Selling 2023', 1, '2024-10-31 20:46:56', '2025-02-14 10:15:35'),
(3, 1, 'Amazing New designs', 'fashion/products/third-iphone-removebg-preview.png', '/products', 'Winter Has Arrived', 2, '2024-10-31 20:46:56', '2025-02-14 10:15:53');

-- --------------------------------------------------------

--
-- Table structure for table `slugs_translations`
--

CREATE TABLE `slugs_translations` (
  `lang_code` varchar(20) NOT NULL,
  `slugs_id` bigint(20) UNSIGNED NOT NULL,
  `key` varchar(191) DEFAULT NULL,
  `prefix` varchar(120) DEFAULT ''
) ENGINE=InnoDB DEFAULT CHARSET=utf8mb4 COLLATE=utf8mb4_unicode_ci;

-- --------------------------------------------------------

--
-- Table structure for table `states`
--

CREATE TABLE `states` (
  `id` bigint(20) UNSIGNED NOT NULL,
  `name` varchar(120) NOT NULL,
  `slug` varchar(120) DEFAULT NULL,
  `abbreviation` varchar(10) DEFAULT NULL,
  `country_id` bigint(20) UNSIGNED DEFAULT NULL,
  `order` tinyint(4) NOT NULL DEFAULT 0,
  `image` varchar(191) DEFAULT NULL,
  `is_default` tinyint(3) UNSIGNED NOT NULL DEFAULT 0,
  `status` varchar(60) NOT NULL DEFAULT 'published',
  `created_at` timestamp NULL DEFAULT NULL,
  `updated_at` timestamp NULL DEFAULT NULL
) ENGINE=InnoDB DEFAULT CHARSET=utf8mb4 COLLATE=utf8mb4_unicode_ci;

--
-- Dumping data for table `states`
--

INSERT INTO `states` (`id`, `name`, `slug`, `abbreviation`, `country_id`, `order`, `image`, `is_default`, `status`, `created_at`, `updated_at`) VALUES
(1, 'Andaman and Nicobar Islands', 'andaman-and-nicobar-islands', NULL, 1, 0, NULL, 0, 'published', '2025-02-14 10:22:00', '2025-02-14 10:22:00'),
(2, 'Andhra Pradesh', 'andhra-pradesh', NULL, 1, 0, NULL, 0, 'published', '2025-02-14 10:22:00', '2025-02-14 10:22:00'),
(3, 'Arunachal Pradesh', 'arunachal-pradesh', NULL, 1, 0, NULL, 0, 'published', '2025-02-14 10:22:00', '2025-02-14 10:22:00'),
(4, 'Assam', 'assam', NULL, 1, 0, NULL, 0, 'published', '2025-02-14 10:22:00', '2025-02-14 10:22:00'),
(5, 'Bihar', 'bihar', NULL, 1, 0, NULL, 0, 'published', '2025-02-14 10:22:00', '2025-02-14 10:22:00'),
(6, 'Chandigarh', 'chandigarh', NULL, 1, 0, NULL, 0, 'published', '2025-02-14 10:22:00', '2025-02-14 10:22:00'),
(7, 'Chhattisgarh', 'chhattisgarh', NULL, 1, 0, NULL, 0, 'published', '2025-02-14 10:22:00', '2025-02-14 10:22:00'),
(8, 'Dadra and Nagar Haveli and Daman and Diu', 'dadra-and-nagar-haveli-and-daman-and-diu', NULL, 1, 0, NULL, 0, 'published', '2025-02-14 10:22:00', '2025-02-14 10:22:00'),
(9, 'Delhi', 'delhi', NULL, 1, 0, NULL, 0, 'published', '2025-02-14 10:22:00', '2025-02-14 10:22:00'),
(10, 'Goa', 'goa', NULL, 1, 0, NULL, 0, 'published', '2025-02-14 10:22:00', '2025-02-14 10:22:00'),
(11, 'Gujarat', 'gujarat', NULL, 1, 0, NULL, 0, 'published', '2025-02-14 10:22:00', '2025-02-14 10:22:00'),
(12, 'Haryana', 'haryana', NULL, 1, 0, NULL, 0, 'published', '2025-02-14 10:22:00', '2025-02-14 10:22:00'),
(13, 'Himachal Pradesh', 'himachal-pradesh', NULL, 1, 0, NULL, 0, 'published', '2025-02-14 10:22:00', '2025-02-14 10:22:00'),
(14, 'Jammu and Kashmir', 'jammu-and-kashmir', NULL, 1, 0, NULL, 0, 'published', '2025-02-14 10:22:00', '2025-02-14 10:22:00'),
(15, 'Jharkhand', 'jharkhand', NULL, 1, 0, NULL, 0, 'published', '2025-02-14 10:22:00', '2025-02-14 10:22:00'),
(16, 'Karnataka', 'karnataka', NULL, 1, 0, NULL, 0, 'published', '2025-02-14 10:22:00', '2025-02-14 10:22:00'),
(17, 'Kerala', 'kerala', NULL, 1, 0, NULL, 0, 'published', '2025-02-14 10:22:00', '2025-02-14 10:22:00'),
(18, 'Ladakh', 'ladakh', NULL, 1, 0, NULL, 0, 'published', '2025-02-14 10:22:00', '2025-02-14 10:22:00'),
(19, 'Lakshadweep', 'lakshadweep', NULL, 1, 0, NULL, 0, 'published', '2025-02-14 10:22:00', '2025-02-14 10:22:00'),
(20, 'Madhya Pradesh', 'madhya-pradesh', NULL, 1, 0, NULL, 0, 'published', '2025-02-14 10:22:00', '2025-02-14 10:22:00'),
(21, 'Maharashtra', 'maharashtra', NULL, 1, 0, NULL, 0, 'published', '2025-02-14 10:22:00', '2025-02-14 10:22:00'),
(22, 'Manipur', 'manipur', NULL, 1, 0, NULL, 0, 'published', '2025-02-14 10:22:00', '2025-02-14 10:22:00'),
(23, 'Meghalaya', 'meghalaya', NULL, 1, 0, NULL, 0, 'published', '2025-02-14 10:22:00', '2025-02-14 10:22:00'),
(24, 'Mizoram', 'mizoram', NULL, 1, 0, NULL, 0, 'published', '2025-02-14 10:22:00', '2025-02-14 10:22:00'),
(25, 'Nagaland', 'nagaland', NULL, 1, 0, NULL, 0, 'published', '2025-02-14 10:22:00', '2025-02-14 10:22:00'),
(26, 'Odisha', 'odisha', NULL, 1, 0, NULL, 0, 'published', '2025-02-14 10:22:00', '2025-02-14 10:22:00'),
(27, 'Puducherry', 'puducherry', NULL, 1, 0, NULL, 0, 'published', '2025-02-14 10:22:00', '2025-02-14 10:22:00'),
(28, 'Punjab', 'punjab', NULL, 1, 0, NULL, 0, 'published', '2025-02-14 10:22:00', '2025-02-14 10:22:00'),
(29, 'Rajasthan', 'rajasthan', NULL, 1, 0, NULL, 0, 'published', '2025-02-14 10:22:00', '2025-02-14 10:22:00'),
(30, 'Sikkim', 'sikkim', NULL, 1, 0, NULL, 0, 'published', '2025-02-14 10:22:00', '2025-02-14 10:22:00'),
(31, 'Tamil Nadu', 'tamil-nadu', NULL, 1, 0, NULL, 0, 'published', '2025-02-14 10:22:00', '2025-02-14 10:22:00'),
(32, 'Telangana', 'telangana', NULL, 1, 0, NULL, 0, 'published', '2025-02-14 10:22:00', '2025-02-14 10:22:00'),
(33, 'Tripura', 'tripura', NULL, 1, 0, NULL, 0, 'published', '2025-02-14 10:22:00', '2025-02-14 10:22:00'),
(34, 'Uttar Pradesh', 'uttar-pradesh', NULL, 1, 0, NULL, 0, 'published', '2025-02-14 10:22:00', '2025-02-14 10:22:00'),
(35, 'Uttarakhand', 'uttarakhand', NULL, 1, 0, NULL, 0, 'published', '2025-02-14 10:22:00', '2025-02-14 10:22:00'),
(36, 'West Bengal', 'west-bengal', NULL, 1, 0, NULL, 0, 'published', '2025-02-14 10:22:00', '2025-02-14 10:22:00');

-- --------------------------------------------------------

--
-- Table structure for table `states_translations`
--

CREATE TABLE `states_translations` (
  `lang_code` varchar(20) NOT NULL,
  `states_id` bigint(20) UNSIGNED NOT NULL,
  `name` varchar(120) DEFAULT NULL,
  `slug` varchar(120) DEFAULT NULL,
  `abbreviation` varchar(10) DEFAULT NULL
) ENGINE=InnoDB DEFAULT CHARSET=utf8mb4 COLLATE=utf8mb4_unicode_ci;

-- --------------------------------------------------------

--
-- Table structure for table `tags`
--

CREATE TABLE `tags` (
  `id` bigint(20) UNSIGNED NOT NULL,
  `name` varchar(120) NOT NULL,
  `author_id` bigint(20) UNSIGNED DEFAULT NULL,
  `author_type` varchar(191) NOT NULL DEFAULT 'Botble\\ACL\\Models\\User',
  `description` varchar(400) DEFAULT NULL,
  `status` varchar(60) NOT NULL DEFAULT 'published',
  `created_at` timestamp NULL DEFAULT NULL,
  `updated_at` timestamp NULL DEFAULT NULL
) ENGINE=InnoDB DEFAULT CHARSET=utf8mb4 COLLATE=utf8mb4_unicode_ci;

--
-- Dumping data for table `tags`
--

INSERT INTO `tags` (`id`, `name`, `author_id`, `author_type`, `description`, `status`, `created_at`, `updated_at`) VALUES
(1, 'General', NULL, 'Botble\\ACL\\Models\\User', NULL, 'published', '2024-10-31 20:46:52', '2024-10-31 20:46:52'),
(2, 'Design', NULL, 'Botble\\ACL\\Models\\User', NULL, 'published', '2024-10-31 20:46:52', '2024-10-31 20:46:52'),
(3, 'Fashion', NULL, 'Botble\\ACL\\Models\\User', NULL, 'published', '2024-10-31 20:46:52', '2024-10-31 20:46:52'),
(4, 'Branding', NULL, 'Botble\\ACL\\Models\\User', NULL, 'published', '2024-10-31 20:46:52', '2024-10-31 20:46:52'),
(5, 'Modern', NULL, 'Botble\\ACL\\Models\\User', NULL, 'published', '2024-10-31 20:46:52', '2024-10-31 20:46:52'),
(6, 'Nature', NULL, 'Botble\\ACL\\Models\\User', NULL, 'published', '2024-10-31 20:46:52', '2024-10-31 20:46:52'),
(7, 'Vintage', NULL, 'Botble\\ACL\\Models\\User', NULL, 'published', '2024-10-31 20:46:52', '2024-10-31 20:46:52'),
(8, 'Sunglasses', NULL, 'Botble\\ACL\\Models\\User', NULL, 'published', '2024-10-31 20:46:52', '2024-10-31 20:46:52');

-- --------------------------------------------------------

--
-- Table structure for table `tags_translations`
--

CREATE TABLE `tags_translations` (
  `lang_code` varchar(20) NOT NULL,
  `tags_id` bigint(20) UNSIGNED NOT NULL,
  `name` varchar(191) DEFAULT NULL,
  `description` varchar(400) DEFAULT NULL
) ENGINE=InnoDB DEFAULT CHARSET=utf8mb4 COLLATE=utf8mb4_unicode_ci;

-- --------------------------------------------------------

--
-- Table structure for table `testimonials`
--

CREATE TABLE `testimonials` (
  `id` bigint(20) UNSIGNED NOT NULL,
  `name` varchar(120) NOT NULL,
  `content` text NOT NULL,
  `image` varchar(191) DEFAULT NULL,
  `company` varchar(120) DEFAULT NULL,
  `status` varchar(60) NOT NULL DEFAULT 'published',
  `created_at` timestamp NULL DEFAULT NULL,
  `updated_at` timestamp NULL DEFAULT NULL
) ENGINE=InnoDB DEFAULT CHARSET=utf8mb4 COLLATE=utf8mb4_unicode_ci;

--
-- Dumping data for table `testimonials`
--

INSERT INTO `testimonials` (`id`, `name`, `content`, `image`, `company`, `status`, `created_at`, `updated_at`) VALUES
(1, 'James Dopli', 'Thanks for all your efforts and teamwork over the last several months!  Thank you so much', 'main/users/10.jpg', 'Developer', 'published', '2024-10-31 20:46:56', '2024-10-31 20:46:56'),
(2, 'Theodore Handle', 'How you use the city or town name is up to you. All results may be freely used in any work.', 'main/users/3.jpg', 'CO Founder', 'published', '2024-10-31 20:46:56', '2024-10-31 20:46:56'),
(3, 'Shahnewaz Sakil', 'Very happy with our choice to take our daughter to Brave care. The entire team was great! Thank you!', 'main/users/1.jpg', 'UI/UX Designer', 'published', '2024-10-31 20:46:56', '2024-10-31 20:46:56'),
(4, 'Albert Flores', 'Wedding day savior! 5 stars. Their bridal collection is a game-changer. Made me feel like a star.', 'main/users/1.jpg', 'Bank of America', 'published', '2024-10-31 20:46:56', '2024-10-31 20:46:56');

-- --------------------------------------------------------

--
-- Table structure for table `testimonials_translations`
--

CREATE TABLE `testimonials_translations` (
  `lang_code` varchar(20) NOT NULL,
  `testimonials_id` bigint(20) UNSIGNED NOT NULL,
  `name` varchar(191) DEFAULT NULL,
  `content` text DEFAULT NULL,
  `company` varchar(120) DEFAULT NULL
) ENGINE=InnoDB DEFAULT CHARSET=utf8mb4 COLLATE=utf8mb4_unicode_ci;

-- --------------------------------------------------------

--
-- Table structure for table `widgets`
--

CREATE TABLE `widgets` (
  `id` bigint(20) UNSIGNED NOT NULL,
  `widget_id` varchar(120) NOT NULL,
  `sidebar_id` varchar(120) NOT NULL,
  `theme` varchar(120) NOT NULL,
  `position` tinyint(3) UNSIGNED NOT NULL DEFAULT 0,
  `data` text DEFAULT NULL,
  `created_at` timestamp NULL DEFAULT NULL,
  `updated_at` timestamp NULL DEFAULT NULL
) ENGINE=InnoDB DEFAULT CHARSET=utf8mb4 COLLATE=utf8mb4_unicode_ci;

--
-- Dumping data for table `widgets`
--

INSERT INTO `widgets` (`id`, `widget_id`, `sidebar_id`, `theme`, `position`, `data`, `created_at`, `updated_at`) VALUES
(12, 'BlogSearchWidget', 'blog_sidebar', 'shofy-fashion', 1, '{\"id\":\"BlogSearchWidget\"}', '2024-10-31 20:47:02', '2024-10-31 20:47:02'),
(13, 'BlogAboutMeWidget', 'blog_sidebar', 'shofy-fashion', 2, '{\"id\":\"BlogAboutMeWidget\",\"name\":\"About Me\",\"author_url\":\"\\/blog\",\"author_avatar\":\"main\\/users\\/10.jpg\",\"author_name\":\"Ravi O\'Leigh\",\"author_role\":\"Photographer & Blogger\",\"author_description\":\"Lorem ligula eget dolor. Aenean massa. Cum sociis que penatibus magnis dis parturient\",\"author_signature\":\"main\\/general\\/signature.png\"}', '2024-10-31 20:47:02', '2024-10-31 20:47:02'),
(14, 'BlogPostsWidget', 'blog_sidebar', 'shofy-fashion', 3, '{\"id\":\"BlogPostsWidget\",\"name\":\"Latest Posts\",\"limit\":3}', '2024-10-31 20:47:02', '2024-10-31 20:47:02'),
(15, 'BlogCategoriesWidget', 'blog_sidebar', 'shofy-fashion', 4, '{\"id\":\"BlogCategoriesWidget\",\"name\":\"Categories\",\"number_display\":6}', '2024-10-31 20:47:02', '2024-10-31 20:47:02'),
(16, 'BlogTagsWidget', 'blog_sidebar', 'shofy-fashion', 5, '{\"id\":\"BlogTagsWidget\",\"name\":\"Popular Tags\",\"number_display\":6}', '2024-10-31 20:47:02', '2024-10-31 20:47:02'),
(18, 'EcommerceBrands', 'products_listing_top_sidebar', 'shofy-fashion', 1, '{\"id\":\"EcommerceBrands\",\"brand_ids\":[1,2,3,4,5]}', '2024-10-31 20:47:02', '2024-10-31 20:47:02'),
(19, 'ProductCategoriesWidget', 'products_listing_top_sidebar', 'shofy-fashion', 2, '{\"id\":\"ProductCategoriesWidget\",\"categories\":[1,2,7,11,18,19],\"style\":\"grid\",\"display_children\":true}', '2024-10-31 20:47:02', '2024-10-31 20:47:02'),
(20, 'SiteAcceptedPaymentsWidget', 'footer_top_sidebar', 'shofy-fashion', 0, '{\"id\":\"SiteAcceptedPaymentsWidget\"}', '2025-02-14 22:23:21', '2025-02-14 22:23:21'),
(21, 'NewsletterWidget', 'footer_top_sidebar', 'shofy-fashion', 1, '{\"id\":\"NewsletterWidget\",\"title\":\"Subscribe our Newsletter\",\"subtitle\":\"Sale 20% off all store\",\"shape_1\":\"\",\"shape_2\":\"\",\"shape_3\":\"\",\"shape_4\":\"\"}', '2025-02-14 22:23:21', '2025-02-14 22:23:21'),
(59, 'ProductDetailInfoWidget', 'product_details_sidebar', 'shofy-fashion', 0, '{\"id\":\"ProductDetailInfoWidget\",\"messages\":[[{\"key\":\"message\",\"value\":\"7 days easy returns\"}],[{\"key\":\"message\",\"value\":\"Order yours before 2.30pm for same day dispatch\"}]],\"description\":\"Guaranteed safe & secure checkout\",\"image\":\"\"}', '2025-02-15 00:25:51', '2025-02-15 00:25:51'),
(64, 'SiteInfoWidget', 'footer_primary_sidebar', 'shofy-fashion', 0, '{\"id\":\"SiteInfoWidget\",\"logo\":\"logo-avs.jpeg\",\"logo_height\":\"50\",\"about\":\"Ashtavinayak Soft Solutions\",\"show_social_links\":\"0\"}', '2025-02-15 00:34:03', '2025-02-15 00:34:03'),
(65, 'CustomMenuWidget', 'footer_primary_sidebar', 'shofy-fashion', 1, '{\"id\":\"CustomMenuWidget\",\"name\":\"Information\",\"menu_id\":\"footer-menu\"}', '2025-02-15 00:34:04', '2025-02-15 00:34:04'),
(66, 'SiteContactWidget', 'footer_primary_sidebar', 'shofy-fashion', 2, '{\"id\":\"SiteContactWidget\",\"name\":\"Talk To Us\",\"phone_label\":\"Got Questions? Call us\",\"phone\":\"+91 9313535043\",\"email\":\"hndeveloping@gmail.com\",\"address\":\"Shanghvi DharmShala , Near Central Bank,Station Road Amreli-365601\"}', '2025-02-15 00:34:04', '2025-02-15 00:34:04'),
(67, 'ProductCategoriesWidget', 'footer_primary_sidebar', 'shofy-fashion', 3, '{\"id\":\"ProductCategoriesWidget\",\"style\":\"simple-text\",\"name\":\"Fashion\",\"categories\":[\"2\",\"7\",\"8\"],\"display_children\":\"0\",\"centered_text\":\"0\"}', '2025-02-15 00:34:04', '2025-02-15 00:34:04'),
(68, 'SiteCopyrightWidget', 'footer_bottom_sidebar', 'shofy-fashion', 0, '{\"id\":\"SiteCopyrightWidget\"}', '2025-02-19 03:50:03', '2025-02-19 03:50:03'),
(69, 'SiteAcceptedPaymentsWidget', 'footer_bottom_sidebar', 'shofy-fashion', 1, '{\"id\":\"SiteAcceptedPaymentsWidget\",\"image\":\"\",\"url\":\"#\"}', '2025-02-19 03:50:03', '2025-02-19 03:50:03');

--
-- Indexes for dumped tables
--

--
-- Indexes for table `activations`
--
ALTER TABLE `activations`
  ADD PRIMARY KEY (`id`),
  ADD KEY `activations_user_id_index` (`user_id`);

--
-- Indexes for table `admin_notifications`
--
ALTER TABLE `admin_notifications`
  ADD PRIMARY KEY (`id`);

--
-- Indexes for table `ads_translations`
--
ALTER TABLE `ads_translations`
  ADD PRIMARY KEY (`lang_code`,`ads_id`);

--
-- Indexes for table `announcements`
--
ALTER TABLE `announcements`
  ADD PRIMARY KEY (`id`);

--
-- Indexes for table `announcements_translations`
--
ALTER TABLE `announcements_translations`
  ADD PRIMARY KEY (`lang_code`,`announcements_id`);

--
-- Indexes for table `audit_histories`
--
ALTER TABLE `audit_histories`
  ADD PRIMARY KEY (`id`),
  ADD KEY `audit_histories_user_id_index` (`user_id`),
  ADD KEY `audit_histories_module_index` (`module`);

--
-- Indexes for table `categories`
--
ALTER TABLE `categories`
  ADD PRIMARY KEY (`id`),
  ADD KEY `categories_parent_id_index` (`parent_id`),
  ADD KEY `categories_status_index` (`status`),
  ADD KEY `categories_created_at_index` (`created_at`);

--
-- Indexes for table `categories_translations`
--
ALTER TABLE `categories_translations`
  ADD PRIMARY KEY (`lang_code`,`categories_id`);

--
-- Indexes for table `cities`
--
ALTER TABLE `cities`
  ADD PRIMARY KEY (`id`),
  ADD UNIQUE KEY `cities_slug_unique` (`slug`);

--
-- Indexes for table `cities_translations`
--
ALTER TABLE `cities_translations`
  ADD PRIMARY KEY (`lang_code`,`cities_id`);

--
-- Indexes for table `contacts`
--
ALTER TABLE `contacts`
  ADD PRIMARY KEY (`id`);

--
-- Indexes for table `contact_custom_fields`
--
ALTER TABLE `contact_custom_fields`
  ADD PRIMARY KEY (`id`);

--
-- Indexes for table `contact_custom_fields_translations`
--
ALTER TABLE `contact_custom_fields_translations`
  ADD PRIMARY KEY (`lang_code`,`contact_custom_fields_id`);

--
-- Indexes for table `contact_custom_field_options`
--
ALTER TABLE `contact_custom_field_options`
  ADD PRIMARY KEY (`id`);

--
-- Indexes for table `contact_custom_field_options_translations`
--
ALTER TABLE `contact_custom_field_options_translations`
  ADD PRIMARY KEY (`lang_code`,`contact_custom_field_options_id`);

--
-- Indexes for table `contact_replies`
--
ALTER TABLE `contact_replies`
  ADD PRIMARY KEY (`id`);

--
-- Indexes for table `countries`
--
ALTER TABLE `countries`
  ADD PRIMARY KEY (`id`);

--
-- Indexes for table `countries_translations`
--
ALTER TABLE `countries_translations`
  ADD PRIMARY KEY (`lang_code`,`countries_id`);

--
-- Indexes for table `dashboard_widgets`
--
ALTER TABLE `dashboard_widgets`
  ADD PRIMARY KEY (`id`);

--
-- Indexes for table `dashboard_widget_settings`
--
ALTER TABLE `dashboard_widget_settings`
  ADD PRIMARY KEY (`id`),
  ADD KEY `dashboard_widget_settings_user_id_index` (`user_id`),
  ADD KEY `dashboard_widget_settings_widget_id_index` (`widget_id`);

--
-- Indexes for table `ec_brands`
--
ALTER TABLE `ec_brands`
  ADD PRIMARY KEY (`id`);

--
-- Indexes for table `ec_brands_translations`
--
ALTER TABLE `ec_brands_translations`
  ADD PRIMARY KEY (`lang_code`,`ec_brands_id`);

--
-- Indexes for table `ec_cart`
--
ALTER TABLE `ec_cart`
  ADD PRIMARY KEY (`identifier`,`instance`);

--
-- Indexes for table `ec_currencies`
--
ALTER TABLE `ec_currencies`
  ADD PRIMARY KEY (`id`);

--
-- Indexes for table `ec_customer_addresses`
--
ALTER TABLE `ec_customer_addresses`
  ADD PRIMARY KEY (`id`);

--
-- Indexes for table `ec_customer_deletion_requests`
--
ALTER TABLE `ec_customer_deletion_requests`
  ADD PRIMARY KEY (`id`),
  ADD UNIQUE KEY `ec_customer_deletion_requests_token_unique` (`token`);

--
-- Indexes for table `ec_customer_password_resets`
--
ALTER TABLE `ec_customer_password_resets`
  ADD KEY `ec_customer_password_resets_email_index` (`email`),
  ADD KEY `ec_customer_password_resets_token_index` (`token`);

--
-- Indexes for table `ec_customer_recently_viewed_products`
--
ALTER TABLE `ec_customer_recently_viewed_products`
  ADD PRIMARY KEY (`id`);

--
-- Indexes for table `ec_customer_used_coupons`
--
ALTER TABLE `ec_customer_used_coupons`
  ADD PRIMARY KEY (`discount_id`,`customer_id`);

--
-- Indexes for table `ec_discounts`
--
ALTER TABLE `ec_discounts`
  ADD PRIMARY KEY (`id`),
  ADD UNIQUE KEY `ec_discounts_code_unique` (`code`);

--
-- Indexes for table `ec_discount_customers`
--
ALTER TABLE `ec_discount_customers`
  ADD PRIMARY KEY (`discount_id`,`customer_id`);

--
-- Indexes for table `ec_discount_products`
--
ALTER TABLE `ec_discount_products`
  ADD PRIMARY KEY (`discount_id`,`product_id`);

--
-- Indexes for table `ec_discount_product_categories`
--
ALTER TABLE `ec_discount_product_categories`
  ADD PRIMARY KEY (`discount_id`,`product_category_id`);

--
-- Indexes for table `ec_discount_product_collections`
--
ALTER TABLE `ec_discount_product_collections`
  ADD PRIMARY KEY (`discount_id`,`product_collection_id`);

--
-- Indexes for table `ec_flash_sales`
--
ALTER TABLE `ec_flash_sales`
  ADD PRIMARY KEY (`id`);

--
-- Indexes for table `ec_flash_sales_translations`
--
ALTER TABLE `ec_flash_sales_translations`
  ADD PRIMARY KEY (`lang_code`,`ec_flash_sales_id`);

--
-- Indexes for table `ec_global_options`
--
ALTER TABLE `ec_global_options`
  ADD PRIMARY KEY (`id`);

--
-- Indexes for table `ec_global_options_translations`
--
ALTER TABLE `ec_global_options_translations`
  ADD PRIMARY KEY (`lang_code`,`ec_global_options_id`);

--
-- Indexes for table `ec_global_option_value`
--
ALTER TABLE `ec_global_option_value`
  ADD PRIMARY KEY (`id`);

--
-- Indexes for table `ec_global_option_value_translations`
--
ALTER TABLE `ec_global_option_value_translations`
  ADD PRIMARY KEY (`lang_code`,`ec_global_option_value_id`);

--
-- Indexes for table `ec_grouped_products`
--
ALTER TABLE `ec_grouped_products`
  ADD PRIMARY KEY (`id`);

--
-- Indexes for table `ec_invoices`
--
ALTER TABLE `ec_invoices`
  ADD PRIMARY KEY (`id`),
  ADD UNIQUE KEY `ec_invoices_code_unique` (`code`),
  ADD KEY `ec_invoices_reference_type_reference_id_index` (`reference_type`,`reference_id`),
  ADD KEY `ec_invoices_payment_id_index` (`payment_id`),
  ADD KEY `ec_invoices_status_index` (`status`);

--
-- Indexes for table `ec_invoice_items`
--
ALTER TABLE `ec_invoice_items`
  ADD PRIMARY KEY (`id`),
  ADD KEY `ec_invoice_items_reference_type_reference_id_index` (`reference_type`,`reference_id`);

--
-- Indexes for table `ec_options`
--
ALTER TABLE `ec_options`
  ADD PRIMARY KEY (`id`);

--
-- Indexes for table `ec_options_translations`
--
ALTER TABLE `ec_options_translations`
  ADD PRIMARY KEY (`lang_code`,`ec_options_id`);

--
-- Indexes for table `ec_option_value`
--
ALTER TABLE `ec_option_value`
  ADD PRIMARY KEY (`id`);

--
-- Indexes for table `ec_option_value_translations`
--
ALTER TABLE `ec_option_value_translations`
  ADD PRIMARY KEY (`lang_code`,`ec_option_value_id`);

--
-- Indexes for table `ec_order_addresses`
--
ALTER TABLE `ec_order_addresses`
  ADD PRIMARY KEY (`id`);

--
-- Indexes for table `ec_order_histories`
--
ALTER TABLE `ec_order_histories`
  ADD PRIMARY KEY (`id`);

--
-- Indexes for table `ec_order_product`
--
ALTER TABLE `ec_order_product`
  ADD PRIMARY KEY (`id`);

--
-- Indexes for table `ec_order_referrals`
--
ALTER TABLE `ec_order_referrals`
  ADD PRIMARY KEY (`id`),
  ADD KEY `ec_order_referrals_order_id_index` (`order_id`);

--
-- Indexes for table `ec_order_returns`
--
ALTER TABLE `ec_order_returns`
  ADD PRIMARY KEY (`id`),
  ADD UNIQUE KEY `ec_order_returns_code_unique` (`code`);

--
-- Indexes for table `ec_order_return_histories`
--
ALTER TABLE `ec_order_return_histories`
  ADD PRIMARY KEY (`id`);

--
-- Indexes for table `ec_order_return_items`
--
ALTER TABLE `ec_order_return_items`
  ADD PRIMARY KEY (`id`);

--
-- Indexes for table `ec_order_tax_information`
--
ALTER TABLE `ec_order_tax_information`
  ADD PRIMARY KEY (`id`),
  ADD KEY `ec_order_tax_information_order_id_index` (`order_id`);

--
-- Indexes for table `ec_products`
--
ALTER TABLE `ec_products`
  ADD PRIMARY KEY (`id`),
  ADD KEY `ec_products_brand_id_status_is_variation_created_at_index` (`brand_id`,`status`,`is_variation`,`created_at`),
  ADD KEY `sale_type_index` (`sale_type`),
  ADD KEY `start_date_index` (`start_date`),
  ADD KEY `end_date_index` (`end_date`),
  ADD KEY `sale_price_index` (`sale_price`),
  ADD KEY `is_variation_index` (`is_variation`),
  ADD KEY `ec_products_sku_index` (`sku`);

--
-- Indexes for table `ec_products_translations`
--
ALTER TABLE `ec_products_translations`
  ADD PRIMARY KEY (`lang_code`,`ec_products_id`);

--
-- Indexes for table `ec_product_attributes`
--
ALTER TABLE `ec_product_attributes`
  ADD PRIMARY KEY (`id`),
  ADD KEY `attribute_set_status_index` (`attribute_set_id`);

--
-- Indexes for table `ec_product_attributes_translations`
--
ALTER TABLE `ec_product_attributes_translations`
  ADD PRIMARY KEY (`lang_code`,`ec_product_attributes_id`);

--
-- Indexes for table `ec_product_attribute_sets`
--
ALTER TABLE `ec_product_attribute_sets`
  ADD PRIMARY KEY (`id`);

--
-- Indexes for table `ec_product_attribute_sets_translations`
--
ALTER TABLE `ec_product_attribute_sets_translations`
  ADD PRIMARY KEY (`lang_code`,`ec_product_attribute_sets_id`);

--
-- Indexes for table `ec_product_categories`
--
ALTER TABLE `ec_product_categories`
  ADD PRIMARY KEY (`id`),
  ADD KEY `ec_product_categories_parent_id_status_created_at_index` (`parent_id`,`status`,`created_at`),
  ADD KEY `ec_product_categories_parent_id_status_index` (`parent_id`,`status`);

--
-- Indexes for table `ec_product_categories_translations`
--
ALTER TABLE `ec_product_categories_translations`
  ADD PRIMARY KEY (`lang_code`,`ec_product_categories_id`);

--
-- Indexes for table `ec_product_categorizables`
--
ALTER TABLE `ec_product_categorizables`
  ADD PRIMARY KEY (`category_id`,`reference_id`,`reference_type`),
  ADD KEY `ec_product_categorizables_category_id_index` (`category_id`),
  ADD KEY `ec_product_categorizables_reference_id_index` (`reference_id`),
  ADD KEY `ec_product_categorizables_reference_type_index` (`reference_type`);

--
-- Indexes for table `ec_product_category_product`
--
ALTER TABLE `ec_product_category_product`
  ADD PRIMARY KEY (`product_id`,`category_id`),
  ADD KEY `ec_product_category_product_category_id_index` (`category_id`),
  ADD KEY `ec_product_category_product_product_id_index` (`product_id`);

--
-- Indexes for table `ec_product_collections`
--
ALTER TABLE `ec_product_collections`
  ADD PRIMARY KEY (`id`);

--
-- Indexes for table `ec_product_collections_translations`
--
ALTER TABLE `ec_product_collections_translations`
  ADD PRIMARY KEY (`lang_code`,`ec_product_collections_id`);

--
-- Indexes for table `ec_product_collection_products`
--
ALTER TABLE `ec_product_collection_products`
  ADD PRIMARY KEY (`product_id`,`product_collection_id`),
  ADD KEY `ec_product_collection_products_product_collection_id_index` (`product_collection_id`),
  ADD KEY `ec_product_collection_products_product_id_index` (`product_id`);

--
-- Indexes for table `ec_product_cross_sale_relations`
--
ALTER TABLE `ec_product_cross_sale_relations`
  ADD PRIMARY KEY (`from_product_id`,`to_product_id`),
  ADD KEY `ec_product_cross_sale_relations_from_product_id_index` (`from_product_id`),
  ADD KEY `ec_product_cross_sale_relations_to_product_id_index` (`to_product_id`);

--
-- Indexes for table `ec_product_files`
--
ALTER TABLE `ec_product_files`
  ADD PRIMARY KEY (`id`),
  ADD KEY `ec_product_files_product_id_index` (`product_id`);

--
-- Indexes for table `ec_product_labels`
--
ALTER TABLE `ec_product_labels`
  ADD PRIMARY KEY (`id`);

--
-- Indexes for table `ec_product_labels_translations`
--
ALTER TABLE `ec_product_labels_translations`
  ADD PRIMARY KEY (`lang_code`,`ec_product_labels_id`);

--
-- Indexes for table `ec_product_label_products`
--
ALTER TABLE `ec_product_label_products`
  ADD PRIMARY KEY (`product_label_id`,`product_id`),
  ADD KEY `ec_product_label_products_product_label_id_index` (`product_label_id`),
  ADD KEY `ec_product_label_products_product_id_index` (`product_id`);

--
-- Indexes for table `ec_product_related_relations`
--
ALTER TABLE `ec_product_related_relations`
  ADD PRIMARY KEY (`from_product_id`,`to_product_id`),
  ADD KEY `ec_product_related_relations_from_product_id_index` (`from_product_id`),
  ADD KEY `ec_product_related_relations_to_product_id_index` (`to_product_id`);

--
-- Indexes for table `ec_product_specification_attribute`
--
ALTER TABLE `ec_product_specification_attribute`
  ADD PRIMARY KEY (`product_id`,`attribute_id`);

--
-- Indexes for table `ec_product_tags`
--
ALTER TABLE `ec_product_tags`
  ADD PRIMARY KEY (`id`);

--
-- Indexes for table `ec_product_tags_translations`
--
ALTER TABLE `ec_product_tags_translations`
  ADD PRIMARY KEY (`lang_code`,`ec_product_tags_id`);

--
-- Indexes for table `ec_product_tag_product`
--
ALTER TABLE `ec_product_tag_product`
  ADD PRIMARY KEY (`product_id`,`tag_id`),
  ADD KEY `ec_product_tag_product_product_id_index` (`product_id`),
  ADD KEY `ec_product_tag_product_tag_id_index` (`tag_id`);

--
-- Indexes for table `ec_product_up_sale_relations`
--
ALTER TABLE `ec_product_up_sale_relations`
  ADD PRIMARY KEY (`from_product_id`,`to_product_id`),
  ADD KEY `ec_product_up_sale_relations_from_product_id_index` (`from_product_id`),
  ADD KEY `ec_product_up_sale_relations_to_product_id_index` (`to_product_id`);

--
-- Indexes for table `ec_product_variations`
--
ALTER TABLE `ec_product_variations`
  ADD PRIMARY KEY (`id`),
  ADD UNIQUE KEY `ec_product_variations_product_id_configurable_product_id_unique` (`product_id`,`configurable_product_id`),
  ADD KEY `configurable_product_index` (`product_id`,`configurable_product_id`);

--
-- Indexes for table `ec_product_variation_items`
--
ALTER TABLE `ec_product_variation_items`
  ADD PRIMARY KEY (`id`),
  ADD UNIQUE KEY `ec_product_variation_items_attribute_id_variation_id_unique` (`attribute_id`,`variation_id`),
  ADD KEY `attribute_variation_index` (`attribute_id`,`variation_id`);

--
-- Indexes for table `ec_product_views`
--
ALTER TABLE `ec_product_views`
  ADD PRIMARY KEY (`id`),
  ADD UNIQUE KEY `ec_product_views_product_id_date_unique` (`product_id`,`date`),
  ADD KEY `ec_product_views_product_id_index` (`product_id`);

--
-- Indexes for table `ec_product_with_attribute_set`
--
ALTER TABLE `ec_product_with_attribute_set`
  ADD PRIMARY KEY (`product_id`,`attribute_set_id`);

--
-- Indexes for table `ec_reviews`
--
ALTER TABLE `ec_reviews`
  ADD PRIMARY KEY (`id`),
  ADD UNIQUE KEY `ec_reviews_product_id_customer_id_unique` (`product_id`,`customer_id`),
  ADD KEY `ec_reviews_product_id_customer_id_status_created_at_index` (`product_id`,`customer_id`,`status`,`created_at`),
  ADD KEY `review_relation_index` (`product_id`,`customer_id`,`status`);

--
-- Indexes for table `ec_review_replies`
--
ALTER TABLE `ec_review_replies`
  ADD PRIMARY KEY (`id`),
  ADD UNIQUE KEY `ec_review_replies_review_id_user_id_unique` (`review_id`,`user_id`);

--
-- Indexes for table `ec_shared_wishlists`
--
ALTER TABLE `ec_shared_wishlists`
  ADD PRIMARY KEY (`id`),
  ADD UNIQUE KEY `ec_shared_wishlists_code_unique` (`code`);

--
-- Indexes for table `ec_shipments`
--
ALTER TABLE `ec_shipments`
  ADD PRIMARY KEY (`id`);

--
-- Indexes for table `ec_shipment_histories`
--
ALTER TABLE `ec_shipment_histories`
  ADD PRIMARY KEY (`id`);

--
-- Indexes for table `ec_shipping`
--
ALTER TABLE `ec_shipping`
  ADD PRIMARY KEY (`id`);

--
-- Indexes for table `ec_shipping_rules`
--
ALTER TABLE `ec_shipping_rules`
  ADD PRIMARY KEY (`id`);

--
-- Indexes for table `ec_shipping_rule_items`
--
ALTER TABLE `ec_shipping_rule_items`
  ADD PRIMARY KEY (`id`);

--
-- Indexes for table `ec_specification_attributes`
--
ALTER TABLE `ec_specification_attributes`
  ADD PRIMARY KEY (`id`),
  ADD KEY `ec_specification_attributes_author_type_author_id_index` (`author_type`,`author_id`);

--
-- Indexes for table `ec_specification_attributes_translations`
--
ALTER TABLE `ec_specification_attributes_translations`
  ADD PRIMARY KEY (`lang_code`,`ec_specification_attributes_id`);

--
-- Indexes for table `ec_specification_groups`
--
ALTER TABLE `ec_specification_groups`
  ADD PRIMARY KEY (`id`),
  ADD KEY `ec_specification_groups_author_type_author_id_index` (`author_type`,`author_id`);

--
-- Indexes for table `ec_specification_tables`
--
ALTER TABLE `ec_specification_tables`
  ADD PRIMARY KEY (`id`),
  ADD KEY `ec_specification_tables_author_type_author_id_index` (`author_type`,`author_id`);

--
-- Indexes for table `ec_specification_table_group`
--
ALTER TABLE `ec_specification_table_group`
  ADD PRIMARY KEY (`table_id`,`group_id`);

--
-- Indexes for table `ec_store_locators`
--
ALTER TABLE `ec_store_locators`
  ADD PRIMARY KEY (`id`);

--
-- Indexes for table `ec_taxes`
--
ALTER TABLE `ec_taxes`
  ADD PRIMARY KEY (`id`);

--
-- Indexes for table `ec_tax_products`
--
ALTER TABLE `ec_tax_products`
  ADD PRIMARY KEY (`product_id`,`tax_id`),
  ADD KEY `ec_tax_products_tax_id_index` (`tax_id`),
  ADD KEY `ec_tax_products_product_id_index` (`product_id`);

--
-- Indexes for table `ec_tax_rules`
--
ALTER TABLE `ec_tax_rules`
  ADD PRIMARY KEY (`id`);

--
-- Indexes for table `ec_wish_lists`
--
ALTER TABLE `ec_wish_lists`
  ADD PRIMARY KEY (`customer_id`,`product_id`),
  ADD KEY `wishlist_relation_index` (`product_id`,`customer_id`);

--
-- Indexes for table `failed_jobs`
--
ALTER TABLE `failed_jobs`
  ADD PRIMARY KEY (`id`),
  ADD UNIQUE KEY `failed_jobs_uuid_unique` (`uuid`);

--
-- Indexes for table `faqs`
--
ALTER TABLE `faqs`
  ADD PRIMARY KEY (`id`);

--
-- Indexes for table `faqs_translations`
--
ALTER TABLE `faqs_translations`
  ADD PRIMARY KEY (`lang_code`,`faqs_id`);

--
-- Indexes for table `faq_categories`
--
ALTER TABLE `faq_categories`
  ADD PRIMARY KEY (`id`);

--
-- Indexes for table `faq_categories_translations`
--
ALTER TABLE `faq_categories_translations`
  ADD PRIMARY KEY (`lang_code`,`faq_categories_id`);

--
-- Indexes for table `galleries`
--
ALTER TABLE `galleries`
  ADD PRIMARY KEY (`id`),
  ADD KEY `galleries_user_id_index` (`user_id`);

--
-- Indexes for table `galleries_translations`
--
ALTER TABLE `galleries_translations`
  ADD PRIMARY KEY (`lang_code`,`galleries_id`);

--
-- Indexes for table `gallery_meta`
--
ALTER TABLE `gallery_meta`
  ADD PRIMARY KEY (`id`),
  ADD KEY `gallery_meta_reference_id_index` (`reference_id`);

--
-- Indexes for table `gallery_meta_translations`
--
ALTER TABLE `gallery_meta_translations`
  ADD PRIMARY KEY (`lang_code`,`gallery_meta_id`);

--
-- Indexes for table `jobs`
--
ALTER TABLE `jobs`
  ADD PRIMARY KEY (`id`),
  ADD KEY `jobs_queue_index` (`queue`);

--
-- Indexes for table `languages`
--
ALTER TABLE `languages`
  ADD PRIMARY KEY (`lang_id`),
  ADD KEY `lang_locale_index` (`lang_locale`),
  ADD KEY `lang_code_index` (`lang_code`),
  ADD KEY `lang_is_default_index` (`lang_is_default`);

--
-- Indexes for table `language_meta`
--
ALTER TABLE `language_meta`
  ADD PRIMARY KEY (`lang_meta_id`),
  ADD KEY `language_meta_reference_id_index` (`reference_id`),
  ADD KEY `meta_code_index` (`lang_meta_code`),
  ADD KEY `meta_origin_index` (`lang_meta_origin`),
  ADD KEY `meta_reference_type_index` (`reference_type`);

--
-- Indexes for table `media_files`
--
ALTER TABLE `media_files`
  ADD PRIMARY KEY (`id`),
  ADD KEY `media_files_user_id_index` (`user_id`),
  ADD KEY `media_files_index` (`folder_id`,`user_id`,`created_at`);

--
-- Indexes for table `media_folders`
--
ALTER TABLE `media_folders`
  ADD PRIMARY KEY (`id`),
  ADD KEY `media_folders_user_id_index` (`user_id`),
  ADD KEY `media_folders_index` (`parent_id`,`user_id`,`created_at`);

--
-- Indexes for table `media_settings`
--
ALTER TABLE `media_settings`
  ADD PRIMARY KEY (`id`);

--
-- Indexes for table `menus`
--
ALTER TABLE `menus`
  ADD PRIMARY KEY (`id`),
  ADD UNIQUE KEY `menus_slug_unique` (`slug`);

--
-- Indexes for table `menu_locations`
--
ALTER TABLE `menu_locations`
  ADD PRIMARY KEY (`id`),
  ADD KEY `menu_locations_menu_id_created_at_index` (`menu_id`,`created_at`);

--
-- Indexes for table `menu_nodes`
--
ALTER TABLE `menu_nodes`
  ADD PRIMARY KEY (`id`),
  ADD KEY `menu_nodes_menu_id_index` (`menu_id`),
  ADD KEY `menu_nodes_parent_id_index` (`parent_id`),
  ADD KEY `reference_id` (`reference_id`),
  ADD KEY `reference_type` (`reference_type`);

--
-- Indexes for table `meta_boxes`
--
ALTER TABLE `meta_boxes`
  ADD PRIMARY KEY (`id`),
  ADD KEY `meta_boxes_reference_id_index` (`reference_id`);

--
-- Indexes for table `migrations`
--
ALTER TABLE `migrations`
  ADD PRIMARY KEY (`id`);

--
-- Indexes for table `mp_category_sale_commissions`
--
ALTER TABLE `mp_category_sale_commissions`
  ADD PRIMARY KEY (`id`),
  ADD UNIQUE KEY `mp_category_sale_commissions_product_category_id_unique` (`product_category_id`);

--
-- Indexes for table `mp_customer_revenues`
--
ALTER TABLE `mp_customer_revenues`
  ADD PRIMARY KEY (`id`);

--
-- Indexes for table `mp_customer_withdrawals`
--
ALTER TABLE `mp_customer_withdrawals`
  ADD PRIMARY KEY (`id`);

--
-- Indexes for table `mp_messages`
--
ALTER TABLE `mp_messages`
  ADD PRIMARY KEY (`id`);

--
-- Indexes for table `mp_stores`
--
ALTER TABLE `mp_stores`
  ADD PRIMARY KEY (`id`);

--
-- Indexes for table `mp_stores_translations`
--
ALTER TABLE `mp_stores_translations`
  ADD PRIMARY KEY (`lang_code`,`mp_stores_id`);

--
-- Indexes for table `mp_vendor_info`
--
ALTER TABLE `mp_vendor_info`
  ADD PRIMARY KEY (`id`);

--
-- Indexes for table `newsletters`
--
ALTER TABLE `newsletters`
  ADD PRIMARY KEY (`id`);

--
-- Indexes for table `pages`
--
ALTER TABLE `pages`
  ADD PRIMARY KEY (`id`),
  ADD KEY `pages_user_id_index` (`user_id`);

--
-- Indexes for table `pages_translations`
--
ALTER TABLE `pages_translations`
  ADD PRIMARY KEY (`lang_code`,`pages_id`);

--
-- Indexes for table `password_reset_tokens`
--
ALTER TABLE `password_reset_tokens`
  ADD PRIMARY KEY (`email`);

--
-- Indexes for table `payments`
--
ALTER TABLE `payments`
  ADD PRIMARY KEY (`id`);

--
-- Indexes for table `payment_logs`
--
ALTER TABLE `payment_logs`
  ADD PRIMARY KEY (`id`);

--
-- Indexes for table `personal_access_tokens`
--
ALTER TABLE `personal_access_tokens`
  ADD PRIMARY KEY (`id`),
  ADD UNIQUE KEY `personal_access_tokens_token_unique` (`token`),
  ADD KEY `personal_access_tokens_tokenable_type_tokenable_id_index` (`tokenable_type`,`tokenable_id`);

--
-- Indexes for table `posts`
--
ALTER TABLE `posts`
  ADD PRIMARY KEY (`id`),
  ADD KEY `posts_status_index` (`status`),
  ADD KEY `posts_author_id_index` (`author_id`),
  ADD KEY `posts_author_type_index` (`author_type`),
  ADD KEY `posts_created_at_index` (`created_at`);

--
-- Indexes for table `posts_translations`
--
ALTER TABLE `posts_translations`
  ADD PRIMARY KEY (`lang_code`,`posts_id`);

--
-- Indexes for table `post_categories`
--
ALTER TABLE `post_categories`
  ADD KEY `post_categories_category_id_index` (`category_id`),
  ADD KEY `post_categories_post_id_index` (`post_id`);

--
-- Indexes for table `post_tags`
--
ALTER TABLE `post_tags`
  ADD KEY `post_tags_tag_id_index` (`tag_id`),
  ADD KEY `post_tags_post_id_index` (`post_id`);

--
-- Indexes for table `request_logs`
--
ALTER TABLE `request_logs`
  ADD PRIMARY KEY (`id`);

--
-- Indexes for table `roles`
--
ALTER TABLE `roles`
  ADD PRIMARY KEY (`id`),
  ADD UNIQUE KEY `roles_slug_unique` (`slug`),
  ADD KEY `roles_created_by_index` (`created_by`),
  ADD KEY `roles_updated_by_index` (`updated_by`);

--
-- Indexes for table `role_users`
--
ALTER TABLE `role_users`
  ADD PRIMARY KEY (`user_id`,`role_id`),
  ADD KEY `role_users_user_id_index` (`user_id`),
  ADD KEY `role_users_role_id_index` (`role_id`);

--
-- Indexes for table `sessions`
--
ALTER TABLE `sessions`
  ADD PRIMARY KEY (`id`),
  ADD KEY `sessions_user_id_index` (`user_id`),
  ADD KEY `sessions_last_activity_index` (`last_activity`);

--
-- Indexes for table `settings`
--
ALTER TABLE `settings`
  ADD PRIMARY KEY (`id`),
  ADD UNIQUE KEY `settings_key_unique` (`key`);

--
-- Indexes for table `simple_slider_items`
--
ALTER TABLE `simple_slider_items`
  ADD PRIMARY KEY (`id`);

--
-- Indexes for table `slugs_translations`
--
ALTER TABLE `slugs_translations`
  ADD PRIMARY KEY (`lang_code`,`slugs_id`);

--
-- Indexes for table `states`
--
ALTER TABLE `states`
  ADD PRIMARY KEY (`id`),
  ADD UNIQUE KEY `states_slug_unique` (`slug`);

--
-- Indexes for table `states_translations`
--
ALTER TABLE `states_translations`
  ADD PRIMARY KEY (`lang_code`,`states_id`);

--
-- Indexes for table `tags`
--
ALTER TABLE `tags`
  ADD PRIMARY KEY (`id`);

--
-- Indexes for table `tags_translations`
--
ALTER TABLE `tags_translations`
  ADD PRIMARY KEY (`lang_code`,`tags_id`);

--
-- Indexes for table `testimonials`
--
ALTER TABLE `testimonials`
  ADD PRIMARY KEY (`id`);

--
-- Indexes for table `testimonials_translations`
--
ALTER TABLE `testimonials_translations`
  ADD PRIMARY KEY (`lang_code`,`testimonials_id`);

--
-- Indexes for table `widgets`
--
ALTER TABLE `widgets`
  ADD PRIMARY KEY (`id`);

--
-- AUTO_INCREMENT for dumped tables
--

--
-- AUTO_INCREMENT for table `activations`
--
ALTER TABLE `activations`
  MODIFY `id` bigint(20) UNSIGNED NOT NULL AUTO_INCREMENT, AUTO_INCREMENT=2;

--
-- AUTO_INCREMENT for table `admin_notifications`
--
ALTER TABLE `admin_notifications`
  MODIFY `id` bigint(20) UNSIGNED NOT NULL AUTO_INCREMENT, AUTO_INCREMENT=11;

--
-- AUTO_INCREMENT for table `announcements`
--
ALTER TABLE `announcements`
  MODIFY `id` bigint(20) UNSIGNED NOT NULL AUTO_INCREMENT, AUTO_INCREMENT=5;

--
-- AUTO_INCREMENT for table `audit_histories`
--
ALTER TABLE `audit_histories`
  MODIFY `id` bigint(20) UNSIGNED NOT NULL AUTO_INCREMENT, AUTO_INCREMENT=311;

--
-- AUTO_INCREMENT for table `categories`
--
ALTER TABLE `categories`
  MODIFY `id` bigint(20) UNSIGNED NOT NULL AUTO_INCREMENT, AUTO_INCREMENT=7;

--
-- AUTO_INCREMENT for table `cities`
--
ALTER TABLE `cities`
  MODIFY `id` bigint(20) UNSIGNED NOT NULL AUTO_INCREMENT, AUTO_INCREMENT=4198;

--
-- AUTO_INCREMENT for table `contacts`
--
ALTER TABLE `contacts`
  MODIFY `id` bigint(20) UNSIGNED NOT NULL AUTO_INCREMENT, AUTO_INCREMENT=11;

--
-- AUTO_INCREMENT for table `contact_custom_fields`
--
ALTER TABLE `contact_custom_fields`
  MODIFY `id` bigint(20) UNSIGNED NOT NULL AUTO_INCREMENT;

--
-- AUTO_INCREMENT for table `contact_custom_field_options`
--
ALTER TABLE `contact_custom_field_options`
  MODIFY `id` bigint(20) UNSIGNED NOT NULL AUTO_INCREMENT;

--
-- AUTO_INCREMENT for table `contact_replies`
--
ALTER TABLE `contact_replies`
  MODIFY `id` bigint(20) UNSIGNED NOT NULL AUTO_INCREMENT;

--
-- AUTO_INCREMENT for table `countries`
--
ALTER TABLE `countries`
  MODIFY `id` bigint(20) UNSIGNED NOT NULL AUTO_INCREMENT, AUTO_INCREMENT=2;

--
-- AUTO_INCREMENT for table `dashboard_widgets`
--
ALTER TABLE `dashboard_widgets`
  MODIFY `id` bigint(20) UNSIGNED NOT NULL AUTO_INCREMENT, AUTO_INCREMENT=13;

--
-- AUTO_INCREMENT for table `dashboard_widget_settings`
--
ALTER TABLE `dashboard_widget_settings`
  MODIFY `id` bigint(20) UNSIGNED NOT NULL AUTO_INCREMENT;

--
-- AUTO_INCREMENT for table `ec_brands`
--
ALTER TABLE `ec_brands`
  MODIFY `id` bigint(20) UNSIGNED NOT NULL AUTO_INCREMENT, AUTO_INCREMENT=7;

--
-- AUTO_INCREMENT for table `ec_currencies`
--
ALTER TABLE `ec_currencies`
  MODIFY `id` bigint(20) UNSIGNED NOT NULL AUTO_INCREMENT, AUTO_INCREMENT=6;

--
-- AUTO_INCREMENT for table `ec_customer_addresses`
--
ALTER TABLE `ec_customer_addresses`
  MODIFY `id` bigint(20) UNSIGNED NOT NULL AUTO_INCREMENT, AUTO_INCREMENT=15;

--
-- AUTO_INCREMENT for table `ec_customer_deletion_requests`
--
ALTER TABLE `ec_customer_deletion_requests`
  MODIFY `id` bigint(20) UNSIGNED NOT NULL AUTO_INCREMENT;

--
-- AUTO_INCREMENT for table `ec_customer_recently_viewed_products`
--
ALTER TABLE `ec_customer_recently_viewed_products`
  MODIFY `id` bigint(20) UNSIGNED NOT NULL AUTO_INCREMENT, AUTO_INCREMENT=5;

--
-- AUTO_INCREMENT for table `ec_discounts`
--
ALTER TABLE `ec_discounts`
  MODIFY `id` bigint(20) UNSIGNED NOT NULL AUTO_INCREMENT, AUTO_INCREMENT=12;

--
-- AUTO_INCREMENT for table `ec_flash_sales`
--
ALTER TABLE `ec_flash_sales`
  MODIFY `id` bigint(20) UNSIGNED NOT NULL AUTO_INCREMENT, AUTO_INCREMENT=3;

--
-- AUTO_INCREMENT for table `ec_global_options`
--
ALTER TABLE `ec_global_options`
  MODIFY `id` bigint(20) UNSIGNED NOT NULL AUTO_INCREMENT, AUTO_INCREMENT=5;

--
-- AUTO_INCREMENT for table `ec_global_option_value`
--
ALTER TABLE `ec_global_option_value`
  MODIFY `id` bigint(20) UNSIGNED NOT NULL AUTO_INCREMENT, AUTO_INCREMENT=13;

--
-- AUTO_INCREMENT for table `ec_grouped_products`
--
ALTER TABLE `ec_grouped_products`
  MODIFY `id` bigint(20) UNSIGNED NOT NULL AUTO_INCREMENT;

--
-- AUTO_INCREMENT for table `ec_invoices`
--
ALTER TABLE `ec_invoices`
  MODIFY `id` bigint(20) UNSIGNED NOT NULL AUTO_INCREMENT, AUTO_INCREMENT=4;

--
-- AUTO_INCREMENT for table `ec_invoice_items`
--
ALTER TABLE `ec_invoice_items`
  MODIFY `id` bigint(20) UNSIGNED NOT NULL AUTO_INCREMENT, AUTO_INCREMENT=4;

--
-- AUTO_INCREMENT for table `ec_options`
--
ALTER TABLE `ec_options`
  MODIFY `id` bigint(20) UNSIGNED NOT NULL AUTO_INCREMENT;

--
-- AUTO_INCREMENT for table `ec_option_value`
--
ALTER TABLE `ec_option_value`
  MODIFY `id` bigint(20) UNSIGNED NOT NULL AUTO_INCREMENT;

--
-- AUTO_INCREMENT for table `ec_order_addresses`
--
ALTER TABLE `ec_order_addresses`
  MODIFY `id` bigint(20) UNSIGNED NOT NULL AUTO_INCREMENT, AUTO_INCREMENT=4;

--
-- AUTO_INCREMENT for table `ec_order_histories`
--
ALTER TABLE `ec_order_histories`
  MODIFY `id` bigint(20) UNSIGNED NOT NULL AUTO_INCREMENT, AUTO_INCREMENT=18;

--
-- AUTO_INCREMENT for table `ec_order_product`
--
ALTER TABLE `ec_order_product`
  MODIFY `id` bigint(20) UNSIGNED NOT NULL AUTO_INCREMENT, AUTO_INCREMENT=4;

--
-- AUTO_INCREMENT for table `ec_order_referrals`
--
ALTER TABLE `ec_order_referrals`
  MODIFY `id` bigint(20) UNSIGNED NOT NULL AUTO_INCREMENT;

--
-- AUTO_INCREMENT for table `ec_order_returns`
--
ALTER TABLE `ec_order_returns`
  MODIFY `id` bigint(20) UNSIGNED NOT NULL AUTO_INCREMENT;

--
-- AUTO_INCREMENT for table `ec_order_return_histories`
--
ALTER TABLE `ec_order_return_histories`
  MODIFY `id` bigint(20) UNSIGNED NOT NULL AUTO_INCREMENT;

--
-- AUTO_INCREMENT for table `ec_order_return_items`
--
ALTER TABLE `ec_order_return_items`
  MODIFY `id` bigint(20) UNSIGNED NOT NULL AUTO_INCREMENT;

--
-- AUTO_INCREMENT for table `ec_order_tax_information`
--
ALTER TABLE `ec_order_tax_information`
  MODIFY `id` bigint(20) UNSIGNED NOT NULL AUTO_INCREMENT;

--
-- AUTO_INCREMENT for table `ec_products`
--
ALTER TABLE `ec_products`
  MODIFY `id` bigint(20) UNSIGNED NOT NULL AUTO_INCREMENT, AUTO_INCREMENT=131;

--
-- AUTO_INCREMENT for table `ec_product_attributes`
--
ALTER TABLE `ec_product_attributes`
  MODIFY `id` bigint(20) UNSIGNED NOT NULL AUTO_INCREMENT, AUTO_INCREMENT=25;

--
-- AUTO_INCREMENT for table `ec_product_attribute_sets`
--
ALTER TABLE `ec_product_attribute_sets`
  MODIFY `id` bigint(20) UNSIGNED NOT NULL AUTO_INCREMENT, AUTO_INCREMENT=5;

--
-- AUTO_INCREMENT for table `ec_product_categories`
--
ALTER TABLE `ec_product_categories`
  MODIFY `id` bigint(20) UNSIGNED NOT NULL AUTO_INCREMENT, AUTO_INCREMENT=20;

--
-- AUTO_INCREMENT for table `ec_product_collections`
--
ALTER TABLE `ec_product_collections`
  MODIFY `id` bigint(20) UNSIGNED NOT NULL AUTO_INCREMENT, AUTO_INCREMENT=5;

--
-- AUTO_INCREMENT for table `ec_product_files`
--
ALTER TABLE `ec_product_files`
  MODIFY `id` bigint(20) UNSIGNED NOT NULL AUTO_INCREMENT, AUTO_INCREMENT=27;

--
-- AUTO_INCREMENT for table `ec_product_labels`
--
ALTER TABLE `ec_product_labels`
  MODIFY `id` bigint(20) UNSIGNED NOT NULL AUTO_INCREMENT, AUTO_INCREMENT=4;

--
-- AUTO_INCREMENT for table `ec_product_tags`
--
ALTER TABLE `ec_product_tags`
  MODIFY `id` bigint(20) UNSIGNED NOT NULL AUTO_INCREMENT, AUTO_INCREMENT=10;

--
-- AUTO_INCREMENT for table `ec_product_variations`
--
ALTER TABLE `ec_product_variations`
  MODIFY `id` bigint(20) UNSIGNED NOT NULL AUTO_INCREMENT, AUTO_INCREMENT=86;

--
-- AUTO_INCREMENT for table `ec_product_variation_items`
--
ALTER TABLE `ec_product_variation_items`
  MODIFY `id` bigint(20) UNSIGNED NOT NULL AUTO_INCREMENT, AUTO_INCREMENT=171;

--
-- AUTO_INCREMENT for table `ec_product_views`
--
ALTER TABLE `ec_product_views`
  MODIFY `id` bigint(20) UNSIGNED NOT NULL AUTO_INCREMENT, AUTO_INCREMENT=7;

--
-- AUTO_INCREMENT for table `ec_reviews`
--
ALTER TABLE `ec_reviews`
  MODIFY `id` bigint(20) UNSIGNED NOT NULL AUTO_INCREMENT, AUTO_INCREMENT=1002;

--
-- AUTO_INCREMENT for table `ec_review_replies`
--
ALTER TABLE `ec_review_replies`
  MODIFY `id` bigint(20) UNSIGNED NOT NULL AUTO_INCREMENT, AUTO_INCREMENT=2;

--
-- AUTO_INCREMENT for table `ec_shared_wishlists`
--
ALTER TABLE `ec_shared_wishlists`
  MODIFY `id` bigint(20) UNSIGNED NOT NULL AUTO_INCREMENT, AUTO_INCREMENT=3;

--
-- AUTO_INCREMENT for table `ec_shipments`
--
ALTER TABLE `ec_shipments`
  MODIFY `id` bigint(20) UNSIGNED NOT NULL AUTO_INCREMENT, AUTO_INCREMENT=4;

--
-- AUTO_INCREMENT for table `ec_shipment_histories`
--
ALTER TABLE `ec_shipment_histories`
  MODIFY `id` bigint(20) UNSIGNED NOT NULL AUTO_INCREMENT, AUTO_INCREMENT=5;

--
-- AUTO_INCREMENT for table `ec_shipping`
--
ALTER TABLE `ec_shipping`
  MODIFY `id` bigint(20) UNSIGNED NOT NULL AUTO_INCREMENT, AUTO_INCREMENT=2;

--
-- AUTO_INCREMENT for table `ec_shipping_rules`
--
ALTER TABLE `ec_shipping_rules`
  MODIFY `id` bigint(20) UNSIGNED NOT NULL AUTO_INCREMENT, AUTO_INCREMENT=4;

--
-- AUTO_INCREMENT for table `ec_shipping_rule_items`
--
ALTER TABLE `ec_shipping_rule_items`
  MODIFY `id` bigint(20) UNSIGNED NOT NULL AUTO_INCREMENT;

--
-- AUTO_INCREMENT for table `ec_specification_attributes`
--
ALTER TABLE `ec_specification_attributes`
  MODIFY `id` bigint(20) UNSIGNED NOT NULL AUTO_INCREMENT, AUTO_INCREMENT=11;

--
-- AUTO_INCREMENT for table `ec_specification_groups`
--
ALTER TABLE `ec_specification_groups`
  MODIFY `id` bigint(20) UNSIGNED NOT NULL AUTO_INCREMENT, AUTO_INCREMENT=7;

--
-- AUTO_INCREMENT for table `ec_specification_tables`
--
ALTER TABLE `ec_specification_tables`
  MODIFY `id` bigint(20) UNSIGNED NOT NULL AUTO_INCREMENT, AUTO_INCREMENT=4;

--
-- AUTO_INCREMENT for table `ec_store_locators`
--
ALTER TABLE `ec_store_locators`
  MODIFY `id` bigint(20) UNSIGNED NOT NULL AUTO_INCREMENT, AUTO_INCREMENT=2;

--
-- AUTO_INCREMENT for table `ec_taxes`
--
ALTER TABLE `ec_taxes`
  MODIFY `id` bigint(20) UNSIGNED NOT NULL AUTO_INCREMENT, AUTO_INCREMENT=4;

--
-- AUTO_INCREMENT for table `ec_tax_rules`
--
ALTER TABLE `ec_tax_rules`
  MODIFY `id` bigint(20) UNSIGNED NOT NULL AUTO_INCREMENT;

--
-- AUTO_INCREMENT for table `failed_jobs`
--
ALTER TABLE `failed_jobs`
  MODIFY `id` bigint(20) UNSIGNED NOT NULL AUTO_INCREMENT;

--
-- AUTO_INCREMENT for table `faqs`
--
ALTER TABLE `faqs`
  MODIFY `id` bigint(20) UNSIGNED NOT NULL AUTO_INCREMENT, AUTO_INCREMENT=11;

--
-- AUTO_INCREMENT for table `faq_categories`
--
ALTER TABLE `faq_categories`
  MODIFY `id` bigint(20) UNSIGNED NOT NULL AUTO_INCREMENT, AUTO_INCREMENT=4;

--
-- AUTO_INCREMENT for table `galleries`
--
ALTER TABLE `galleries`
  MODIFY `id` bigint(20) UNSIGNED NOT NULL AUTO_INCREMENT, AUTO_INCREMENT=6;

--
-- AUTO_INCREMENT for table `gallery_meta`
--
ALTER TABLE `gallery_meta`
  MODIFY `id` bigint(20) UNSIGNED NOT NULL AUTO_INCREMENT, AUTO_INCREMENT=6;

--
-- AUTO_INCREMENT for table `jobs`
--
ALTER TABLE `jobs`
  MODIFY `id` bigint(20) UNSIGNED NOT NULL AUTO_INCREMENT;

--
-- AUTO_INCREMENT for table `languages`
--
ALTER TABLE `languages`
  MODIFY `lang_id` bigint(20) UNSIGNED NOT NULL AUTO_INCREMENT, AUTO_INCREMENT=2;

--
-- AUTO_INCREMENT for table `language_meta`
--
ALTER TABLE `language_meta`
  MODIFY `lang_meta_id` bigint(20) UNSIGNED NOT NULL AUTO_INCREMENT, AUTO_INCREMENT=44;

--
-- AUTO_INCREMENT for table `media_files`
--
ALTER TABLE `media_files`
  MODIFY `id` bigint(20) UNSIGNED NOT NULL AUTO_INCREMENT, AUTO_INCREMENT=152;

--
-- AUTO_INCREMENT for table `media_folders`
--
ALTER TABLE `media_folders`
  MODIFY `id` bigint(20) UNSIGNED NOT NULL AUTO_INCREMENT, AUTO_INCREMENT=22;

--
-- AUTO_INCREMENT for table `media_settings`
--
ALTER TABLE `media_settings`
  MODIFY `id` bigint(20) UNSIGNED NOT NULL AUTO_INCREMENT;

--
-- AUTO_INCREMENT for table `menus`
--
ALTER TABLE `menus`
  MODIFY `id` bigint(20) UNSIGNED NOT NULL AUTO_INCREMENT, AUTO_INCREMENT=5;

--
-- AUTO_INCREMENT for table `menu_locations`
--
ALTER TABLE `menu_locations`
  MODIFY `id` bigint(20) UNSIGNED NOT NULL AUTO_INCREMENT, AUTO_INCREMENT=2;

--
-- AUTO_INCREMENT for table `menu_nodes`
--
ALTER TABLE `menu_nodes`
  MODIFY `id` bigint(20) UNSIGNED NOT NULL AUTO_INCREMENT, AUTO_INCREMENT=51;

--
-- AUTO_INCREMENT for table `meta_boxes`
--
ALTER TABLE `meta_boxes`
  MODIFY `id` bigint(20) UNSIGNED NOT NULL AUTO_INCREMENT, AUTO_INCREMENT=95;

--
-- AUTO_INCREMENT for table `migrations`
--
ALTER TABLE `migrations`
  MODIFY `id` int(10) UNSIGNED NOT NULL AUTO_INCREMENT, AUTO_INCREMENT=216;

--
-- AUTO_INCREMENT for table `mp_category_sale_commissions`
--
ALTER TABLE `mp_category_sale_commissions`
  MODIFY `id` bigint(20) UNSIGNED NOT NULL AUTO_INCREMENT;

--
-- AUTO_INCREMENT for table `mp_customer_revenues`
--
ALTER TABLE `mp_customer_revenues`
  MODIFY `id` bigint(20) UNSIGNED NOT NULL AUTO_INCREMENT, AUTO_INCREMENT=2;

--
-- AUTO_INCREMENT for table `mp_customer_withdrawals`
--
ALTER TABLE `mp_customer_withdrawals`
  MODIFY `id` bigint(20) UNSIGNED NOT NULL AUTO_INCREMENT;

--
-- AUTO_INCREMENT for table `mp_messages`
--
ALTER TABLE `mp_messages`
  MODIFY `id` bigint(20) UNSIGNED NOT NULL AUTO_INCREMENT;

--
-- AUTO_INCREMENT for table `mp_stores`
--
ALTER TABLE `mp_stores`
  MODIFY `id` bigint(20) UNSIGNED NOT NULL AUTO_INCREMENT, AUTO_INCREMENT=10;

--
-- AUTO_INCREMENT for table `mp_vendor_info`
--
ALTER TABLE `mp_vendor_info`
  MODIFY `id` bigint(20) UNSIGNED NOT NULL AUTO_INCREMENT, AUTO_INCREMENT=9;

--
-- AUTO_INCREMENT for table `newsletters`
--
ALTER TABLE `newsletters`
  MODIFY `id` bigint(20) UNSIGNED NOT NULL AUTO_INCREMENT, AUTO_INCREMENT=2;

--
-- AUTO_INCREMENT for table `pages`
--
ALTER TABLE `pages`
  MODIFY `id` bigint(20) UNSIGNED NOT NULL AUTO_INCREMENT, AUTO_INCREMENT=15;

--
-- AUTO_INCREMENT for table `payments`
--
ALTER TABLE `payments`
  MODIFY `id` bigint(20) UNSIGNED NOT NULL AUTO_INCREMENT, AUTO_INCREMENT=4;

--
-- AUTO_INCREMENT for table `payment_logs`
--
ALTER TABLE `payment_logs`
  MODIFY `id` bigint(20) UNSIGNED NOT NULL AUTO_INCREMENT;

--
-- AUTO_INCREMENT for table `personal_access_tokens`
--
ALTER TABLE `personal_access_tokens`
  MODIFY `id` bigint(20) UNSIGNED NOT NULL AUTO_INCREMENT;

--
-- AUTO_INCREMENT for table `posts`
--
ALTER TABLE `posts`
  MODIFY `id` bigint(20) UNSIGNED NOT NULL AUTO_INCREMENT, AUTO_INCREMENT=19;

--
-- AUTO_INCREMENT for table `request_logs`
--
ALTER TABLE `request_logs`
  MODIFY `id` bigint(20) UNSIGNED NOT NULL AUTO_INCREMENT, AUTO_INCREMENT=5;

--
-- AUTO_INCREMENT for table `roles`
--
ALTER TABLE `roles`
  MODIFY `id` bigint(20) UNSIGNED NOT NULL AUTO_INCREMENT, AUTO_INCREMENT=2;

--
-- AUTO_INCREMENT for table `settings`
--
ALTER TABLE `settings`
  MODIFY `id` bigint(20) UNSIGNED NOT NULL AUTO_INCREMENT, AUTO_INCREMENT=198;

--
-- AUTO_INCREMENT for table `simple_slider_items`
--
ALTER TABLE `simple_slider_items`
  MODIFY `id` bigint(20) UNSIGNED NOT NULL AUTO_INCREMENT, AUTO_INCREMENT=4;

--
-- AUTO_INCREMENT for table `states`
--
ALTER TABLE `states`
  MODIFY `id` bigint(20) UNSIGNED NOT NULL AUTO_INCREMENT, AUTO_INCREMENT=37;

--
-- AUTO_INCREMENT for table `tags`
--
ALTER TABLE `tags`
  MODIFY `id` bigint(20) UNSIGNED NOT NULL AUTO_INCREMENT, AUTO_INCREMENT=9;

--
-- AUTO_INCREMENT for table `testimonials`
--
ALTER TABLE `testimonials`
  MODIFY `id` bigint(20) UNSIGNED NOT NULL AUTO_INCREMENT, AUTO_INCREMENT=5;

--
-- AUTO_INCREMENT for table `widgets`
--
ALTER TABLE `widgets`
  MODIFY `id` bigint(20) UNSIGNED NOT NULL AUTO_INCREMENT, AUTO_INCREMENT=70;
COMMIT;

