--
-- Host: 127.0.0.1    Database: shofy
-- ------------------------------------------------------


--
-- Table structure for table `activations`
--

CREATE TABLE `activations` (
  `id` bigint unsigned NOT NULL AUTO_INCREMENT,
  `user_id` bigint unsigned NOT NULL,
  `code` varchar(120) COLLATE utf8mb4_unicode_ci NOT NULL,
  `completed` tinyint(1) NOT NULL DEFAULT '0',
  `completed_at` timestamp NULL DEFAULT NULL,
  `created_at` timestamp NULL DEFAULT NULL,
  `updated_at` timestamp NULL DEFAULT NULL,
  PRIMARY KEY (`id`),
  KEY `activations_user_id_index` (`user_id`)
) ENGINE=InnoDB AUTO_INCREMENT=2 DEFAULT CHARSET=utf8mb4 COLLATE=utf8mb4_unicode_ci;

--
-- Dumping data for table `activations`
--

INSERT INTO `activations` VALUES (1,1,'96qYyWBvpqXCI08LO5CJ7nkRRw3zbVrF',1,'2024-10-31 20:47:43','2024-10-31 20:47:43','2024-10-31 20:47:43');

--
-- Table structure for table `admin_notifications`
--

CREATE TABLE `admin_notifications` (
  `id` bigint unsigned NOT NULL AUTO_INCREMENT,
  `title` varchar(191) COLLATE utf8mb4_unicode_ci NOT NULL,
  `action_label` varchar(191) COLLATE utf8mb4_unicode_ci DEFAULT NULL,
  `action_url` varchar(191) COLLATE utf8mb4_unicode_ci DEFAULT NULL,
  `description` varchar(400) COLLATE utf8mb4_unicode_ci DEFAULT NULL,
  `read_at` timestamp NULL DEFAULT NULL,
  `created_at` timestamp NULL DEFAULT NULL,
  `updated_at` timestamp NULL DEFAULT NULL,
  `permission` varchar(191) COLLATE utf8mb4_unicode_ci DEFAULT NULL,
  PRIMARY KEY (`id`)
) ENGINE=InnoDB DEFAULT CHARSET=utf8mb4 COLLATE=utf8mb4_unicode_ci;

--
-- Dumping data for table `admin_notifications`
--


--
-- Table structure for table `ads_translations`
--

CREATE TABLE `ads_translations` (
  `lang_code` varchar(191) COLLATE utf8mb4_unicode_ci NOT NULL,
  `ads_id` bigint unsigned NOT NULL,
  `name` varchar(191) COLLATE utf8mb4_unicode_ci DEFAULT NULL,
  `image` varchar(191) COLLATE utf8mb4_unicode_ci DEFAULT NULL,
  `url` varchar(191) COLLATE utf8mb4_unicode_ci DEFAULT NULL,
  PRIMARY KEY (`lang_code`,`ads_id`)
) ENGINE=InnoDB DEFAULT CHARSET=utf8mb4 COLLATE=utf8mb4_unicode_ci;

--
-- Dumping data for table `ads_translations`
--


--
-- Table structure for table `announcements`
--

CREATE TABLE `announcements` (
  `id` bigint unsigned NOT NULL AUTO_INCREMENT,
  `name` varchar(191) COLLATE utf8mb4_unicode_ci NOT NULL,
  `content` text COLLATE utf8mb4_unicode_ci NOT NULL,
  `has_action` tinyint(1) NOT NULL DEFAULT '0',
  `action_label` varchar(60) COLLATE utf8mb4_unicode_ci DEFAULT NULL,
  `action_url` varchar(400) COLLATE utf8mb4_unicode_ci DEFAULT NULL,
  `action_open_new_tab` tinyint(1) NOT NULL DEFAULT '0',
  `dismissible` tinyint(1) NOT NULL DEFAULT '0',
  `start_date` datetime DEFAULT NULL,
  `end_date` datetime DEFAULT NULL,
  `is_active` tinyint(1) NOT NULL DEFAULT '1',
  `created_at` timestamp NULL DEFAULT NULL,
  `updated_at` timestamp NULL DEFAULT NULL,
  PRIMARY KEY (`id`)
) ENGINE=InnoDB AUTO_INCREMENT=4 DEFAULT CHARSET=utf8mb4 COLLATE=utf8mb4_unicode_ci;

--
-- Dumping data for table `announcements`
--

INSERT INTO `announcements` VALUES (1,'Announcement 1','Enjoy free shipping on all orders over $99! Shop now and save on delivery costs.',0,NULL,NULL,0,1,'2024-11-01 03:47:50',NULL,1,'2024-10-31 20:47:50','2024-10-31 20:47:50'),(2,'Announcement 2','Need assistance? Our customer support is available 24/7 to help you with any questions or concerns.',0,NULL,NULL,0,1,'2024-11-01 03:47:50',NULL,1,'2024-10-31 20:47:50','2024-10-31 20:47:50'),(3,'Announcement 3','Shop with confidence! We offer a hassle-free 30 days return service for your peace of mind.',0,NULL,NULL,0,1,'2024-11-01 03:47:50',NULL,1,'2024-10-31 20:47:50','2024-10-31 20:47:50');

--
-- Table structure for table `announcements_translations`
--

CREATE TABLE `announcements_translations` (
  `lang_code` varchar(191) COLLATE utf8mb4_unicode_ci NOT NULL,
  `announcements_id` bigint unsigned NOT NULL,
  `content` text COLLATE utf8mb4_unicode_ci,
  PRIMARY KEY (`lang_code`,`announcements_id`)
) ENGINE=InnoDB DEFAULT CHARSET=utf8mb4 COLLATE=utf8mb4_unicode_ci;

--
-- Dumping data for table `announcements_translations`
--


--
-- Table structure for table `audit_histories`
--

CREATE TABLE `audit_histories` (
  `id` bigint unsigned NOT NULL AUTO_INCREMENT,
  `user_id` bigint unsigned NOT NULL,
  `module` varchar(60) COLLATE utf8mb4_unicode_ci NOT NULL,
  `request` longtext COLLATE utf8mb4_unicode_ci,
  `action` varchar(120) COLLATE utf8mb4_unicode_ci NOT NULL,
  `user_agent` text COLLATE utf8mb4_unicode_ci,
  `ip_address` varchar(45) COLLATE utf8mb4_unicode_ci DEFAULT NULL,
  `reference_user` bigint unsigned NOT NULL,
  `reference_id` bigint unsigned NOT NULL,
  `reference_name` varchar(191) COLLATE utf8mb4_unicode_ci NOT NULL,
  `type` varchar(20) COLLATE utf8mb4_unicode_ci NOT NULL,
  `created_at` timestamp NULL DEFAULT NULL,
  `updated_at` timestamp NULL DEFAULT NULL,
  PRIMARY KEY (`id`),
  KEY `audit_histories_user_id_index` (`user_id`),
  KEY `audit_histories_module_index` (`module`)
) ENGINE=InnoDB DEFAULT CHARSET=utf8mb4 COLLATE=utf8mb4_unicode_ci;

--
-- Dumping data for table `audit_histories`
--


--
-- Table structure for table `categories`
--

CREATE TABLE `categories` (
  `id` bigint unsigned NOT NULL AUTO_INCREMENT,
  `name` varchar(120) COLLATE utf8mb4_unicode_ci NOT NULL,
  `parent_id` bigint unsigned NOT NULL DEFAULT '0',
  `description` varchar(400) COLLATE utf8mb4_unicode_ci DEFAULT NULL,
  `status` varchar(60) COLLATE utf8mb4_unicode_ci NOT NULL DEFAULT 'published',
  `author_id` bigint unsigned DEFAULT NULL,
  `author_type` varchar(191) COLLATE utf8mb4_unicode_ci NOT NULL DEFAULT 'Botble\\ACL\\Models\\User',
  `icon` varchar(60) COLLATE utf8mb4_unicode_ci DEFAULT NULL,
  `order` int unsigned NOT NULL DEFAULT '0',
  `is_featured` tinyint NOT NULL DEFAULT '0',
  `is_default` tinyint unsigned NOT NULL DEFAULT '0',
  `created_at` timestamp NULL DEFAULT NULL,
  `updated_at` timestamp NULL DEFAULT NULL,
  PRIMARY KEY (`id`),
  KEY `categories_parent_id_index` (`parent_id`),
  KEY `categories_status_index` (`status`),
  KEY `categories_created_at_index` (`created_at`)
) ENGINE=InnoDB AUTO_INCREMENT=7 DEFAULT CHARSET=utf8mb4 COLLATE=utf8mb4_unicode_ci;

--
-- Dumping data for table `categories`
--

INSERT INTO `categories` VALUES (1,'Crisp Bread &amp; Cake',0,'Sequi sunt repudiandae quasi et animi. Ut et ex dolores sapiente ut libero. Nulla sit quo rerum ut. Recusandae et non sit velit nobis.','published',1,'Botble\\ACL\\Models\\User',NULL,0,0,0,'2024-10-31 20:47:47','2024-10-31 20:47:47'),(2,'Fashion',0,'Voluptate quam praesentium saepe et et. Omnis pariatur vero aut rerum nam necessitatibus. Eligendi maxime suscipit fugiat ut aut unde qui debitis.','published',1,'Botble\\ACL\\Models\\User',NULL,0,1,0,'2024-10-31 20:47:47','2024-10-31 20:47:47'),(3,'Electronic',0,'Laboriosam ullam et sint qui. Mollitia sint omnis aspernatur qui et eligendi. Nihil similique illo fugiat explicabo cupiditate nihil quisquam. Veniam eos in quas officiis.','published',1,'Botble\\ACL\\Models\\User',NULL,0,1,0,'2024-10-31 20:47:47','2024-10-31 20:47:47'),(4,'Commercial',0,'Soluta et enim similique aut sed et. Deleniti ut molestiae architecto esse tenetur. Reiciendis quia voluptatum non optio praesentium id sed omnis.','published',1,'Botble\\ACL\\Models\\User',NULL,0,1,0,'2024-10-31 20:47:47','2024-10-31 20:47:47'),(5,'Organic Fruits',0,'Ab quia consequatur accusantium impedit neque voluptatem. Quia laudantium illo consequuntur.','published',1,'Botble\\ACL\\Models\\User',NULL,0,1,0,'2024-10-31 20:47:47','2024-10-31 20:47:47'),(6,'Ecological',0,'Atque eos aut ut quod harum aut pariatur. Et eaque id qui quibusdam ipsum molestias omnis earum.','published',1,'Botble\\ACL\\Models\\User',NULL,0,1,0,'2024-10-31 20:47:47','2024-10-31 20:47:47');

--
-- Table structure for table `categories_translations`
--

CREATE TABLE `categories_translations` (
  `lang_code` varchar(20) COLLATE utf8mb4_unicode_ci NOT NULL,
  `categories_id` bigint unsigned NOT NULL,
  `name` varchar(191) COLLATE utf8mb4_unicode_ci DEFAULT NULL,
  `description` varchar(400) COLLATE utf8mb4_unicode_ci DEFAULT NULL,
  PRIMARY KEY (`lang_code`,`categories_id`)
) ENGINE=InnoDB DEFAULT CHARSET=utf8mb4 COLLATE=utf8mb4_unicode_ci;

--
-- Dumping data for table `categories_translations`
--


--
-- Table structure for table `cities`
--

CREATE TABLE `cities` (
  `id` bigint unsigned NOT NULL AUTO_INCREMENT,
  `name` varchar(120) COLLATE utf8mb4_unicode_ci NOT NULL,
  `slug` varchar(120) COLLATE utf8mb4_unicode_ci DEFAULT NULL,
  `state_id` bigint unsigned DEFAULT NULL,
  `country_id` bigint unsigned DEFAULT NULL,
  `record_id` varchar(40) COLLATE utf8mb4_unicode_ci DEFAULT NULL,
  `order` tinyint NOT NULL DEFAULT '0',
  `image` varchar(191) COLLATE utf8mb4_unicode_ci DEFAULT NULL,
  `is_default` tinyint unsigned NOT NULL DEFAULT '0',
  `status` varchar(60) COLLATE utf8mb4_unicode_ci NOT NULL DEFAULT 'published',
  `created_at` timestamp NULL DEFAULT NULL,
  `updated_at` timestamp NULL DEFAULT NULL,
  PRIMARY KEY (`id`),
  UNIQUE KEY `cities_slug_unique` (`slug`)
) ENGINE=InnoDB DEFAULT CHARSET=utf8mb4 COLLATE=utf8mb4_unicode_ci;

--
-- Dumping data for table `cities`
--


--
-- Table structure for table `cities_translations`
--

CREATE TABLE `cities_translations` (
  `lang_code` varchar(20) COLLATE utf8mb4_unicode_ci NOT NULL,
  `cities_id` bigint unsigned NOT NULL,
  `name` varchar(120) COLLATE utf8mb4_unicode_ci DEFAULT NULL,
  `slug` varchar(120) COLLATE utf8mb4_unicode_ci DEFAULT NULL,
  PRIMARY KEY (`lang_code`,`cities_id`)
) ENGINE=InnoDB DEFAULT CHARSET=utf8mb4 COLLATE=utf8mb4_unicode_ci;

--
-- Dumping data for table `cities_translations`
--


--
-- Table structure for table `contact_custom_field_options`
--

CREATE TABLE `contact_custom_field_options` (
  `id` bigint unsigned NOT NULL AUTO_INCREMENT,
  `custom_field_id` bigint unsigned NOT NULL,
  `label` varchar(191) COLLATE utf8mb4_unicode_ci DEFAULT NULL,
  `value` varchar(191) COLLATE utf8mb4_unicode_ci NOT NULL,
  `order` int NOT NULL DEFAULT '999',
  `created_at` timestamp NULL DEFAULT NULL,
  `updated_at` timestamp NULL DEFAULT NULL,
  PRIMARY KEY (`id`)
) ENGINE=InnoDB DEFAULT CHARSET=utf8mb4 COLLATE=utf8mb4_unicode_ci;

--
-- Dumping data for table `contact_custom_field_options`
--


--
-- Table structure for table `contact_custom_field_options_translations`
--

CREATE TABLE `contact_custom_field_options_translations` (
  `contact_custom_field_options_id` bigint unsigned NOT NULL,
  `lang_code` varchar(191) COLLATE utf8mb4_unicode_ci NOT NULL,
  `label` varchar(191) COLLATE utf8mb4_unicode_ci DEFAULT NULL,
  `value` varchar(191) COLLATE utf8mb4_unicode_ci DEFAULT NULL,
  PRIMARY KEY (`lang_code`,`contact_custom_field_options_id`)
) ENGINE=InnoDB DEFAULT CHARSET=utf8mb4 COLLATE=utf8mb4_unicode_ci;

--
-- Dumping data for table `contact_custom_field_options_translations`
--


--
-- Table structure for table `contact_custom_fields`
--

CREATE TABLE `contact_custom_fields` (
  `id` bigint unsigned NOT NULL AUTO_INCREMENT,
  `type` varchar(191) COLLATE utf8mb4_unicode_ci NOT NULL,
  `required` tinyint(1) NOT NULL DEFAULT '0',
  `name` varchar(191) COLLATE utf8mb4_unicode_ci NOT NULL,
  `placeholder` varchar(191) COLLATE utf8mb4_unicode_ci DEFAULT NULL,
  `order` int NOT NULL DEFAULT '999',
  `status` varchar(191) COLLATE utf8mb4_unicode_ci NOT NULL DEFAULT 'published',
  `created_at` timestamp NULL DEFAULT NULL,
  `updated_at` timestamp NULL DEFAULT NULL,
  PRIMARY KEY (`id`)
) ENGINE=InnoDB DEFAULT CHARSET=utf8mb4 COLLATE=utf8mb4_unicode_ci;

--
-- Dumping data for table `contact_custom_fields`
--


--
-- Table structure for table `contact_custom_fields_translations`
--

CREATE TABLE `contact_custom_fields_translations` (
  `contact_custom_fields_id` bigint unsigned NOT NULL,
  `lang_code` varchar(191) COLLATE utf8mb4_unicode_ci NOT NULL,
  `name` varchar(191) COLLATE utf8mb4_unicode_ci DEFAULT NULL,
  `placeholder` varchar(191) COLLATE utf8mb4_unicode_ci DEFAULT NULL,
  PRIMARY KEY (`lang_code`,`contact_custom_fields_id`)
) ENGINE=InnoDB DEFAULT CHARSET=utf8mb4 COLLATE=utf8mb4_unicode_ci;

--
-- Dumping data for table `contact_custom_fields_translations`
--


--
-- Table structure for table `contact_replies`
--

CREATE TABLE `contact_replies` (
  `id` bigint unsigned NOT NULL AUTO_INCREMENT,
  `message` longtext COLLATE utf8mb4_unicode_ci NOT NULL,
  `contact_id` bigint unsigned NOT NULL,
  `created_at` timestamp NULL DEFAULT NULL,
  `updated_at` timestamp NULL DEFAULT NULL,
  PRIMARY KEY (`id`)
) ENGINE=InnoDB DEFAULT CHARSET=utf8mb4 COLLATE=utf8mb4_unicode_ci;

--
-- Dumping data for table `contact_replies`
--


--
-- Table structure for table `contacts`
--

CREATE TABLE `contacts` (
  `id` bigint unsigned NOT NULL AUTO_INCREMENT,
  `name` varchar(60) COLLATE utf8mb4_unicode_ci NOT NULL,
  `email` varchar(60) COLLATE utf8mb4_unicode_ci DEFAULT NULL,
  `phone` varchar(60) COLLATE utf8mb4_unicode_ci DEFAULT NULL,
  `address` varchar(120) COLLATE utf8mb4_unicode_ci DEFAULT NULL,
  `subject` varchar(120) COLLATE utf8mb4_unicode_ci DEFAULT NULL,
  `content` longtext COLLATE utf8mb4_unicode_ci NOT NULL,
  `custom_fields` text COLLATE utf8mb4_unicode_ci,
  `status` varchar(60) COLLATE utf8mb4_unicode_ci NOT NULL DEFAULT 'unread',
  `created_at` timestamp NULL DEFAULT NULL,
  `updated_at` timestamp NULL DEFAULT NULL,
  PRIMARY KEY (`id`)
) ENGINE=InnoDB AUTO_INCREMENT=11 DEFAULT CHARSET=utf8mb4 COLLATE=utf8mb4_unicode_ci;

--
-- Dumping data for table `contacts`
--

INSERT INTO `contacts` VALUES (1,'Mrs. Chanel Turcotte V','rosina.smitham@example.org','1-928-918-3728','31606 Annamarie Brook Apt. 905\nBauchstad, IA 80309','Blanditiis quis voluptatum qui odio non omnis.','Ullam alias quidem quis nostrum sapiente quisquam laudantium consequatur. Rerum officia rerum quo repellendus rerum quos qui. Eligendi animi natus molestiae iusto. Molestias temporibus natus ullam ipsa et recusandae. Deleniti ex optio officia saepe. Saepe ipsam alias odio quia aspernatur ducimus. Rem rerum dolore corporis ratione. Iure quam quo dolore ea. Impedit ratione accusamus qui cupiditate aliquid quasi. Sint dolor ducimus natus.',NULL,'read','2024-10-31 20:47:46','2024-10-31 20:47:46'),(2,'Kamren Waelchi','zane.haag@example.net','616.714.4681','67142 Ella Place\nPort Everetteburgh, ME 24230','Ea non atque nemo voluptatem nobis at.','Voluptas reprehenderit et enim omnis perferendis nulla quia doloremque. Labore cum ex error commodi sit dolorem. Libero est accusamus modi vel quia incidunt. Voluptatem quaerat voluptas tenetur. Perferendis iure doloribus ut. Adipisci possimus ipsum animi corporis soluta nesciunt aut. Consequatur facilis et architecto in voluptatibus eos praesentium. Aut illo consectetur incidunt asperiores qui dolorem dolore. Omnis est id reiciendis omnis porro. Eligendi tempore et voluptatum eaque et eius.',NULL,'read','2024-10-31 20:47:46','2024-10-31 20:47:46'),(3,'Nadia Schuppe','dolores21@example.org','+1-727-813-1643','5224 Runte Rapid Suite 298\nPort Geovanni, AR 30749','Odio quisquam voluptas alias a quisquam ad.','Sit enim quas dolorem consequatur possimus laborum voluptas. Enim ullam suscipit consectetur magnam doloremque velit. Quaerat fuga quia tenetur saepe qui est. Ab dicta sint voluptate impedit deserunt debitis. Sint fugiat non et qui aspernatur officia voluptatem. Aut non sed aliquam architecto saepe dolor nihil. Qui inventore placeat ut ex et fuga. Et fugiat magnam alias et.',NULL,'unread','2024-10-31 20:47:46','2024-10-31 20:47:46'),(4,'Arlene Goldner','johnathon16@example.com','417.378.6002','983 Gerhold Alley Suite 568\nEstrellatown, FL 38446-0638','Voluptatibus fugit et recusandae repudiandae.','Itaque dignissimos rem et. Cum ullam et ipsa expedita quos. Dolore perferendis voluptatem officiis labore. Voluptatum labore quidem temporibus quia tempora et. Et illo nemo sequi corporis voluptatem. Minima id voluptatum natus hic fugiat magnam. Culpa quia eum facilis sint ad voluptas modi sapiente. Quia perferendis nobis tenetur culpa quaerat est eveniet. Doloremque molestiae sit minus ab.',NULL,'read','2024-10-31 20:47:46','2024-10-31 20:47:46'),(5,'Delta Batz','boyle.stella@example.net','903.597.8176','376 Axel Freeway\nAhmadview, WY 29335','Eum neque ut consequatur quia suscipit.','Eum fugit et ut voluptatem. Eveniet quibusdam eveniet non quia quia sapiente consectetur. Omnis inventore veritatis eum atque magni atque. Aut sed ea pariatur quis veritatis nihil ipsa. Inventore eos eveniet minima velit. Aliquam dolorum tempora minima. Magnam aperiam veritatis aut temporibus consequatur non quo. Eos itaque aut ut ut et reiciendis quis. Laborum quidem ut natus.',NULL,'read','2024-10-31 20:47:46','2024-10-31 20:47:46'),(6,'Prof. Georgianna Bosco','concepcion.kunde@example.org','785-325-0498','2840 Wintheiser Route Suite 630\nNorth Rayview, AK 63080','Expedita sed ut deleniti asperiores.','Quisquam harum et culpa soluta ullam doloribus in. Qui aut inventore velit sed. Quaerat officiis et dolorem rerum. Aut ipsam pariatur voluptatem sint sit placeat. Ipsa fugit ut ea repudiandae ut voluptas qui. Consequatur quibusdam provident nulla magni non quo nostrum. Aliquam deleniti assumenda autem at aliquid nemo temporibus. Et eos rerum aut ut aut quas. Inventore et soluta et doloremque earum.',NULL,'read','2024-10-31 20:47:46','2024-10-31 20:47:46'),(7,'Elbert Collins','brennan24@example.net','757-394-4660','70357 Benjamin Burgs\nKuphalside, WV 43050','Ut tempore temporibus tempora et doloremque.','Natus enim similique ut iure sint ad blanditiis. Occaecati numquam exercitationem modi eligendi optio. Minima iusto odio odio modi accusamus. Accusamus ut quidem cumque animi praesentium. Eos blanditiis et vero. Similique et quo delectus sed repudiandae ratione soluta. Fuga magni fugit unde nihil. Est tenetur iure culpa molestias voluptates praesentium. Vel ut officia sint aut sint. Magnam qui doloribus debitis. Labore dicta sed odit voluptatem. Et quo quia quia incidunt quas earum voluptatum.',NULL,'unread','2024-10-31 20:47:46','2024-10-31 20:47:46'),(8,'Grover Marvin','arturo.muller@example.net','+1.216.246.5246','241 Cheyanne Manor Apt. 863\nSouth Darrin, RI 85823','Similique vel omnis autem incidunt eos neque aut.','Aut quis qui consequatur. Quisquam odio illum beatae quia. Tempora in dolorum a eveniet molestias et sunt. Voluptas quisquam at dolore molestias cum eligendi. Et voluptatem molestiae animi molestias nam ut voluptate. Occaecati occaecati magni doloribus earum. Aperiam et autem ipsam et aut minima. Porro quia et est. Rerum aut voluptatem tempore commodi voluptatibus. Suscipit maiores libero veniam molestiae eveniet aliquam repellat. Hic totam magnam expedita nisi eos dolores cupiditate.',NULL,'unread','2024-10-31 20:47:46','2024-10-31 20:47:46'),(9,'Laney Hyatt','epredovic@example.org','+1 (512) 716-0042','242 Davin Lock Apt. 808\nNew Diamondborough, AK 12189-9896','Nobis blanditiis est deserunt quis corporis.','Occaecati officia est ut omnis et in molestias sit. Id quidem sit aliquam laudantium eos blanditiis. Enim nobis officiis in et sit modi voluptatem. Qui culpa quia repellendus voluptas at hic. Vitae ipsa voluptas inventore inventore officia placeat. Laudantium quisquam unde eum non sapiente. Ut odit aperiam ut et. Et eaque eos velit ut. Ut iure est est cupiditate sint odio voluptas. Vitae voluptatem temporibus laborum.',NULL,'read','2024-10-31 20:47:46','2024-10-31 20:47:46'),(10,'Dillon Hickle','rmann@example.net','+1-857-897-1914','14238 Joel Green Suite 146\nLake Karli, AZ 43364','Vel dignissimos unde voluptas.','Sapiente accusantium et eos praesentium sed ducimus. Dolorum et rem ut consectetur soluta non cupiditate. Unde velit molestias repellendus maxime natus. Nihil dolor nisi culpa cum. Aut inventore repellendus error quidem consequatur. Sunt soluta voluptatem enim maiores. Nam aut ipsum ratione rem. Commodi repellat optio ea et ad laborum. Sed officiis dicta iusto.',NULL,'unread','2024-10-31 20:47:46','2024-10-31 20:47:46');

--
-- Table structure for table `countries`
--

CREATE TABLE `countries` (
  `id` bigint unsigned NOT NULL AUTO_INCREMENT,
  `name` varchar(120) COLLATE utf8mb4_unicode_ci NOT NULL,
  `nationality` varchar(120) COLLATE utf8mb4_unicode_ci DEFAULT NULL,
  `order` tinyint NOT NULL DEFAULT '0',
  `image` varchar(191) COLLATE utf8mb4_unicode_ci DEFAULT NULL,
  `is_default` tinyint unsigned NOT NULL DEFAULT '0',
  `status` varchar(60) COLLATE utf8mb4_unicode_ci NOT NULL DEFAULT 'published',
  `created_at` timestamp NULL DEFAULT NULL,
  `updated_at` timestamp NULL DEFAULT NULL,
  `code` varchar(10) COLLATE utf8mb4_unicode_ci DEFAULT NULL,
  PRIMARY KEY (`id`)
) ENGINE=InnoDB DEFAULT CHARSET=utf8mb4 COLLATE=utf8mb4_unicode_ci;

--
-- Dumping data for table `countries`
--


--
-- Table structure for table `countries_translations`
--

CREATE TABLE `countries_translations` (
  `lang_code` varchar(20) COLLATE utf8mb4_unicode_ci NOT NULL,
  `countries_id` bigint unsigned NOT NULL,
  `name` varchar(120) COLLATE utf8mb4_unicode_ci DEFAULT NULL,
  `nationality` varchar(120) COLLATE utf8mb4_unicode_ci DEFAULT NULL,
  PRIMARY KEY (`lang_code`,`countries_id`)
) ENGINE=InnoDB DEFAULT CHARSET=utf8mb4 COLLATE=utf8mb4_unicode_ci;

--
-- Dumping data for table `countries_translations`
--


--
-- Table structure for table `dashboard_widget_settings`
--

CREATE TABLE `dashboard_widget_settings` (
  `id` bigint unsigned NOT NULL AUTO_INCREMENT,
  `settings` text COLLATE utf8mb4_unicode_ci,
  `user_id` bigint unsigned NOT NULL,
  `widget_id` bigint unsigned NOT NULL,
  `order` tinyint unsigned NOT NULL DEFAULT '0',
  `status` tinyint unsigned NOT NULL DEFAULT '1',
  `created_at` timestamp NULL DEFAULT NULL,
  `updated_at` timestamp NULL DEFAULT NULL,
  PRIMARY KEY (`id`),
  KEY `dashboard_widget_settings_user_id_index` (`user_id`),
  KEY `dashboard_widget_settings_widget_id_index` (`widget_id`)
) ENGINE=InnoDB DEFAULT CHARSET=utf8mb4 COLLATE=utf8mb4_unicode_ci;

--
-- Dumping data for table `dashboard_widget_settings`
--


--
-- Table structure for table `dashboard_widgets`
--

CREATE TABLE `dashboard_widgets` (
  `id` bigint unsigned NOT NULL AUTO_INCREMENT,
  `name` varchar(120) COLLATE utf8mb4_unicode_ci NOT NULL,
  `created_at` timestamp NULL DEFAULT NULL,
  `updated_at` timestamp NULL DEFAULT NULL,
  PRIMARY KEY (`id`)
) ENGINE=InnoDB DEFAULT CHARSET=utf8mb4 COLLATE=utf8mb4_unicode_ci;

--
-- Dumping data for table `dashboard_widgets`
--


--
-- Table structure for table `ec_brands`
--

CREATE TABLE `ec_brands` (
  `id` bigint unsigned NOT NULL AUTO_INCREMENT,
  `name` varchar(191) COLLATE utf8mb4_unicode_ci NOT NULL,
  `description` mediumtext COLLATE utf8mb4_unicode_ci,
  `website` varchar(191) COLLATE utf8mb4_unicode_ci DEFAULT NULL,
  `logo` varchar(191) COLLATE utf8mb4_unicode_ci DEFAULT NULL,
  `status` varchar(60) COLLATE utf8mb4_unicode_ci NOT NULL DEFAULT 'published',
  `order` tinyint unsigned NOT NULL DEFAULT '0',
  `is_featured` tinyint unsigned NOT NULL DEFAULT '0',
  `created_at` timestamp NULL DEFAULT NULL,
  `updated_at` timestamp NULL DEFAULT NULL,
  PRIMARY KEY (`id`)
) ENGINE=InnoDB AUTO_INCREMENT=6 DEFAULT CHARSET=utf8mb4 COLLATE=utf8mb4_unicode_ci;

--
-- Dumping data for table `ec_brands`
--

INSERT INTO `ec_brands` VALUES (1,'FoodPound','New Snacks Release',NULL,'main/brands/1.png','published',0,1,'2024-10-31 20:47:43','2024-10-31 20:47:43'),(2,'iTea JSC','Happy Tea 100% Organic. From $29.9',NULL,'main/brands/2.png','published',1,1,'2024-10-31 20:47:43','2024-10-31 20:47:43'),(3,'Soda Brand','Fresh Meat Sausage. BUY 2 GET 1!',NULL,'main/brands/3.png','published',2,1,'2024-10-31 20:47:43','2024-10-31 20:47:43'),(4,'Shofy','Fresh Meat Sausage. BUY 2 GET 1!',NULL,'main/brands/4.png','published',3,1,'2024-10-31 20:47:43','2024-10-31 20:47:43'),(5,'Soda Brand','Fresh Meat Sausage. BUY 2 GET 1!',NULL,'main/brands/5.png','published',4,1,'2024-10-31 20:47:43','2024-10-31 20:47:43');

--
-- Table structure for table `ec_brands_translations`
--

CREATE TABLE `ec_brands_translations` (
  `lang_code` varchar(191) COLLATE utf8mb4_unicode_ci NOT NULL,
  `ec_brands_id` bigint unsigned NOT NULL,
  `name` varchar(191) COLLATE utf8mb4_unicode_ci DEFAULT NULL,
  `description` mediumtext COLLATE utf8mb4_unicode_ci,
  PRIMARY KEY (`lang_code`,`ec_brands_id`)
) ENGINE=InnoDB DEFAULT CHARSET=utf8mb4 COLLATE=utf8mb4_unicode_ci;

--
-- Dumping data for table `ec_brands_translations`
--


--
-- Table structure for table `ec_cart`
--

CREATE TABLE `ec_cart` (
  `identifier` varchar(60) COLLATE utf8mb4_unicode_ci NOT NULL,
  `instance` varchar(60) COLLATE utf8mb4_unicode_ci NOT NULL,
  `content` longtext COLLATE utf8mb4_unicode_ci NOT NULL,
  `created_at` timestamp NULL DEFAULT NULL,
  `updated_at` timestamp NULL DEFAULT NULL,
  PRIMARY KEY (`identifier`,`instance`)
) ENGINE=InnoDB DEFAULT CHARSET=utf8mb4 COLLATE=utf8mb4_unicode_ci;

--
-- Dumping data for table `ec_cart`
--


--
-- Table structure for table `ec_currencies`
--

CREATE TABLE `ec_currencies` (
  `id` bigint unsigned NOT NULL AUTO_INCREMENT,
  `title` varchar(191) COLLATE utf8mb4_unicode_ci NOT NULL,
  `symbol` varchar(10) COLLATE utf8mb4_unicode_ci NOT NULL,
  `is_prefix_symbol` tinyint unsigned NOT NULL DEFAULT '0',
  `decimals` tinyint unsigned DEFAULT '0',
  `order` int unsigned DEFAULT '0',
  `is_default` tinyint NOT NULL DEFAULT '0',
  `exchange_rate` double NOT NULL DEFAULT '1',
  `created_at` timestamp NULL DEFAULT NULL,
  `updated_at` timestamp NULL DEFAULT NULL,
  PRIMARY KEY (`id`)
) ENGINE=InnoDB AUTO_INCREMENT=5 DEFAULT CHARSET=utf8mb4 COLLATE=utf8mb4_unicode_ci;

--
-- Dumping data for table `ec_currencies`
--

INSERT INTO `ec_currencies` VALUES (1,'USD','$',1,2,0,1,1,'2024-10-31 20:47:43','2024-10-31 20:47:43'),(2,'EUR','€',0,2,1,0,0.84,'2024-10-31 20:47:43','2024-10-31 20:47:43'),(3,'VND','₫',0,0,2,0,23203,'2024-10-31 20:47:43','2024-10-31 20:47:43'),(4,'NGN','₦',1,2,2,0,895.52,'2024-10-31 20:47:43','2024-10-31 20:47:43');

--
-- Table structure for table `ec_customer_addresses`
--

CREATE TABLE `ec_customer_addresses` (
  `id` bigint unsigned NOT NULL AUTO_INCREMENT,
  `name` varchar(191) COLLATE utf8mb4_unicode_ci NOT NULL,
  `email` varchar(60) COLLATE utf8mb4_unicode_ci DEFAULT NULL,
  `phone` varchar(20) COLLATE utf8mb4_unicode_ci DEFAULT NULL,
  `country` varchar(120) COLLATE utf8mb4_unicode_ci DEFAULT NULL,
  `state` varchar(120) COLLATE utf8mb4_unicode_ci DEFAULT NULL,
  `city` varchar(120) COLLATE utf8mb4_unicode_ci DEFAULT NULL,
  `address` varchar(191) COLLATE utf8mb4_unicode_ci DEFAULT NULL,
  `customer_id` bigint unsigned NOT NULL,
  `is_default` tinyint unsigned NOT NULL DEFAULT '0',
  `created_at` timestamp NULL DEFAULT NULL,
  `updated_at` timestamp NULL DEFAULT NULL,
  `zip_code` varchar(20) COLLATE utf8mb4_unicode_ci DEFAULT NULL,
  PRIMARY KEY (`id`)
) ENGINE=InnoDB AUTO_INCREMENT=13 DEFAULT CHARSET=utf8mb4 COLLATE=utf8mb4_unicode_ci;

--
-- Dumping data for table `ec_customer_addresses`
--

INSERT INTO `ec_customer_addresses` VALUES (1,'Mrs. Jade Cole Jr.','customer@botble.com','+16159338855','CW','Nevada','Nikolastown','9155 Reuben Crossroad Apt. 792',1,1,'2024-10-31 20:47:44','2024-10-31 20:47:44','60115-4140'),(2,'Mrs. Jade Cole Jr.','customer@botble.com','+13807635131','TW','Indiana','North Stellaport','796 Cale Estates',1,0,'2024-10-31 20:47:44','2024-10-31 20:47:44','31527-4212'),(3,'Mrs. Myrtis Hills IV','vendor@botble.com','+18482307592','CN','Idaho','Purdytown','3131 Marlon Rest',2,1,'2024-10-31 20:47:44','2024-10-31 20:47:44','24307'),(4,'Mrs. Myrtis Hills IV','vendor@botble.com','+15043758448','PW','Alaska','Windlerton','250 Nyasia Knoll Suite 484',2,0,'2024-10-31 20:47:44','2024-10-31 20:47:44','06407'),(5,'Prof. Aniya O\'Keefe','okey.bayer@example.com','+16108605611','TN','Kentucky','South Cody','19592 Addie Falls Suite 560',3,1,'2024-10-31 20:47:44','2024-10-31 20:47:44','87085-4976'),(6,'Kianna Herzog IV','schumm.alexandrea@example.org','+13175955657','PN','Maryland','Crystelview','61741 Alexandra Club',4,1,'2024-10-31 20:47:45','2024-10-31 20:47:45','41293'),(7,'Noble Mohr Sr.','carley.luettgen@example.net','+13173839144','HN','Virginia','Michellestad','40216 Mitchell Point Apt. 623',5,1,'2024-10-31 20:47:45','2024-10-31 20:47:45','46874-8036'),(8,'Sallie Mann','art.morissette@example.net','+16416064684','AD','Oregon','Altenwerthport','5650 Alexa Forges Suite 289',6,1,'2024-10-31 20:47:45','2024-10-31 20:47:45','72148-9904'),(9,'Miss Mollie Stokes IV','stark.brandon@example.com','+16513888054','KZ','Louisiana','Lorenzland','3084 Jana River',7,1,'2024-10-31 20:47:45','2024-10-31 20:47:45','54215'),(10,'Madge Halvorson V','rgraham@example.com','+12123638939','TM','Pennsylvania','Port Sandrahaven','505 Leonardo Burg',8,1,'2024-10-31 20:47:46','2024-10-31 20:47:46','95550'),(11,'Kianna Lockman II','west.marietta@example.com','+18306039706','KN','Oklahoma','New Alenahaven','2625 Shields Port',9,1,'2024-10-31 20:47:46','2024-10-31 20:47:46','97608-1650'),(12,'Cleora Schuster','sofia06@example.org','+12037033011','GU','New Mexico','Wuckertchester','4510 Jones Crossing',10,1,'2024-10-31 20:47:46','2024-10-31 20:47:46','11228-5016');

--
-- Table structure for table `ec_customer_deletion_requests`
--

CREATE TABLE `ec_customer_deletion_requests` (
  `id` bigint unsigned NOT NULL AUTO_INCREMENT,
  `customer_id` bigint unsigned NOT NULL,
  `customer_name` varchar(191) COLLATE utf8mb4_unicode_ci DEFAULT NULL,
  `customer_phone` varchar(191) COLLATE utf8mb4_unicode_ci DEFAULT NULL,
  `customer_email` varchar(191) COLLATE utf8mb4_unicode_ci DEFAULT NULL,
  `token` varchar(191) COLLATE utf8mb4_unicode_ci NOT NULL,
  `status` varchar(50) COLLATE utf8mb4_unicode_ci NOT NULL DEFAULT 'waiting_for_confirmation',
  `reason` text COLLATE utf8mb4_unicode_ci,
  `confirmed_at` datetime DEFAULT NULL,
  `created_at` timestamp NULL DEFAULT NULL,
  `updated_at` timestamp NULL DEFAULT NULL,
  PRIMARY KEY (`id`),
  UNIQUE KEY `ec_customer_deletion_requests_token_unique` (`token`)
) ENGINE=InnoDB DEFAULT CHARSET=utf8mb4 COLLATE=utf8mb4_unicode_ci;

--
-- Dumping data for table `ec_customer_deletion_requests`
--


--
-- Table structure for table `ec_customer_password_resets`
--

CREATE TABLE `ec_customer_password_resets` (
  `email` varchar(191) COLLATE utf8mb4_unicode_ci NOT NULL,
  `token` varchar(191) COLLATE utf8mb4_unicode_ci NOT NULL,
  `created_at` timestamp NULL DEFAULT NULL,
  KEY `ec_customer_password_resets_email_index` (`email`),
  KEY `ec_customer_password_resets_token_index` (`token`)
) ENGINE=InnoDB DEFAULT CHARSET=utf8mb4 COLLATE=utf8mb4_unicode_ci;

--
-- Dumping data for table `ec_customer_password_resets`
--


--
-- Table structure for table `ec_customer_recently_viewed_products`
--

CREATE TABLE `ec_customer_recently_viewed_products` (
  `id` bigint unsigned NOT NULL AUTO_INCREMENT,
  `customer_id` bigint unsigned NOT NULL,
  `product_id` bigint unsigned NOT NULL,
  PRIMARY KEY (`id`)
) ENGINE=InnoDB DEFAULT CHARSET=utf8mb4 COLLATE=utf8mb4_unicode_ci;

--
-- Dumping data for table `ec_customer_recently_viewed_products`
--


--
-- Table structure for table `ec_customer_used_coupons`
--

CREATE TABLE `ec_customer_used_coupons` (
  `discount_id` bigint unsigned NOT NULL,
  `customer_id` bigint unsigned NOT NULL,
  PRIMARY KEY (`discount_id`,`customer_id`)
) ENGINE=InnoDB DEFAULT CHARSET=utf8mb4 COLLATE=utf8mb4_unicode_ci;

--
-- Dumping data for table `ec_customer_used_coupons`
--


--
-- Table structure for table `ec_discount_customers`
--

CREATE TABLE `ec_discount_customers` (
  `discount_id` bigint unsigned NOT NULL,
  `customer_id` bigint unsigned NOT NULL,
  PRIMARY KEY (`discount_id`,`customer_id`)
) ENGINE=InnoDB DEFAULT CHARSET=utf8mb4 COLLATE=utf8mb4_unicode_ci;

--
-- Dumping data for table `ec_discount_customers`
--


--
-- Table structure for table `ec_discount_product_categories`
--

CREATE TABLE `ec_discount_product_categories` (
  `discount_id` bigint unsigned NOT NULL,
  `product_category_id` bigint unsigned NOT NULL,
  PRIMARY KEY (`discount_id`,`product_category_id`)
) ENGINE=InnoDB DEFAULT CHARSET=utf8mb4 COLLATE=utf8mb4_unicode_ci;

--
-- Dumping data for table `ec_discount_product_categories`
--


--
-- Table structure for table `ec_discount_product_collections`
--

CREATE TABLE `ec_discount_product_collections` (
  `discount_id` bigint unsigned NOT NULL,
  `product_collection_id` bigint unsigned NOT NULL,
  PRIMARY KEY (`discount_id`,`product_collection_id`)
) ENGINE=InnoDB DEFAULT CHARSET=utf8mb4 COLLATE=utf8mb4_unicode_ci;

--
-- Dumping data for table `ec_discount_product_collections`
--


--
-- Table structure for table `ec_discount_products`
--

CREATE TABLE `ec_discount_products` (
  `discount_id` bigint unsigned NOT NULL,
  `product_id` bigint unsigned NOT NULL,
  PRIMARY KEY (`discount_id`,`product_id`)
) ENGINE=InnoDB DEFAULT CHARSET=utf8mb4 COLLATE=utf8mb4_unicode_ci;

--
-- Dumping data for table `ec_discount_products`
--


--
-- Table structure for table `ec_discounts`
--

CREATE TABLE `ec_discounts` (
  `id` bigint unsigned NOT NULL AUTO_INCREMENT,
  `title` varchar(120) COLLATE utf8mb4_unicode_ci DEFAULT NULL,
  `code` varchar(20) COLLATE utf8mb4_unicode_ci DEFAULT NULL,
  `start_date` datetime DEFAULT NULL,
  `end_date` datetime DEFAULT NULL,
  `quantity` int DEFAULT NULL,
  `total_used` int unsigned NOT NULL DEFAULT '0',
  `value` double DEFAULT NULL,
  `type` varchar(60) COLLATE utf8mb4_unicode_ci DEFAULT 'coupon',
  `can_use_with_promotion` tinyint(1) NOT NULL DEFAULT '0',
  `can_use_with_flash_sale` tinyint(1) NOT NULL DEFAULT '0',
  `discount_on` varchar(20) COLLATE utf8mb4_unicode_ci DEFAULT NULL,
  `product_quantity` int unsigned DEFAULT NULL,
  `type_option` varchar(100) COLLATE utf8mb4_unicode_ci NOT NULL DEFAULT 'amount',
  `target` varchar(100) COLLATE utf8mb4_unicode_ci NOT NULL DEFAULT 'all-orders',
  `min_order_price` decimal(15,2) DEFAULT NULL,
  `apply_via_url` tinyint(1) NOT NULL DEFAULT '0',
  `display_at_checkout` tinyint(1) NOT NULL DEFAULT '0',
  `created_at` timestamp NULL DEFAULT NULL,
  `updated_at` timestamp NULL DEFAULT NULL,
  `store_id` bigint unsigned DEFAULT NULL,
  `description` varchar(400) COLLATE utf8mb4_unicode_ci DEFAULT NULL,
  PRIMARY KEY (`id`),
  UNIQUE KEY `ec_discounts_code_unique` (`code`)
) ENGINE=InnoDB AUTO_INCREMENT=11 DEFAULT CHARSET=utf8mb4 COLLATE=utf8mb4_unicode_ci;

--
-- Dumping data for table `ec_discounts`
--

INSERT INTO `ec_discounts` VALUES (1,'Discount 1','WGXQC59X7JGU','2024-10-31 03:47:47','2024-11-22 03:47:47',NULL,0,28,'coupon',0,0,NULL,NULL,'percentage','all-orders',NULL,0,1,'2024-10-31 20:47:47','2024-10-31 20:47:47',NULL,NULL),(2,'Discount 2','EG4ZNXZMVTNX','2024-10-31 03:47:47','2024-11-18 03:47:47',NULL,0,6,'coupon',0,0,NULL,NULL,'percentage','all-orders',NULL,0,1,'2024-10-31 20:47:47','2024-10-31 20:47:47',NULL,NULL),(3,'Discount 3','PXZTUVWHCPSR','2024-10-31 03:47:47','2024-11-29 03:47:47',NULL,0,751,'coupon',0,0,NULL,NULL,'amount','all-orders',NULL,0,1,'2024-10-31 20:47:47','2024-10-31 20:47:47',NULL,NULL),(4,'Discount 4','7NXPLTEVQ144','2024-10-31 03:47:47',NULL,NULL,0,150,'coupon',0,0,NULL,NULL,'same-price','all-orders',NULL,0,1,'2024-10-31 20:47:47','2024-10-31 20:47:47',NULL,NULL),(5,'Discount 5','YOOUMKOZW9TL','2024-10-31 03:47:47','2024-11-08 03:47:47',NULL,0,695,'coupon',0,0,NULL,NULL,'shipping','all-orders',NULL,0,1,'2024-10-31 20:47:47','2024-10-31 20:47:47',NULL,NULL),(6,'Discount 6','9GLWXGSGEOSO','2024-10-31 03:47:47',NULL,NULL,0,391,'coupon',0,0,NULL,NULL,'same-price','all-orders',NULL,0,1,'2024-10-31 20:47:47','2024-10-31 20:47:47',NULL,NULL),(7,'Discount 7','SQOYSM7L5ODK','2024-10-31 03:47:47',NULL,NULL,0,532,'coupon',0,0,NULL,NULL,'amount','all-orders',NULL,0,1,'2024-10-31 20:47:47','2024-10-31 20:47:47',NULL,NULL),(8,'Discount 8','KKIUU7S9LXMA','2024-10-31 03:47:47',NULL,NULL,0,10,'coupon',0,0,NULL,NULL,'percentage','all-orders',NULL,0,1,'2024-10-31 20:47:47','2024-10-31 20:47:47',NULL,NULL),(9,'Discount 9','QHTWICOJ6SZJ','2024-10-31 03:47:47','2024-11-05 03:47:47',NULL,0,45,'coupon',0,0,NULL,NULL,'percentage','all-orders',NULL,0,1,'2024-10-31 20:47:47','2024-10-31 20:47:47',NULL,NULL),(10,'Discount 10','HTG82WHRBKTP','2024-10-31 03:47:47',NULL,NULL,0,614,'coupon',0,0,NULL,NULL,'shipping','all-orders',NULL,0,1,'2024-10-31 20:47:47','2024-10-31 20:47:47',NULL,NULL);

--
-- Table structure for table `ec_flash_sale_products`
--

CREATE TABLE `ec_flash_sale_products` (
  `flash_sale_id` bigint unsigned NOT NULL,
  `product_id` bigint unsigned NOT NULL,
  `price` double unsigned DEFAULT NULL,
  `quantity` int unsigned DEFAULT NULL,
  `sold` int unsigned NOT NULL DEFAULT '0'
) ENGINE=InnoDB DEFAULT CHARSET=utf8mb4 COLLATE=utf8mb4_unicode_ci;

--
-- Dumping data for table `ec_flash_sale_products`
--

INSERT INTO `ec_flash_sale_products` VALUES (1,1,151.92,9,5),(1,2,291.72,17,2),(1,3,606.06,19,2),(1,4,123.67,11,2),(1,5,341.32,10,5),(1,6,1414.26,7,5),(1,7,1086.75,6,2),(1,8,649.06,10,4),(1,9,109.34,14,4),(1,10,902,12,1);

--
-- Table structure for table `ec_flash_sales`
--

CREATE TABLE `ec_flash_sales` (
  `id` bigint unsigned NOT NULL AUTO_INCREMENT,
  `name` varchar(191) COLLATE utf8mb4_unicode_ci NOT NULL,
  `end_date` datetime NOT NULL,
  `status` varchar(60) COLLATE utf8mb4_unicode_ci NOT NULL DEFAULT 'published',
  `created_at` timestamp NULL DEFAULT NULL,
  `updated_at` timestamp NULL DEFAULT NULL,
  PRIMARY KEY (`id`)
) ENGINE=InnoDB AUTO_INCREMENT=2 DEFAULT CHARSET=utf8mb4 COLLATE=utf8mb4_unicode_ci;

--
-- Dumping data for table `ec_flash_sales`
--

INSERT INTO `ec_flash_sales` VALUES (1,'Winter Sale','2024-11-18 00:00:00','published','2024-10-31 20:47:53','2024-10-31 20:47:53');

--
-- Table structure for table `ec_flash_sales_translations`
--

CREATE TABLE `ec_flash_sales_translations` (
  `lang_code` varchar(191) COLLATE utf8mb4_unicode_ci NOT NULL,
  `ec_flash_sales_id` bigint unsigned NOT NULL,
  `name` varchar(191) COLLATE utf8mb4_unicode_ci DEFAULT NULL,
  PRIMARY KEY (`lang_code`,`ec_flash_sales_id`)
) ENGINE=InnoDB DEFAULT CHARSET=utf8mb4 COLLATE=utf8mb4_unicode_ci;

--
-- Dumping data for table `ec_flash_sales_translations`
--


--
-- Table structure for table `ec_global_option_value`
--

CREATE TABLE `ec_global_option_value` (
  `id` bigint unsigned NOT NULL AUTO_INCREMENT,
  `option_id` bigint unsigned NOT NULL COMMENT 'option id',
  `option_value` tinytext COLLATE utf8mb4_unicode_ci COMMENT 'option value',
  `affect_price` double DEFAULT NULL COMMENT 'value of price of this option affect',
  `order` int NOT NULL DEFAULT '9999',
  `affect_type` tinyint NOT NULL DEFAULT '0' COMMENT '0. fixed 1. percent',
  `created_at` timestamp NULL DEFAULT NULL,
  `updated_at` timestamp NULL DEFAULT NULL,
  PRIMARY KEY (`id`)
) ENGINE=InnoDB AUTO_INCREMENT=13 DEFAULT CHARSET=utf8mb4 COLLATE=utf8mb4_unicode_ci;

--
-- Dumping data for table `ec_global_option_value`
--

INSERT INTO `ec_global_option_value` VALUES (1,1,'1 Year',0,9999,0,'2024-10-31 20:47:47','2024-10-31 20:47:47'),(2,1,'2 Year',10,9999,0,'2024-10-31 20:47:47','2024-10-31 20:47:47'),(3,1,'3 Year',20,9999,0,'2024-10-31 20:47:47','2024-10-31 20:47:47'),(4,2,'4GB',0,9999,0,'2024-10-31 20:47:47','2024-10-31 20:47:47'),(5,2,'8GB',10,9999,0,'2024-10-31 20:47:47','2024-10-31 20:47:47'),(6,2,'16GB',20,9999,0,'2024-10-31 20:47:47','2024-10-31 20:47:47'),(7,3,'Core i5',0,9999,0,'2024-10-31 20:47:47','2024-10-31 20:47:47'),(8,3,'Core i7',10,9999,0,'2024-10-31 20:47:47','2024-10-31 20:47:47'),(9,3,'Core i9',20,9999,0,'2024-10-31 20:47:47','2024-10-31 20:47:47'),(10,4,'128GB',0,9999,0,'2024-10-31 20:47:47','2024-10-31 20:47:47'),(11,4,'256GB',10,9999,0,'2024-10-31 20:47:47','2024-10-31 20:47:47'),(12,4,'512GB',20,9999,0,'2024-10-31 20:47:47','2024-10-31 20:47:47');

--
-- Table structure for table `ec_global_option_value_translations`
--

CREATE TABLE `ec_global_option_value_translations` (
  `lang_code` varchar(191) COLLATE utf8mb4_unicode_ci NOT NULL,
  `ec_global_option_value_id` bigint unsigned NOT NULL,
  `option_value` varchar(191) COLLATE utf8mb4_unicode_ci DEFAULT NULL,
  PRIMARY KEY (`lang_code`,`ec_global_option_value_id`)
) ENGINE=InnoDB DEFAULT CHARSET=utf8mb4 COLLATE=utf8mb4_unicode_ci;

--
-- Dumping data for table `ec_global_option_value_translations`
--


--
-- Table structure for table `ec_global_options`
--

CREATE TABLE `ec_global_options` (
  `id` bigint unsigned NOT NULL AUTO_INCREMENT,
  `name` varchar(191) COLLATE utf8mb4_unicode_ci NOT NULL COMMENT 'Name of options',
  `option_type` varchar(191) COLLATE utf8mb4_unicode_ci NOT NULL COMMENT 'option type',
  `required` tinyint(1) NOT NULL DEFAULT '0' COMMENT 'Checked if this option is required',
  `created_at` timestamp NULL DEFAULT NULL,
  `updated_at` timestamp NULL DEFAULT NULL,
  PRIMARY KEY (`id`)
) ENGINE=InnoDB AUTO_INCREMENT=5 DEFAULT CHARSET=utf8mb4 COLLATE=utf8mb4_unicode_ci;

--
-- Dumping data for table `ec_global_options`
--

INSERT INTO `ec_global_options` VALUES (1,'Warranty','Botble\\Ecommerce\\Option\\OptionType\\RadioButton',1,'2024-10-31 20:47:47','2024-10-31 20:47:47'),(2,'RAM','Botble\\Ecommerce\\Option\\OptionType\\RadioButton',1,'2024-10-31 20:47:47','2024-10-31 20:47:47'),(3,'CPU','Botble\\Ecommerce\\Option\\OptionType\\RadioButton',1,'2024-10-31 20:47:47','2024-10-31 20:47:47'),(4,'HDD','Botble\\Ecommerce\\Option\\OptionType\\Dropdown',0,'2024-10-31 20:47:47','2024-10-31 20:47:47');

--
-- Table structure for table `ec_global_options_translations`
--

CREATE TABLE `ec_global_options_translations` (
  `lang_code` varchar(191) COLLATE utf8mb4_unicode_ci NOT NULL,
  `ec_global_options_id` bigint unsigned NOT NULL,
  `name` varchar(191) COLLATE utf8mb4_unicode_ci DEFAULT NULL,
  PRIMARY KEY (`lang_code`,`ec_global_options_id`)
) ENGINE=InnoDB DEFAULT CHARSET=utf8mb4 COLLATE=utf8mb4_unicode_ci;

--
-- Dumping data for table `ec_global_options_translations`
--


--
-- Table structure for table `ec_grouped_products`
--

CREATE TABLE `ec_grouped_products` (
  `id` bigint unsigned NOT NULL AUTO_INCREMENT,
  `parent_product_id` bigint unsigned NOT NULL,
  `product_id` bigint unsigned NOT NULL,
  `fixed_qty` int NOT NULL DEFAULT '1',
  PRIMARY KEY (`id`)
) ENGINE=InnoDB DEFAULT CHARSET=utf8mb4 COLLATE=utf8mb4_unicode_ci;

--
-- Dumping data for table `ec_grouped_products`
--


--
-- Table structure for table `ec_invoice_items`
--

CREATE TABLE `ec_invoice_items` (
  `id` bigint unsigned NOT NULL AUTO_INCREMENT,
  `invoice_id` bigint unsigned NOT NULL,
  `reference_type` varchar(191) COLLATE utf8mb4_unicode_ci NOT NULL,
  `reference_id` bigint unsigned NOT NULL,
  `name` varchar(191) COLLATE utf8mb4_unicode_ci NOT NULL,
  `description` varchar(400) COLLATE utf8mb4_unicode_ci DEFAULT NULL,
  `image` varchar(191) COLLATE utf8mb4_unicode_ci DEFAULT NULL,
  `qty` int unsigned NOT NULL,
  `price` decimal(15,2) NOT NULL DEFAULT '0.00',
  `sub_total` decimal(15,2) unsigned NOT NULL,
  `tax_amount` decimal(15,2) unsigned NOT NULL DEFAULT '0.00',
  `discount_amount` decimal(15,2) unsigned NOT NULL DEFAULT '0.00',
  `amount` decimal(15,2) unsigned NOT NULL,
  `options` text COLLATE utf8mb4_unicode_ci,
  `created_at` timestamp NULL DEFAULT NULL,
  `updated_at` timestamp NULL DEFAULT NULL,
  PRIMARY KEY (`id`),
  KEY `ec_invoice_items_reference_type_reference_id_index` (`reference_type`,`reference_id`)
) ENGINE=InnoDB DEFAULT CHARSET=utf8mb4 COLLATE=utf8mb4_unicode_ci;

--
-- Dumping data for table `ec_invoice_items`
--


--
-- Table structure for table `ec_invoices`
--

CREATE TABLE `ec_invoices` (
  `id` bigint unsigned NOT NULL AUTO_INCREMENT,
  `reference_type` varchar(191) COLLATE utf8mb4_unicode_ci NOT NULL,
  `reference_id` bigint unsigned NOT NULL,
  `code` varchar(191) COLLATE utf8mb4_unicode_ci NOT NULL,
  `customer_name` varchar(191) COLLATE utf8mb4_unicode_ci DEFAULT NULL,
  `company_name` varchar(191) COLLATE utf8mb4_unicode_ci DEFAULT NULL,
  `company_logo` varchar(191) COLLATE utf8mb4_unicode_ci DEFAULT NULL,
  `customer_email` varchar(191) COLLATE utf8mb4_unicode_ci DEFAULT NULL,
  `customer_phone` varchar(191) COLLATE utf8mb4_unicode_ci DEFAULT NULL,
  `customer_address` varchar(191) COLLATE utf8mb4_unicode_ci DEFAULT NULL,
  `customer_tax_id` varchar(191) COLLATE utf8mb4_unicode_ci DEFAULT NULL,
  `sub_total` decimal(15,2) unsigned NOT NULL,
  `tax_amount` decimal(15,2) unsigned NOT NULL DEFAULT '0.00',
  `shipping_amount` decimal(15,2) unsigned NOT NULL DEFAULT '0.00',
  `discount_amount` decimal(15,2) unsigned NOT NULL DEFAULT '0.00',
  `shipping_option` varchar(60) COLLATE utf8mb4_unicode_ci DEFAULT NULL,
  `shipping_method` varchar(60) COLLATE utf8mb4_unicode_ci NOT NULL DEFAULT 'default',
  `coupon_code` varchar(120) COLLATE utf8mb4_unicode_ci DEFAULT NULL,
  `discount_description` varchar(191) COLLATE utf8mb4_unicode_ci DEFAULT NULL,
  `amount` decimal(15,2) unsigned NOT NULL,
  `description` text COLLATE utf8mb4_unicode_ci,
  `payment_id` bigint unsigned DEFAULT NULL,
  `status` varchar(191) COLLATE utf8mb4_unicode_ci NOT NULL DEFAULT 'pending',
  `paid_at` timestamp NULL DEFAULT NULL,
  `created_at` timestamp NULL DEFAULT NULL,
  `updated_at` timestamp NULL DEFAULT NULL,
  PRIMARY KEY (`id`),
  UNIQUE KEY `ec_invoices_code_unique` (`code`),
  KEY `ec_invoices_reference_type_reference_id_index` (`reference_type`,`reference_id`),
  KEY `ec_invoices_payment_id_index` (`payment_id`),
  KEY `ec_invoices_status_index` (`status`)
) ENGINE=InnoDB DEFAULT CHARSET=utf8mb4 COLLATE=utf8mb4_unicode_ci;

--
-- Dumping data for table `ec_invoices`
--


--
-- Table structure for table `ec_option_value`
--

CREATE TABLE `ec_option_value` (
  `id` bigint unsigned NOT NULL AUTO_INCREMENT,
  `option_id` bigint unsigned NOT NULL COMMENT 'option id',
  `option_value` tinytext COLLATE utf8mb4_unicode_ci COMMENT 'option value',
  `affect_price` double DEFAULT NULL COMMENT 'value of price of this option affect',
  `order` int NOT NULL DEFAULT '9999',
  `affect_type` tinyint NOT NULL DEFAULT '0' COMMENT '0. fixed 1. percent',
  `created_at` timestamp NULL DEFAULT NULL,
  `updated_at` timestamp NULL DEFAULT NULL,
  PRIMARY KEY (`id`)
) ENGINE=InnoDB DEFAULT CHARSET=utf8mb4 COLLATE=utf8mb4_unicode_ci;

--
-- Dumping data for table `ec_option_value`
--


--
-- Table structure for table `ec_option_value_translations`
--

CREATE TABLE `ec_option_value_translations` (
  `lang_code` varchar(191) COLLATE utf8mb4_unicode_ci NOT NULL,
  `ec_option_value_id` bigint unsigned NOT NULL,
  `option_value` varchar(191) COLLATE utf8mb4_unicode_ci DEFAULT NULL,
  PRIMARY KEY (`lang_code`,`ec_option_value_id`)
) ENGINE=InnoDB DEFAULT CHARSET=utf8mb4 COLLATE=utf8mb4_unicode_ci;

--
-- Dumping data for table `ec_option_value_translations`
--


--
-- Table structure for table `ec_options`
--

CREATE TABLE `ec_options` (
  `id` bigint unsigned NOT NULL AUTO_INCREMENT,
  `name` varchar(191) COLLATE utf8mb4_unicode_ci NOT NULL COMMENT 'Name of options',
  `option_type` varchar(191) COLLATE utf8mb4_unicode_ci DEFAULT NULL COMMENT 'option type',
  `product_id` bigint unsigned NOT NULL DEFAULT '0',
  `order` int NOT NULL DEFAULT '9999',
  `required` tinyint(1) NOT NULL DEFAULT '0' COMMENT 'Checked if this option is required',
  `created_at` timestamp NULL DEFAULT NULL,
  `updated_at` timestamp NULL DEFAULT NULL,
  PRIMARY KEY (`id`)
) ENGINE=InnoDB DEFAULT CHARSET=utf8mb4 COLLATE=utf8mb4_unicode_ci;

--
-- Dumping data for table `ec_options`
--


--
-- Table structure for table `ec_options_translations`
--

CREATE TABLE `ec_options_translations` (
  `lang_code` varchar(191) COLLATE utf8mb4_unicode_ci NOT NULL,
  `ec_options_id` bigint unsigned NOT NULL,
  `name` varchar(191) COLLATE utf8mb4_unicode_ci DEFAULT NULL,
  PRIMARY KEY (`lang_code`,`ec_options_id`)
) ENGINE=InnoDB DEFAULT CHARSET=utf8mb4 COLLATE=utf8mb4_unicode_ci;

--
-- Dumping data for table `ec_options_translations`
--


--
-- Table structure for table `ec_order_addresses`
--

CREATE TABLE `ec_order_addresses` (
  `id` bigint unsigned NOT NULL AUTO_INCREMENT,
  `name` varchar(191) COLLATE utf8mb4_unicode_ci NOT NULL,
  `phone` varchar(20) COLLATE utf8mb4_unicode_ci DEFAULT NULL,
  `email` varchar(191) COLLATE utf8mb4_unicode_ci DEFAULT NULL,
  `country` varchar(120) COLLATE utf8mb4_unicode_ci DEFAULT NULL,
  `state` varchar(120) COLLATE utf8mb4_unicode_ci DEFAULT NULL,
  `city` varchar(120) COLLATE utf8mb4_unicode_ci DEFAULT NULL,
  `address` varchar(191) COLLATE utf8mb4_unicode_ci DEFAULT NULL,
  `order_id` bigint unsigned NOT NULL,
  `zip_code` varchar(20) COLLATE utf8mb4_unicode_ci DEFAULT NULL,
  `type` varchar(60) COLLATE utf8mb4_unicode_ci NOT NULL DEFAULT 'shipping_address',
  PRIMARY KEY (`id`)
) ENGINE=InnoDB DEFAULT CHARSET=utf8mb4 COLLATE=utf8mb4_unicode_ci;

--
-- Dumping data for table `ec_order_addresses`
--


--
-- Table structure for table `ec_order_histories`
--

CREATE TABLE `ec_order_histories` (
  `id` bigint unsigned NOT NULL AUTO_INCREMENT,
  `action` varchar(120) COLLATE utf8mb4_unicode_ci NOT NULL,
  `description` varchar(400) COLLATE utf8mb4_unicode_ci DEFAULT NULL,
  `user_id` bigint unsigned DEFAULT NULL,
  `order_id` bigint unsigned NOT NULL,
  `extras` text COLLATE utf8mb4_unicode_ci,
  `created_at` timestamp NULL DEFAULT NULL,
  `updated_at` timestamp NULL DEFAULT NULL,
  PRIMARY KEY (`id`)
) ENGINE=InnoDB DEFAULT CHARSET=utf8mb4 COLLATE=utf8mb4_unicode_ci;

--
-- Dumping data for table `ec_order_histories`
--


--
-- Table structure for table `ec_order_product`
--

CREATE TABLE `ec_order_product` (
  `id` bigint unsigned NOT NULL AUTO_INCREMENT,
  `order_id` bigint unsigned NOT NULL,
  `qty` int NOT NULL,
  `price` decimal(15,2) NOT NULL,
  `tax_amount` decimal(15,2) NOT NULL,
  `options` text COLLATE utf8mb4_unicode_ci,
  `product_options` text COLLATE utf8mb4_unicode_ci COMMENT 'product option data',
  `product_id` bigint unsigned DEFAULT NULL,
  `product_name` varchar(191) COLLATE utf8mb4_unicode_ci NOT NULL,
  `product_image` varchar(191) COLLATE utf8mb4_unicode_ci DEFAULT NULL,
  `weight` double(8,2) DEFAULT '0.00',
  `restock_quantity` int unsigned DEFAULT '0',
  `created_at` timestamp NULL DEFAULT NULL,
  `updated_at` timestamp NULL DEFAULT NULL,
  `product_type` varchar(60) COLLATE utf8mb4_unicode_ci NOT NULL DEFAULT 'physical',
  `times_downloaded` int NOT NULL DEFAULT '0',
  `license_code` char(36) COLLATE utf8mb4_unicode_ci DEFAULT NULL,
  `downloaded_at` timestamp NULL DEFAULT NULL,
  PRIMARY KEY (`id`)
) ENGINE=InnoDB DEFAULT CHARSET=utf8mb4 COLLATE=utf8mb4_unicode_ci;

--
-- Dumping data for table `ec_order_product`
--


--
-- Table structure for table `ec_order_referrals`
--

CREATE TABLE `ec_order_referrals` (
  `id` bigint unsigned NOT NULL AUTO_INCREMENT,
  `ip` varchar(39) COLLATE utf8mb4_unicode_ci DEFAULT NULL,
  `landing_domain` varchar(191) COLLATE utf8mb4_unicode_ci DEFAULT NULL,
  `landing_page` varchar(191) COLLATE utf8mb4_unicode_ci DEFAULT NULL,
  `landing_params` varchar(191) COLLATE utf8mb4_unicode_ci DEFAULT NULL,
  `referral` varchar(191) COLLATE utf8mb4_unicode_ci DEFAULT NULL,
  `gclid` varchar(191) COLLATE utf8mb4_unicode_ci DEFAULT NULL,
  `fclid` varchar(191) COLLATE utf8mb4_unicode_ci DEFAULT NULL,
  `utm_source` varchar(191) COLLATE utf8mb4_unicode_ci DEFAULT NULL,
  `utm_campaign` varchar(191) COLLATE utf8mb4_unicode_ci DEFAULT NULL,
  `utm_medium` varchar(191) COLLATE utf8mb4_unicode_ci DEFAULT NULL,
  `utm_term` varchar(191) COLLATE utf8mb4_unicode_ci DEFAULT NULL,
  `utm_content` varchar(191) COLLATE utf8mb4_unicode_ci DEFAULT NULL,
  `referrer_url` text COLLATE utf8mb4_unicode_ci,
  `referrer_domain` varchar(191) COLLATE utf8mb4_unicode_ci DEFAULT NULL,
  `order_id` bigint unsigned DEFAULT NULL,
  `created_at` timestamp NULL DEFAULT NULL,
  `updated_at` timestamp NULL DEFAULT NULL,
  PRIMARY KEY (`id`),
  KEY `ec_order_referrals_order_id_index` (`order_id`)
) ENGINE=InnoDB DEFAULT CHARSET=utf8mb4 COLLATE=utf8mb4_unicode_ci;

--
-- Dumping data for table `ec_order_referrals`
--


--
-- Table structure for table `ec_order_return_histories`
--

CREATE TABLE `ec_order_return_histories` (
  `id` bigint unsigned NOT NULL AUTO_INCREMENT,
  `user_id` bigint unsigned DEFAULT NULL,
  `order_return_id` bigint unsigned NOT NULL,
  `action` varchar(191) COLLATE utf8mb4_unicode_ci NOT NULL,
  `description` varchar(400) COLLATE utf8mb4_unicode_ci DEFAULT NULL,
  `reason` varchar(191) COLLATE utf8mb4_unicode_ci DEFAULT NULL,
  `created_at` timestamp NULL DEFAULT NULL,
  `updated_at` timestamp NULL DEFAULT NULL,
  PRIMARY KEY (`id`)
) ENGINE=InnoDB DEFAULT CHARSET=utf8mb4 COLLATE=utf8mb4_unicode_ci;

--
-- Dumping data for table `ec_order_return_histories`
--


--
-- Table structure for table `ec_order_return_items`
--

CREATE TABLE `ec_order_return_items` (
  `id` bigint unsigned NOT NULL AUTO_INCREMENT,
  `order_return_id` bigint unsigned NOT NULL COMMENT 'Order return id',
  `order_product_id` bigint unsigned NOT NULL COMMENT 'Order product id',
  `product_id` bigint unsigned NOT NULL COMMENT 'Product id',
  `product_name` varchar(191) COLLATE utf8mb4_unicode_ci NOT NULL,
  `product_image` varchar(191) COLLATE utf8mb4_unicode_ci DEFAULT NULL,
  `qty` int NOT NULL COMMENT 'Quantity return',
  `price` decimal(15,2) NOT NULL COMMENT 'Price Product',
  `reason` text COLLATE utf8mb4_unicode_ci,
  `created_at` timestamp NULL DEFAULT NULL,
  `updated_at` timestamp NULL DEFAULT NULL,
  `refund_amount` decimal(12,2) DEFAULT '0.00',
  PRIMARY KEY (`id`)
) ENGINE=InnoDB DEFAULT CHARSET=utf8mb4 COLLATE=utf8mb4_unicode_ci;

--
-- Dumping data for table `ec_order_return_items`
--


--
-- Table structure for table `ec_order_returns`
--

CREATE TABLE `ec_order_returns` (
  `id` bigint unsigned NOT NULL AUTO_INCREMENT,
  `code` varchar(191) COLLATE utf8mb4_unicode_ci DEFAULT NULL,
  `order_id` bigint unsigned NOT NULL COMMENT 'Order ID',
  `store_id` bigint unsigned DEFAULT NULL COMMENT 'Store ID',
  `user_id` bigint unsigned NOT NULL COMMENT 'Customer ID',
  `reason` text COLLATE utf8mb4_unicode_ci COMMENT 'Reason return order',
  `order_status` varchar(191) COLLATE utf8mb4_unicode_ci DEFAULT NULL COMMENT 'Order current status',
  `return_status` varchar(191) COLLATE utf8mb4_unicode_ci NOT NULL COMMENT 'Return status',
  `created_at` timestamp NULL DEFAULT NULL,
  `updated_at` timestamp NULL DEFAULT NULL,
  PRIMARY KEY (`id`),
  UNIQUE KEY `ec_order_returns_code_unique` (`code`)
) ENGINE=InnoDB DEFAULT CHARSET=utf8mb4 COLLATE=utf8mb4_unicode_ci;

--
-- Dumping data for table `ec_order_returns`
--


--
-- Table structure for table `ec_order_tax_information`
--

CREATE TABLE `ec_order_tax_information` (
  `id` bigint unsigned NOT NULL AUTO_INCREMENT,
  `order_id` bigint unsigned NOT NULL,
  `company_name` varchar(120) COLLATE utf8mb4_unicode_ci NOT NULL,
  `company_address` varchar(191) COLLATE utf8mb4_unicode_ci NOT NULL,
  `company_tax_code` varchar(20) COLLATE utf8mb4_unicode_ci NOT NULL,
  `company_email` varchar(60) COLLATE utf8mb4_unicode_ci NOT NULL,
  `created_at` timestamp NULL DEFAULT NULL,
  `updated_at` timestamp NULL DEFAULT NULL,
  PRIMARY KEY (`id`),
  KEY `ec_order_tax_information_order_id_index` (`order_id`)
) ENGINE=InnoDB DEFAULT CHARSET=utf8mb4 COLLATE=utf8mb4_unicode_ci;

--
-- Dumping data for table `ec_order_tax_information`
--


--
-- Table structure for table `ec_orders`
--

CREATE TABLE `ec_orders` (
  `id` bigint unsigned NOT NULL AUTO_INCREMENT,
  `code` varchar(191) COLLATE utf8mb4_unicode_ci DEFAULT NULL,
  `user_id` bigint unsigned NOT NULL,
  `shipping_option` varchar(60) COLLATE utf8mb4_unicode_ci DEFAULT NULL,
  `shipping_method` varchar(60) COLLATE utf8mb4_unicode_ci NOT NULL DEFAULT 'default',
  `status` varchar(120) COLLATE utf8mb4_unicode_ci NOT NULL DEFAULT 'pending',
  `amount` decimal(15,2) NOT NULL,
  `tax_amount` decimal(15,2) DEFAULT NULL,
  `shipping_amount` decimal(15,2) DEFAULT NULL,
  `description` text COLLATE utf8mb4_unicode_ci,
  `coupon_code` varchar(120) COLLATE utf8mb4_unicode_ci DEFAULT NULL,
  `discount_amount` decimal(15,2) DEFAULT NULL,
  `sub_total` decimal(15,2) NOT NULL,
  `is_confirmed` tinyint(1) NOT NULL DEFAULT '0',
  `discount_description` varchar(191) COLLATE utf8mb4_unicode_ci DEFAULT NULL,
  `is_finished` tinyint(1) DEFAULT '0',
  `cancellation_reason` varchar(191) COLLATE utf8mb4_unicode_ci DEFAULT NULL,
  `cancellation_reason_description` varchar(191) COLLATE utf8mb4_unicode_ci DEFAULT NULL,
  `completed_at` timestamp NULL DEFAULT NULL,
  `token` varchar(120) COLLATE utf8mb4_unicode_ci DEFAULT NULL,
  `payment_id` bigint unsigned DEFAULT NULL,
  `created_at` timestamp NULL DEFAULT NULL,
  `updated_at` timestamp NULL DEFAULT NULL,
  `store_id` bigint unsigned DEFAULT NULL,
  `proof_file` varchar(191) COLLATE utf8mb4_unicode_ci DEFAULT NULL,
  PRIMARY KEY (`id`),
  UNIQUE KEY `ec_orders_code_unique` (`code`),
  KEY `ec_orders_user_id_status_created_at_index` (`user_id`,`status`,`created_at`)
) ENGINE=InnoDB DEFAULT CHARSET=utf8mb4 COLLATE=utf8mb4_unicode_ci;

--
-- Dumping data for table `ec_orders`
--


--
-- Table structure for table `ec_product_attribute_sets`
--

CREATE TABLE `ec_product_attribute_sets` (
  `id` bigint unsigned NOT NULL AUTO_INCREMENT,
  `title` varchar(120) COLLATE utf8mb4_unicode_ci NOT NULL,
  `slug` varchar(120) COLLATE utf8mb4_unicode_ci DEFAULT NULL,
  `display_layout` varchar(191) COLLATE utf8mb4_unicode_ci NOT NULL DEFAULT 'swatch_dropdown',
  `is_searchable` tinyint unsigned NOT NULL DEFAULT '1',
  `is_comparable` tinyint unsigned NOT NULL DEFAULT '1',
  `is_use_in_product_listing` tinyint unsigned NOT NULL DEFAULT '0',
  `status` varchar(60) COLLATE utf8mb4_unicode_ci NOT NULL DEFAULT 'published',
  `order` tinyint unsigned NOT NULL DEFAULT '0',
  `created_at` timestamp NULL DEFAULT NULL,
  `updated_at` timestamp NULL DEFAULT NULL,
  `use_image_from_product_variation` tinyint unsigned NOT NULL DEFAULT '0',
  PRIMARY KEY (`id`)
) ENGINE=InnoDB AUTO_INCREMENT=5 DEFAULT CHARSET=utf8mb4 COLLATE=utf8mb4_unicode_ci;

--
-- Dumping data for table `ec_product_attribute_sets`
--

INSERT INTO `ec_product_attribute_sets` VALUES (1,'Color','color','visual',1,1,1,'published',0,'2024-10-31 20:47:43','2024-10-31 20:47:43',0),(2,'Size','size','text',1,1,1,'published',1,'2024-10-31 20:47:43','2024-10-31 20:47:43',0),(3,'Weight','weight','text',1,1,1,'published',0,'2024-10-31 20:47:43','2024-10-31 20:47:43',0),(4,'Boxes','boxes','text',1,1,1,'published',1,'2024-10-31 20:47:43','2024-10-31 20:47:43',0);

--
-- Table structure for table `ec_product_attribute_sets_translations`
--

CREATE TABLE `ec_product_attribute_sets_translations` (
  `lang_code` varchar(191) COLLATE utf8mb4_unicode_ci NOT NULL,
  `ec_product_attribute_sets_id` bigint unsigned NOT NULL,
  `title` varchar(191) COLLATE utf8mb4_unicode_ci DEFAULT NULL,
  PRIMARY KEY (`lang_code`,`ec_product_attribute_sets_id`)
) ENGINE=InnoDB DEFAULT CHARSET=utf8mb4 COLLATE=utf8mb4_unicode_ci;

--
-- Dumping data for table `ec_product_attribute_sets_translations`
--


--
-- Table structure for table `ec_product_attributes`
--

CREATE TABLE `ec_product_attributes` (
  `id` bigint unsigned NOT NULL AUTO_INCREMENT,
  `attribute_set_id` bigint unsigned NOT NULL,
  `title` varchar(120) COLLATE utf8mb4_unicode_ci NOT NULL,
  `slug` varchar(120) COLLATE utf8mb4_unicode_ci DEFAULT NULL,
  `color` varchar(50) COLLATE utf8mb4_unicode_ci DEFAULT NULL,
  `image` varchar(191) COLLATE utf8mb4_unicode_ci DEFAULT NULL,
  `is_default` tinyint unsigned NOT NULL DEFAULT '0',
  `order` tinyint unsigned NOT NULL DEFAULT '0',
  `created_at` timestamp NULL DEFAULT NULL,
  `updated_at` timestamp NULL DEFAULT NULL,
  PRIMARY KEY (`id`),
  KEY `attribute_set_status_index` (`attribute_set_id`)
) ENGINE=InnoDB AUTO_INCREMENT=21 DEFAULT CHARSET=utf8mb4 COLLATE=utf8mb4_unicode_ci;

--
-- Dumping data for table `ec_product_attributes`
--

INSERT INTO `ec_product_attributes` VALUES (1,1,'Green','green','#5FB7D4',NULL,1,1,'2024-10-31 20:47:43','2024-10-31 20:47:43'),(2,1,'Blue','blue','#333333',NULL,0,2,'2024-10-31 20:47:43','2024-10-31 20:47:43'),(3,1,'Red','red','#DA323F',NULL,0,3,'2024-10-31 20:47:43','2024-10-31 20:47:43'),(4,1,'Black','black','#2F366C',NULL,0,4,'2024-10-31 20:47:43','2024-10-31 20:47:43'),(5,1,'Brown','brown','#87554B',NULL,0,5,'2024-10-31 20:47:43','2024-10-31 20:47:43'),(6,2,'S','s',NULL,NULL,1,1,'2024-10-31 20:47:43','2024-10-31 20:47:43'),(7,2,'M','m',NULL,NULL,0,2,'2024-10-31 20:47:43','2024-10-31 20:47:43'),(8,2,'L','l',NULL,NULL,0,3,'2024-10-31 20:47:43','2024-10-31 20:47:43'),(9,2,'XL','xl',NULL,NULL,0,4,'2024-10-31 20:47:43','2024-10-31 20:47:43'),(10,2,'XXL','xxl',NULL,NULL,0,5,'2024-10-31 20:47:43','2024-10-31 20:47:43'),(11,3,'1KG','1kg',NULL,NULL,1,1,'2024-10-31 20:47:43','2024-10-31 20:47:43'),(12,3,'2KG','2kg',NULL,NULL,0,2,'2024-10-31 20:47:43','2024-10-31 20:47:43'),(13,3,'3KG','3kg',NULL,NULL,0,3,'2024-10-31 20:47:43','2024-10-31 20:47:43'),(14,3,'4KG','4kg',NULL,NULL,0,4,'2024-10-31 20:47:43','2024-10-31 20:47:43'),(15,3,'5KG','5kg',NULL,NULL,0,5,'2024-10-31 20:47:43','2024-10-31 20:47:43'),(16,4,'1 Box','1-box',NULL,NULL,1,1,'2024-10-31 20:47:43','2024-10-31 20:47:43'),(17,4,'2 Boxes','2-boxes',NULL,NULL,0,2,'2024-10-31 20:47:43','2024-10-31 20:47:43'),(18,4,'3 Boxes','3-boxes',NULL,NULL,0,3,'2024-10-31 20:47:43','2024-10-31 20:47:43'),(19,4,'4 Boxes','4-boxes',NULL,NULL,0,4,'2024-10-31 20:47:43','2024-10-31 20:47:43'),(20,4,'5 Boxes','5-boxes',NULL,NULL,0,5,'2024-10-31 20:47:43','2024-10-31 20:47:43');

--
-- Table structure for table `ec_product_attributes_translations`
--

CREATE TABLE `ec_product_attributes_translations` (
  `lang_code` varchar(191) COLLATE utf8mb4_unicode_ci NOT NULL,
  `ec_product_attributes_id` bigint unsigned NOT NULL,
  `title` varchar(191) COLLATE utf8mb4_unicode_ci DEFAULT NULL,
  PRIMARY KEY (`lang_code`,`ec_product_attributes_id`)
) ENGINE=InnoDB DEFAULT CHARSET=utf8mb4 COLLATE=utf8mb4_unicode_ci;

--
-- Dumping data for table `ec_product_attributes_translations`
--


--
-- Table structure for table `ec_product_categories`
--

CREATE TABLE `ec_product_categories` (
  `id` bigint unsigned NOT NULL AUTO_INCREMENT,
  `name` varchar(191) COLLATE utf8mb4_unicode_ci NOT NULL,
  `parent_id` bigint unsigned NOT NULL DEFAULT '0',
  `description` mediumtext COLLATE utf8mb4_unicode_ci,
  `status` varchar(60) COLLATE utf8mb4_unicode_ci NOT NULL DEFAULT 'published',
  `order` int unsigned NOT NULL DEFAULT '0',
  `image` varchar(191) COLLATE utf8mb4_unicode_ci DEFAULT NULL,
  `is_featured` tinyint unsigned NOT NULL DEFAULT '0',
  `created_at` timestamp NULL DEFAULT NULL,
  `updated_at` timestamp NULL DEFAULT NULL,
  `icon` varchar(191) COLLATE utf8mb4_unicode_ci DEFAULT NULL,
  `icon_image` varchar(191) COLLATE utf8mb4_unicode_ci DEFAULT NULL,
  PRIMARY KEY (`id`),
  KEY `ec_product_categories_parent_id_status_created_at_index` (`parent_id`,`status`,`created_at`),
  KEY `ec_product_categories_parent_id_status_index` (`parent_id`,`status`)
) ENGINE=InnoDB AUTO_INCREMENT=22 DEFAULT CHARSET=utf8mb4 COLLATE=utf8mb4_unicode_ci;

--
-- Dumping data for table `ec_product_categories`
--

INSERT INTO `ec_product_categories` VALUES (1,'Discover Skincare',0,NULL,'published',0,'jewelry/product-categories/1.jpg',1,'2024-10-31 20:47:51','2024-10-31 20:47:51',NULL,NULL),(2,'Clothing',0,NULL,'published',1,'jewelry/product-categories/4.jpg',1,'2024-10-31 20:47:51','2024-10-31 20:47:51',NULL,NULL),(3,'Men\'s Clothing',2,NULL,'published',0,NULL,0,'2024-10-31 20:47:51','2024-10-31 20:47:51',NULL,NULL),(4,'T-Shirts',3,NULL,'published',0,NULL,0,'2024-10-31 20:47:51','2024-10-31 20:47:51',NULL,NULL),(5,'Jeans',3,NULL,'published',1,NULL,0,'2024-10-31 20:47:51','2024-10-31 20:47:51',NULL,NULL),(6,'Suits',3,NULL,'published',2,NULL,0,'2024-10-31 20:47:51','2024-10-31 20:47:51',NULL,NULL),(7,'Women\'s Clothing',2,NULL,'published',1,'jewelry/product-categories/2.jpg',1,'2024-10-31 20:47:51','2024-10-31 20:47:51',NULL,NULL),(8,'Dresses',7,NULL,'published',0,NULL,0,'2024-10-31 20:47:51','2024-10-31 20:47:51',NULL,NULL),(9,'Blouses',7,NULL,'published',1,NULL,0,'2024-10-31 20:47:51','2024-10-31 20:47:51',NULL,NULL),(10,'Pants',7,NULL,'published',2,NULL,0,'2024-10-31 20:47:51','2024-10-31 20:47:51',NULL,NULL),(11,'Accessories',0,NULL,'published',2,'jewelry/product-categories/5.jpg',1,'2024-10-31 20:47:51','2024-10-31 20:47:51',NULL,NULL),(12,'Hats',11,NULL,'published',0,NULL,0,'2024-10-31 20:47:51','2024-10-31 20:47:51',NULL,NULL),(13,'Scarves',11,NULL,'published',1,NULL,0,'2024-10-31 20:47:51','2024-10-31 20:47:51',NULL,NULL),(14,'Jewelry',11,NULL,'published',2,NULL,0,'2024-10-31 20:47:51','2024-10-31 20:47:51',NULL,NULL),(15,'Sportswear',0,NULL,'published',3,NULL,0,'2024-10-31 20:47:51','2024-10-31 20:47:51',NULL,NULL),(16,'Activewear',15,NULL,'published',0,NULL,0,'2024-10-31 20:47:51','2024-10-31 20:47:51',NULL,NULL),(17,'Running Shoes',15,NULL,'published',1,'jewelry/product-categories/3.jpg',1,'2024-10-31 20:47:51','2024-10-31 20:47:51',NULL,NULL),(18,'Shoes',0,NULL,'published',4,'jewelry/product-categories/6.jpg',1,'2024-10-31 20:47:51','2024-10-31 20:47:51',NULL,NULL),(19,'Sneakers',18,NULL,'published',0,NULL,0,'2024-10-31 20:47:51','2024-10-31 20:47:51',NULL,NULL),(20,'Boots',18,NULL,'published',1,NULL,0,'2024-10-31 20:47:51','2024-10-31 20:47:51',NULL,NULL),(21,'Sandals',18,NULL,'published',2,NULL,0,'2024-10-31 20:47:51','2024-10-31 20:47:51',NULL,NULL);

--
-- Table structure for table `ec_product_categories_translations`
--

CREATE TABLE `ec_product_categories_translations` (
  `lang_code` varchar(191) COLLATE utf8mb4_unicode_ci NOT NULL,
  `ec_product_categories_id` bigint unsigned NOT NULL,
  `name` varchar(191) COLLATE utf8mb4_unicode_ci DEFAULT NULL,
  `description` mediumtext COLLATE utf8mb4_unicode_ci,
  PRIMARY KEY (`lang_code`,`ec_product_categories_id`)
) ENGINE=InnoDB DEFAULT CHARSET=utf8mb4 COLLATE=utf8mb4_unicode_ci;

--
-- Dumping data for table `ec_product_categories_translations`
--


--
-- Table structure for table `ec_product_categorizables`
--

CREATE TABLE `ec_product_categorizables` (
  `category_id` bigint unsigned NOT NULL,
  `reference_id` bigint unsigned NOT NULL,
  `reference_type` varchar(120) COLLATE utf8mb4_unicode_ci NOT NULL,
  PRIMARY KEY (`category_id`,`reference_id`,`reference_type`),
  KEY `ec_product_categorizables_category_id_index` (`category_id`),
  KEY `ec_product_categorizables_reference_id_index` (`reference_id`),
  KEY `ec_product_categorizables_reference_type_index` (`reference_type`)
) ENGINE=InnoDB DEFAULT CHARSET=utf8mb4 COLLATE=utf8mb4_unicode_ci;

--
-- Dumping data for table `ec_product_categorizables`
--


--
-- Table structure for table `ec_product_category_product`
--

CREATE TABLE `ec_product_category_product` (
  `category_id` bigint unsigned NOT NULL,
  `product_id` bigint unsigned NOT NULL,
  PRIMARY KEY (`product_id`,`category_id`),
  KEY `ec_product_category_product_category_id_index` (`category_id`),
  KEY `ec_product_category_product_product_id_index` (`product_id`)
) ENGINE=InnoDB DEFAULT CHARSET=utf8mb4 COLLATE=utf8mb4_unicode_ci;

--
-- Dumping data for table `ec_product_category_product`
--

INSERT INTO `ec_product_category_product` VALUES (1,5),(1,7),(1,30),(1,32),(2,8),(2,13),(2,14),(2,19),(2,21),(3,6),(3,30),(3,42),(4,3),(4,10),(4,13),(4,17),(4,25),(4,27),(4,31),(4,32),(4,33),(4,34),(4,36),(4,42),(4,43),(5,2),(5,4),(5,5),(5,8),(5,11),(5,17),(5,19),(5,28),(5,37),(6,2),(6,9),(6,13),(6,14),(6,15),(6,16),(6,19),(6,20),(6,22),(6,31),(6,34),(6,36),(6,38),(6,40),(7,4),(7,6),(7,12),(7,14),(7,15),(7,23),(7,24),(7,29),(8,3),(8,12),(8,15),(8,16),(8,18),(8,21),(8,22),(8,24),(8,33),(8,34),(8,35),(8,40),(9,6),(9,7),(9,8),(9,19),(9,29),(9,31),(9,32),(9,38),(9,39),(9,40),(10,3),(10,13),(10,17),(10,20),(10,23),(10,29),(10,30),(10,33),(10,36),(10,37),(10,41),(11,1),(11,8),(11,11),(11,12),(11,17),(11,18),(11,21),(11,25),(11,26),(11,27),(11,35),(11,39),(11,41),(12,9),(12,23),(12,31),(12,39),(12,40),(12,43),(13,6),(13,16),(13,21),(13,25),(13,38),(14,3),(14,5),(14,12),(14,23),(14,24),(14,26),(14,27),(14,28),(14,34),(15,1),(15,5),(15,7),(15,9),(15,10),(15,32),(15,33),(15,37),(15,38),(15,42),(16,1),(16,16),(16,26),(16,28),(16,35),(16,37),(16,39),(17,2),(17,10),(17,11),(17,15),(17,36),(17,41),(18,1),(18,10),(18,14),(18,22),(18,25),(18,26),(18,30),(18,41),(19,11),(19,22),(19,28),(19,29),(19,35),(20,4),(20,9),(20,18),(20,20),(20,24),(20,42),(20,43),(21,2),(21,4),(21,7),(21,18),(21,20),(21,27),(21,43);

--
-- Table structure for table `ec_product_collection_products`
--

CREATE TABLE `ec_product_collection_products` (
  `product_collection_id` bigint unsigned NOT NULL,
  `product_id` bigint unsigned NOT NULL,
  PRIMARY KEY (`product_id`,`product_collection_id`),
  KEY `ec_product_collection_products_product_collection_id_index` (`product_collection_id`),
  KEY `ec_product_collection_products_product_id_index` (`product_id`)
) ENGINE=InnoDB DEFAULT CHARSET=utf8mb4 COLLATE=utf8mb4_unicode_ci;

--
-- Dumping data for table `ec_product_collection_products`
--

INSERT INTO `ec_product_collection_products` VALUES (1,4),(1,5),(1,8),(1,11),(1,13),(1,15),(1,23),(1,28),(1,29),(1,39),(1,43),(2,1),(2,2),(2,9),(2,12),(2,22),(2,25),(2,30),(2,36),(3,3),(3,7),(3,10),(3,16),(3,20),(3,26),(3,31),(3,32),(3,34),(3,35),(3,37),(3,38),(3,40),(3,42),(4,6),(4,14),(4,17),(4,18),(4,19),(4,21),(4,24),(4,27),(4,33),(4,41);

--
-- Table structure for table `ec_product_collections`
--

CREATE TABLE `ec_product_collections` (
  `id` bigint unsigned NOT NULL AUTO_INCREMENT,
  `name` varchar(191) COLLATE utf8mb4_unicode_ci NOT NULL,
  `slug` varchar(191) COLLATE utf8mb4_unicode_ci NOT NULL,
  `description` varchar(400) COLLATE utf8mb4_unicode_ci DEFAULT NULL,
  `image` varchar(191) COLLATE utf8mb4_unicode_ci DEFAULT NULL,
  `status` varchar(60) COLLATE utf8mb4_unicode_ci NOT NULL DEFAULT 'published',
  `created_at` timestamp NULL DEFAULT NULL,
  `updated_at` timestamp NULL DEFAULT NULL,
  `is_featured` tinyint unsigned NOT NULL DEFAULT '0',
  PRIMARY KEY (`id`)
) ENGINE=InnoDB AUTO_INCREMENT=5 DEFAULT CHARSET=utf8mb4 COLLATE=utf8mb4_unicode_ci;

--
-- Dumping data for table `ec_product_collections`
--

INSERT INTO `ec_product_collections` VALUES (1,'Trendy Wardrobe Essentials','trendy-wardrobe-essentials',NULL,NULL,'published','2024-10-31 20:47:51','2024-10-31 20:47:51',0),(2,'Fashion Forward Finds','fashion-forward-finds',NULL,NULL,'published','2024-10-31 20:47:51','2024-10-31 20:47:51',0),(3,'Chic &amp; Stylish Collection','chic-stylish-collection',NULL,NULL,'published','2024-10-31 20:47:51','2024-10-31 20:47:51',0),(4,'Weekly Fashion Picks','weekly-fashion-picks',NULL,NULL,'published','2024-10-31 20:47:51','2024-10-31 20:47:51',0);

--
-- Table structure for table `ec_product_collections_translations`
--

CREATE TABLE `ec_product_collections_translations` (
  `lang_code` varchar(191) COLLATE utf8mb4_unicode_ci NOT NULL,
  `ec_product_collections_id` bigint unsigned NOT NULL,
  `name` varchar(191) COLLATE utf8mb4_unicode_ci DEFAULT NULL,
  `description` varchar(400) COLLATE utf8mb4_unicode_ci DEFAULT NULL,
  PRIMARY KEY (`lang_code`,`ec_product_collections_id`)
) ENGINE=InnoDB DEFAULT CHARSET=utf8mb4 COLLATE=utf8mb4_unicode_ci;

--
-- Dumping data for table `ec_product_collections_translations`
--


--
-- Table structure for table `ec_product_cross_sale_relations`
--

CREATE TABLE `ec_product_cross_sale_relations` (
  `from_product_id` bigint unsigned NOT NULL,
  `to_product_id` bigint unsigned NOT NULL,
  `is_variant` tinyint(1) NOT NULL DEFAULT '0',
  `price` decimal(15,2) DEFAULT '0.00',
  `price_type` varchar(191) COLLATE utf8mb4_unicode_ci NOT NULL DEFAULT 'fixed',
  `apply_to_all_variations` tinyint(1) NOT NULL DEFAULT '1',
  PRIMARY KEY (`from_product_id`,`to_product_id`),
  KEY `ec_product_cross_sale_relations_from_product_id_index` (`from_product_id`),
  KEY `ec_product_cross_sale_relations_to_product_id_index` (`to_product_id`)
) ENGINE=InnoDB DEFAULT CHARSET=utf8mb4 COLLATE=utf8mb4_unicode_ci;

--
-- Dumping data for table `ec_product_cross_sale_relations`
--

INSERT INTO `ec_product_cross_sale_relations` VALUES (1,2,0,0.00,'fixed',1),(1,11,0,0.00,'fixed',1),(1,19,0,0.00,'fixed',1),(1,23,0,0.00,'fixed',1),(1,26,0,0.00,'fixed',1),(1,29,0,0.00,'fixed',1),(1,36,0,0.00,'fixed',1),(2,11,0,0.00,'fixed',1),(2,14,0,0.00,'fixed',1),(2,19,0,0.00,'fixed',1),(2,20,0,0.00,'fixed',1),(2,26,0,0.00,'fixed',1),(2,30,0,0.00,'fixed',1),(2,37,0,0.00,'fixed',1),(3,8,0,0.00,'fixed',1),(3,16,0,0.00,'fixed',1),(3,27,0,0.00,'fixed',1),(3,37,0,0.00,'fixed',1),(4,1,0,0.00,'fixed',1),(4,5,0,0.00,'fixed',1),(4,8,0,0.00,'fixed',1),(4,11,0,0.00,'fixed',1),(4,32,0,0.00,'fixed',1),(4,40,0,0.00,'fixed',1),(5,7,0,0.00,'fixed',1),(5,9,0,0.00,'fixed',1),(5,10,0,0.00,'fixed',1),(5,11,0,0.00,'fixed',1),(5,13,0,0.00,'fixed',1),(5,17,0,0.00,'fixed',1),(5,36,0,0.00,'fixed',1),(6,4,0,0.00,'fixed',1),(6,7,0,0.00,'fixed',1),(6,10,0,0.00,'fixed',1),(6,23,0,0.00,'fixed',1),(6,36,0,0.00,'fixed',1),(6,38,0,0.00,'fixed',1),(6,41,0,0.00,'fixed',1),(7,10,0,0.00,'fixed',1),(7,21,0,0.00,'fixed',1),(7,22,0,0.00,'fixed',1),(7,25,0,0.00,'fixed',1),(7,33,0,0.00,'fixed',1),(7,34,0,0.00,'fixed',1),(7,36,0,0.00,'fixed',1),(8,17,0,0.00,'fixed',1),(8,21,0,0.00,'fixed',1),(8,26,0,0.00,'fixed',1),(8,29,0,0.00,'fixed',1),(8,36,0,0.00,'fixed',1),(8,38,0,0.00,'fixed',1),(8,39,0,0.00,'fixed',1),(9,2,0,0.00,'fixed',1),(9,21,0,0.00,'fixed',1),(9,23,0,0.00,'fixed',1),(9,26,0,0.00,'fixed',1),(9,36,0,0.00,'fixed',1),(9,37,0,0.00,'fixed',1),(9,43,0,0.00,'fixed',1),(10,1,0,0.00,'fixed',1),(10,5,0,0.00,'fixed',1),(10,19,0,0.00,'fixed',1),(10,21,0,0.00,'fixed',1),(10,32,0,0.00,'fixed',1),(10,38,0,0.00,'fixed',1),(10,43,0,0.00,'fixed',1),(11,6,0,0.00,'fixed',1),(11,9,0,0.00,'fixed',1),(11,12,0,0.00,'fixed',1),(11,26,0,0.00,'fixed',1),(11,43,0,0.00,'fixed',1),(12,4,0,0.00,'fixed',1),(12,7,0,0.00,'fixed',1),(12,14,0,0.00,'fixed',1),(12,16,0,0.00,'fixed',1),(12,18,0,0.00,'fixed',1),(12,23,0,0.00,'fixed',1),(12,35,0,0.00,'fixed',1),(13,2,0,0.00,'fixed',1),(13,3,0,0.00,'fixed',1),(13,7,0,0.00,'fixed',1),(13,29,0,0.00,'fixed',1),(13,34,0,0.00,'fixed',1),(13,41,0,0.00,'fixed',1),(13,43,0,0.00,'fixed',1),(14,1,0,0.00,'fixed',1),(14,5,0,0.00,'fixed',1),(14,18,0,0.00,'fixed',1),(14,29,0,0.00,'fixed',1),(14,34,0,0.00,'fixed',1),(14,40,0,0.00,'fixed',1),(14,43,0,0.00,'fixed',1),(15,14,0,0.00,'fixed',1),(15,24,0,0.00,'fixed',1),(15,25,0,0.00,'fixed',1),(15,32,0,0.00,'fixed',1),(15,33,0,0.00,'fixed',1),(15,41,0,0.00,'fixed',1),(16,2,0,0.00,'fixed',1),(16,13,0,0.00,'fixed',1),(16,15,0,0.00,'fixed',1),(16,22,0,0.00,'fixed',1),(16,24,0,0.00,'fixed',1),(16,34,0,0.00,'fixed',1),(16,40,0,0.00,'fixed',1),(17,7,0,0.00,'fixed',1),(17,12,0,0.00,'fixed',1),(17,13,0,0.00,'fixed',1),(17,15,0,0.00,'fixed',1),(17,23,0,0.00,'fixed',1),(17,24,0,0.00,'fixed',1),(17,27,0,0.00,'fixed',1),(18,11,0,0.00,'fixed',1),(18,15,0,0.00,'fixed',1),(18,16,0,0.00,'fixed',1),(18,32,0,0.00,'fixed',1),(18,35,0,0.00,'fixed',1),(18,42,0,0.00,'fixed',1),(19,10,0,0.00,'fixed',1),(19,11,0,0.00,'fixed',1),(19,30,0,0.00,'fixed',1),(19,31,0,0.00,'fixed',1),(19,36,0,0.00,'fixed',1),(19,37,0,0.00,'fixed',1),(20,3,0,0.00,'fixed',1),(20,15,0,0.00,'fixed',1),(20,23,0,0.00,'fixed',1),(20,28,0,0.00,'fixed',1),(20,32,0,0.00,'fixed',1),(20,37,0,0.00,'fixed',1),(20,38,0,0.00,'fixed',1),(21,3,0,0.00,'fixed',1),(21,7,0,0.00,'fixed',1),(21,19,0,0.00,'fixed',1),(21,29,0,0.00,'fixed',1),(21,35,0,0.00,'fixed',1),(21,36,0,0.00,'fixed',1),(22,9,0,0.00,'fixed',1),(22,15,0,0.00,'fixed',1),(22,25,0,0.00,'fixed',1),(22,27,0,0.00,'fixed',1),(22,28,0,0.00,'fixed',1),(22,30,0,0.00,'fixed',1),(23,5,0,0.00,'fixed',1),(23,6,0,0.00,'fixed',1),(23,10,0,0.00,'fixed',1),(23,28,0,0.00,'fixed',1),(23,32,0,0.00,'fixed',1),(23,39,0,0.00,'fixed',1),(24,3,0,0.00,'fixed',1),(24,18,0,0.00,'fixed',1),(24,22,0,0.00,'fixed',1),(24,28,0,0.00,'fixed',1),(24,29,0,0.00,'fixed',1),(24,36,0,0.00,'fixed',1),(24,39,0,0.00,'fixed',1),(25,1,0,0.00,'fixed',1),(25,10,0,0.00,'fixed',1),(25,12,0,0.00,'fixed',1),(25,14,0,0.00,'fixed',1),(25,17,0,0.00,'fixed',1),(25,36,0,0.00,'fixed',1),(26,7,0,0.00,'fixed',1),(26,10,0,0.00,'fixed',1),(26,12,0,0.00,'fixed',1),(26,19,0,0.00,'fixed',1),(26,23,0,0.00,'fixed',1),(26,36,0,0.00,'fixed',1),(26,37,0,0.00,'fixed',1),(27,13,0,0.00,'fixed',1),(27,19,0,0.00,'fixed',1),(27,28,0,0.00,'fixed',1),(27,29,0,0.00,'fixed',1),(27,35,0,0.00,'fixed',1),(27,42,0,0.00,'fixed',1),(28,11,0,0.00,'fixed',1),(28,15,0,0.00,'fixed',1),(28,35,0,0.00,'fixed',1),(28,37,0,0.00,'fixed',1),(28,38,0,0.00,'fixed',1),(28,42,0,0.00,'fixed',1),(29,3,0,0.00,'fixed',1),(29,5,0,0.00,'fixed',1),(29,28,0,0.00,'fixed',1),(29,31,0,0.00,'fixed',1),(29,34,0,0.00,'fixed',1),(29,38,0,0.00,'fixed',1),(30,1,0,0.00,'fixed',1),(30,7,0,0.00,'fixed',1),(30,13,0,0.00,'fixed',1),(30,21,0,0.00,'fixed',1),(30,34,0,0.00,'fixed',1),(30,41,0,0.00,'fixed',1),(31,2,0,0.00,'fixed',1),(31,4,0,0.00,'fixed',1),(31,15,0,0.00,'fixed',1),(31,21,0,0.00,'fixed',1),(31,23,0,0.00,'fixed',1),(31,33,0,0.00,'fixed',1),(32,11,0,0.00,'fixed',1),(32,14,0,0.00,'fixed',1),(32,21,0,0.00,'fixed',1),(32,23,0,0.00,'fixed',1),(32,33,0,0.00,'fixed',1),(32,35,0,0.00,'fixed',1),(32,42,0,0.00,'fixed',1),(33,1,0,0.00,'fixed',1),(33,2,0,0.00,'fixed',1),(33,23,0,0.00,'fixed',1),(33,36,0,0.00,'fixed',1),(33,40,0,0.00,'fixed',1),(33,41,0,0.00,'fixed',1),(34,10,0,0.00,'fixed',1),(34,15,0,0.00,'fixed',1),(34,16,0,0.00,'fixed',1),(34,18,0,0.00,'fixed',1),(34,24,0,0.00,'fixed',1),(34,27,0,0.00,'fixed',1),(34,38,0,0.00,'fixed',1),(35,2,0,0.00,'fixed',1),(35,8,0,0.00,'fixed',1),(35,14,0,0.00,'fixed',1),(35,25,0,0.00,'fixed',1),(35,26,0,0.00,'fixed',1),(35,30,0,0.00,'fixed',1),(35,39,0,0.00,'fixed',1),(36,7,0,0.00,'fixed',1),(36,11,0,0.00,'fixed',1),(36,19,0,0.00,'fixed',1),(36,21,0,0.00,'fixed',1),(36,26,0,0.00,'fixed',1),(36,38,0,0.00,'fixed',1),(36,41,0,0.00,'fixed',1),(37,2,0,0.00,'fixed',1),(37,7,0,0.00,'fixed',1),(37,12,0,0.00,'fixed',1),(37,17,0,0.00,'fixed',1),(37,21,0,0.00,'fixed',1),(37,33,0,0.00,'fixed',1),(37,41,0,0.00,'fixed',1),(38,1,0,0.00,'fixed',1),(38,4,0,0.00,'fixed',1),(38,18,0,0.00,'fixed',1),(38,25,0,0.00,'fixed',1),(38,28,0,0.00,'fixed',1),(38,37,0,0.00,'fixed',1),(38,43,0,0.00,'fixed',1),(39,6,0,0.00,'fixed',1),(39,9,0,0.00,'fixed',1),(39,13,0,0.00,'fixed',1),(39,21,0,0.00,'fixed',1),(39,24,0,0.00,'fixed',1),(39,28,0,0.00,'fixed',1),(40,8,0,0.00,'fixed',1),(40,11,0,0.00,'fixed',1),(40,18,0,0.00,'fixed',1),(40,28,0,0.00,'fixed',1),(40,36,0,0.00,'fixed',1),(41,3,0,0.00,'fixed',1),(41,11,0,0.00,'fixed',1),(41,13,0,0.00,'fixed',1),(41,22,0,0.00,'fixed',1),(41,26,0,0.00,'fixed',1),(41,27,0,0.00,'fixed',1),(41,29,0,0.00,'fixed',1),(42,7,0,0.00,'fixed',1),(42,21,0,0.00,'fixed',1),(42,24,0,0.00,'fixed',1),(42,25,0,0.00,'fixed',1),(42,30,0,0.00,'fixed',1),(42,39,0,0.00,'fixed',1),(42,40,0,0.00,'fixed',1),(43,3,0,0.00,'fixed',1),(43,5,0,0.00,'fixed',1),(43,10,0,0.00,'fixed',1),(43,16,0,0.00,'fixed',1),(43,26,0,0.00,'fixed',1),(43,41,0,0.00,'fixed',1);

--
-- Table structure for table `ec_product_files`
--

CREATE TABLE `ec_product_files` (
  `id` bigint unsigned NOT NULL AUTO_INCREMENT,
  `product_id` bigint unsigned DEFAULT NULL,
  `url` varchar(400) COLLATE utf8mb4_unicode_ci DEFAULT NULL,
  `extras` mediumtext COLLATE utf8mb4_unicode_ci,
  `created_at` timestamp NULL DEFAULT NULL,
  `updated_at` timestamp NULL DEFAULT NULL,
  PRIMARY KEY (`id`),
  KEY `ec_product_files_product_id_index` (`product_id`)
) ENGINE=InnoDB AUTO_INCREMENT=29 DEFAULT CHARSET=utf8mb4 COLLATE=utf8mb4_unicode_ci;

--
-- Dumping data for table `ec_product_files`
--

INSERT INTO `ec_product_files` VALUES (1,4,'ecommerce/digital-product-files/product-9.jpg','{\"filename\":\"product-9.jpg\",\"url\":\"ecommerce\\/digital-product-files\\/product-9.jpg\",\"mime_type\":\"image\\/jpeg\",\"size\":9803,\"modified\":\"2024-11-01 03:47:53\",\"name\":\"product-9\",\"extension\":\"jpg\"}','2024-10-31 20:47:53','2024-10-31 20:47:53'),(2,4,'ecommerce/digital-product-files/product-15.jpg','{\"filename\":\"product-15.jpg\",\"url\":\"ecommerce\\/digital-product-files\\/product-15.jpg\",\"mime_type\":\"image\\/jpeg\",\"size\":9803,\"modified\":\"2024-11-01 03:47:53\",\"name\":\"product-15\",\"extension\":\"jpg\"}','2024-10-31 20:47:53','2024-10-31 20:47:53'),(3,8,'ecommerce/digital-product-files/product-2.jpg','{\"filename\":\"product-2.jpg\",\"url\":\"ecommerce\\/digital-product-files\\/product-2.jpg\",\"mime_type\":\"image\\/jpeg\",\"size\":9803,\"modified\":\"2024-11-01 03:47:53\",\"name\":\"product-2\",\"extension\":\"jpg\"}','2024-10-31 20:47:53','2024-10-31 20:47:53'),(4,8,'ecommerce/digital-product-files/product-1.jpg','{\"filename\":\"product-1.jpg\",\"url\":\"ecommerce\\/digital-product-files\\/product-1.jpg\",\"mime_type\":\"image\\/jpeg\",\"size\":9803,\"modified\":\"2024-11-01 03:47:53\",\"name\":\"product-1\",\"extension\":\"jpg\"}','2024-10-31 20:47:53','2024-10-31 20:47:53'),(5,12,'ecommerce/digital-product-files/product-details-desc-2.jpg','{\"filename\":\"product-details-desc-2.jpg\",\"url\":\"ecommerce\\/digital-product-files\\/product-details-desc-2.jpg\",\"mime_type\":\"image\\/jpeg\",\"size\":9803,\"modified\":\"2024-11-01 03:47:53\",\"name\":\"product-details-desc-2\",\"extension\":\"jpg\"}','2024-10-31 20:47:53','2024-10-31 20:47:53'),(6,12,'ecommerce/digital-product-files/product-1.jpg','{\"filename\":\"product-1.jpg\",\"url\":\"ecommerce\\/digital-product-files\\/product-1.jpg\",\"mime_type\":\"image\\/jpeg\",\"size\":9803,\"modified\":\"2024-11-01 03:47:53\",\"name\":\"product-1\",\"extension\":\"jpg\"}','2024-10-31 20:47:53','2024-10-31 20:47:53'),(7,16,'ecommerce/digital-product-files/product-20.jpg','{\"filename\":\"product-20.jpg\",\"url\":\"ecommerce\\/digital-product-files\\/product-20.jpg\",\"mime_type\":\"image\\/jpeg\",\"size\":9803,\"modified\":\"2024-11-01 03:47:53\",\"name\":\"product-20\",\"extension\":\"jpg\"}','2024-10-31 20:47:53','2024-10-31 20:47:53'),(8,16,'ecommerce/digital-product-files/product-8.jpg','{\"filename\":\"product-8.jpg\",\"url\":\"ecommerce\\/digital-product-files\\/product-8.jpg\",\"mime_type\":\"image\\/jpeg\",\"size\":9803,\"modified\":\"2024-11-01 03:47:53\",\"name\":\"product-8\",\"extension\":\"jpg\"}','2024-10-31 20:47:53','2024-10-31 20:47:53'),(9,20,'ecommerce/digital-product-files/product-9.jpg','{\"filename\":\"product-9.jpg\",\"url\":\"ecommerce\\/digital-product-files\\/product-9.jpg\",\"mime_type\":\"image\\/jpeg\",\"size\":9803,\"modified\":\"2024-11-01 03:47:53\",\"name\":\"product-9\",\"extension\":\"jpg\"}','2024-10-31 20:47:53','2024-10-31 20:47:53'),(10,20,'ecommerce/digital-product-files/product-details-desc-3.jpg','{\"filename\":\"product-details-desc-3.jpg\",\"url\":\"ecommerce\\/digital-product-files\\/product-details-desc-3.jpg\",\"mime_type\":\"image\\/jpeg\",\"size\":9803,\"modified\":\"2024-11-01 03:47:53\",\"name\":\"product-details-desc-3\",\"extension\":\"jpg\"}','2024-10-31 20:47:53','2024-10-31 20:47:53'),(11,24,'ecommerce/digital-product-files/product-9.jpg','{\"filename\":\"product-9.jpg\",\"url\":\"ecommerce\\/digital-product-files\\/product-9.jpg\",\"mime_type\":\"image\\/jpeg\",\"size\":9803,\"modified\":\"2024-11-01 03:47:53\",\"name\":\"product-9\",\"extension\":\"jpg\"}','2024-10-31 20:47:53','2024-10-31 20:47:53'),(12,24,'ecommerce/digital-product-files/product-20.jpg','{\"filename\":\"product-20.jpg\",\"url\":\"ecommerce\\/digital-product-files\\/product-20.jpg\",\"mime_type\":\"image\\/jpeg\",\"size\":9803,\"modified\":\"2024-11-01 03:47:53\",\"name\":\"product-20\",\"extension\":\"jpg\"}','2024-10-31 20:47:53','2024-10-31 20:47:53'),(13,28,'ecommerce/digital-product-files/product-19.jpg','{\"filename\":\"product-19.jpg\",\"url\":\"ecommerce\\/digital-product-files\\/product-19.jpg\",\"mime_type\":\"image\\/jpeg\",\"size\":9803,\"modified\":\"2024-11-01 03:47:53\",\"name\":\"product-19\",\"extension\":\"jpg\"}','2024-10-31 20:47:53','2024-10-31 20:47:53'),(14,28,'ecommerce/digital-product-files/product-1.jpg','{\"filename\":\"product-1.jpg\",\"url\":\"ecommerce\\/digital-product-files\\/product-1.jpg\",\"mime_type\":\"image\\/jpeg\",\"size\":9803,\"modified\":\"2024-11-01 03:47:53\",\"name\":\"product-1\",\"extension\":\"jpg\"}','2024-10-31 20:47:53','2024-10-31 20:47:53'),(15,32,'ecommerce/digital-product-files/product-4.jpg','{\"filename\":\"product-4.jpg\",\"url\":\"ecommerce\\/digital-product-files\\/product-4.jpg\",\"mime_type\":\"image\\/jpeg\",\"size\":9803,\"modified\":\"2024-11-01 03:47:53\",\"name\":\"product-4\",\"extension\":\"jpg\"}','2024-10-31 20:47:53','2024-10-31 20:47:53'),(16,32,'ecommerce/digital-product-files/product-9.jpg','{\"filename\":\"product-9.jpg\",\"url\":\"ecommerce\\/digital-product-files\\/product-9.jpg\",\"mime_type\":\"image\\/jpeg\",\"size\":9803,\"modified\":\"2024-11-01 03:47:53\",\"name\":\"product-9\",\"extension\":\"jpg\"}','2024-10-31 20:47:53','2024-10-31 20:47:53'),(17,36,'ecommerce/digital-product-files/product-10.jpg','{\"filename\":\"product-10.jpg\",\"url\":\"ecommerce\\/digital-product-files\\/product-10.jpg\",\"mime_type\":\"image\\/jpeg\",\"size\":9803,\"modified\":\"2024-11-01 03:47:53\",\"name\":\"product-10\",\"extension\":\"jpg\"}','2024-10-31 20:47:53','2024-10-31 20:47:53'),(18,36,'ecommerce/digital-product-files/product-8.jpg','{\"filename\":\"product-8.jpg\",\"url\":\"ecommerce\\/digital-product-files\\/product-8.jpg\",\"mime_type\":\"image\\/jpeg\",\"size\":9803,\"modified\":\"2024-11-01 03:47:53\",\"name\":\"product-8\",\"extension\":\"jpg\"}','2024-10-31 20:47:53','2024-10-31 20:47:53'),(19,40,'ecommerce/digital-product-files/product-details-desc-1.jpg','{\"filename\":\"product-details-desc-1.jpg\",\"url\":\"ecommerce\\/digital-product-files\\/product-details-desc-1.jpg\",\"mime_type\":\"image\\/jpeg\",\"size\":9803,\"modified\":\"2024-11-01 03:47:53\",\"name\":\"product-details-desc-1\",\"extension\":\"jpg\"}','2024-10-31 20:47:53','2024-10-31 20:47:53'),(20,40,'ecommerce/digital-product-files/product-16.jpg','{\"filename\":\"product-16.jpg\",\"url\":\"ecommerce\\/digital-product-files\\/product-16.jpg\",\"mime_type\":\"image\\/jpeg\",\"size\":9803,\"modified\":\"2024-11-01 03:47:53\",\"name\":\"product-16\",\"extension\":\"jpg\"}','2024-10-31 20:47:53','2024-10-31 20:47:53'),(21,69,'ecommerce/digital-product-files/product-details-desc-3.jpg','{\"filename\":\"product-details-desc-3.jpg\",\"url\":\"ecommerce\\/digital-product-files\\/product-details-desc-3.jpg\",\"mime_type\":\"image\\/jpeg\",\"size\":9803,\"modified\":\"2024-11-01 03:47:53\",\"name\":\"product-details-desc-3\",\"extension\":\"jpg\"}','2024-10-31 20:47:53','2024-10-31 20:47:53'),(22,70,'ecommerce/digital-product-files/product-12.jpg','{\"filename\":\"product-12.jpg\",\"url\":\"ecommerce\\/digital-product-files\\/product-12.jpg\",\"mime_type\":\"image\\/jpeg\",\"size\":9803,\"modified\":\"2024-11-01 03:47:53\",\"name\":\"product-12\",\"extension\":\"jpg\"}','2024-10-31 20:47:53','2024-10-31 20:47:53'),(23,71,'ecommerce/digital-product-files/product-9.jpg','{\"filename\":\"product-9.jpg\",\"url\":\"ecommerce\\/digital-product-files\\/product-9.jpg\",\"mime_type\":\"image\\/jpeg\",\"size\":9803,\"modified\":\"2024-11-01 03:47:53\",\"name\":\"product-9\",\"extension\":\"jpg\"}','2024-10-31 20:47:53','2024-10-31 20:47:53'),(24,76,'ecommerce/digital-product-files/product-1.jpg','{\"filename\":\"product-1.jpg\",\"url\":\"ecommerce\\/digital-product-files\\/product-1.jpg\",\"mime_type\":\"image\\/jpeg\",\"size\":9803,\"modified\":\"2024-11-01 03:47:53\",\"name\":\"product-1\",\"extension\":\"jpg\"}','2024-10-31 20:47:53','2024-10-31 20:47:53'),(25,77,'ecommerce/digital-product-files/product-2.jpg','{\"filename\":\"product-2.jpg\",\"url\":\"ecommerce\\/digital-product-files\\/product-2.jpg\",\"mime_type\":\"image\\/jpeg\",\"size\":9803,\"modified\":\"2024-11-01 03:47:53\",\"name\":\"product-2\",\"extension\":\"jpg\"}','2024-10-31 20:47:53','2024-10-31 20:47:53'),(26,79,'ecommerce/digital-product-files/product-16.jpg','{\"filename\":\"product-16.jpg\",\"url\":\"ecommerce\\/digital-product-files\\/product-16.jpg\",\"mime_type\":\"image\\/jpeg\",\"size\":9803,\"modified\":\"2024-11-01 03:47:53\",\"name\":\"product-16\",\"extension\":\"jpg\"}','2024-10-31 20:47:53','2024-10-31 20:47:53'),(27,80,'ecommerce/digital-product-files/product-1.jpg','{\"filename\":\"product-1.jpg\",\"url\":\"ecommerce\\/digital-product-files\\/product-1.jpg\",\"mime_type\":\"image\\/jpeg\",\"size\":9803,\"modified\":\"2024-11-01 03:47:53\",\"name\":\"product-1\",\"extension\":\"jpg\"}','2024-10-31 20:47:53','2024-10-31 20:47:53'),(28,81,'ecommerce/digital-product-files/product-11.jpg','{\"filename\":\"product-11.jpg\",\"url\":\"ecommerce\\/digital-product-files\\/product-11.jpg\",\"mime_type\":\"image\\/jpeg\",\"size\":9803,\"modified\":\"2024-11-01 03:47:53\",\"name\":\"product-11\",\"extension\":\"jpg\"}','2024-10-31 20:47:53','2024-10-31 20:47:53');

--
-- Table structure for table `ec_product_label_products`
--

CREATE TABLE `ec_product_label_products` (
  `product_label_id` bigint unsigned NOT NULL,
  `product_id` bigint unsigned NOT NULL,
  PRIMARY KEY (`product_label_id`,`product_id`),
  KEY `ec_product_label_products_product_label_id_index` (`product_label_id`),
  KEY `ec_product_label_products_product_id_index` (`product_id`)
) ENGINE=InnoDB DEFAULT CHARSET=utf8mb4 COLLATE=utf8mb4_unicode_ci;

--
-- Dumping data for table `ec_product_label_products`
--

INSERT INTO `ec_product_label_products` VALUES (1,9),(1,15),(1,39),(2,3),(2,18),(2,24),(2,33),(2,42),(3,6),(3,12),(3,21),(3,27),(3,30),(3,36);

--
-- Table structure for table `ec_product_labels`
--

CREATE TABLE `ec_product_labels` (
  `id` bigint unsigned NOT NULL AUTO_INCREMENT,
  `name` varchar(191) COLLATE utf8mb4_unicode_ci NOT NULL,
  `color` varchar(120) COLLATE utf8mb4_unicode_ci DEFAULT NULL,
  `status` varchar(60) COLLATE utf8mb4_unicode_ci NOT NULL DEFAULT 'published',
  `created_at` timestamp NULL DEFAULT NULL,
  `updated_at` timestamp NULL DEFAULT NULL,
  PRIMARY KEY (`id`)
) ENGINE=InnoDB AUTO_INCREMENT=4 DEFAULT CHARSET=utf8mb4 COLLATE=utf8mb4_unicode_ci;

--
-- Dumping data for table `ec_product_labels`
--

INSERT INTO `ec_product_labels` VALUES (1,'Hot','#AC2200','published','2024-10-31 20:47:43','2024-10-31 20:47:43'),(2,'New','#006554','published','2024-10-31 20:47:43','2024-10-31 20:47:43'),(3,'Sale','#9A3B00','published','2024-10-31 20:47:43','2024-10-31 20:47:43');

--
-- Table structure for table `ec_product_labels_translations`
--

CREATE TABLE `ec_product_labels_translations` (
  `lang_code` varchar(191) COLLATE utf8mb4_unicode_ci NOT NULL,
  `ec_product_labels_id` bigint unsigned NOT NULL,
  `name` varchar(191) COLLATE utf8mb4_unicode_ci DEFAULT NULL,
  `description` varchar(400) COLLATE utf8mb4_unicode_ci DEFAULT NULL,
  PRIMARY KEY (`lang_code`,`ec_product_labels_id`)
) ENGINE=InnoDB DEFAULT CHARSET=utf8mb4 COLLATE=utf8mb4_unicode_ci;

--
-- Dumping data for table `ec_product_labels_translations`
--


--
-- Table structure for table `ec_product_related_relations`
--

CREATE TABLE `ec_product_related_relations` (
  `from_product_id` bigint unsigned NOT NULL,
  `to_product_id` bigint unsigned NOT NULL,
  PRIMARY KEY (`from_product_id`,`to_product_id`),
  KEY `ec_product_related_relations_from_product_id_index` (`from_product_id`),
  KEY `ec_product_related_relations_to_product_id_index` (`to_product_id`)
) ENGINE=InnoDB DEFAULT CHARSET=utf8mb4 COLLATE=utf8mb4_unicode_ci;

--
-- Dumping data for table `ec_product_related_relations`
--


--
-- Table structure for table `ec_product_specification_attribute`
--

CREATE TABLE `ec_product_specification_attribute` (
  `product_id` bigint unsigned NOT NULL,
  `attribute_id` bigint unsigned NOT NULL,
  `value` text COLLATE utf8mb4_unicode_ci,
  `hidden` tinyint(1) NOT NULL DEFAULT '0',
  `order` tinyint NOT NULL DEFAULT '0',
  PRIMARY KEY (`product_id`,`attribute_id`)
) ENGINE=InnoDB DEFAULT CHARSET=utf8mb4 COLLATE=utf8mb4_unicode_ci;

--
-- Dumping data for table `ec_product_specification_attribute`
--

INSERT INTO `ec_product_specification_attribute` VALUES (1,1,'8.91 cm',0,0),(1,2,'39.33 cm',0,0),(1,3,'61.82 cm',0,0),(1,4,'13.03 cm',0,0),(1,5,'71.84 cm',0,0),(2,1,'26.05 cm',0,0),(2,2,'85.39 cm',0,0),(2,3,'60.53 cm',0,0),(2,4,'25.56 cm',0,0),(2,5,'54 cm',0,0),(3,1,'1.57 cm',0,0),(3,2,'97.58 cm',0,0),(3,3,'60.07 cm',0,0),(3,4,'1.68 cm',0,0),(3,5,'71.55 cm',0,0),(4,6,'57.42 cm',0,0),(4,7,'1.98 cm',0,0),(4,8,'2560x1440',0,0),(5,1,'51.17 cm',0,0),(5,2,'33.44 cm',0,0),(5,3,'41.09 cm',0,0),(5,4,'4.25 cm',0,0),(5,5,'29.71 cm',0,0),(6,1,'6.3 cm',0,0),(6,2,'15.52 cm',0,0),(6,3,'36.93 cm',0,0),(6,4,'71.85 cm',0,0),(6,5,'83.63 cm',0,0),(7,1,'78.6 cm',0,0),(7,2,'54.79 cm',0,0),(7,3,'21.54 cm',0,0),(7,4,'71.09 cm',0,0),(7,5,'69.31 cm',0,0),(8,1,'63.11 cm',0,0),(8,2,'42.49 cm',0,0),(8,3,'18.62 cm',0,0),(8,4,'16.43 cm',0,0),(8,5,'73.09 cm',0,0),(9,6,'11.5 cm',0,0),(9,7,'65.61 cm',0,0),(9,8,'3840x2160',0,0),(10,6,'97.31 cm',0,0),(10,7,'57.17 cm',0,0),(10,8,'3840x2160',0,0),(11,6,'22.29 cm',0,0),(11,7,'94.66 cm',0,0),(11,8,'1920x1080',0,0),(12,6,'37.74 cm',0,0),(12,7,'52.71 cm',0,0),(12,8,'1920x1080',0,0),(13,1,'23.94 cm',0,0),(13,2,'28.74 cm',0,0),(13,3,'25.08 cm',0,0),(13,4,'3.95 cm',0,0),(13,5,'33.22 cm',0,0),(14,1,'44.76 cm',0,0),(14,2,'77.34 cm',0,0),(14,3,'70.74 cm',0,0),(14,4,'74.47 cm',0,0),(14,5,'61.57 cm',0,0),(15,6,'79.45 cm',0,0),(15,7,'69.04 cm',0,0),(15,8,'2560x1440',0,0),(16,6,'81.68 cm',0,0),(16,7,'92.81 cm',0,0),(16,8,'2560x1440',0,0),(17,1,'50.01 cm',0,0),(17,2,'53.7 cm',0,0),(17,3,'8.98 cm',0,0),(17,4,'31.92 cm',0,0),(17,5,'90.59 cm',0,0),(18,1,'4.94 cm',0,0),(18,2,'59.83 cm',0,0),(18,3,'54.76 cm',0,0),(18,4,'33.11 cm',0,0),(18,5,'33.25 cm',0,0),(19,1,'46.43 cm',0,0),(19,2,'70.82 cm',0,0),(19,3,'94.52 cm',0,0),(19,4,'32.06 cm',0,0),(19,5,'88.2 cm',0,0),(20,1,'36 cm',0,0),(20,2,'83.56 cm',0,0),(20,3,'25.92 cm',0,0),(20,4,'54.08 cm',0,0),(20,5,'39.42 cm',0,0),(21,6,'16.33 cm',0,0),(21,7,'55.16 cm',0,0),(21,8,'3840x2160',0,0),(22,6,'84.39 cm',0,0),(22,7,'29.84 cm',0,0),(22,8,'1920x1080',0,0),(23,6,'25.1 cm',0,0),(23,7,'8.18 cm',0,0),(23,8,'2560x1440',0,0),(24,6,'38.97 cm',0,0),(24,7,'46.91 cm',0,0),(24,8,'3840x2160',0,0),(25,1,'5.17 cm',0,0),(25,2,'13.62 cm',0,0),(25,3,'89.12 cm',0,0),(25,4,'2.94 cm',0,0),(25,5,'82.53 cm',0,0),(26,6,'12.84 cm',0,0),(26,7,'68.4 cm',0,0),(26,8,'2560x1440',0,0),(27,6,'7.6 cm',0,0),(27,7,'70.93 cm',0,0),(27,8,'3840x2160',0,0),(28,6,'77.4 cm',0,0),(28,7,'62.12 cm',0,0),(28,8,'1920x1080',0,0),(29,6,'66.35 cm',0,0),(29,7,'11 cm',0,0),(29,8,'3840x2160',0,0),(30,6,'66.83 cm',0,0),(30,7,'40.62 cm',0,0),(30,8,'2560x1440',0,0),(31,6,'9.48 cm',0,0),(31,7,'7.16 cm',0,0),(31,8,'3840x2160',0,0),(32,6,'24.69 cm',0,0),(32,7,'97.82 cm',0,0),(32,8,'1920x1080',0,0),(33,6,'19.33 cm',0,0),(33,7,'21.31 cm',0,0),(33,8,'2560x1440',0,0),(34,1,'60.72 cm',0,0),(34,2,'60.9 cm',0,0),(34,3,'97.46 cm',0,0),(34,4,'52.37 cm',0,0),(34,5,'80.27 cm',0,0),(35,6,'77.2 cm',0,0),(35,7,'86.63 cm',0,0),(35,8,'2560x1440',0,0),(36,1,'41.29 cm',0,0),(36,2,'45.83 cm',0,0),(36,3,'11.23 cm',0,0),(36,4,'34.8 cm',0,0),(36,5,'53.91 cm',0,0),(37,6,'71.7 cm',0,0),(37,7,'66.93 cm',0,0),(37,8,'1920x1080',0,0),(38,6,'40.28 cm',0,0),(38,7,'96.51 cm',0,0),(38,8,'2560x1440',0,0),(39,6,'46.62 cm',0,0),(39,7,'80.25 cm',0,0),(39,8,'1920x1080',0,0),(40,6,'50.97 cm',0,0),(40,7,'42.3 cm',0,0),(40,8,'3840x2160',0,0),(41,6,'71.89 cm',0,0),(41,7,'66.44 cm',0,0),(41,8,'2560x1440',0,0),(42,1,'78.57 cm',0,0),(42,2,'76.85 cm',0,0),(42,3,'33.07 cm',0,0),(42,4,'52.18 cm',0,0),(42,5,'87.1 cm',0,0),(43,6,'76.89 cm',0,0),(43,7,'51.46 cm',0,0),(43,8,'2560x1440',0,0);

--
-- Table structure for table `ec_product_tag_product`
--

CREATE TABLE `ec_product_tag_product` (
  `product_id` bigint unsigned NOT NULL,
  `tag_id` bigint unsigned NOT NULL,
  PRIMARY KEY (`product_id`,`tag_id`),
  KEY `ec_product_tag_product_product_id_index` (`product_id`),
  KEY `ec_product_tag_product_tag_id_index` (`tag_id`)
) ENGINE=InnoDB DEFAULT CHARSET=utf8mb4 COLLATE=utf8mb4_unicode_ci;

--
-- Dumping data for table `ec_product_tag_product`
--

INSERT INTO `ec_product_tag_product` VALUES (1,1),(1,2),(1,5),(2,1),(2,2),(2,4),(3,1),(3,3),(3,6),(4,1),(4,4),(4,5),(5,2),(5,5),(5,6),(6,2),(6,3),(6,4),(7,3),(7,4),(7,6),(8,1),(8,3),(8,6),(9,2),(9,4),(9,5),(10,1),(10,2),(10,6),(11,3),(11,4),(11,6),(12,4),(12,5),(12,6),(13,1),(13,2),(13,3),(14,3),(14,4),(14,5),(15,2),(15,4),(15,5),(16,1),(16,4),(16,5),(17,3),(17,5),(17,6),(18,2),(18,5),(18,6),(19,2),(19,4),(19,5),(20,2),(20,3),(20,6),(21,2),(21,5),(21,6),(22,2),(22,4),(22,5),(23,1),(23,2),(23,4),(24,2),(24,5),(24,6),(25,1),(25,2),(25,3),(26,1),(26,2),(26,3),(27,1),(27,5),(27,6),(28,3),(28,4),(28,5),(29,1),(29,2),(29,5),(30,1),(30,2),(30,3),(31,1),(31,3),(31,4),(32,1),(32,2),(32,3),(33,1),(33,3),(33,5),(34,2),(34,3),(34,5),(35,1),(35,3),(35,6),(36,1),(36,5),(36,6),(37,2),(37,4),(37,6),(38,3),(38,5),(38,6),(39,1),(39,2),(39,4),(40,1),(40,2),(40,4),(41,1),(41,5),(41,6),(42,1),(42,4),(42,5),(43,4),(43,5),(43,6);

--
-- Table structure for table `ec_product_tags`
--

CREATE TABLE `ec_product_tags` (
  `id` bigint unsigned NOT NULL AUTO_INCREMENT,
  `name` varchar(120) COLLATE utf8mb4_unicode_ci NOT NULL,
  `description` varchar(400) COLLATE utf8mb4_unicode_ci DEFAULT NULL,
  `status` varchar(60) COLLATE utf8mb4_unicode_ci NOT NULL DEFAULT 'published',
  `created_at` timestamp NULL DEFAULT NULL,
  `updated_at` timestamp NULL DEFAULT NULL,
  PRIMARY KEY (`id`)
) ENGINE=InnoDB AUTO_INCREMENT=7 DEFAULT CHARSET=utf8mb4 COLLATE=utf8mb4_unicode_ci;

--
-- Dumping data for table `ec_product_tags`
--

INSERT INTO `ec_product_tags` VALUES (1,'Electronic',NULL,'published','2024-10-31 20:47:46','2024-10-31 20:47:46'),(2,'Mobile',NULL,'published','2024-10-31 20:47:46','2024-10-31 20:47:46'),(3,'Iphone',NULL,'published','2024-10-31 20:47:46','2024-10-31 20:47:46'),(4,'Printer',NULL,'published','2024-10-31 20:47:46','2024-10-31 20:47:46'),(5,'Office',NULL,'published','2024-10-31 20:47:46','2024-10-31 20:47:46'),(6,'IT',NULL,'published','2024-10-31 20:47:46','2024-10-31 20:47:46');

--
-- Table structure for table `ec_product_tags_translations`
--

CREATE TABLE `ec_product_tags_translations` (
  `lang_code` varchar(191) COLLATE utf8mb4_unicode_ci NOT NULL,
  `ec_product_tags_id` bigint unsigned NOT NULL,
  `name` varchar(191) COLLATE utf8mb4_unicode_ci DEFAULT NULL,
  PRIMARY KEY (`lang_code`,`ec_product_tags_id`)
) ENGINE=InnoDB DEFAULT CHARSET=utf8mb4 COLLATE=utf8mb4_unicode_ci;

--
-- Dumping data for table `ec_product_tags_translations`
--


--
-- Table structure for table `ec_product_up_sale_relations`
--

CREATE TABLE `ec_product_up_sale_relations` (
  `from_product_id` bigint unsigned NOT NULL,
  `to_product_id` bigint unsigned NOT NULL,
  PRIMARY KEY (`from_product_id`,`to_product_id`),
  KEY `ec_product_up_sale_relations_from_product_id_index` (`from_product_id`),
  KEY `ec_product_up_sale_relations_to_product_id_index` (`to_product_id`)
) ENGINE=InnoDB DEFAULT CHARSET=utf8mb4 COLLATE=utf8mb4_unicode_ci;

--
-- Dumping data for table `ec_product_up_sale_relations`
--


--
-- Table structure for table `ec_product_variation_items`
--

CREATE TABLE `ec_product_variation_items` (
  `id` bigint unsigned NOT NULL AUTO_INCREMENT,
  `attribute_id` bigint unsigned NOT NULL,
  `variation_id` bigint unsigned NOT NULL,
  PRIMARY KEY (`id`),
  UNIQUE KEY `ec_product_variation_items_attribute_id_variation_id_unique` (`attribute_id`,`variation_id`),
  KEY `attribute_variation_index` (`attribute_id`,`variation_id`)
) ENGINE=InnoDB AUTO_INCREMENT=97 DEFAULT CHARSET=utf8mb4 COLLATE=utf8mb4_unicode_ci;

--
-- Dumping data for table `ec_product_variation_items`
--

INSERT INTO `ec_product_variation_items` VALUES (17,1,9),(31,1,16),(37,1,19),(41,1,21),(45,1,23),(49,1,25),(51,1,26),(5,2,3),(7,2,4),(35,2,18),(47,2,24),(9,3,5),(11,3,6),(15,3,8),(27,3,14),(53,3,27),(55,3,28),(3,4,2),(19,4,10),(23,4,12),(33,4,17),(39,4,20),(1,5,1),(13,5,7),(21,5,11),(25,5,13),(29,5,15),(43,5,22),(6,6,3),(22,6,11),(26,6,13),(2,7,1),(8,7,4),(12,7,6),(16,7,8),(30,7,15),(32,7,16),(14,8,7),(50,8,25),(52,8,26),(10,9,5),(24,9,12),(42,9,21),(44,9,22),(46,9,23),(48,9,24),(54,9,27),(4,10,2),(18,10,9),(20,10,10),(28,10,14),(34,10,17),(36,10,18),(38,10,19),(40,10,20),(56,10,28),(93,11,47),(57,12,29),(77,12,39),(83,12,42),(87,12,44),(89,12,45),(59,13,30),(61,13,31),(63,13,32),(69,13,35),(73,13,37),(79,13,40),(81,13,41),(91,13,46),(65,14,33),(85,14,43),(95,14,48),(67,15,34),(71,15,36),(75,15,38),(60,16,30),(62,16,31),(70,16,35),(78,16,39),(58,17,29),(82,17,41),(96,17,48),(68,18,34),(94,18,47),(66,19,33),(74,19,37),(84,19,42),(86,19,43),(88,19,44),(64,20,32),(72,20,36),(76,20,38),(80,20,40),(90,20,45),(92,20,46);

--
-- Table structure for table `ec_product_variations`
--

CREATE TABLE `ec_product_variations` (
  `id` bigint unsigned NOT NULL AUTO_INCREMENT,
  `product_id` bigint unsigned DEFAULT NULL,
  `configurable_product_id` bigint unsigned NOT NULL,
  `is_default` tinyint NOT NULL DEFAULT '0',
  PRIMARY KEY (`id`),
  UNIQUE KEY `ec_product_variations_product_id_configurable_product_id_unique` (`product_id`,`configurable_product_id`),
  KEY `configurable_product_index` (`product_id`,`configurable_product_id`)
) ENGINE=InnoDB AUTO_INCREMENT=49 DEFAULT CHARSET=utf8mb4 COLLATE=utf8mb4_unicode_ci;

--
-- Dumping data for table `ec_product_variations`
--

INSERT INTO `ec_product_variations` VALUES (1,44,2,1),(2,45,3,1),(3,46,3,0),(4,47,3,0),(5,48,5,1),(6,49,5,0),(7,50,5,0),(8,51,6,1),(9,52,6,0),(10,53,6,0),(11,54,10,1),(12,55,10,0),(13,56,13,1),(14,57,13,0),(15,58,14,1),(16,59,14,0),(17,60,14,0),(18,61,14,0),(19,62,15,1),(20,63,15,0),(21,64,15,0),(22,65,18,1),(23,66,18,0),(24,67,18,0),(25,68,18,0),(26,69,20,1),(27,70,20,0),(28,71,20,0),(29,72,22,1),(30,73,22,0),(31,74,22,0),(32,75,26,1),(33,76,28,1),(34,77,28,0),(35,78,34,1),(36,79,40,1),(37,80,40,0),(38,81,40,0),(39,82,41,1),(40,83,41,0),(41,84,41,0),(42,85,41,0),(43,86,42,1),(44,87,42,0),(45,88,42,0),(46,89,43,1),(47,90,43,0),(48,91,43,0);

--
-- Table structure for table `ec_product_views`
--

CREATE TABLE `ec_product_views` (
  `id` bigint unsigned NOT NULL AUTO_INCREMENT,
  `product_id` bigint unsigned NOT NULL,
  `views` int NOT NULL DEFAULT '1',
  `date` date NOT NULL DEFAULT '2024-11-01',
  PRIMARY KEY (`id`),
  UNIQUE KEY `ec_product_views_product_id_date_unique` (`product_id`,`date`),
  KEY `ec_product_views_product_id_index` (`product_id`)
) ENGINE=InnoDB DEFAULT CHARSET=utf8mb4 COLLATE=utf8mb4_unicode_ci;

--
-- Dumping data for table `ec_product_views`
--


--
-- Table structure for table `ec_product_with_attribute_set`
--

CREATE TABLE `ec_product_with_attribute_set` (
  `attribute_set_id` bigint unsigned NOT NULL,
  `product_id` bigint unsigned NOT NULL,
  `order` tinyint unsigned NOT NULL DEFAULT '0',
  PRIMARY KEY (`product_id`,`attribute_set_id`)
) ENGINE=InnoDB DEFAULT CHARSET=utf8mb4 COLLATE=utf8mb4_unicode_ci;

--
-- Dumping data for table `ec_product_with_attribute_set`
--

INSERT INTO `ec_product_with_attribute_set` VALUES (1,2,0),(2,2,0),(1,3,0),(2,3,0),(1,5,0),(2,5,0),(1,6,0),(2,6,0),(1,10,0),(2,10,0),(1,13,0),(2,13,0),(1,14,0),(2,14,0),(1,15,0),(2,15,0),(1,18,0),(2,18,0),(1,20,0),(2,20,0),(3,22,0),(4,22,0),(3,26,0),(4,26,0),(3,28,0),(4,28,0),(3,34,0),(4,34,0),(3,40,0),(4,40,0),(3,41,0),(4,41,0),(3,42,0),(4,42,0),(3,43,0),(4,43,0);

--
-- Table structure for table `ec_products`
--

CREATE TABLE `ec_products` (
  `id` bigint unsigned NOT NULL AUTO_INCREMENT,
  `name` varchar(191) COLLATE utf8mb4_unicode_ci NOT NULL,
  `description` text COLLATE utf8mb4_unicode_ci,
  `content` longtext COLLATE utf8mb4_unicode_ci,
  `status` varchar(60) COLLATE utf8mb4_unicode_ci NOT NULL DEFAULT 'published',
  `images` text COLLATE utf8mb4_unicode_ci,
  `video_media` text COLLATE utf8mb4_unicode_ci,
  `sku` varchar(191) COLLATE utf8mb4_unicode_ci DEFAULT NULL,
  `order` int unsigned NOT NULL DEFAULT '0',
  `quantity` int unsigned DEFAULT NULL,
  `allow_checkout_when_out_of_stock` tinyint unsigned NOT NULL DEFAULT '0',
  `with_storehouse_management` tinyint unsigned NOT NULL DEFAULT '0',
  `is_featured` tinyint unsigned NOT NULL DEFAULT '0',
  `brand_id` bigint unsigned DEFAULT NULL,
  `is_variation` tinyint NOT NULL DEFAULT '0',
  `sale_type` tinyint NOT NULL DEFAULT '0',
  `price` double unsigned DEFAULT NULL,
  `sale_price` double unsigned DEFAULT NULL,
  `start_date` timestamp NULL DEFAULT NULL,
  `end_date` timestamp NULL DEFAULT NULL,
  `length` double(8,2) DEFAULT NULL,
  `wide` double(8,2) DEFAULT NULL,
  `height` double(8,2) DEFAULT NULL,
  `weight` double(8,2) DEFAULT NULL,
  `tax_id` bigint unsigned DEFAULT NULL,
  `views` bigint NOT NULL DEFAULT '0',
  `created_at` timestamp NULL DEFAULT NULL,
  `updated_at` timestamp NULL DEFAULT NULL,
  `stock_status` varchar(191) COLLATE utf8mb4_unicode_ci DEFAULT 'in_stock',
  `store_id` bigint unsigned DEFAULT NULL,
  `created_by_id` bigint unsigned DEFAULT '0',
  `created_by_type` varchar(191) COLLATE utf8mb4_unicode_ci NOT NULL DEFAULT 'Botble\\ACL\\Models\\User',
  `approved_by` bigint unsigned DEFAULT '0',
  `image` varchar(191) COLLATE utf8mb4_unicode_ci DEFAULT NULL,
  `product_type` varchar(60) COLLATE utf8mb4_unicode_ci DEFAULT 'physical',
  `barcode` varchar(50) COLLATE utf8mb4_unicode_ci DEFAULT NULL,
  `cost_per_item` double DEFAULT NULL,
  `generate_license_code` tinyint(1) NOT NULL DEFAULT '0',
  `minimum_order_quantity` int unsigned DEFAULT '0',
  `maximum_order_quantity` int unsigned DEFAULT '0',
  `notify_attachment_updated` tinyint(1) NOT NULL DEFAULT '0',
  `specification_table_id` bigint unsigned DEFAULT NULL,
  PRIMARY KEY (`id`),
  KEY `ec_products_brand_id_status_is_variation_created_at_index` (`brand_id`,`status`,`is_variation`,`created_at`),
  KEY `sale_type_index` (`sale_type`),
  KEY `start_date_index` (`start_date`),
  KEY `end_date_index` (`end_date`),
  KEY `sale_price_index` (`sale_price`),
  KEY `is_variation_index` (`is_variation`),
  KEY `ec_products_sku_index` (`sku`)
) ENGINE=InnoDB AUTO_INCREMENT=92 DEFAULT CHARSET=utf8mb4 COLLATE=utf8mb4_unicode_ci;

--
-- Dumping data for table `ec_products`
--

INSERT INTO `ec_products` VALUES (1,'Vintage Denim Jacket','Complete your look with these classic aviator sunglasses, offering a touch of timeless glamour and UV protection for your eyes.','<div class=\"row justify-content-center\">\n    <div class=\"col-xl-10\">\n        <div class=\"tp-product-details-desc-item pb-105\">\n            <div class=\"row\">\n                <div class=\"col-lg-6\">\n                    <div class=\"pt-25\">\n                        <span>Diamond Tennis Bracelet</span>\n                        <h3 class=\"tp-product-details-desc-title\">Timeless Elegance</h3>\n                        <p>\n                            Elevate your style with our exquisite diamond tennis bracelet. Crafted with precision and attention to detail, each sparkling diamond is expertly set in lustrous white gold, creating a piece of jewelry that exudes sophistication and luxury. Whether worn alone or layered with other bracelets, this timeless accessory adds a touch of glamour to any ensemble.\n                        </p>\n                    </div>\n                    <div>\n                        <h3 class=\"tp-product-details-desc-title\">Exceptional Quality</h3>\n                        <p>\n                            Our diamond tennis bracelet is crafted from the finest materials to ensure lasting beauty and brilliance. Each diamond is carefully selected for its clarity, cut, and color, resulting in a piece of jewelry that\'s truly exceptional. Indulge in luxury and elegance with this stunning bracelet that\'s sure to become a cherished heirloom.\n                        </p>\n                    </div>\n                </div>\n                <div class=\"col-lg-6\">\n                    <div class=\"tp-product-details-desc-thumb\">\n                        <img src=\"/storage/jewelry/products/product-1.png\" alt=\"Diamond Tennis Bracelet\">\n                    </div>\n                </div>\n            </div>\n        </div>\n        <div class=\"tp-product-details-desc-item pb-75\">\n            <div class=\"row\">\n                <div class=\"col-lg-7\">\n                    <div class=\"tp-product-details-desc-thumb\">\n                        <img src=\"/storage/jewelry/products/product-2.png\" alt=\"Close-up of Diamond Tennis Bracelet\">\n                    </div>\n                </div>\n\n                <div class=\"col-lg-5 order-first order-lg-last\">\n                    <div class=\"des-content-2 pl-40\">\n                        <h3 class=\"tp-product-details-desc-title\">\n                            Versatile Style\n                        </h3>\n                        <p>\n                            Effortlessly transition from day to night with our versatile diamond tennis bracelet. Whether paired with a casual outfit or a formal gown, it adds a touch of glamour and sophistication to any look. Treat yourself or someone special to this timeless piece that\'s destined to be cherished for years to come.\n                        </p>\n                    </div>\n                </div>\n            </div>\n        </div>\n        <div class=\"tp-product-details-desc-item\">\n            <div class=\"row\">\n                <div class=\"col-xl-12\">\n                    <div class=\"tp-product-details-desc-banner text-center m-img\">\n                        <h3 class=\"tp-product-details-desc-banner-title tp-product-details-desc-title\">Exquisite Craftsmanship</h3>\n                        <img src=\"/storage/jewelry/products/product-3.png\" alt=\"Jewelry Workshop\">\n                    </div>\n                </div>\n            </div>\n        </div>\n    </div>\n</div>\n','published','[\"main\\/products\\/product-20.jpg\",\"main\\/products\\/product-7.jpg\",\"main\\/products\\/product-15.jpg\",\"main\\/products\\/product-4.jpg\",\"main\\/products\\/product-1.jpg\"]','[[{\"key\":\"file\",\"value\":null},{\"key\":\"url\",\"value\":\"https:\\/\\/www.youtube.com\\/watch?v=6JYIGclVQdw\"},{\"key\":\"thumbnail\",\"value\":\"main\\/video\\/1.jpg\"}]]','7L-136',0,11,0,1,0,4,0,0,966,422,NULL,NULL,18.00,12.00,13.00,721.00,NULL,74198,'2024-10-31 20:47:52','2024-10-31 20:47:53','in_stock',1,0,'Botble\\ACL\\Models\\User',0,NULL,'physical',NULL,NULL,0,0,0,0,1),(2,'Floral Maxi Dress','Accessorize with this bohemian fringe handbag, featuring intricate details and enough space for your essentials. The perfect boho-chic addition to your collection.','<div class=\"row justify-content-center\">\n    <div class=\"col-xl-10\">\n        <div class=\"tp-product-details-desc-item pb-105\">\n            <div class=\"row\">\n                <div class=\"col-lg-6\">\n                    <div class=\"pt-25\">\n                        <span>Diamond Tennis Bracelet</span>\n                        <h3 class=\"tp-product-details-desc-title\">Timeless Elegance</h3>\n                        <p>\n                            Elevate your style with our exquisite diamond tennis bracelet. Crafted with precision and attention to detail, each sparkling diamond is expertly set in lustrous white gold, creating a piece of jewelry that exudes sophistication and luxury. Whether worn alone or layered with other bracelets, this timeless accessory adds a touch of glamour to any ensemble.\n                        </p>\n                    </div>\n                    <div>\n                        <h3 class=\"tp-product-details-desc-title\">Exceptional Quality</h3>\n                        <p>\n                            Our diamond tennis bracelet is crafted from the finest materials to ensure lasting beauty and brilliance. Each diamond is carefully selected for its clarity, cut, and color, resulting in a piece of jewelry that\'s truly exceptional. Indulge in luxury and elegance with this stunning bracelet that\'s sure to become a cherished heirloom.\n                        </p>\n                    </div>\n                </div>\n                <div class=\"col-lg-6\">\n                    <div class=\"tp-product-details-desc-thumb\">\n                        <img src=\"/storage/jewelry/products/product-1.png\" alt=\"Diamond Tennis Bracelet\">\n                    </div>\n                </div>\n            </div>\n        </div>\n        <div class=\"tp-product-details-desc-item pb-75\">\n            <div class=\"row\">\n                <div class=\"col-lg-7\">\n                    <div class=\"tp-product-details-desc-thumb\">\n                        <img src=\"/storage/jewelry/products/product-2.png\" alt=\"Close-up of Diamond Tennis Bracelet\">\n                    </div>\n                </div>\n\n                <div class=\"col-lg-5 order-first order-lg-last\">\n                    <div class=\"des-content-2 pl-40\">\n                        <h3 class=\"tp-product-details-desc-title\">\n                            Versatile Style\n                        </h3>\n                        <p>\n                            Effortlessly transition from day to night with our versatile diamond tennis bracelet. Whether paired with a casual outfit or a formal gown, it adds a touch of glamour and sophistication to any look. Treat yourself or someone special to this timeless piece that\'s destined to be cherished for years to come.\n                        </p>\n                    </div>\n                </div>\n            </div>\n        </div>\n        <div class=\"tp-product-details-desc-item\">\n            <div class=\"row\">\n                <div class=\"col-xl-12\">\n                    <div class=\"tp-product-details-desc-banner text-center m-img\">\n                        <h3 class=\"tp-product-details-desc-banner-title tp-product-details-desc-title\">Exquisite Craftsmanship</h3>\n                        <img src=\"/storage/jewelry/products/product-3.png\" alt=\"Jewelry Workshop\">\n                    </div>\n                </div>\n            </div>\n        </div>\n    </div>\n</div>\n','published','[\"main\\/products\\/product-11.jpg\",\"main\\/products\\/product-5.jpg\",\"main\\/products\\/product-1.jpg\",\"main\\/products\\/product-6.jpg\"]','[[{\"key\":\"file\",\"value\":null},{\"key\":\"url\",\"value\":\"https:\\/\\/www.youtube.com\\/watch?v=6JYIGclVQdw\"},{\"key\":\"thumbnail\",\"value\":\"main\\/video\\/1.jpg\"}]]','NF-123-A1',0,18,0,1,1,3,0,0,748,NULL,NULL,NULL,19.00,13.00,14.00,587.00,NULL,199530,'2024-10-31 20:47:52','2024-10-31 20:47:53','in_stock',2,0,'Botble\\ACL\\Models\\User',0,NULL,'physical',NULL,NULL,0,0,0,0,1),(3,'Leather Ankle Boots','Accessorize with this bohemian fringe handbag, featuring intricate details and enough space for your essentials. The perfect boho-chic addition to your collection.','<div class=\"row justify-content-center\">\n    <div class=\"col-xl-10\">\n        <div class=\"tp-product-details-desc-item pb-105\">\n            <div class=\"row\">\n                <div class=\"col-lg-6\">\n                    <div class=\"pt-25\">\n                        <span>Diamond Tennis Bracelet</span>\n                        <h3 class=\"tp-product-details-desc-title\">Timeless Elegance</h3>\n                        <p>\n                            Elevate your style with our exquisite diamond tennis bracelet. Crafted with precision and attention to detail, each sparkling diamond is expertly set in lustrous white gold, creating a piece of jewelry that exudes sophistication and luxury. Whether worn alone or layered with other bracelets, this timeless accessory adds a touch of glamour to any ensemble.\n                        </p>\n                    </div>\n                    <div>\n                        <h3 class=\"tp-product-details-desc-title\">Exceptional Quality</h3>\n                        <p>\n                            Our diamond tennis bracelet is crafted from the finest materials to ensure lasting beauty and brilliance. Each diamond is carefully selected for its clarity, cut, and color, resulting in a piece of jewelry that\'s truly exceptional. Indulge in luxury and elegance with this stunning bracelet that\'s sure to become a cherished heirloom.\n                        </p>\n                    </div>\n                </div>\n                <div class=\"col-lg-6\">\n                    <div class=\"tp-product-details-desc-thumb\">\n                        <img src=\"/storage/jewelry/products/product-1.png\" alt=\"Diamond Tennis Bracelet\">\n                    </div>\n                </div>\n            </div>\n        </div>\n        <div class=\"tp-product-details-desc-item pb-75\">\n            <div class=\"row\">\n                <div class=\"col-lg-7\">\n                    <div class=\"tp-product-details-desc-thumb\">\n                        <img src=\"/storage/jewelry/products/product-2.png\" alt=\"Close-up of Diamond Tennis Bracelet\">\n                    </div>\n                </div>\n\n                <div class=\"col-lg-5 order-first order-lg-last\">\n                    <div class=\"des-content-2 pl-40\">\n                        <h3 class=\"tp-product-details-desc-title\">\n                            Versatile Style\n                        </h3>\n                        <p>\n                            Effortlessly transition from day to night with our versatile diamond tennis bracelet. Whether paired with a casual outfit or a formal gown, it adds a touch of glamour and sophistication to any look. Treat yourself or someone special to this timeless piece that\'s destined to be cherished for years to come.\n                        </p>\n                    </div>\n                </div>\n            </div>\n        </div>\n        <div class=\"tp-product-details-desc-item\">\n            <div class=\"row\">\n                <div class=\"col-xl-12\">\n                    <div class=\"tp-product-details-desc-banner text-center m-img\">\n                        <h3 class=\"tp-product-details-desc-banner-title tp-product-details-desc-title\">Exquisite Craftsmanship</h3>\n                        <img src=\"/storage/jewelry/products/product-3.png\" alt=\"Jewelry Workshop\">\n                    </div>\n                </div>\n            </div>\n        </div>\n    </div>\n</div>\n','published','[\"main\\/products\\/product-10.jpg\",\"main\\/products\\/product-7.jpg\",\"main\\/products\\/product-4.jpg\",\"main\\/products\\/product-12.jpg\"]','[]','FX-193-A1',0,12,0,1,0,5,0,0,1443,NULL,NULL,NULL,15.00,19.00,18.00,676.00,NULL,58543,'2024-10-31 20:47:52','2024-10-31 20:47:53','in_stock',1,0,'Botble\\ACL\\Models\\User',0,NULL,'physical',NULL,NULL,0,0,0,0,1),(4,'Knit Turtleneck Sweater (Digital)','Embrace bohemian vibes with this embroidered boho blouse, featuring intricate stitching and a relaxed fit. Perfect for a casual day with a touch of style.','<div class=\"row justify-content-center\">\n    <div class=\"col-xl-10\">\n        <div class=\"tp-product-details-desc-item pb-105\">\n            <div class=\"row\">\n                <div class=\"col-lg-6\">\n                    <div class=\"pt-25\">\n                        <span>Diamond Tennis Bracelet</span>\n                        <h3 class=\"tp-product-details-desc-title\">Timeless Elegance</h3>\n                        <p>\n                            Elevate your style with our exquisite diamond tennis bracelet. Crafted with precision and attention to detail, each sparkling diamond is expertly set in lustrous white gold, creating a piece of jewelry that exudes sophistication and luxury. Whether worn alone or layered with other bracelets, this timeless accessory adds a touch of glamour to any ensemble.\n                        </p>\n                    </div>\n                    <div>\n                        <h3 class=\"tp-product-details-desc-title\">Exceptional Quality</h3>\n                        <p>\n                            Our diamond tennis bracelet is crafted from the finest materials to ensure lasting beauty and brilliance. Each diamond is carefully selected for its clarity, cut, and color, resulting in a piece of jewelry that\'s truly exceptional. Indulge in luxury and elegance with this stunning bracelet that\'s sure to become a cherished heirloom.\n                        </p>\n                    </div>\n                </div>\n                <div class=\"col-lg-6\">\n                    <div class=\"tp-product-details-desc-thumb\">\n                        <img src=\"/storage/jewelry/products/product-1.png\" alt=\"Diamond Tennis Bracelet\">\n                    </div>\n                </div>\n            </div>\n        </div>\n        <div class=\"tp-product-details-desc-item pb-75\">\n            <div class=\"row\">\n                <div class=\"col-lg-7\">\n                    <div class=\"tp-product-details-desc-thumb\">\n                        <img src=\"/storage/jewelry/products/product-2.png\" alt=\"Close-up of Diamond Tennis Bracelet\">\n                    </div>\n                </div>\n\n                <div class=\"col-lg-5 order-first order-lg-last\">\n                    <div class=\"des-content-2 pl-40\">\n                        <h3 class=\"tp-product-details-desc-title\">\n                            Versatile Style\n                        </h3>\n                        <p>\n                            Effortlessly transition from day to night with our versatile diamond tennis bracelet. Whether paired with a casual outfit or a formal gown, it adds a touch of glamour and sophistication to any look. Treat yourself or someone special to this timeless piece that\'s destined to be cherished for years to come.\n                        </p>\n                    </div>\n                </div>\n            </div>\n        </div>\n        <div class=\"tp-product-details-desc-item\">\n            <div class=\"row\">\n                <div class=\"col-xl-12\">\n                    <div class=\"tp-product-details-desc-banner text-center m-img\">\n                        <h3 class=\"tp-product-details-desc-banner-title tp-product-details-desc-title\">Exquisite Craftsmanship</h3>\n                        <img src=\"/storage/jewelry/products/product-3.png\" alt=\"Jewelry Workshop\">\n                    </div>\n                </div>\n            </div>\n        </div>\n    </div>\n</div>\n','published','[\"main\\/products\\/product-9.jpg\",\"main\\/products\\/product-15.jpg\",\"main\\/products\\/product-17.jpg\"]','[[{\"key\":\"file\",\"value\":null},{\"key\":\"url\",\"value\":\"https:\\/\\/www.youtube.com\\/watch?v=6JYIGclVQdw\"},{\"key\":\"thumbnail\",\"value\":\"main\\/video\\/1.jpg\"}]]','M1-154',0,11,0,1,0,2,0,0,2289,149,NULL,NULL,17.00,15.00,10.00,712.00,NULL,52655,'2024-10-31 20:47:52','2024-10-31 20:47:53','in_stock',5,0,'Botble\\ACL\\Models\\User',0,NULL,'digital',NULL,NULL,0,0,0,0,2),(5,'Classic Aviator Sunglasses','Top off your look with this chic fedora hat, crafted with a classic silhouette and a timeless appeal. A must-have accessory for any fashion-forward wardrobe.','<div class=\"row justify-content-center\">\n    <div class=\"col-xl-10\">\n        <div class=\"tp-product-details-desc-item pb-105\">\n            <div class=\"row\">\n                <div class=\"col-lg-6\">\n                    <div class=\"pt-25\">\n                        <span>Diamond Tennis Bracelet</span>\n                        <h3 class=\"tp-product-details-desc-title\">Timeless Elegance</h3>\n                        <p>\n                            Elevate your style with our exquisite diamond tennis bracelet. Crafted with precision and attention to detail, each sparkling diamond is expertly set in lustrous white gold, creating a piece of jewelry that exudes sophistication and luxury. Whether worn alone or layered with other bracelets, this timeless accessory adds a touch of glamour to any ensemble.\n                        </p>\n                    </div>\n                    <div>\n                        <h3 class=\"tp-product-details-desc-title\">Exceptional Quality</h3>\n                        <p>\n                            Our diamond tennis bracelet is crafted from the finest materials to ensure lasting beauty and brilliance. Each diamond is carefully selected for its clarity, cut, and color, resulting in a piece of jewelry that\'s truly exceptional. Indulge in luxury and elegance with this stunning bracelet that\'s sure to become a cherished heirloom.\n                        </p>\n                    </div>\n                </div>\n                <div class=\"col-lg-6\">\n                    <div class=\"tp-product-details-desc-thumb\">\n                        <img src=\"/storage/jewelry/products/product-1.png\" alt=\"Diamond Tennis Bracelet\">\n                    </div>\n                </div>\n            </div>\n        </div>\n        <div class=\"tp-product-details-desc-item pb-75\">\n            <div class=\"row\">\n                <div class=\"col-lg-7\">\n                    <div class=\"tp-product-details-desc-thumb\">\n                        <img src=\"/storage/jewelry/products/product-2.png\" alt=\"Close-up of Diamond Tennis Bracelet\">\n                    </div>\n                </div>\n\n                <div class=\"col-lg-5 order-first order-lg-last\">\n                    <div class=\"des-content-2 pl-40\">\n                        <h3 class=\"tp-product-details-desc-title\">\n                            Versatile Style\n                        </h3>\n                        <p>\n                            Effortlessly transition from day to night with our versatile diamond tennis bracelet. Whether paired with a casual outfit or a formal gown, it adds a touch of glamour and sophistication to any look. Treat yourself or someone special to this timeless piece that\'s destined to be cherished for years to come.\n                        </p>\n                    </div>\n                </div>\n            </div>\n        </div>\n        <div class=\"tp-product-details-desc-item\">\n            <div class=\"row\">\n                <div class=\"col-xl-12\">\n                    <div class=\"tp-product-details-desc-banner text-center m-img\">\n                        <h3 class=\"tp-product-details-desc-banner-title tp-product-details-desc-title\">Exquisite Craftsmanship</h3>\n                        <img src=\"/storage/jewelry/products/product-3.png\" alt=\"Jewelry Workshop\">\n                    </div>\n                </div>\n            </div>\n        </div>\n    </div>\n</div>\n','published','[\"main\\/products\\/product-10.jpg\",\"main\\/products\\/product-13.jpg\",\"main\\/products\\/product-details-desc-3.jpg\",\"main\\/products\\/product-17.jpg\",\"main\\/products\\/product-5.jpg\"]','[]','EA-126-A1',0,19,0,1,1,1,0,0,644,NULL,NULL,NULL,15.00,20.00,15.00,535.00,NULL,84770,'2024-10-31 20:47:52','2024-10-31 20:47:53','in_stock',6,0,'Botble\\ACL\\Models\\User',0,NULL,'physical',NULL,NULL,0,0,0,0,1),(6,'Tailored Wool Blazer','Make a bold statement with this chunky necklace, designed to add a touch of glamour to any outfit. The perfect accessory for a night out.','<div class=\"row justify-content-center\">\n    <div class=\"col-xl-10\">\n        <div class=\"tp-product-details-desc-item pb-105\">\n            <div class=\"row\">\n                <div class=\"col-lg-6\">\n                    <div class=\"pt-25\">\n                        <span>Diamond Tennis Bracelet</span>\n                        <h3 class=\"tp-product-details-desc-title\">Timeless Elegance</h3>\n                        <p>\n                            Elevate your style with our exquisite diamond tennis bracelet. Crafted with precision and attention to detail, each sparkling diamond is expertly set in lustrous white gold, creating a piece of jewelry that exudes sophistication and luxury. Whether worn alone or layered with other bracelets, this timeless accessory adds a touch of glamour to any ensemble.\n                        </p>\n                    </div>\n                    <div>\n                        <h3 class=\"tp-product-details-desc-title\">Exceptional Quality</h3>\n                        <p>\n                            Our diamond tennis bracelet is crafted from the finest materials to ensure lasting beauty and brilliance. Each diamond is carefully selected for its clarity, cut, and color, resulting in a piece of jewelry that\'s truly exceptional. Indulge in luxury and elegance with this stunning bracelet that\'s sure to become a cherished heirloom.\n                        </p>\n                    </div>\n                </div>\n                <div class=\"col-lg-6\">\n                    <div class=\"tp-product-details-desc-thumb\">\n                        <img src=\"/storage/jewelry/products/product-1.png\" alt=\"Diamond Tennis Bracelet\">\n                    </div>\n                </div>\n            </div>\n        </div>\n        <div class=\"tp-product-details-desc-item pb-75\">\n            <div class=\"row\">\n                <div class=\"col-lg-7\">\n                    <div class=\"tp-product-details-desc-thumb\">\n                        <img src=\"/storage/jewelry/products/product-2.png\" alt=\"Close-up of Diamond Tennis Bracelet\">\n                    </div>\n                </div>\n\n                <div class=\"col-lg-5 order-first order-lg-last\">\n                    <div class=\"des-content-2 pl-40\">\n                        <h3 class=\"tp-product-details-desc-title\">\n                            Versatile Style\n                        </h3>\n                        <p>\n                            Effortlessly transition from day to night with our versatile diamond tennis bracelet. Whether paired with a casual outfit or a formal gown, it adds a touch of glamour and sophistication to any look. Treat yourself or someone special to this timeless piece that\'s destined to be cherished for years to come.\n                        </p>\n                    </div>\n                </div>\n            </div>\n        </div>\n        <div class=\"tp-product-details-desc-item\">\n            <div class=\"row\">\n                <div class=\"col-xl-12\">\n                    <div class=\"tp-product-details-desc-banner text-center m-img\">\n                        <h3 class=\"tp-product-details-desc-banner-title tp-product-details-desc-title\">Exquisite Craftsmanship</h3>\n                        <img src=\"/storage/jewelry/products/product-3.png\" alt=\"Jewelry Workshop\">\n                    </div>\n                </div>\n            </div>\n        </div>\n    </div>\n</div>\n','published','[\"main\\/products\\/product-12.jpg\",\"main\\/products\\/product-5.jpg\",\"main\\/products\\/product-15.jpg\",\"main\\/products\\/product-11.jpg\",\"main\\/products\\/product-18.jpg\",\"main\\/products\\/product-14.jpg\",\"main\\/products\\/product-8.jpg\",\"main\\/products\\/product-4.jpg\"]','[[{\"key\":\"file\",\"value\":\"main\\/video\\/video-2.mp4\"},{\"key\":\"url\",\"value\":null},{\"key\":\"thumbnail\",\"value\":\"main\\/video\\/2.jpg\"}]]','LH-114-A1',0,14,0,1,0,4,0,0,1746,NULL,NULL,NULL,16.00,13.00,12.00,670.00,NULL,101755,'2024-10-31 20:47:52','2024-10-31 20:47:53','in_stock',6,0,'Botble\\ACL\\Models\\User',0,NULL,'physical',NULL,NULL,0,0,0,0,1),(7,'Bohemian Fringe Handbag','Embrace bohemian vibes with this embroidered boho blouse, featuring intricate stitching and a relaxed fit. Perfect for a casual day with a touch of style.','<div class=\"row justify-content-center\">\n    <div class=\"col-xl-10\">\n        <div class=\"tp-product-details-desc-item pb-105\">\n            <div class=\"row\">\n                <div class=\"col-lg-6\">\n                    <div class=\"pt-25\">\n                        <span>Diamond Tennis Bracelet</span>\n                        <h3 class=\"tp-product-details-desc-title\">Timeless Elegance</h3>\n                        <p>\n                            Elevate your style with our exquisite diamond tennis bracelet. Crafted with precision and attention to detail, each sparkling diamond is expertly set in lustrous white gold, creating a piece of jewelry that exudes sophistication and luxury. Whether worn alone or layered with other bracelets, this timeless accessory adds a touch of glamour to any ensemble.\n                        </p>\n                    </div>\n                    <div>\n                        <h3 class=\"tp-product-details-desc-title\">Exceptional Quality</h3>\n                        <p>\n                            Our diamond tennis bracelet is crafted from the finest materials to ensure lasting beauty and brilliance. Each diamond is carefully selected for its clarity, cut, and color, resulting in a piece of jewelry that\'s truly exceptional. Indulge in luxury and elegance with this stunning bracelet that\'s sure to become a cherished heirloom.\n                        </p>\n                    </div>\n                </div>\n                <div class=\"col-lg-6\">\n                    <div class=\"tp-product-details-desc-thumb\">\n                        <img src=\"/storage/jewelry/products/product-1.png\" alt=\"Diamond Tennis Bracelet\">\n                    </div>\n                </div>\n            </div>\n        </div>\n        <div class=\"tp-product-details-desc-item pb-75\">\n            <div class=\"row\">\n                <div class=\"col-lg-7\">\n                    <div class=\"tp-product-details-desc-thumb\">\n                        <img src=\"/storage/jewelry/products/product-2.png\" alt=\"Close-up of Diamond Tennis Bracelet\">\n                    </div>\n                </div>\n\n                <div class=\"col-lg-5 order-first order-lg-last\">\n                    <div class=\"des-content-2 pl-40\">\n                        <h3 class=\"tp-product-details-desc-title\">\n                            Versatile Style\n                        </h3>\n                        <p>\n                            Effortlessly transition from day to night with our versatile diamond tennis bracelet. Whether paired with a casual outfit or a formal gown, it adds a touch of glamour and sophistication to any look. Treat yourself or someone special to this timeless piece that\'s destined to be cherished for years to come.\n                        </p>\n                    </div>\n                </div>\n            </div>\n        </div>\n        <div class=\"tp-product-details-desc-item\">\n            <div class=\"row\">\n                <div class=\"col-xl-12\">\n                    <div class=\"tp-product-details-desc-banner text-center m-img\">\n                        <h3 class=\"tp-product-details-desc-banner-title tp-product-details-desc-title\">Exquisite Craftsmanship</h3>\n                        <img src=\"/storage/jewelry/products/product-3.png\" alt=\"Jewelry Workshop\">\n                    </div>\n                </div>\n            </div>\n        </div>\n    </div>\n</div>\n','published','[\"main\\/products\\/product-details-desc-2.jpg\",\"main\\/products\\/product-16.jpg\",\"main\\/products\\/product-14.jpg\",\"main\\/products\\/product-details-desc-1.jpg\",\"main\\/products\\/product-10.jpg\",\"main\\/products\\/product-11.jpg\",\"main\\/products\\/product-19.jpg\",\"main\\/products\\/product-8.jpg\"]','[[{\"key\":\"file\",\"value\":\"main\\/video\\/video-1.mp4\"},{\"key\":\"url\",\"value\":null},{\"key\":\"thumbnail\",\"value\":\"main\\/video\\/1.jpg\"}]]','DQ-123',0,15,0,1,0,3,0,0,1681,1575,NULL,NULL,12.00,10.00,20.00,716.00,NULL,101181,'2024-10-31 20:47:52','2024-10-31 20:47:53','in_stock',8,0,'Botble\\ACL\\Models\\User',0,NULL,'physical',NULL,NULL,0,0,0,0,1),(8,'Silk Scarf with Geometric Print (Digital)','Elevate your street style with this vintage denim jacket, featuring distressed detailing and a relaxed fit for a laid-back vibe.','<div class=\"row justify-content-center\">\n    <div class=\"col-xl-10\">\n        <div class=\"tp-product-details-desc-item pb-105\">\n            <div class=\"row\">\n                <div class=\"col-lg-6\">\n                    <div class=\"pt-25\">\n                        <span>Diamond Tennis Bracelet</span>\n                        <h3 class=\"tp-product-details-desc-title\">Timeless Elegance</h3>\n                        <p>\n                            Elevate your style with our exquisite diamond tennis bracelet. Crafted with precision and attention to detail, each sparkling diamond is expertly set in lustrous white gold, creating a piece of jewelry that exudes sophistication and luxury. Whether worn alone or layered with other bracelets, this timeless accessory adds a touch of glamour to any ensemble.\n                        </p>\n                    </div>\n                    <div>\n                        <h3 class=\"tp-product-details-desc-title\">Exceptional Quality</h3>\n                        <p>\n                            Our diamond tennis bracelet is crafted from the finest materials to ensure lasting beauty and brilliance. Each diamond is carefully selected for its clarity, cut, and color, resulting in a piece of jewelry that\'s truly exceptional. Indulge in luxury and elegance with this stunning bracelet that\'s sure to become a cherished heirloom.\n                        </p>\n                    </div>\n                </div>\n                <div class=\"col-lg-6\">\n                    <div class=\"tp-product-details-desc-thumb\">\n                        <img src=\"/storage/jewelry/products/product-1.png\" alt=\"Diamond Tennis Bracelet\">\n                    </div>\n                </div>\n            </div>\n        </div>\n        <div class=\"tp-product-details-desc-item pb-75\">\n            <div class=\"row\">\n                <div class=\"col-lg-7\">\n                    <div class=\"tp-product-details-desc-thumb\">\n                        <img src=\"/storage/jewelry/products/product-2.png\" alt=\"Close-up of Diamond Tennis Bracelet\">\n                    </div>\n                </div>\n\n                <div class=\"col-lg-5 order-first order-lg-last\">\n                    <div class=\"des-content-2 pl-40\">\n                        <h3 class=\"tp-product-details-desc-title\">\n                            Versatile Style\n                        </h3>\n                        <p>\n                            Effortlessly transition from day to night with our versatile diamond tennis bracelet. Whether paired with a casual outfit or a formal gown, it adds a touch of glamour and sophistication to any look. Treat yourself or someone special to this timeless piece that\'s destined to be cherished for years to come.\n                        </p>\n                    </div>\n                </div>\n            </div>\n        </div>\n        <div class=\"tp-product-details-desc-item\">\n            <div class=\"row\">\n                <div class=\"col-xl-12\">\n                    <div class=\"tp-product-details-desc-banner text-center m-img\">\n                        <h3 class=\"tp-product-details-desc-banner-title tp-product-details-desc-title\">Exquisite Craftsmanship</h3>\n                        <img src=\"/storage/jewelry/products/product-3.png\" alt=\"Jewelry Workshop\">\n                    </div>\n                </div>\n            </div>\n        </div>\n    </div>\n</div>\n','published','[\"main\\/products\\/product-2.jpg\",\"main\\/products\\/product-1.jpg\",\"main\\/products\\/product-20.jpg\",\"main\\/products\\/product-9.jpg\",\"main\\/products\\/product-15.jpg\",\"main\\/products\\/product-details-desc-3.jpg\"]','[[{\"key\":\"file\",\"value\":null},{\"key\":\"url\",\"value\":\"https:\\/\\/www.youtube.com\\/watch?v=6JYIGclVQdw\"},{\"key\":\"thumbnail\",\"value\":\"main\\/video\\/2.jpg\"}]]','0M-170',0,11,0,1,0,3,0,0,2148,1411,NULL,NULL,17.00,10.00,14.00,500.00,NULL,52395,'2024-10-31 20:47:52','2024-10-31 20:47:53','in_stock',5,0,'Botble\\ACL\\Models\\User',0,NULL,'digital',NULL,NULL,0,0,0,0,1),(9,'High-Waisted Wide Leg Trousers','Stay cozy and chic in this knit turtleneck sweater, featuring a ribbed texture and a timeless design. Perfect for chilly days and nights.','<div class=\"row justify-content-center\">\n    <div class=\"col-xl-10\">\n        <div class=\"tp-product-details-desc-item pb-105\">\n            <div class=\"row\">\n                <div class=\"col-lg-6\">\n                    <div class=\"pt-25\">\n                        <span>Diamond Tennis Bracelet</span>\n                        <h3 class=\"tp-product-details-desc-title\">Timeless Elegance</h3>\n                        <p>\n                            Elevate your style with our exquisite diamond tennis bracelet. Crafted with precision and attention to detail, each sparkling diamond is expertly set in lustrous white gold, creating a piece of jewelry that exudes sophistication and luxury. Whether worn alone or layered with other bracelets, this timeless accessory adds a touch of glamour to any ensemble.\n                        </p>\n                    </div>\n                    <div>\n                        <h3 class=\"tp-product-details-desc-title\">Exceptional Quality</h3>\n                        <p>\n                            Our diamond tennis bracelet is crafted from the finest materials to ensure lasting beauty and brilliance. Each diamond is carefully selected for its clarity, cut, and color, resulting in a piece of jewelry that\'s truly exceptional. Indulge in luxury and elegance with this stunning bracelet that\'s sure to become a cherished heirloom.\n                        </p>\n                    </div>\n                </div>\n                <div class=\"col-lg-6\">\n                    <div class=\"tp-product-details-desc-thumb\">\n                        <img src=\"/storage/jewelry/products/product-1.png\" alt=\"Diamond Tennis Bracelet\">\n                    </div>\n                </div>\n            </div>\n        </div>\n        <div class=\"tp-product-details-desc-item pb-75\">\n            <div class=\"row\">\n                <div class=\"col-lg-7\">\n                    <div class=\"tp-product-details-desc-thumb\">\n                        <img src=\"/storage/jewelry/products/product-2.png\" alt=\"Close-up of Diamond Tennis Bracelet\">\n                    </div>\n                </div>\n\n                <div class=\"col-lg-5 order-first order-lg-last\">\n                    <div class=\"des-content-2 pl-40\">\n                        <h3 class=\"tp-product-details-desc-title\">\n                            Versatile Style\n                        </h3>\n                        <p>\n                            Effortlessly transition from day to night with our versatile diamond tennis bracelet. Whether paired with a casual outfit or a formal gown, it adds a touch of glamour and sophistication to any look. Treat yourself or someone special to this timeless piece that\'s destined to be cherished for years to come.\n                        </p>\n                    </div>\n                </div>\n            </div>\n        </div>\n        <div class=\"tp-product-details-desc-item\">\n            <div class=\"row\">\n                <div class=\"col-xl-12\">\n                    <div class=\"tp-product-details-desc-banner text-center m-img\">\n                        <h3 class=\"tp-product-details-desc-banner-title tp-product-details-desc-title\">Exquisite Craftsmanship</h3>\n                        <img src=\"/storage/jewelry/products/product-3.png\" alt=\"Jewelry Workshop\">\n                    </div>\n                </div>\n            </div>\n        </div>\n    </div>\n</div>\n','published','[\"main\\/products\\/product-15.jpg\",\"main\\/products\\/product-2.jpg\",\"main\\/products\\/product-18.jpg\",\"main\\/products\\/product-4.jpg\",\"main\\/products\\/product-3.jpg\",\"main\\/products\\/product-12.jpg\"]','[]','ZF-143',0,16,0,1,1,1,0,0,1508,154,NULL,NULL,11.00,12.00,13.00,578.00,NULL,191288,'2024-10-31 20:47:52','2024-10-31 20:47:53','in_stock',8,0,'Botble\\ACL\\Models\\User',0,NULL,'physical',NULL,NULL,0,0,0,0,2),(10,'Embroidered Boho Blouse','Embrace bohemian vibes with this embroidered boho blouse, featuring intricate stitching and a relaxed fit. Perfect for a casual day with a touch of style.','<div class=\"row justify-content-center\">\n    <div class=\"col-xl-10\">\n        <div class=\"tp-product-details-desc-item pb-105\">\n            <div class=\"row\">\n                <div class=\"col-lg-6\">\n                    <div class=\"pt-25\">\n                        <span>Diamond Tennis Bracelet</span>\n                        <h3 class=\"tp-product-details-desc-title\">Timeless Elegance</h3>\n                        <p>\n                            Elevate your style with our exquisite diamond tennis bracelet. Crafted with precision and attention to detail, each sparkling diamond is expertly set in lustrous white gold, creating a piece of jewelry that exudes sophistication and luxury. Whether worn alone or layered with other bracelets, this timeless accessory adds a touch of glamour to any ensemble.\n                        </p>\n                    </div>\n                    <div>\n                        <h3 class=\"tp-product-details-desc-title\">Exceptional Quality</h3>\n                        <p>\n                            Our diamond tennis bracelet is crafted from the finest materials to ensure lasting beauty and brilliance. Each diamond is carefully selected for its clarity, cut, and color, resulting in a piece of jewelry that\'s truly exceptional. Indulge in luxury and elegance with this stunning bracelet that\'s sure to become a cherished heirloom.\n                        </p>\n                    </div>\n                </div>\n                <div class=\"col-lg-6\">\n                    <div class=\"tp-product-details-desc-thumb\">\n                        <img src=\"/storage/jewelry/products/product-1.png\" alt=\"Diamond Tennis Bracelet\">\n                    </div>\n                </div>\n            </div>\n        </div>\n        <div class=\"tp-product-details-desc-item pb-75\">\n            <div class=\"row\">\n                <div class=\"col-lg-7\">\n                    <div class=\"tp-product-details-desc-thumb\">\n                        <img src=\"/storage/jewelry/products/product-2.png\" alt=\"Close-up of Diamond Tennis Bracelet\">\n                    </div>\n                </div>\n\n                <div class=\"col-lg-5 order-first order-lg-last\">\n                    <div class=\"des-content-2 pl-40\">\n                        <h3 class=\"tp-product-details-desc-title\">\n                            Versatile Style\n                        </h3>\n                        <p>\n                            Effortlessly transition from day to night with our versatile diamond tennis bracelet. Whether paired with a casual outfit or a formal gown, it adds a touch of glamour and sophistication to any look. Treat yourself or someone special to this timeless piece that\'s destined to be cherished for years to come.\n                        </p>\n                    </div>\n                </div>\n            </div>\n        </div>\n        <div class=\"tp-product-details-desc-item\">\n            <div class=\"row\">\n                <div class=\"col-xl-12\">\n                    <div class=\"tp-product-details-desc-banner text-center m-img\">\n                        <h3 class=\"tp-product-details-desc-banner-title tp-product-details-desc-title\">Exquisite Craftsmanship</h3>\n                        <img src=\"/storage/jewelry/products/product-3.png\" alt=\"Jewelry Workshop\">\n                    </div>\n                </div>\n            </div>\n        </div>\n    </div>\n</div>\n','published','[\"main\\/products\\/product-16.jpg\",\"main\\/products\\/product-4.jpg\",\"main\\/products\\/product-15.jpg\",\"main\\/products\\/product-8.jpg\",\"main\\/products\\/product-12.jpg\",\"main\\/products\\/product-1.jpg\",\"main\\/products\\/product-details-desc-1.jpg\"]','[]','Y4-135-A1',0,14,0,1,1,4,0,0,1804,NULL,NULL,NULL,12.00,15.00,18.00,645.00,NULL,171166,'2024-10-31 20:47:52','2024-10-31 20:47:53','in_stock',8,0,'Botble\\ACL\\Models\\User',0,NULL,'physical',NULL,NULL,0,0,0,0,2),(11,'Statement Chunky Necklace','Add a pop of color to your outfit with this silk scarf adorned with a geometric print. Wrap it around your neck or tie it to your handbag for a stylish touch.','<div class=\"row justify-content-center\">\n    <div class=\"col-xl-10\">\n        <div class=\"tp-product-details-desc-item pb-105\">\n            <div class=\"row\">\n                <div class=\"col-lg-6\">\n                    <div class=\"pt-25\">\n                        <span>Diamond Tennis Bracelet</span>\n                        <h3 class=\"tp-product-details-desc-title\">Timeless Elegance</h3>\n                        <p>\n                            Elevate your style with our exquisite diamond tennis bracelet. Crafted with precision and attention to detail, each sparkling diamond is expertly set in lustrous white gold, creating a piece of jewelry that exudes sophistication and luxury. Whether worn alone or layered with other bracelets, this timeless accessory adds a touch of glamour to any ensemble.\n                        </p>\n                    </div>\n                    <div>\n                        <h3 class=\"tp-product-details-desc-title\">Exceptional Quality</h3>\n                        <p>\n                            Our diamond tennis bracelet is crafted from the finest materials to ensure lasting beauty and brilliance. Each diamond is carefully selected for its clarity, cut, and color, resulting in a piece of jewelry that\'s truly exceptional. Indulge in luxury and elegance with this stunning bracelet that\'s sure to become a cherished heirloom.\n                        </p>\n                    </div>\n                </div>\n                <div class=\"col-lg-6\">\n                    <div class=\"tp-product-details-desc-thumb\">\n                        <img src=\"/storage/jewelry/products/product-1.png\" alt=\"Diamond Tennis Bracelet\">\n                    </div>\n                </div>\n            </div>\n        </div>\n        <div class=\"tp-product-details-desc-item pb-75\">\n            <div class=\"row\">\n                <div class=\"col-lg-7\">\n                    <div class=\"tp-product-details-desc-thumb\">\n                        <img src=\"/storage/jewelry/products/product-2.png\" alt=\"Close-up of Diamond Tennis Bracelet\">\n                    </div>\n                </div>\n\n                <div class=\"col-lg-5 order-first order-lg-last\">\n                    <div class=\"des-content-2 pl-40\">\n                        <h3 class=\"tp-product-details-desc-title\">\n                            Versatile Style\n                        </h3>\n                        <p>\n                            Effortlessly transition from day to night with our versatile diamond tennis bracelet. Whether paired with a casual outfit or a formal gown, it adds a touch of glamour and sophistication to any look. Treat yourself or someone special to this timeless piece that\'s destined to be cherished for years to come.\n                        </p>\n                    </div>\n                </div>\n            </div>\n        </div>\n        <div class=\"tp-product-details-desc-item\">\n            <div class=\"row\">\n                <div class=\"col-xl-12\">\n                    <div class=\"tp-product-details-desc-banner text-center m-img\">\n                        <h3 class=\"tp-product-details-desc-banner-title tp-product-details-desc-title\">Exquisite Craftsmanship</h3>\n                        <img src=\"/storage/jewelry/products/product-3.png\" alt=\"Jewelry Workshop\">\n                    </div>\n                </div>\n            </div>\n        </div>\n    </div>\n</div>\n','published','[\"main\\/products\\/product-14.jpg\",\"main\\/products\\/product-6.jpg\",\"main\\/products\\/product-17.jpg\",\"main\\/products\\/product-20.jpg\"]','[[{\"key\":\"file\",\"value\":null},{\"key\":\"url\",\"value\":\"https:\\/\\/www.youtube.com\\/watch?v=6JYIGclVQdw\"},{\"key\":\"thumbnail\",\"value\":\"main\\/video\\/2.jpg\"}]]','XB-134',0,13,0,1,1,1,0,0,758,275,NULL,NULL,18.00,14.00,20.00,825.00,NULL,39944,'2024-10-31 20:47:52','2024-10-31 20:47:53','in_stock',8,0,'Botble\\ACL\\Models\\User',0,NULL,'physical',NULL,NULL,0,0,0,0,2),(12,'Chic Fedora Hat (Digital)','Stay on trend with these high-waisted wide-leg trousers, combining comfort and sophistication. Pair them with heels for a refined look.','<div class=\"row justify-content-center\">\n    <div class=\"col-xl-10\">\n        <div class=\"tp-product-details-desc-item pb-105\">\n            <div class=\"row\">\n                <div class=\"col-lg-6\">\n                    <div class=\"pt-25\">\n                        <span>Diamond Tennis Bracelet</span>\n                        <h3 class=\"tp-product-details-desc-title\">Timeless Elegance</h3>\n                        <p>\n                            Elevate your style with our exquisite diamond tennis bracelet. Crafted with precision and attention to detail, each sparkling diamond is expertly set in lustrous white gold, creating a piece of jewelry that exudes sophistication and luxury. Whether worn alone or layered with other bracelets, this timeless accessory adds a touch of glamour to any ensemble.\n                        </p>\n                    </div>\n                    <div>\n                        <h3 class=\"tp-product-details-desc-title\">Exceptional Quality</h3>\n                        <p>\n                            Our diamond tennis bracelet is crafted from the finest materials to ensure lasting beauty and brilliance. Each diamond is carefully selected for its clarity, cut, and color, resulting in a piece of jewelry that\'s truly exceptional. Indulge in luxury and elegance with this stunning bracelet that\'s sure to become a cherished heirloom.\n                        </p>\n                    </div>\n                </div>\n                <div class=\"col-lg-6\">\n                    <div class=\"tp-product-details-desc-thumb\">\n                        <img src=\"/storage/jewelry/products/product-1.png\" alt=\"Diamond Tennis Bracelet\">\n                    </div>\n                </div>\n            </div>\n        </div>\n        <div class=\"tp-product-details-desc-item pb-75\">\n            <div class=\"row\">\n                <div class=\"col-lg-7\">\n                    <div class=\"tp-product-details-desc-thumb\">\n                        <img src=\"/storage/jewelry/products/product-2.png\" alt=\"Close-up of Diamond Tennis Bracelet\">\n                    </div>\n                </div>\n\n                <div class=\"col-lg-5 order-first order-lg-last\">\n                    <div class=\"des-content-2 pl-40\">\n                        <h3 class=\"tp-product-details-desc-title\">\n                            Versatile Style\n                        </h3>\n                        <p>\n                            Effortlessly transition from day to night with our versatile diamond tennis bracelet. Whether paired with a casual outfit or a formal gown, it adds a touch of glamour and sophistication to any look. Treat yourself or someone special to this timeless piece that\'s destined to be cherished for years to come.\n                        </p>\n                    </div>\n                </div>\n            </div>\n        </div>\n        <div class=\"tp-product-details-desc-item\">\n            <div class=\"row\">\n                <div class=\"col-xl-12\">\n                    <div class=\"tp-product-details-desc-banner text-center m-img\">\n                        <h3 class=\"tp-product-details-desc-banner-title tp-product-details-desc-title\">Exquisite Craftsmanship</h3>\n                        <img src=\"/storage/jewelry/products/product-3.png\" alt=\"Jewelry Workshop\">\n                    </div>\n                </div>\n            </div>\n        </div>\n    </div>\n</div>\n','published','[\"main\\/products\\/product-details-desc-2.jpg\",\"main\\/products\\/product-1.jpg\",\"main\\/products\\/product-details-desc-3.jpg\",\"main\\/products\\/product-details-desc-1.jpg\"]','[]','60-191',0,13,0,1,1,5,0,0,1325,1261,NULL,NULL,20.00,13.00,17.00,830.00,NULL,97087,'2024-10-31 20:47:52','2024-10-31 20:47:53','in_stock',1,0,'Botble\\ACL\\Models\\User',0,NULL,'digital',NULL,NULL,0,0,0,0,2),(13,'Strappy Block Heel Sandals','Stay cozy and chic in this knit turtleneck sweater, featuring a ribbed texture and a timeless design. Perfect for chilly days and nights.','<div class=\"row justify-content-center\">\n    <div class=\"col-xl-10\">\n        <div class=\"tp-product-details-desc-item pb-105\">\n            <div class=\"row\">\n                <div class=\"col-lg-6\">\n                    <div class=\"pt-25\">\n                        <span>Diamond Tennis Bracelet</span>\n                        <h3 class=\"tp-product-details-desc-title\">Timeless Elegance</h3>\n                        <p>\n                            Elevate your style with our exquisite diamond tennis bracelet. Crafted with precision and attention to detail, each sparkling diamond is expertly set in lustrous white gold, creating a piece of jewelry that exudes sophistication and luxury. Whether worn alone or layered with other bracelets, this timeless accessory adds a touch of glamour to any ensemble.\n                        </p>\n                    </div>\n                    <div>\n                        <h3 class=\"tp-product-details-desc-title\">Exceptional Quality</h3>\n                        <p>\n                            Our diamond tennis bracelet is crafted from the finest materials to ensure lasting beauty and brilliance. Each diamond is carefully selected for its clarity, cut, and color, resulting in a piece of jewelry that\'s truly exceptional. Indulge in luxury and elegance with this stunning bracelet that\'s sure to become a cherished heirloom.\n                        </p>\n                    </div>\n                </div>\n                <div class=\"col-lg-6\">\n                    <div class=\"tp-product-details-desc-thumb\">\n                        <img src=\"/storage/jewelry/products/product-1.png\" alt=\"Diamond Tennis Bracelet\">\n                    </div>\n                </div>\n            </div>\n        </div>\n        <div class=\"tp-product-details-desc-item pb-75\">\n            <div class=\"row\">\n                <div class=\"col-lg-7\">\n                    <div class=\"tp-product-details-desc-thumb\">\n                        <img src=\"/storage/jewelry/products/product-2.png\" alt=\"Close-up of Diamond Tennis Bracelet\">\n                    </div>\n                </div>\n\n                <div class=\"col-lg-5 order-first order-lg-last\">\n                    <div class=\"des-content-2 pl-40\">\n                        <h3 class=\"tp-product-details-desc-title\">\n                            Versatile Style\n                        </h3>\n                        <p>\n                            Effortlessly transition from day to night with our versatile diamond tennis bracelet. Whether paired with a casual outfit or a formal gown, it adds a touch of glamour and sophistication to any look. Treat yourself or someone special to this timeless piece that\'s destined to be cherished for years to come.\n                        </p>\n                    </div>\n                </div>\n            </div>\n        </div>\n        <div class=\"tp-product-details-desc-item\">\n            <div class=\"row\">\n                <div class=\"col-xl-12\">\n                    <div class=\"tp-product-details-desc-banner text-center m-img\">\n                        <h3 class=\"tp-product-details-desc-banner-title tp-product-details-desc-title\">Exquisite Craftsmanship</h3>\n                        <img src=\"/storage/jewelry/products/product-3.png\" alt=\"Jewelry Workshop\">\n                    </div>\n                </div>\n            </div>\n        </div>\n    </div>\n</div>\n','published','[\"main\\/products\\/product-14.jpg\",\"main\\/products\\/product-details-desc-2.jpg\",\"main\\/products\\/product-17.jpg\",\"main\\/products\\/product-8.jpg\"]','[]','XS-154-A1',0,18,0,1,0,1,0,0,1134,NULL,NULL,NULL,11.00,18.00,10.00,731.00,NULL,88720,'2024-10-31 20:47:52','2024-10-31 20:47:53','in_stock',6,0,'Botble\\ACL\\Models\\User',0,NULL,'physical',NULL,NULL,0,0,0,0,1),(14,'Velvet Evening Gown','Stay cozy and chic in this knit turtleneck sweater, featuring a ribbed texture and a timeless design. Perfect for chilly days and nights.','<div class=\"row justify-content-center\">\n    <div class=\"col-xl-10\">\n        <div class=\"tp-product-details-desc-item pb-105\">\n            <div class=\"row\">\n                <div class=\"col-lg-6\">\n                    <div class=\"pt-25\">\n                        <span>Diamond Tennis Bracelet</span>\n                        <h3 class=\"tp-product-details-desc-title\">Timeless Elegance</h3>\n                        <p>\n                            Elevate your style with our exquisite diamond tennis bracelet. Crafted with precision and attention to detail, each sparkling diamond is expertly set in lustrous white gold, creating a piece of jewelry that exudes sophistication and luxury. Whether worn alone or layered with other bracelets, this timeless accessory adds a touch of glamour to any ensemble.\n                        </p>\n                    </div>\n                    <div>\n                        <h3 class=\"tp-product-details-desc-title\">Exceptional Quality</h3>\n                        <p>\n                            Our diamond tennis bracelet is crafted from the finest materials to ensure lasting beauty and brilliance. Each diamond is carefully selected for its clarity, cut, and color, resulting in a piece of jewelry that\'s truly exceptional. Indulge in luxury and elegance with this stunning bracelet that\'s sure to become a cherished heirloom.\n                        </p>\n                    </div>\n                </div>\n                <div class=\"col-lg-6\">\n                    <div class=\"tp-product-details-desc-thumb\">\n                        <img src=\"/storage/jewelry/products/product-1.png\" alt=\"Diamond Tennis Bracelet\">\n                    </div>\n                </div>\n            </div>\n        </div>\n        <div class=\"tp-product-details-desc-item pb-75\">\n            <div class=\"row\">\n                <div class=\"col-lg-7\">\n                    <div class=\"tp-product-details-desc-thumb\">\n                        <img src=\"/storage/jewelry/products/product-2.png\" alt=\"Close-up of Diamond Tennis Bracelet\">\n                    </div>\n                </div>\n\n                <div class=\"col-lg-5 order-first order-lg-last\">\n                    <div class=\"des-content-2 pl-40\">\n                        <h3 class=\"tp-product-details-desc-title\">\n                            Versatile Style\n                        </h3>\n                        <p>\n                            Effortlessly transition from day to night with our versatile diamond tennis bracelet. Whether paired with a casual outfit or a formal gown, it adds a touch of glamour and sophistication to any look. Treat yourself or someone special to this timeless piece that\'s destined to be cherished for years to come.\n                        </p>\n                    </div>\n                </div>\n            </div>\n        </div>\n        <div class=\"tp-product-details-desc-item\">\n            <div class=\"row\">\n                <div class=\"col-xl-12\">\n                    <div class=\"tp-product-details-desc-banner text-center m-img\">\n                        <h3 class=\"tp-product-details-desc-banner-title tp-product-details-desc-title\">Exquisite Craftsmanship</h3>\n                        <img src=\"/storage/jewelry/products/product-3.png\" alt=\"Jewelry Workshop\">\n                    </div>\n                </div>\n            </div>\n        </div>\n    </div>\n</div>\n','published','[\"main\\/products\\/product-11.jpg\",\"main\\/products\\/product-18.jpg\",\"main\\/products\\/product-16.jpg\",\"main\\/products\\/product-details-desc-3.jpg\",\"main\\/products\\/product-1.jpg\"]','[[{\"key\":\"file\",\"value\":\"main\\/video\\/video-2.mp4\"},{\"key\":\"url\",\"value\":null},{\"key\":\"thumbnail\",\"value\":\"main\\/video\\/2.jpg\"}]]','SF-155-A1',0,17,0,1,1,3,0,0,1785,NULL,NULL,NULL,11.00,13.00,10.00,731.00,NULL,123137,'2024-10-31 20:47:52','2024-10-31 20:47:53','in_stock',8,0,'Botble\\ACL\\Models\\User',0,NULL,'physical',NULL,NULL,0,0,0,0,1),(15,'Quilted Crossbody Bag','Stay cozy and chic in this knit turtleneck sweater, featuring a ribbed texture and a timeless design. Perfect for chilly days and nights.','<div class=\"row justify-content-center\">\n    <div class=\"col-xl-10\">\n        <div class=\"tp-product-details-desc-item pb-105\">\n            <div class=\"row\">\n                <div class=\"col-lg-6\">\n                    <div class=\"pt-25\">\n                        <span>Diamond Tennis Bracelet</span>\n                        <h3 class=\"tp-product-details-desc-title\">Timeless Elegance</h3>\n                        <p>\n                            Elevate your style with our exquisite diamond tennis bracelet. Crafted with precision and attention to detail, each sparkling diamond is expertly set in lustrous white gold, creating a piece of jewelry that exudes sophistication and luxury. Whether worn alone or layered with other bracelets, this timeless accessory adds a touch of glamour to any ensemble.\n                        </p>\n                    </div>\n                    <div>\n                        <h3 class=\"tp-product-details-desc-title\">Exceptional Quality</h3>\n                        <p>\n                            Our diamond tennis bracelet is crafted from the finest materials to ensure lasting beauty and brilliance. Each diamond is carefully selected for its clarity, cut, and color, resulting in a piece of jewelry that\'s truly exceptional. Indulge in luxury and elegance with this stunning bracelet that\'s sure to become a cherished heirloom.\n                        </p>\n                    </div>\n                </div>\n                <div class=\"col-lg-6\">\n                    <div class=\"tp-product-details-desc-thumb\">\n                        <img src=\"/storage/jewelry/products/product-1.png\" alt=\"Diamond Tennis Bracelet\">\n                    </div>\n                </div>\n            </div>\n        </div>\n        <div class=\"tp-product-details-desc-item pb-75\">\n            <div class=\"row\">\n                <div class=\"col-lg-7\">\n                    <div class=\"tp-product-details-desc-thumb\">\n                        <img src=\"/storage/jewelry/products/product-2.png\" alt=\"Close-up of Diamond Tennis Bracelet\">\n                    </div>\n                </div>\n\n                <div class=\"col-lg-5 order-first order-lg-last\">\n                    <div class=\"des-content-2 pl-40\">\n                        <h3 class=\"tp-product-details-desc-title\">\n                            Versatile Style\n                        </h3>\n                        <p>\n                            Effortlessly transition from day to night with our versatile diamond tennis bracelet. Whether paired with a casual outfit or a formal gown, it adds a touch of glamour and sophistication to any look. Treat yourself or someone special to this timeless piece that\'s destined to be cherished for years to come.\n                        </p>\n                    </div>\n                </div>\n            </div>\n        </div>\n        <div class=\"tp-product-details-desc-item\">\n            <div class=\"row\">\n                <div class=\"col-xl-12\">\n                    <div class=\"tp-product-details-desc-banner text-center m-img\">\n                        <h3 class=\"tp-product-details-desc-banner-title tp-product-details-desc-title\">Exquisite Craftsmanship</h3>\n                        <img src=\"/storage/jewelry/products/product-3.png\" alt=\"Jewelry Workshop\">\n                    </div>\n                </div>\n            </div>\n        </div>\n    </div>\n</div>\n','published','[\"main\\/products\\/product-15.jpg\",\"main\\/products\\/product-4.jpg\",\"main\\/products\\/product-5.jpg\",\"main\\/products\\/product-details-desc-3.jpg\",\"main\\/products\\/product-11.jpg\",\"main\\/products\\/product-3.jpg\"]','[[{\"key\":\"file\",\"value\":null},{\"key\":\"url\",\"value\":\"https:\\/\\/www.youtube.com\\/watch?v=6JYIGclVQdw\"},{\"key\":\"thumbnail\",\"value\":\"main\\/video\\/1.jpg\"}]]','73-123-A1',0,17,0,1,1,1,0,0,334,NULL,NULL,NULL,15.00,18.00,10.00,781.00,NULL,140292,'2024-10-31 20:47:52','2024-10-31 20:47:53','in_stock',5,0,'Botble\\ACL\\Models\\User',0,NULL,'physical',NULL,NULL,0,0,0,0,2),(16,'Distressed Skinny Jeans (Digital)','Achieve a polished look with this tailored wool blazer, designed for a flattering fit and versatile enough for both work and casual outings.','<div class=\"row justify-content-center\">\n    <div class=\"col-xl-10\">\n        <div class=\"tp-product-details-desc-item pb-105\">\n            <div class=\"row\">\n                <div class=\"col-lg-6\">\n                    <div class=\"pt-25\">\n                        <span>Diamond Tennis Bracelet</span>\n                        <h3 class=\"tp-product-details-desc-title\">Timeless Elegance</h3>\n                        <p>\n                            Elevate your style with our exquisite diamond tennis bracelet. Crafted with precision and attention to detail, each sparkling diamond is expertly set in lustrous white gold, creating a piece of jewelry that exudes sophistication and luxury. Whether worn alone or layered with other bracelets, this timeless accessory adds a touch of glamour to any ensemble.\n                        </p>\n                    </div>\n                    <div>\n                        <h3 class=\"tp-product-details-desc-title\">Exceptional Quality</h3>\n                        <p>\n                            Our diamond tennis bracelet is crafted from the finest materials to ensure lasting beauty and brilliance. Each diamond is carefully selected for its clarity, cut, and color, resulting in a piece of jewelry that\'s truly exceptional. Indulge in luxury and elegance with this stunning bracelet that\'s sure to become a cherished heirloom.\n                        </p>\n                    </div>\n                </div>\n                <div class=\"col-lg-6\">\n                    <div class=\"tp-product-details-desc-thumb\">\n                        <img src=\"/storage/jewelry/products/product-1.png\" alt=\"Diamond Tennis Bracelet\">\n                    </div>\n                </div>\n            </div>\n        </div>\n        <div class=\"tp-product-details-desc-item pb-75\">\n            <div class=\"row\">\n                <div class=\"col-lg-7\">\n                    <div class=\"tp-product-details-desc-thumb\">\n                        <img src=\"/storage/jewelry/products/product-2.png\" alt=\"Close-up of Diamond Tennis Bracelet\">\n                    </div>\n                </div>\n\n                <div class=\"col-lg-5 order-first order-lg-last\">\n                    <div class=\"des-content-2 pl-40\">\n                        <h3 class=\"tp-product-details-desc-title\">\n                            Versatile Style\n                        </h3>\n                        <p>\n                            Effortlessly transition from day to night with our versatile diamond tennis bracelet. Whether paired with a casual outfit or a formal gown, it adds a touch of glamour and sophistication to any look. Treat yourself or someone special to this timeless piece that\'s destined to be cherished for years to come.\n                        </p>\n                    </div>\n                </div>\n            </div>\n        </div>\n        <div class=\"tp-product-details-desc-item\">\n            <div class=\"row\">\n                <div class=\"col-xl-12\">\n                    <div class=\"tp-product-details-desc-banner text-center m-img\">\n                        <h3 class=\"tp-product-details-desc-banner-title tp-product-details-desc-title\">Exquisite Craftsmanship</h3>\n                        <img src=\"/storage/jewelry/products/product-3.png\" alt=\"Jewelry Workshop\">\n                    </div>\n                </div>\n            </div>\n        </div>\n    </div>\n</div>\n','published','[\"main\\/products\\/product-20.jpg\",\"main\\/products\\/product-8.jpg\",\"main\\/products\\/product-1.jpg\",\"main\\/products\\/product-18.jpg\",\"main\\/products\\/product-2.jpg\",\"main\\/products\\/product-15.jpg\",\"main\\/products\\/product-12.jpg\"]','[]','N3-196',0,10,0,1,1,4,0,0,1250,312,NULL,NULL,20.00,11.00,19.00,546.00,NULL,84795,'2024-10-31 20:47:52','2024-10-31 20:47:53','in_stock',4,0,'Botble\\ACL\\Models\\User',0,NULL,'digital',NULL,NULL,0,0,0,0,2),(17,'Lace-Up Combat Boots','Make a statement in this floral maxi dress, perfect for summer events or a casual day out. The flowy silhouette and vibrant print will turn heads wherever you go.','<div class=\"row justify-content-center\">\n    <div class=\"col-xl-10\">\n        <div class=\"tp-product-details-desc-item pb-105\">\n            <div class=\"row\">\n                <div class=\"col-lg-6\">\n                    <div class=\"pt-25\">\n                        <span>Diamond Tennis Bracelet</span>\n                        <h3 class=\"tp-product-details-desc-title\">Timeless Elegance</h3>\n                        <p>\n                            Elevate your style with our exquisite diamond tennis bracelet. Crafted with precision and attention to detail, each sparkling diamond is expertly set in lustrous white gold, creating a piece of jewelry that exudes sophistication and luxury. Whether worn alone or layered with other bracelets, this timeless accessory adds a touch of glamour to any ensemble.\n                        </p>\n                    </div>\n                    <div>\n                        <h3 class=\"tp-product-details-desc-title\">Exceptional Quality</h3>\n                        <p>\n                            Our diamond tennis bracelet is crafted from the finest materials to ensure lasting beauty and brilliance. Each diamond is carefully selected for its clarity, cut, and color, resulting in a piece of jewelry that\'s truly exceptional. Indulge in luxury and elegance with this stunning bracelet that\'s sure to become a cherished heirloom.\n                        </p>\n                    </div>\n                </div>\n                <div class=\"col-lg-6\">\n                    <div class=\"tp-product-details-desc-thumb\">\n                        <img src=\"/storage/jewelry/products/product-1.png\" alt=\"Diamond Tennis Bracelet\">\n                    </div>\n                </div>\n            </div>\n        </div>\n        <div class=\"tp-product-details-desc-item pb-75\">\n            <div class=\"row\">\n                <div class=\"col-lg-7\">\n                    <div class=\"tp-product-details-desc-thumb\">\n                        <img src=\"/storage/jewelry/products/product-2.png\" alt=\"Close-up of Diamond Tennis Bracelet\">\n                    </div>\n                </div>\n\n                <div class=\"col-lg-5 order-first order-lg-last\">\n                    <div class=\"des-content-2 pl-40\">\n                        <h3 class=\"tp-product-details-desc-title\">\n                            Versatile Style\n                        </h3>\n                        <p>\n                            Effortlessly transition from day to night with our versatile diamond tennis bracelet. Whether paired with a casual outfit or a formal gown, it adds a touch of glamour and sophistication to any look. Treat yourself or someone special to this timeless piece that\'s destined to be cherished for years to come.\n                        </p>\n                    </div>\n                </div>\n            </div>\n        </div>\n        <div class=\"tp-product-details-desc-item\">\n            <div class=\"row\">\n                <div class=\"col-xl-12\">\n                    <div class=\"tp-product-details-desc-banner text-center m-img\">\n                        <h3 class=\"tp-product-details-desc-banner-title tp-product-details-desc-title\">Exquisite Craftsmanship</h3>\n                        <img src=\"/storage/jewelry/products/product-3.png\" alt=\"Jewelry Workshop\">\n                    </div>\n                </div>\n            </div>\n        </div>\n    </div>\n</div>\n','published','[\"main\\/products\\/product-details-desc-3.jpg\",\"main\\/products\\/product-2.jpg\",\"main\\/products\\/product-1.jpg\"]','[]','FV-180',0,10,0,1,1,4,0,0,909,742,NULL,NULL,17.00,20.00,14.00,815.00,NULL,59857,'2024-10-31 20:47:52','2024-10-31 20:47:53','in_stock',1,0,'Botble\\ACL\\Models\\User',0,NULL,'physical',NULL,NULL,0,0,0,0,1),(18,'Cotton Striped T-Shirt Dress','Embrace bohemian vibes with this embroidered boho blouse, featuring intricate stitching and a relaxed fit. Perfect for a casual day with a touch of style.','<div class=\"row justify-content-center\">\n    <div class=\"col-xl-10\">\n        <div class=\"tp-product-details-desc-item pb-105\">\n            <div class=\"row\">\n                <div class=\"col-lg-6\">\n                    <div class=\"pt-25\">\n                        <span>Diamond Tennis Bracelet</span>\n                        <h3 class=\"tp-product-details-desc-title\">Timeless Elegance</h3>\n                        <p>\n                            Elevate your style with our exquisite diamond tennis bracelet. Crafted with precision and attention to detail, each sparkling diamond is expertly set in lustrous white gold, creating a piece of jewelry that exudes sophistication and luxury. Whether worn alone or layered with other bracelets, this timeless accessory adds a touch of glamour to any ensemble.\n                        </p>\n                    </div>\n                    <div>\n                        <h3 class=\"tp-product-details-desc-title\">Exceptional Quality</h3>\n                        <p>\n                            Our diamond tennis bracelet is crafted from the finest materials to ensure lasting beauty and brilliance. Each diamond is carefully selected for its clarity, cut, and color, resulting in a piece of jewelry that\'s truly exceptional. Indulge in luxury and elegance with this stunning bracelet that\'s sure to become a cherished heirloom.\n                        </p>\n                    </div>\n                </div>\n                <div class=\"col-lg-6\">\n                    <div class=\"tp-product-details-desc-thumb\">\n                        <img src=\"/storage/jewelry/products/product-1.png\" alt=\"Diamond Tennis Bracelet\">\n                    </div>\n                </div>\n            </div>\n        </div>\n        <div class=\"tp-product-details-desc-item pb-75\">\n            <div class=\"row\">\n                <div class=\"col-lg-7\">\n                    <div class=\"tp-product-details-desc-thumb\">\n                        <img src=\"/storage/jewelry/products/product-2.png\" alt=\"Close-up of Diamond Tennis Bracelet\">\n                    </div>\n                </div>\n\n                <div class=\"col-lg-5 order-first order-lg-last\">\n                    <div class=\"des-content-2 pl-40\">\n                        <h3 class=\"tp-product-details-desc-title\">\n                            Versatile Style\n                        </h3>\n                        <p>\n                            Effortlessly transition from day to night with our versatile diamond tennis bracelet. Whether paired with a casual outfit or a formal gown, it adds a touch of glamour and sophistication to any look. Treat yourself or someone special to this timeless piece that\'s destined to be cherished for years to come.\n                        </p>\n                    </div>\n                </div>\n            </div>\n        </div>\n        <div class=\"tp-product-details-desc-item\">\n            <div class=\"row\">\n                <div class=\"col-xl-12\">\n                    <div class=\"tp-product-details-desc-banner text-center m-img\">\n                        <h3 class=\"tp-product-details-desc-banner-title tp-product-details-desc-title\">Exquisite Craftsmanship</h3>\n                        <img src=\"/storage/jewelry/products/product-3.png\" alt=\"Jewelry Workshop\">\n                    </div>\n                </div>\n            </div>\n        </div>\n    </div>\n</div>\n','published','[\"main\\/products\\/product-3.jpg\",\"main\\/products\\/product-7.jpg\",\"main\\/products\\/product-18.jpg\",\"main\\/products\\/product-11.jpg\",\"main\\/products\\/product-9.jpg\",\"main\\/products\\/product-17.jpg\",\"main\\/products\\/product-12.jpg\"]','[]','ZV-189-A1',0,11,0,1,1,2,0,0,1169,NULL,NULL,NULL,13.00,10.00,15.00,592.00,NULL,130018,'2024-10-31 20:47:52','2024-10-31 20:47:53','in_stock',5,0,'Botble\\ACL\\Models\\User',0,NULL,'physical',NULL,NULL,0,0,0,0,1),(19,'Printed Palazzo Pants','Stay on trend with these high-waisted wide-leg trousers, combining comfort and sophistication. Pair them with heels for a refined look.','<div class=\"row justify-content-center\">\n    <div class=\"col-xl-10\">\n        <div class=\"tp-product-details-desc-item pb-105\">\n            <div class=\"row\">\n                <div class=\"col-lg-6\">\n                    <div class=\"pt-25\">\n                        <span>Diamond Tennis Bracelet</span>\n                        <h3 class=\"tp-product-details-desc-title\">Timeless Elegance</h3>\n                        <p>\n                            Elevate your style with our exquisite diamond tennis bracelet. Crafted with precision and attention to detail, each sparkling diamond is expertly set in lustrous white gold, creating a piece of jewelry that exudes sophistication and luxury. Whether worn alone or layered with other bracelets, this timeless accessory adds a touch of glamour to any ensemble.\n                        </p>\n                    </div>\n                    <div>\n                        <h3 class=\"tp-product-details-desc-title\">Exceptional Quality</h3>\n                        <p>\n                            Our diamond tennis bracelet is crafted from the finest materials to ensure lasting beauty and brilliance. Each diamond is carefully selected for its clarity, cut, and color, resulting in a piece of jewelry that\'s truly exceptional. Indulge in luxury and elegance with this stunning bracelet that\'s sure to become a cherished heirloom.\n                        </p>\n                    </div>\n                </div>\n                <div class=\"col-lg-6\">\n                    <div class=\"tp-product-details-desc-thumb\">\n                        <img src=\"/storage/jewelry/products/product-1.png\" alt=\"Diamond Tennis Bracelet\">\n                    </div>\n                </div>\n            </div>\n        </div>\n        <div class=\"tp-product-details-desc-item pb-75\">\n            <div class=\"row\">\n                <div class=\"col-lg-7\">\n                    <div class=\"tp-product-details-desc-thumb\">\n                        <img src=\"/storage/jewelry/products/product-2.png\" alt=\"Close-up of Diamond Tennis Bracelet\">\n                    </div>\n                </div>\n\n                <div class=\"col-lg-5 order-first order-lg-last\">\n                    <div class=\"des-content-2 pl-40\">\n                        <h3 class=\"tp-product-details-desc-title\">\n                            Versatile Style\n                        </h3>\n                        <p>\n                            Effortlessly transition from day to night with our versatile diamond tennis bracelet. Whether paired with a casual outfit or a formal gown, it adds a touch of glamour and sophistication to any look. Treat yourself or someone special to this timeless piece that\'s destined to be cherished for years to come.\n                        </p>\n                    </div>\n                </div>\n            </div>\n        </div>\n        <div class=\"tp-product-details-desc-item\">\n            <div class=\"row\">\n                <div class=\"col-xl-12\">\n                    <div class=\"tp-product-details-desc-banner text-center m-img\">\n                        <h3 class=\"tp-product-details-desc-banner-title tp-product-details-desc-title\">Exquisite Craftsmanship</h3>\n                        <img src=\"/storage/jewelry/products/product-3.png\" alt=\"Jewelry Workshop\">\n                    </div>\n                </div>\n            </div>\n        </div>\n    </div>\n</div>\n','published','[\"main\\/products\\/product-details-desc-3.jpg\",\"main\\/products\\/product-7.jpg\",\"main\\/products\\/product-details-desc-2.jpg\",\"main\\/products\\/product-12.jpg\",\"main\\/products\\/product-16.jpg\",\"main\\/products\\/product-17.jpg\",\"main\\/products\\/product-3.jpg\"]','[]','ZZ-116',0,15,0,1,1,1,0,0,1795,623,NULL,NULL,20.00,10.00,15.00,657.00,NULL,84589,'2024-10-31 20:47:52','2024-10-31 20:47:53','in_stock',7,0,'Botble\\ACL\\Models\\User',0,NULL,'physical',NULL,NULL,0,0,0,0,1),(20,'Structured Satchel Bag (Digital)','Stay on trend with these high-waisted wide-leg trousers, combining comfort and sophistication. Pair them with heels for a refined look.','<div class=\"row justify-content-center\">\n    <div class=\"col-xl-10\">\n        <div class=\"tp-product-details-desc-item pb-105\">\n            <div class=\"row\">\n                <div class=\"col-lg-6\">\n                    <div class=\"pt-25\">\n                        <span>Diamond Tennis Bracelet</span>\n                        <h3 class=\"tp-product-details-desc-title\">Timeless Elegance</h3>\n                        <p>\n                            Elevate your style with our exquisite diamond tennis bracelet. Crafted with precision and attention to detail, each sparkling diamond is expertly set in lustrous white gold, creating a piece of jewelry that exudes sophistication and luxury. Whether worn alone or layered with other bracelets, this timeless accessory adds a touch of glamour to any ensemble.\n                        </p>\n                    </div>\n                    <div>\n                        <h3 class=\"tp-product-details-desc-title\">Exceptional Quality</h3>\n                        <p>\n                            Our diamond tennis bracelet is crafted from the finest materials to ensure lasting beauty and brilliance. Each diamond is carefully selected for its clarity, cut, and color, resulting in a piece of jewelry that\'s truly exceptional. Indulge in luxury and elegance with this stunning bracelet that\'s sure to become a cherished heirloom.\n                        </p>\n                    </div>\n                </div>\n                <div class=\"col-lg-6\">\n                    <div class=\"tp-product-details-desc-thumb\">\n                        <img src=\"/storage/jewelry/products/product-1.png\" alt=\"Diamond Tennis Bracelet\">\n                    </div>\n                </div>\n            </div>\n        </div>\n        <div class=\"tp-product-details-desc-item pb-75\">\n            <div class=\"row\">\n                <div class=\"col-lg-7\">\n                    <div class=\"tp-product-details-desc-thumb\">\n                        <img src=\"/storage/jewelry/products/product-2.png\" alt=\"Close-up of Diamond Tennis Bracelet\">\n                    </div>\n                </div>\n\n                <div class=\"col-lg-5 order-first order-lg-last\">\n                    <div class=\"des-content-2 pl-40\">\n                        <h3 class=\"tp-product-details-desc-title\">\n                            Versatile Style\n                        </h3>\n                        <p>\n                            Effortlessly transition from day to night with our versatile diamond tennis bracelet. Whether paired with a casual outfit or a formal gown, it adds a touch of glamour and sophistication to any look. Treat yourself or someone special to this timeless piece that\'s destined to be cherished for years to come.\n                        </p>\n                    </div>\n                </div>\n            </div>\n        </div>\n        <div class=\"tp-product-details-desc-item\">\n            <div class=\"row\">\n                <div class=\"col-xl-12\">\n                    <div class=\"tp-product-details-desc-banner text-center m-img\">\n                        <h3 class=\"tp-product-details-desc-banner-title tp-product-details-desc-title\">Exquisite Craftsmanship</h3>\n                        <img src=\"/storage/jewelry/products/product-3.png\" alt=\"Jewelry Workshop\">\n                    </div>\n                </div>\n            </div>\n        </div>\n    </div>\n</div>\n','published','[\"main\\/products\\/product-9.jpg\",\"main\\/products\\/product-details-desc-3.jpg\",\"main\\/products\\/product-12.jpg\"]','[]','YA-102-A1',0,11,0,1,1,5,0,0,2147,1696.13,NULL,NULL,13.00,12.00,18.00,711.00,NULL,43014,'2024-10-31 20:47:52','2024-10-31 20:47:53','in_stock',8,0,'Botble\\ACL\\Models\\User',0,NULL,'digital',NULL,NULL,0,0,0,0,1),(21,'Off-Shoulder Ruffle Top','Embrace bohemian vibes with this embroidered boho blouse, featuring intricate stitching and a relaxed fit. Perfect for a casual day with a touch of style.','<div class=\"row justify-content-center\">\n    <div class=\"col-xl-10\">\n        <div class=\"tp-product-details-desc-item pb-105\">\n            <div class=\"row\">\n                <div class=\"col-lg-6\">\n                    <div class=\"pt-25\">\n                        <span>Diamond Tennis Bracelet</span>\n                        <h3 class=\"tp-product-details-desc-title\">Timeless Elegance</h3>\n                        <p>\n                            Elevate your style with our exquisite diamond tennis bracelet. Crafted with precision and attention to detail, each sparkling diamond is expertly set in lustrous white gold, creating a piece of jewelry that exudes sophistication and luxury. Whether worn alone or layered with other bracelets, this timeless accessory adds a touch of glamour to any ensemble.\n                        </p>\n                    </div>\n                    <div>\n                        <h3 class=\"tp-product-details-desc-title\">Exceptional Quality</h3>\n                        <p>\n                            Our diamond tennis bracelet is crafted from the finest materials to ensure lasting beauty and brilliance. Each diamond is carefully selected for its clarity, cut, and color, resulting in a piece of jewelry that\'s truly exceptional. Indulge in luxury and elegance with this stunning bracelet that\'s sure to become a cherished heirloom.\n                        </p>\n                    </div>\n                </div>\n                <div class=\"col-lg-6\">\n                    <div class=\"tp-product-details-desc-thumb\">\n                        <img src=\"/storage/jewelry/products/product-1.png\" alt=\"Diamond Tennis Bracelet\">\n                    </div>\n                </div>\n            </div>\n        </div>\n        <div class=\"tp-product-details-desc-item pb-75\">\n            <div class=\"row\">\n                <div class=\"col-lg-7\">\n                    <div class=\"tp-product-details-desc-thumb\">\n                        <img src=\"/storage/jewelry/products/product-2.png\" alt=\"Close-up of Diamond Tennis Bracelet\">\n                    </div>\n                </div>\n\n                <div class=\"col-lg-5 order-first order-lg-last\">\n                    <div class=\"des-content-2 pl-40\">\n                        <h3 class=\"tp-product-details-desc-title\">\n                            Versatile Style\n                        </h3>\n                        <p>\n                            Effortlessly transition from day to night with our versatile diamond tennis bracelet. Whether paired with a casual outfit or a formal gown, it adds a touch of glamour and sophistication to any look. Treat yourself or someone special to this timeless piece that\'s destined to be cherished for years to come.\n                        </p>\n                    </div>\n                </div>\n            </div>\n        </div>\n        <div class=\"tp-product-details-desc-item\">\n            <div class=\"row\">\n                <div class=\"col-xl-12\">\n                    <div class=\"tp-product-details-desc-banner text-center m-img\">\n                        <h3 class=\"tp-product-details-desc-banner-title tp-product-details-desc-title\">Exquisite Craftsmanship</h3>\n                        <img src=\"/storage/jewelry/products/product-3.png\" alt=\"Jewelry Workshop\">\n                    </div>\n                </div>\n            </div>\n        </div>\n    </div>\n</div>\n','published','[\"main\\/products\\/product-13.jpg\",\"main\\/products\\/product-3.jpg\",\"main\\/products\\/product-details-desc-2.jpg\",\"main\\/products\\/product-14.jpg\",\"main\\/products\\/product-19.jpg\",\"main\\/products\\/product-6.jpg\"]','[]','HX-144',0,12,0,1,1,3,0,0,2010,1512,NULL,NULL,18.00,19.00,12.00,674.00,NULL,8647,'2024-10-31 20:47:52','2024-10-31 20:47:53','in_stock',8,0,'Botble\\ACL\\Models\\User',0,NULL,'physical',NULL,NULL,0,0,0,0,2),(22,'Suede Pointed-Toe Pumps','Step out in style with these leather ankle boots, crafted with a sleek design and comfortable block heel. Versatile enough to pair with both dresses and jeans.','<div class=\"row justify-content-center\">\n    <div class=\"col-xl-10\">\n        <div class=\"tp-product-details-desc-item pb-105\">\n            <div class=\"row\">\n                <div class=\"col-lg-6\">\n                    <div class=\"pt-25\">\n                        <span>Diamond Tennis Bracelet</span>\n                        <h3 class=\"tp-product-details-desc-title\">Timeless Elegance</h3>\n                        <p>\n                            Elevate your style with our exquisite diamond tennis bracelet. Crafted with precision and attention to detail, each sparkling diamond is expertly set in lustrous white gold, creating a piece of jewelry that exudes sophistication and luxury. Whether worn alone or layered with other bracelets, this timeless accessory adds a touch of glamour to any ensemble.\n                        </p>\n                    </div>\n                    <div>\n                        <h3 class=\"tp-product-details-desc-title\">Exceptional Quality</h3>\n                        <p>\n                            Our diamond tennis bracelet is crafted from the finest materials to ensure lasting beauty and brilliance. Each diamond is carefully selected for its clarity, cut, and color, resulting in a piece of jewelry that\'s truly exceptional. Indulge in luxury and elegance with this stunning bracelet that\'s sure to become a cherished heirloom.\n                        </p>\n                    </div>\n                </div>\n                <div class=\"col-lg-6\">\n                    <div class=\"tp-product-details-desc-thumb\">\n                        <img src=\"/storage/jewelry/products/product-1.png\" alt=\"Diamond Tennis Bracelet\">\n                    </div>\n                </div>\n            </div>\n        </div>\n        <div class=\"tp-product-details-desc-item pb-75\">\n            <div class=\"row\">\n                <div class=\"col-lg-7\">\n                    <div class=\"tp-product-details-desc-thumb\">\n                        <img src=\"/storage/jewelry/products/product-2.png\" alt=\"Close-up of Diamond Tennis Bracelet\">\n                    </div>\n                </div>\n\n                <div class=\"col-lg-5 order-first order-lg-last\">\n                    <div class=\"des-content-2 pl-40\">\n                        <h3 class=\"tp-product-details-desc-title\">\n                            Versatile Style\n                        </h3>\n                        <p>\n                            Effortlessly transition from day to night with our versatile diamond tennis bracelet. Whether paired with a casual outfit or a formal gown, it adds a touch of glamour and sophistication to any look. Treat yourself or someone special to this timeless piece that\'s destined to be cherished for years to come.\n                        </p>\n                    </div>\n                </div>\n            </div>\n        </div>\n        <div class=\"tp-product-details-desc-item\">\n            <div class=\"row\">\n                <div class=\"col-xl-12\">\n                    <div class=\"tp-product-details-desc-banner text-center m-img\">\n                        <h3 class=\"tp-product-details-desc-banner-title tp-product-details-desc-title\">Exquisite Craftsmanship</h3>\n                        <img src=\"/storage/jewelry/products/product-3.png\" alt=\"Jewelry Workshop\">\n                    </div>\n                </div>\n            </div>\n        </div>\n    </div>\n</div>\n','published','[\"main\\/products\\/product-3.jpg\",\"main\\/products\\/product-2.jpg\",\"main\\/products\\/product-10.jpg\",\"main\\/products\\/product-4.jpg\",\"main\\/products\\/product-15.jpg\"]','[[{\"key\":\"file\",\"value\":null},{\"key\":\"url\",\"value\":\"https:\\/\\/www.youtube.com\\/watch?v=6JYIGclVQdw\"},{\"key\":\"thumbnail\",\"value\":\"main\\/video\\/1.jpg\"}]]','GN-146-A1',0,13,0,1,1,4,0,0,301,NULL,NULL,NULL,10.00,12.00,14.00,876.00,NULL,132376,'2024-10-31 20:47:52','2024-10-31 20:47:53','in_stock',4,0,'Botble\\ACL\\Models\\User',0,NULL,'physical',NULL,NULL,0,0,0,0,2),(23,'Cropped Cable Knit Sweater','Stay on trend with these high-waisted wide-leg trousers, combining comfort and sophistication. Pair them with heels for a refined look.','<div class=\"row justify-content-center\">\n    <div class=\"col-xl-10\">\n        <div class=\"tp-product-details-desc-item pb-105\">\n            <div class=\"row\">\n                <div class=\"col-lg-6\">\n                    <div class=\"pt-25\">\n                        <span>Diamond Tennis Bracelet</span>\n                        <h3 class=\"tp-product-details-desc-title\">Timeless Elegance</h3>\n                        <p>\n                            Elevate your style with our exquisite diamond tennis bracelet. Crafted with precision and attention to detail, each sparkling diamond is expertly set in lustrous white gold, creating a piece of jewelry that exudes sophistication and luxury. Whether worn alone or layered with other bracelets, this timeless accessory adds a touch of glamour to any ensemble.\n                        </p>\n                    </div>\n                    <div>\n                        <h3 class=\"tp-product-details-desc-title\">Exceptional Quality</h3>\n                        <p>\n                            Our diamond tennis bracelet is crafted from the finest materials to ensure lasting beauty and brilliance. Each diamond is carefully selected for its clarity, cut, and color, resulting in a piece of jewelry that\'s truly exceptional. Indulge in luxury and elegance with this stunning bracelet that\'s sure to become a cherished heirloom.\n                        </p>\n                    </div>\n                </div>\n                <div class=\"col-lg-6\">\n                    <div class=\"tp-product-details-desc-thumb\">\n                        <img src=\"/storage/jewelry/products/product-1.png\" alt=\"Diamond Tennis Bracelet\">\n                    </div>\n                </div>\n            </div>\n        </div>\n        <div class=\"tp-product-details-desc-item pb-75\">\n            <div class=\"row\">\n                <div class=\"col-lg-7\">\n                    <div class=\"tp-product-details-desc-thumb\">\n                        <img src=\"/storage/jewelry/products/product-2.png\" alt=\"Close-up of Diamond Tennis Bracelet\">\n                    </div>\n                </div>\n\n                <div class=\"col-lg-5 order-first order-lg-last\">\n                    <div class=\"des-content-2 pl-40\">\n                        <h3 class=\"tp-product-details-desc-title\">\n                            Versatile Style\n                        </h3>\n                        <p>\n                            Effortlessly transition from day to night with our versatile diamond tennis bracelet. Whether paired with a casual outfit or a formal gown, it adds a touch of glamour and sophistication to any look. Treat yourself or someone special to this timeless piece that\'s destined to be cherished for years to come.\n                        </p>\n                    </div>\n                </div>\n            </div>\n        </div>\n        <div class=\"tp-product-details-desc-item\">\n            <div class=\"row\">\n                <div class=\"col-xl-12\">\n                    <div class=\"tp-product-details-desc-banner text-center m-img\">\n                        <h3 class=\"tp-product-details-desc-banner-title tp-product-details-desc-title\">Exquisite Craftsmanship</h3>\n                        <img src=\"/storage/jewelry/products/product-3.png\" alt=\"Jewelry Workshop\">\n                    </div>\n                </div>\n            </div>\n        </div>\n    </div>\n</div>\n','published','[\"main\\/products\\/product-11.jpg\",\"main\\/products\\/product-5.jpg\",\"main\\/products\\/product-2.jpg\",\"main\\/products\\/product-details-desc-3.jpg\",\"main\\/products\\/product-details-desc-1.jpg\"]','[]','WI-153',0,20,0,1,0,1,0,0,273,26,NULL,NULL,13.00,11.00,11.00,599.00,NULL,15671,'2024-10-31 20:47:52','2024-10-31 20:47:53','in_stock',8,0,'Botble\\ACL\\Models\\User',0,NULL,'physical',NULL,NULL,0,0,0,0,2),(24,'Athleisure Jogger Pants (Digital)','Complete your look with these classic aviator sunglasses, offering a touch of timeless glamour and UV protection for your eyes.','<div class=\"row justify-content-center\">\n    <div class=\"col-xl-10\">\n        <div class=\"tp-product-details-desc-item pb-105\">\n            <div class=\"row\">\n                <div class=\"col-lg-6\">\n                    <div class=\"pt-25\">\n                        <span>Diamond Tennis Bracelet</span>\n                        <h3 class=\"tp-product-details-desc-title\">Timeless Elegance</h3>\n                        <p>\n                            Elevate your style with our exquisite diamond tennis bracelet. Crafted with precision and attention to detail, each sparkling diamond is expertly set in lustrous white gold, creating a piece of jewelry that exudes sophistication and luxury. Whether worn alone or layered with other bracelets, this timeless accessory adds a touch of glamour to any ensemble.\n                        </p>\n                    </div>\n                    <div>\n                        <h3 class=\"tp-product-details-desc-title\">Exceptional Quality</h3>\n                        <p>\n                            Our diamond tennis bracelet is crafted from the finest materials to ensure lasting beauty and brilliance. Each diamond is carefully selected for its clarity, cut, and color, resulting in a piece of jewelry that\'s truly exceptional. Indulge in luxury and elegance with this stunning bracelet that\'s sure to become a cherished heirloom.\n                        </p>\n                    </div>\n                </div>\n                <div class=\"col-lg-6\">\n                    <div class=\"tp-product-details-desc-thumb\">\n                        <img src=\"/storage/jewelry/products/product-1.png\" alt=\"Diamond Tennis Bracelet\">\n                    </div>\n                </div>\n            </div>\n        </div>\n        <div class=\"tp-product-details-desc-item pb-75\">\n            <div class=\"row\">\n                <div class=\"col-lg-7\">\n                    <div class=\"tp-product-details-desc-thumb\">\n                        <img src=\"/storage/jewelry/products/product-2.png\" alt=\"Close-up of Diamond Tennis Bracelet\">\n                    </div>\n                </div>\n\n                <div class=\"col-lg-5 order-first order-lg-last\">\n                    <div class=\"des-content-2 pl-40\">\n                        <h3 class=\"tp-product-details-desc-title\">\n                            Versatile Style\n                        </h3>\n                        <p>\n                            Effortlessly transition from day to night with our versatile diamond tennis bracelet. Whether paired with a casual outfit or a formal gown, it adds a touch of glamour and sophistication to any look. Treat yourself or someone special to this timeless piece that\'s destined to be cherished for years to come.\n                        </p>\n                    </div>\n                </div>\n            </div>\n        </div>\n        <div class=\"tp-product-details-desc-item\">\n            <div class=\"row\">\n                <div class=\"col-xl-12\">\n                    <div class=\"tp-product-details-desc-banner text-center m-img\">\n                        <h3 class=\"tp-product-details-desc-banner-title tp-product-details-desc-title\">Exquisite Craftsmanship</h3>\n                        <img src=\"/storage/jewelry/products/product-3.png\" alt=\"Jewelry Workshop\">\n                    </div>\n                </div>\n            </div>\n        </div>\n    </div>\n</div>\n','published','[\"main\\/products\\/product-9.jpg\",\"main\\/products\\/product-20.jpg\",\"main\\/products\\/product-13.jpg\",\"main\\/products\\/product-16.jpg\",\"main\\/products\\/product-10.jpg\",\"main\\/products\\/product-3.jpg\",\"main\\/products\\/product-6.jpg\",\"main\\/products\\/product-8.jpg\"]','[[{\"key\":\"file\",\"value\":\"main\\/video\\/video-2.mp4\"},{\"key\":\"url\",\"value\":null},{\"key\":\"thumbnail\",\"value\":\"main\\/video\\/2.jpg\"}]]','UJ-164',0,14,0,1,0,3,0,0,2248,1788,NULL,NULL,10.00,18.00,19.00,719.00,NULL,158418,'2024-10-31 20:47:52','2024-10-31 20:47:53','in_stock',5,0,'Botble\\ACL\\Models\\User',0,NULL,'digital',NULL,NULL,0,0,0,0,2),(25,'Leopard Print Midi Skirt','Add a pop of color to your outfit with this silk scarf adorned with a geometric print. Wrap it around your neck or tie it to your handbag for a stylish touch.','<div class=\"row justify-content-center\">\n    <div class=\"col-xl-10\">\n        <div class=\"tp-product-details-desc-item pb-105\">\n            <div class=\"row\">\n                <div class=\"col-lg-6\">\n                    <div class=\"pt-25\">\n                        <span>Diamond Tennis Bracelet</span>\n                        <h3 class=\"tp-product-details-desc-title\">Timeless Elegance</h3>\n                        <p>\n                            Elevate your style with our exquisite diamond tennis bracelet. Crafted with precision and attention to detail, each sparkling diamond is expertly set in lustrous white gold, creating a piece of jewelry that exudes sophistication and luxury. Whether worn alone or layered with other bracelets, this timeless accessory adds a touch of glamour to any ensemble.\n                        </p>\n                    </div>\n                    <div>\n                        <h3 class=\"tp-product-details-desc-title\">Exceptional Quality</h3>\n                        <p>\n                            Our diamond tennis bracelet is crafted from the finest materials to ensure lasting beauty and brilliance. Each diamond is carefully selected for its clarity, cut, and color, resulting in a piece of jewelry that\'s truly exceptional. Indulge in luxury and elegance with this stunning bracelet that\'s sure to become a cherished heirloom.\n                        </p>\n                    </div>\n                </div>\n                <div class=\"col-lg-6\">\n                    <div class=\"tp-product-details-desc-thumb\">\n                        <img src=\"/storage/jewelry/products/product-1.png\" alt=\"Diamond Tennis Bracelet\">\n                    </div>\n                </div>\n            </div>\n        </div>\n        <div class=\"tp-product-details-desc-item pb-75\">\n            <div class=\"row\">\n                <div class=\"col-lg-7\">\n                    <div class=\"tp-product-details-desc-thumb\">\n                        <img src=\"/storage/jewelry/products/product-2.png\" alt=\"Close-up of Diamond Tennis Bracelet\">\n                    </div>\n                </div>\n\n                <div class=\"col-lg-5 order-first order-lg-last\">\n                    <div class=\"des-content-2 pl-40\">\n                        <h3 class=\"tp-product-details-desc-title\">\n                            Versatile Style\n                        </h3>\n                        <p>\n                            Effortlessly transition from day to night with our versatile diamond tennis bracelet. Whether paired with a casual outfit or a formal gown, it adds a touch of glamour and sophistication to any look. Treat yourself or someone special to this timeless piece that\'s destined to be cherished for years to come.\n                        </p>\n                    </div>\n                </div>\n            </div>\n        </div>\n        <div class=\"tp-product-details-desc-item\">\n            <div class=\"row\">\n                <div class=\"col-xl-12\">\n                    <div class=\"tp-product-details-desc-banner text-center m-img\">\n                        <h3 class=\"tp-product-details-desc-banner-title tp-product-details-desc-title\">Exquisite Craftsmanship</h3>\n                        <img src=\"/storage/jewelry/products/product-3.png\" alt=\"Jewelry Workshop\">\n                    </div>\n                </div>\n            </div>\n        </div>\n    </div>\n</div>\n','published','[\"main\\/products\\/product-8.jpg\",\"main\\/products\\/product-details-desc-3.jpg\",\"main\\/products\\/product-12.jpg\",\"main\\/products\\/product-13.jpg\",\"main\\/products\\/product-9.jpg\",\"main\\/products\\/product-1.jpg\",\"main\\/products\\/product-14.jpg\"]','[[{\"key\":\"file\",\"value\":null},{\"key\":\"url\",\"value\":\"https:\\/\\/www.youtube.com\\/watch?v=6JYIGclVQdw\"},{\"key\":\"thumbnail\",\"value\":\"main\\/video\\/1.jpg\"}]]','K9-105',0,15,0,1,1,2,0,0,968,835,NULL,NULL,17.00,18.00,10.00,746.00,NULL,139782,'2024-10-31 20:47:52','2024-10-31 20:47:53','in_stock',2,0,'Botble\\ACL\\Models\\User',0,NULL,'physical',NULL,NULL,0,0,0,0,1),(26,'Retro Cat-Eye Sunglasses','Complete your look with these classic aviator sunglasses, offering a touch of timeless glamour and UV protection for your eyes.','<div class=\"row justify-content-center\">\n    <div class=\"col-xl-10\">\n        <div class=\"tp-product-details-desc-item pb-105\">\n            <div class=\"row\">\n                <div class=\"col-lg-6\">\n                    <div class=\"pt-25\">\n                        <span>Diamond Tennis Bracelet</span>\n                        <h3 class=\"tp-product-details-desc-title\">Timeless Elegance</h3>\n                        <p>\n                            Elevate your style with our exquisite diamond tennis bracelet. Crafted with precision and attention to detail, each sparkling diamond is expertly set in lustrous white gold, creating a piece of jewelry that exudes sophistication and luxury. Whether worn alone or layered with other bracelets, this timeless accessory adds a touch of glamour to any ensemble.\n                        </p>\n                    </div>\n                    <div>\n                        <h3 class=\"tp-product-details-desc-title\">Exceptional Quality</h3>\n                        <p>\n                            Our diamond tennis bracelet is crafted from the finest materials to ensure lasting beauty and brilliance. Each diamond is carefully selected for its clarity, cut, and color, resulting in a piece of jewelry that\'s truly exceptional. Indulge in luxury and elegance with this stunning bracelet that\'s sure to become a cherished heirloom.\n                        </p>\n                    </div>\n                </div>\n                <div class=\"col-lg-6\">\n                    <div class=\"tp-product-details-desc-thumb\">\n                        <img src=\"/storage/jewelry/products/product-1.png\" alt=\"Diamond Tennis Bracelet\">\n                    </div>\n                </div>\n            </div>\n        </div>\n        <div class=\"tp-product-details-desc-item pb-75\">\n            <div class=\"row\">\n                <div class=\"col-lg-7\">\n                    <div class=\"tp-product-details-desc-thumb\">\n                        <img src=\"/storage/jewelry/products/product-2.png\" alt=\"Close-up of Diamond Tennis Bracelet\">\n                    </div>\n                </div>\n\n                <div class=\"col-lg-5 order-first order-lg-last\">\n                    <div class=\"des-content-2 pl-40\">\n                        <h3 class=\"tp-product-details-desc-title\">\n                            Versatile Style\n                        </h3>\n                        <p>\n                            Effortlessly transition from day to night with our versatile diamond tennis bracelet. Whether paired with a casual outfit or a formal gown, it adds a touch of glamour and sophistication to any look. Treat yourself or someone special to this timeless piece that\'s destined to be cherished for years to come.\n                        </p>\n                    </div>\n                </div>\n            </div>\n        </div>\n        <div class=\"tp-product-details-desc-item\">\n            <div class=\"row\">\n                <div class=\"col-xl-12\">\n                    <div class=\"tp-product-details-desc-banner text-center m-img\">\n                        <h3 class=\"tp-product-details-desc-banner-title tp-product-details-desc-title\">Exquisite Craftsmanship</h3>\n                        <img src=\"/storage/jewelry/products/product-3.png\" alt=\"Jewelry Workshop\">\n                    </div>\n                </div>\n            </div>\n        </div>\n    </div>\n</div>\n','published','[\"main\\/products\\/product-11.jpg\",\"main\\/products\\/product-15.jpg\",\"main\\/products\\/product-13.jpg\",\"main\\/products\\/product-18.jpg\",\"main\\/products\\/product-7.jpg\",\"main\\/products\\/product-16.jpg\",\"main\\/products\\/product-details-desc-2.jpg\",\"main\\/products\\/product-20.jpg\"]','[]','M0-106-A1',0,17,0,1,1,3,0,0,358,NULL,NULL,NULL,12.00,10.00,16.00,784.00,NULL,127564,'2024-10-31 20:47:52','2024-10-31 20:47:53','in_stock',2,0,'Botble\\ACL\\Models\\User',0,NULL,'physical',NULL,NULL,0,0,0,0,2),(27,'Faux Fur Trimmed Coat','Embrace bohemian vibes with this embroidered boho blouse, featuring intricate stitching and a relaxed fit. Perfect for a casual day with a touch of style.','<div class=\"row justify-content-center\">\n    <div class=\"col-xl-10\">\n        <div class=\"tp-product-details-desc-item pb-105\">\n            <div class=\"row\">\n                <div class=\"col-lg-6\">\n                    <div class=\"pt-25\">\n                        <span>Diamond Tennis Bracelet</span>\n                        <h3 class=\"tp-product-details-desc-title\">Timeless Elegance</h3>\n                        <p>\n                            Elevate your style with our exquisite diamond tennis bracelet. Crafted with precision and attention to detail, each sparkling diamond is expertly set in lustrous white gold, creating a piece of jewelry that exudes sophistication and luxury. Whether worn alone or layered with other bracelets, this timeless accessory adds a touch of glamour to any ensemble.\n                        </p>\n                    </div>\n                    <div>\n                        <h3 class=\"tp-product-details-desc-title\">Exceptional Quality</h3>\n                        <p>\n                            Our diamond tennis bracelet is crafted from the finest materials to ensure lasting beauty and brilliance. Each diamond is carefully selected for its clarity, cut, and color, resulting in a piece of jewelry that\'s truly exceptional. Indulge in luxury and elegance with this stunning bracelet that\'s sure to become a cherished heirloom.\n                        </p>\n                    </div>\n                </div>\n                <div class=\"col-lg-6\">\n                    <div class=\"tp-product-details-desc-thumb\">\n                        <img src=\"/storage/jewelry/products/product-1.png\" alt=\"Diamond Tennis Bracelet\">\n                    </div>\n                </div>\n            </div>\n        </div>\n        <div class=\"tp-product-details-desc-item pb-75\">\n            <div class=\"row\">\n                <div class=\"col-lg-7\">\n                    <div class=\"tp-product-details-desc-thumb\">\n                        <img src=\"/storage/jewelry/products/product-2.png\" alt=\"Close-up of Diamond Tennis Bracelet\">\n                    </div>\n                </div>\n\n                <div class=\"col-lg-5 order-first order-lg-last\">\n                    <div class=\"des-content-2 pl-40\">\n                        <h3 class=\"tp-product-details-desc-title\">\n                            Versatile Style\n                        </h3>\n                        <p>\n                            Effortlessly transition from day to night with our versatile diamond tennis bracelet. Whether paired with a casual outfit or a formal gown, it adds a touch of glamour and sophistication to any look. Treat yourself or someone special to this timeless piece that\'s destined to be cherished for years to come.\n                        </p>\n                    </div>\n                </div>\n            </div>\n        </div>\n        <div class=\"tp-product-details-desc-item\">\n            <div class=\"row\">\n                <div class=\"col-xl-12\">\n                    <div class=\"tp-product-details-desc-banner text-center m-img\">\n                        <h3 class=\"tp-product-details-desc-banner-title tp-product-details-desc-title\">Exquisite Craftsmanship</h3>\n                        <img src=\"/storage/jewelry/products/product-3.png\" alt=\"Jewelry Workshop\">\n                    </div>\n                </div>\n            </div>\n        </div>\n    </div>\n</div>\n','published','[\"main\\/products\\/product-18.jpg\",\"main\\/products\\/product-14.jpg\",\"main\\/products\\/product-details-desc-2.jpg\",\"main\\/products\\/product-16.jpg\",\"main\\/products\\/product-2.jpg\",\"main\\/products\\/product-6.jpg\",\"main\\/products\\/product-19.jpg\",\"main\\/products\\/product-11.jpg\"]','[[{\"key\":\"file\",\"value\":\"main\\/video\\/video-1.mp4\"},{\"key\":\"url\",\"value\":null},{\"key\":\"thumbnail\",\"value\":\"main\\/video\\/1.jpg\"}]]','VM-183',0,10,0,1,0,4,0,0,666,570,NULL,NULL,13.00,11.00,20.00,520.00,NULL,169574,'2024-10-31 20:47:52','2024-10-31 20:47:53','in_stock',1,0,'Botble\\ACL\\Models\\User',0,NULL,'physical',NULL,NULL,0,0,0,0,2),(28,'Boho Fringed Kimono (Digital)','Accessorize with this bohemian fringe handbag, featuring intricate details and enough space for your essentials. The perfect boho-chic addition to your collection.','<div class=\"row justify-content-center\">\n    <div class=\"col-xl-10\">\n        <div class=\"tp-product-details-desc-item pb-105\">\n            <div class=\"row\">\n                <div class=\"col-lg-6\">\n                    <div class=\"pt-25\">\n                        <span>Diamond Tennis Bracelet</span>\n                        <h3 class=\"tp-product-details-desc-title\">Timeless Elegance</h3>\n                        <p>\n                            Elevate your style with our exquisite diamond tennis bracelet. Crafted with precision and attention to detail, each sparkling diamond is expertly set in lustrous white gold, creating a piece of jewelry that exudes sophistication and luxury. Whether worn alone or layered with other bracelets, this timeless accessory adds a touch of glamour to any ensemble.\n                        </p>\n                    </div>\n                    <div>\n                        <h3 class=\"tp-product-details-desc-title\">Exceptional Quality</h3>\n                        <p>\n                            Our diamond tennis bracelet is crafted from the finest materials to ensure lasting beauty and brilliance. Each diamond is carefully selected for its clarity, cut, and color, resulting in a piece of jewelry that\'s truly exceptional. Indulge in luxury and elegance with this stunning bracelet that\'s sure to become a cherished heirloom.\n                        </p>\n                    </div>\n                </div>\n                <div class=\"col-lg-6\">\n                    <div class=\"tp-product-details-desc-thumb\">\n                        <img src=\"/storage/jewelry/products/product-1.png\" alt=\"Diamond Tennis Bracelet\">\n                    </div>\n                </div>\n            </div>\n        </div>\n        <div class=\"tp-product-details-desc-item pb-75\">\n            <div class=\"row\">\n                <div class=\"col-lg-7\">\n                    <div class=\"tp-product-details-desc-thumb\">\n                        <img src=\"/storage/jewelry/products/product-2.png\" alt=\"Close-up of Diamond Tennis Bracelet\">\n                    </div>\n                </div>\n\n                <div class=\"col-lg-5 order-first order-lg-last\">\n                    <div class=\"des-content-2 pl-40\">\n                        <h3 class=\"tp-product-details-desc-title\">\n                            Versatile Style\n                        </h3>\n                        <p>\n                            Effortlessly transition from day to night with our versatile diamond tennis bracelet. Whether paired with a casual outfit or a formal gown, it adds a touch of glamour and sophistication to any look. Treat yourself or someone special to this timeless piece that\'s destined to be cherished for years to come.\n                        </p>\n                    </div>\n                </div>\n            </div>\n        </div>\n        <div class=\"tp-product-details-desc-item\">\n            <div class=\"row\">\n                <div class=\"col-xl-12\">\n                    <div class=\"tp-product-details-desc-banner text-center m-img\">\n                        <h3 class=\"tp-product-details-desc-banner-title tp-product-details-desc-title\">Exquisite Craftsmanship</h3>\n                        <img src=\"/storage/jewelry/products/product-3.png\" alt=\"Jewelry Workshop\">\n                    </div>\n                </div>\n            </div>\n        </div>\n    </div>\n</div>\n','published','[\"main\\/products\\/product-19.jpg\",\"main\\/products\\/product-1.jpg\",\"main\\/products\\/product-2.jpg\",\"main\\/products\\/product-3.jpg\",\"main\\/products\\/product-20.jpg\"]','[[{\"key\":\"file\",\"value\":\"main\\/video\\/video-1.mp4\"},{\"key\":\"url\",\"value\":null},{\"key\":\"thumbnail\",\"value\":\"main\\/video\\/1.jpg\"}]]','H7-114-A1',0,15,0,1,1,2,0,0,769,692.1,NULL,NULL,14.00,11.00,17.00,886.00,NULL,65072,'2024-10-31 20:47:52','2024-10-31 20:47:53','in_stock',2,0,'Botble\\ACL\\Models\\User',0,NULL,'digital',NULL,NULL,0,0,0,0,2),(29,'Ruffled Wrap Dress','Accessorize with this bohemian fringe handbag, featuring intricate details and enough space for your essentials. The perfect boho-chic addition to your collection.','<div class=\"row justify-content-center\">\n    <div class=\"col-xl-10\">\n        <div class=\"tp-product-details-desc-item pb-105\">\n            <div class=\"row\">\n                <div class=\"col-lg-6\">\n                    <div class=\"pt-25\">\n                        <span>Diamond Tennis Bracelet</span>\n                        <h3 class=\"tp-product-details-desc-title\">Timeless Elegance</h3>\n                        <p>\n                            Elevate your style with our exquisite diamond tennis bracelet. Crafted with precision and attention to detail, each sparkling diamond is expertly set in lustrous white gold, creating a piece of jewelry that exudes sophistication and luxury. Whether worn alone or layered with other bracelets, this timeless accessory adds a touch of glamour to any ensemble.\n                        </p>\n                    </div>\n                    <div>\n                        <h3 class=\"tp-product-details-desc-title\">Exceptional Quality</h3>\n                        <p>\n                            Our diamond tennis bracelet is crafted from the finest materials to ensure lasting beauty and brilliance. Each diamond is carefully selected for its clarity, cut, and color, resulting in a piece of jewelry that\'s truly exceptional. Indulge in luxury and elegance with this stunning bracelet that\'s sure to become a cherished heirloom.\n                        </p>\n                    </div>\n                </div>\n                <div class=\"col-lg-6\">\n                    <div class=\"tp-product-details-desc-thumb\">\n                        <img src=\"/storage/jewelry/products/product-1.png\" alt=\"Diamond Tennis Bracelet\">\n                    </div>\n                </div>\n            </div>\n        </div>\n        <div class=\"tp-product-details-desc-item pb-75\">\n            <div class=\"row\">\n                <div class=\"col-lg-7\">\n                    <div class=\"tp-product-details-desc-thumb\">\n                        <img src=\"/storage/jewelry/products/product-2.png\" alt=\"Close-up of Diamond Tennis Bracelet\">\n                    </div>\n                </div>\n\n                <div class=\"col-lg-5 order-first order-lg-last\">\n                    <div class=\"des-content-2 pl-40\">\n                        <h3 class=\"tp-product-details-desc-title\">\n                            Versatile Style\n                        </h3>\n                        <p>\n                            Effortlessly transition from day to night with our versatile diamond tennis bracelet. Whether paired with a casual outfit or a formal gown, it adds a touch of glamour and sophistication to any look. Treat yourself or someone special to this timeless piece that\'s destined to be cherished for years to come.\n                        </p>\n                    </div>\n                </div>\n            </div>\n        </div>\n        <div class=\"tp-product-details-desc-item\">\n            <div class=\"row\">\n                <div class=\"col-xl-12\">\n                    <div class=\"tp-product-details-desc-banner text-center m-img\">\n                        <h3 class=\"tp-product-details-desc-banner-title tp-product-details-desc-title\">Exquisite Craftsmanship</h3>\n                        <img src=\"/storage/jewelry/products/product-3.png\" alt=\"Jewelry Workshop\">\n                    </div>\n                </div>\n            </div>\n        </div>\n    </div>\n</div>\n','published','[\"main\\/products\\/product-11.jpg\",\"main\\/products\\/product-details-desc-1.jpg\",\"main\\/products\\/product-20.jpg\"]','[[{\"key\":\"file\",\"value\":\"main\\/video\\/video-2.mp4\"},{\"key\":\"url\",\"value\":null},{\"key\":\"thumbnail\",\"value\":\"main\\/video\\/2.jpg\"}]]','UD-192',0,14,0,1,0,3,0,0,2025,1081,NULL,NULL,16.00,19.00,19.00,850.00,NULL,88860,'2024-10-31 20:47:52','2024-10-31 20:47:53','in_stock',4,0,'Botble\\ACL\\Models\\User',0,NULL,'physical',NULL,NULL,0,0,0,0,2),(30,'Beaded Evening Clutch','Complete your look with these classic aviator sunglasses, offering a touch of timeless glamour and UV protection for your eyes.','<div class=\"row justify-content-center\">\n    <div class=\"col-xl-10\">\n        <div class=\"tp-product-details-desc-item pb-105\">\n            <div class=\"row\">\n                <div class=\"col-lg-6\">\n                    <div class=\"pt-25\">\n                        <span>Diamond Tennis Bracelet</span>\n                        <h3 class=\"tp-product-details-desc-title\">Timeless Elegance</h3>\n                        <p>\n                            Elevate your style with our exquisite diamond tennis bracelet. Crafted with precision and attention to detail, each sparkling diamond is expertly set in lustrous white gold, creating a piece of jewelry that exudes sophistication and luxury. Whether worn alone or layered with other bracelets, this timeless accessory adds a touch of glamour to any ensemble.\n                        </p>\n                    </div>\n                    <div>\n                        <h3 class=\"tp-product-details-desc-title\">Exceptional Quality</h3>\n                        <p>\n                            Our diamond tennis bracelet is crafted from the finest materials to ensure lasting beauty and brilliance. Each diamond is carefully selected for its clarity, cut, and color, resulting in a piece of jewelry that\'s truly exceptional. Indulge in luxury and elegance with this stunning bracelet that\'s sure to become a cherished heirloom.\n                        </p>\n                    </div>\n                </div>\n                <div class=\"col-lg-6\">\n                    <div class=\"tp-product-details-desc-thumb\">\n                        <img src=\"/storage/jewelry/products/product-1.png\" alt=\"Diamond Tennis Bracelet\">\n                    </div>\n                </div>\n            </div>\n        </div>\n        <div class=\"tp-product-details-desc-item pb-75\">\n            <div class=\"row\">\n                <div class=\"col-lg-7\">\n                    <div class=\"tp-product-details-desc-thumb\">\n                        <img src=\"/storage/jewelry/products/product-2.png\" alt=\"Close-up of Diamond Tennis Bracelet\">\n                    </div>\n                </div>\n\n                <div class=\"col-lg-5 order-first order-lg-last\">\n                    <div class=\"des-content-2 pl-40\">\n                        <h3 class=\"tp-product-details-desc-title\">\n                            Versatile Style\n                        </h3>\n                        <p>\n                            Effortlessly transition from day to night with our versatile diamond tennis bracelet. Whether paired with a casual outfit or a formal gown, it adds a touch of glamour and sophistication to any look. Treat yourself or someone special to this timeless piece that\'s destined to be cherished for years to come.\n                        </p>\n                    </div>\n                </div>\n            </div>\n        </div>\n        <div class=\"tp-product-details-desc-item\">\n            <div class=\"row\">\n                <div class=\"col-xl-12\">\n                    <div class=\"tp-product-details-desc-banner text-center m-img\">\n                        <h3 class=\"tp-product-details-desc-banner-title tp-product-details-desc-title\">Exquisite Craftsmanship</h3>\n                        <img src=\"/storage/jewelry/products/product-3.png\" alt=\"Jewelry Workshop\">\n                    </div>\n                </div>\n            </div>\n        </div>\n    </div>\n</div>\n','published','[\"main\\/products\\/product-13.jpg\",\"main\\/products\\/product-2.jpg\",\"main\\/products\\/product-8.jpg\",\"main\\/products\\/product-12.jpg\",\"main\\/products\\/product-1.jpg\",\"main\\/products\\/product-15.jpg\"]','[[{\"key\":\"file\",\"value\":null},{\"key\":\"url\",\"value\":\"https:\\/\\/www.youtube.com\\/watch?v=6JYIGclVQdw\"},{\"key\":\"thumbnail\",\"value\":\"main\\/video\\/1.jpg\"}]]','4D-173',0,18,0,1,1,1,0,0,1901,1007,NULL,NULL,16.00,15.00,15.00,606.00,NULL,40026,'2024-10-31 20:47:52','2024-10-31 20:47:53','in_stock',4,0,'Botble\\ACL\\Models\\User',0,NULL,'physical',NULL,NULL,0,0,0,0,2),(31,'Wide Brim Floppy Hat','Add a pop of color to your outfit with this silk scarf adorned with a geometric print. Wrap it around your neck or tie it to your handbag for a stylish touch.','<div class=\"row justify-content-center\">\n    <div class=\"col-xl-10\">\n        <div class=\"tp-product-details-desc-item pb-105\">\n            <div class=\"row\">\n                <div class=\"col-lg-6\">\n                    <div class=\"pt-25\">\n                        <span>Diamond Tennis Bracelet</span>\n                        <h3 class=\"tp-product-details-desc-title\">Timeless Elegance</h3>\n                        <p>\n                            Elevate your style with our exquisite diamond tennis bracelet. Crafted with precision and attention to detail, each sparkling diamond is expertly set in lustrous white gold, creating a piece of jewelry that exudes sophistication and luxury. Whether worn alone or layered with other bracelets, this timeless accessory adds a touch of glamour to any ensemble.\n                        </p>\n                    </div>\n                    <div>\n                        <h3 class=\"tp-product-details-desc-title\">Exceptional Quality</h3>\n                        <p>\n                            Our diamond tennis bracelet is crafted from the finest materials to ensure lasting beauty and brilliance. Each diamond is carefully selected for its clarity, cut, and color, resulting in a piece of jewelry that\'s truly exceptional. Indulge in luxury and elegance with this stunning bracelet that\'s sure to become a cherished heirloom.\n                        </p>\n                    </div>\n                </div>\n                <div class=\"col-lg-6\">\n                    <div class=\"tp-product-details-desc-thumb\">\n                        <img src=\"/storage/jewelry/products/product-1.png\" alt=\"Diamond Tennis Bracelet\">\n                    </div>\n                </div>\n            </div>\n        </div>\n        <div class=\"tp-product-details-desc-item pb-75\">\n            <div class=\"row\">\n                <div class=\"col-lg-7\">\n                    <div class=\"tp-product-details-desc-thumb\">\n                        <img src=\"/storage/jewelry/products/product-2.png\" alt=\"Close-up of Diamond Tennis Bracelet\">\n                    </div>\n                </div>\n\n                <div class=\"col-lg-5 order-first order-lg-last\">\n                    <div class=\"des-content-2 pl-40\">\n                        <h3 class=\"tp-product-details-desc-title\">\n                            Versatile Style\n                        </h3>\n                        <p>\n                            Effortlessly transition from day to night with our versatile diamond tennis bracelet. Whether paired with a casual outfit or a formal gown, it adds a touch of glamour and sophistication to any look. Treat yourself or someone special to this timeless piece that\'s destined to be cherished for years to come.\n                        </p>\n                    </div>\n                </div>\n            </div>\n        </div>\n        <div class=\"tp-product-details-desc-item\">\n            <div class=\"row\">\n                <div class=\"col-xl-12\">\n                    <div class=\"tp-product-details-desc-banner text-center m-img\">\n                        <h3 class=\"tp-product-details-desc-banner-title tp-product-details-desc-title\">Exquisite Craftsmanship</h3>\n                        <img src=\"/storage/jewelry/products/product-3.png\" alt=\"Jewelry Workshop\">\n                    </div>\n                </div>\n            </div>\n        </div>\n    </div>\n</div>\n','published','[\"main\\/products\\/product-18.jpg\",\"main\\/products\\/product-17.jpg\",\"main\\/products\\/product-3.jpg\",\"main\\/products\\/product-5.jpg\",\"main\\/products\\/product-details-desc-2.jpg\",\"main\\/products\\/product-8.jpg\",\"main\\/products\\/product-19.jpg\",\"main\\/products\\/product-4.jpg\"]','[[{\"key\":\"file\",\"value\":\"main\\/video\\/video-2.mp4\"},{\"key\":\"url\",\"value\":null},{\"key\":\"thumbnail\",\"value\":\"main\\/video\\/2.jpg\"}]]','RR-156',0,16,0,1,1,3,0,0,1991,375,NULL,NULL,19.00,19.00,14.00,729.00,NULL,139082,'2024-10-31 20:47:52','2024-10-31 20:47:53','in_stock',1,0,'Botble\\ACL\\Models\\User',0,NULL,'physical',NULL,NULL,0,0,0,0,2),(32,'Denim Overall Jumpsuit (Digital)','Stay on trend with these high-waisted wide-leg trousers, combining comfort and sophistication. Pair them with heels for a refined look.','<div class=\"row justify-content-center\">\n    <div class=\"col-xl-10\">\n        <div class=\"tp-product-details-desc-item pb-105\">\n            <div class=\"row\">\n                <div class=\"col-lg-6\">\n                    <div class=\"pt-25\">\n                        <span>Diamond Tennis Bracelet</span>\n                        <h3 class=\"tp-product-details-desc-title\">Timeless Elegance</h3>\n                        <p>\n                            Elevate your style with our exquisite diamond tennis bracelet. Crafted with precision and attention to detail, each sparkling diamond is expertly set in lustrous white gold, creating a piece of jewelry that exudes sophistication and luxury. Whether worn alone or layered with other bracelets, this timeless accessory adds a touch of glamour to any ensemble.\n                        </p>\n                    </div>\n                    <div>\n                        <h3 class=\"tp-product-details-desc-title\">Exceptional Quality</h3>\n                        <p>\n                            Our diamond tennis bracelet is crafted from the finest materials to ensure lasting beauty and brilliance. Each diamond is carefully selected for its clarity, cut, and color, resulting in a piece of jewelry that\'s truly exceptional. Indulge in luxury and elegance with this stunning bracelet that\'s sure to become a cherished heirloom.\n                        </p>\n                    </div>\n                </div>\n                <div class=\"col-lg-6\">\n                    <div class=\"tp-product-details-desc-thumb\">\n                        <img src=\"/storage/jewelry/products/product-1.png\" alt=\"Diamond Tennis Bracelet\">\n                    </div>\n                </div>\n            </div>\n        </div>\n        <div class=\"tp-product-details-desc-item pb-75\">\n            <div class=\"row\">\n                <div class=\"col-lg-7\">\n                    <div class=\"tp-product-details-desc-thumb\">\n                        <img src=\"/storage/jewelry/products/product-2.png\" alt=\"Close-up of Diamond Tennis Bracelet\">\n                    </div>\n                </div>\n\n                <div class=\"col-lg-5 order-first order-lg-last\">\n                    <div class=\"des-content-2 pl-40\">\n                        <h3 class=\"tp-product-details-desc-title\">\n                            Versatile Style\n                        </h3>\n                        <p>\n                            Effortlessly transition from day to night with our versatile diamond tennis bracelet. Whether paired with a casual outfit or a formal gown, it adds a touch of glamour and sophistication to any look. Treat yourself or someone special to this timeless piece that\'s destined to be cherished for years to come.\n                        </p>\n                    </div>\n                </div>\n            </div>\n        </div>\n        <div class=\"tp-product-details-desc-item\">\n            <div class=\"row\">\n                <div class=\"col-xl-12\">\n                    <div class=\"tp-product-details-desc-banner text-center m-img\">\n                        <h3 class=\"tp-product-details-desc-banner-title tp-product-details-desc-title\">Exquisite Craftsmanship</h3>\n                        <img src=\"/storage/jewelry/products/product-3.png\" alt=\"Jewelry Workshop\">\n                    </div>\n                </div>\n            </div>\n        </div>\n    </div>\n</div>\n','published','[\"main\\/products\\/product-4.jpg\",\"main\\/products\\/product-9.jpg\",\"main\\/products\\/product-15.jpg\"]','[[{\"key\":\"file\",\"value\":null},{\"key\":\"url\",\"value\":\"https:\\/\\/www.youtube.com\\/watch?v=6JYIGclVQdw\"},{\"key\":\"thumbnail\",\"value\":\"main\\/video\\/1.jpg\"}]]','WI-168',0,15,0,1,0,5,0,0,1551,495,NULL,NULL,11.00,20.00,13.00,802.00,NULL,105253,'2024-10-31 20:47:52','2024-10-31 20:47:53','in_stock',5,0,'Botble\\ACL\\Models\\User',0,NULL,'digital',NULL,NULL,0,0,0,0,2),(33,'Embellished Ballet Flats','Elevate your street style with this vintage denim jacket, featuring distressed detailing and a relaxed fit for a laid-back vibe.','<div class=\"row justify-content-center\">\n    <div class=\"col-xl-10\">\n        <div class=\"tp-product-details-desc-item pb-105\">\n            <div class=\"row\">\n                <div class=\"col-lg-6\">\n                    <div class=\"pt-25\">\n                        <span>Diamond Tennis Bracelet</span>\n                        <h3 class=\"tp-product-details-desc-title\">Timeless Elegance</h3>\n                        <p>\n                            Elevate your style with our exquisite diamond tennis bracelet. Crafted with precision and attention to detail, each sparkling diamond is expertly set in lustrous white gold, creating a piece of jewelry that exudes sophistication and luxury. Whether worn alone or layered with other bracelets, this timeless accessory adds a touch of glamour to any ensemble.\n                        </p>\n                    </div>\n                    <div>\n                        <h3 class=\"tp-product-details-desc-title\">Exceptional Quality</h3>\n                        <p>\n                            Our diamond tennis bracelet is crafted from the finest materials to ensure lasting beauty and brilliance. Each diamond is carefully selected for its clarity, cut, and color, resulting in a piece of jewelry that\'s truly exceptional. Indulge in luxury and elegance with this stunning bracelet that\'s sure to become a cherished heirloom.\n                        </p>\n                    </div>\n                </div>\n                <div class=\"col-lg-6\">\n                    <div class=\"tp-product-details-desc-thumb\">\n                        <img src=\"/storage/jewelry/products/product-1.png\" alt=\"Diamond Tennis Bracelet\">\n                    </div>\n                </div>\n            </div>\n        </div>\n        <div class=\"tp-product-details-desc-item pb-75\">\n            <div class=\"row\">\n                <div class=\"col-lg-7\">\n                    <div class=\"tp-product-details-desc-thumb\">\n                        <img src=\"/storage/jewelry/products/product-2.png\" alt=\"Close-up of Diamond Tennis Bracelet\">\n                    </div>\n                </div>\n\n                <div class=\"col-lg-5 order-first order-lg-last\">\n                    <div class=\"des-content-2 pl-40\">\n                        <h3 class=\"tp-product-details-desc-title\">\n                            Versatile Style\n                        </h3>\n                        <p>\n                            Effortlessly transition from day to night with our versatile diamond tennis bracelet. Whether paired with a casual outfit or a formal gown, it adds a touch of glamour and sophistication to any look. Treat yourself or someone special to this timeless piece that\'s destined to be cherished for years to come.\n                        </p>\n                    </div>\n                </div>\n            </div>\n        </div>\n        <div class=\"tp-product-details-desc-item\">\n            <div class=\"row\">\n                <div class=\"col-xl-12\">\n                    <div class=\"tp-product-details-desc-banner text-center m-img\">\n                        <h3 class=\"tp-product-details-desc-banner-title tp-product-details-desc-title\">Exquisite Craftsmanship</h3>\n                        <img src=\"/storage/jewelry/products/product-3.png\" alt=\"Jewelry Workshop\">\n                    </div>\n                </div>\n            </div>\n        </div>\n    </div>\n</div>\n','published','[\"main\\/products\\/product-6.jpg\",\"main\\/products\\/product-18.jpg\",\"main\\/products\\/product-9.jpg\",\"main\\/products\\/product-12.jpg\"]','[[{\"key\":\"file\",\"value\":null},{\"key\":\"url\",\"value\":\"https:\\/\\/www.youtube.com\\/watch?v=6JYIGclVQdw\"},{\"key\":\"thumbnail\",\"value\":\"main\\/video\\/2.jpg\"}]]','YR-171',0,18,0,1,0,5,0,0,1150,674,NULL,NULL,13.00,13.00,16.00,875.00,NULL,144080,'2024-10-31 20:47:52','2024-10-31 20:47:53','in_stock',1,0,'Botble\\ACL\\Models\\User',0,NULL,'physical',NULL,NULL,0,0,0,0,2),(34,'Pleated Midi Skirt','Complete your look with these classic aviator sunglasses, offering a touch of timeless glamour and UV protection for your eyes.','<div class=\"row justify-content-center\">\n    <div class=\"col-xl-10\">\n        <div class=\"tp-product-details-desc-item pb-105\">\n            <div class=\"row\">\n                <div class=\"col-lg-6\">\n                    <div class=\"pt-25\">\n                        <span>Diamond Tennis Bracelet</span>\n                        <h3 class=\"tp-product-details-desc-title\">Timeless Elegance</h3>\n                        <p>\n                            Elevate your style with our exquisite diamond tennis bracelet. Crafted with precision and attention to detail, each sparkling diamond is expertly set in lustrous white gold, creating a piece of jewelry that exudes sophistication and luxury. Whether worn alone or layered with other bracelets, this timeless accessory adds a touch of glamour to any ensemble.\n                        </p>\n                    </div>\n                    <div>\n                        <h3 class=\"tp-product-details-desc-title\">Exceptional Quality</h3>\n                        <p>\n                            Our diamond tennis bracelet is crafted from the finest materials to ensure lasting beauty and brilliance. Each diamond is carefully selected for its clarity, cut, and color, resulting in a piece of jewelry that\'s truly exceptional. Indulge in luxury and elegance with this stunning bracelet that\'s sure to become a cherished heirloom.\n                        </p>\n                    </div>\n                </div>\n                <div class=\"col-lg-6\">\n                    <div class=\"tp-product-details-desc-thumb\">\n                        <img src=\"/storage/jewelry/products/product-1.png\" alt=\"Diamond Tennis Bracelet\">\n                    </div>\n                </div>\n            </div>\n        </div>\n        <div class=\"tp-product-details-desc-item pb-75\">\n            <div class=\"row\">\n                <div class=\"col-lg-7\">\n                    <div class=\"tp-product-details-desc-thumb\">\n                        <img src=\"/storage/jewelry/products/product-2.png\" alt=\"Close-up of Diamond Tennis Bracelet\">\n                    </div>\n                </div>\n\n                <div class=\"col-lg-5 order-first order-lg-last\">\n                    <div class=\"des-content-2 pl-40\">\n                        <h3 class=\"tp-product-details-desc-title\">\n                            Versatile Style\n                        </h3>\n                        <p>\n                            Effortlessly transition from day to night with our versatile diamond tennis bracelet. Whether paired with a casual outfit or a formal gown, it adds a touch of glamour and sophistication to any look. Treat yourself or someone special to this timeless piece that\'s destined to be cherished for years to come.\n                        </p>\n                    </div>\n                </div>\n            </div>\n        </div>\n        <div class=\"tp-product-details-desc-item\">\n            <div class=\"row\">\n                <div class=\"col-xl-12\">\n                    <div class=\"tp-product-details-desc-banner text-center m-img\">\n                        <h3 class=\"tp-product-details-desc-banner-title tp-product-details-desc-title\">Exquisite Craftsmanship</h3>\n                        <img src=\"/storage/jewelry/products/product-3.png\" alt=\"Jewelry Workshop\">\n                    </div>\n                </div>\n            </div>\n        </div>\n    </div>\n</div>\n','published','[\"main\\/products\\/product-2.jpg\",\"main\\/products\\/product-14.jpg\",\"main\\/products\\/product-6.jpg\",\"main\\/products\\/product-1.jpg\",\"main\\/products\\/product-4.jpg\",\"main\\/products\\/product-19.jpg\",\"main\\/products\\/product-10.jpg\"]','[[{\"key\":\"file\",\"value\":\"main\\/video\\/video-1.mp4\"},{\"key\":\"url\",\"value\":null},{\"key\":\"thumbnail\",\"value\":\"main\\/video\\/1.jpg\"}]]','JD-151-A1',0,19,0,1,0,5,0,0,2314,NULL,NULL,NULL,20.00,18.00,13.00,792.00,NULL,39795,'2024-10-31 20:47:52','2024-10-31 20:47:53','in_stock',1,0,'Botble\\ACL\\Models\\User',0,NULL,'physical',NULL,NULL,0,0,0,0,1),(35,'Velour Tracksuit Set','Elevate your street style with this vintage denim jacket, featuring distressed detailing and a relaxed fit for a laid-back vibe.','<div class=\"row justify-content-center\">\n    <div class=\"col-xl-10\">\n        <div class=\"tp-product-details-desc-item pb-105\">\n            <div class=\"row\">\n                <div class=\"col-lg-6\">\n                    <div class=\"pt-25\">\n                        <span>Diamond Tennis Bracelet</span>\n                        <h3 class=\"tp-product-details-desc-title\">Timeless Elegance</h3>\n                        <p>\n                            Elevate your style with our exquisite diamond tennis bracelet. Crafted with precision and attention to detail, each sparkling diamond is expertly set in lustrous white gold, creating a piece of jewelry that exudes sophistication and luxury. Whether worn alone or layered with other bracelets, this timeless accessory adds a touch of glamour to any ensemble.\n                        </p>\n                    </div>\n                    <div>\n                        <h3 class=\"tp-product-details-desc-title\">Exceptional Quality</h3>\n                        <p>\n                            Our diamond tennis bracelet is crafted from the finest materials to ensure lasting beauty and brilliance. Each diamond is carefully selected for its clarity, cut, and color, resulting in a piece of jewelry that\'s truly exceptional. Indulge in luxury and elegance with this stunning bracelet that\'s sure to become a cherished heirloom.\n                        </p>\n                    </div>\n                </div>\n                <div class=\"col-lg-6\">\n                    <div class=\"tp-product-details-desc-thumb\">\n                        <img src=\"/storage/jewelry/products/product-1.png\" alt=\"Diamond Tennis Bracelet\">\n                    </div>\n                </div>\n            </div>\n        </div>\n        <div class=\"tp-product-details-desc-item pb-75\">\n            <div class=\"row\">\n                <div class=\"col-lg-7\">\n                    <div class=\"tp-product-details-desc-thumb\">\n                        <img src=\"/storage/jewelry/products/product-2.png\" alt=\"Close-up of Diamond Tennis Bracelet\">\n                    </div>\n                </div>\n\n                <div class=\"col-lg-5 order-first order-lg-last\">\n                    <div class=\"des-content-2 pl-40\">\n                        <h3 class=\"tp-product-details-desc-title\">\n                            Versatile Style\n                        </h3>\n                        <p>\n                            Effortlessly transition from day to night with our versatile diamond tennis bracelet. Whether paired with a casual outfit or a formal gown, it adds a touch of glamour and sophistication to any look. Treat yourself or someone special to this timeless piece that\'s destined to be cherished for years to come.\n                        </p>\n                    </div>\n                </div>\n            </div>\n        </div>\n        <div class=\"tp-product-details-desc-item\">\n            <div class=\"row\">\n                <div class=\"col-xl-12\">\n                    <div class=\"tp-product-details-desc-banner text-center m-img\">\n                        <h3 class=\"tp-product-details-desc-banner-title tp-product-details-desc-title\">Exquisite Craftsmanship</h3>\n                        <img src=\"/storage/jewelry/products/product-3.png\" alt=\"Jewelry Workshop\">\n                    </div>\n                </div>\n            </div>\n        </div>\n    </div>\n</div>\n','published','[\"main\\/products\\/product-details-desc-2.jpg\",\"main\\/products\\/product-15.jpg\",\"main\\/products\\/product-12.jpg\"]','[[{\"key\":\"file\",\"value\":null},{\"key\":\"url\",\"value\":\"https:\\/\\/www.youtube.com\\/watch?v=6JYIGclVQdw\"},{\"key\":\"thumbnail\",\"value\":\"main\\/video\\/1.jpg\"}]]','DC-136',0,17,0,1,0,1,0,0,1954,773,NULL,NULL,15.00,16.00,11.00,636.00,NULL,153265,'2024-10-31 20:47:52','2024-10-31 20:47:53','in_stock',7,0,'Botble\\ACL\\Models\\User',0,NULL,'physical',NULL,NULL,0,0,0,0,2),(36,'Geometric Patterned Cardigan (Digital)','Top off your look with this chic fedora hat, crafted with a classic silhouette and a timeless appeal. A must-have accessory for any fashion-forward wardrobe.','<div class=\"row justify-content-center\">\n    <div class=\"col-xl-10\">\n        <div class=\"tp-product-details-desc-item pb-105\">\n            <div class=\"row\">\n                <div class=\"col-lg-6\">\n                    <div class=\"pt-25\">\n                        <span>Diamond Tennis Bracelet</span>\n                        <h3 class=\"tp-product-details-desc-title\">Timeless Elegance</h3>\n                        <p>\n                            Elevate your style with our exquisite diamond tennis bracelet. Crafted with precision and attention to detail, each sparkling diamond is expertly set in lustrous white gold, creating a piece of jewelry that exudes sophistication and luxury. Whether worn alone or layered with other bracelets, this timeless accessory adds a touch of glamour to any ensemble.\n                        </p>\n                    </div>\n                    <div>\n                        <h3 class=\"tp-product-details-desc-title\">Exceptional Quality</h3>\n                        <p>\n                            Our diamond tennis bracelet is crafted from the finest materials to ensure lasting beauty and brilliance. Each diamond is carefully selected for its clarity, cut, and color, resulting in a piece of jewelry that\'s truly exceptional. Indulge in luxury and elegance with this stunning bracelet that\'s sure to become a cherished heirloom.\n                        </p>\n                    </div>\n                </div>\n                <div class=\"col-lg-6\">\n                    <div class=\"tp-product-details-desc-thumb\">\n                        <img src=\"/storage/jewelry/products/product-1.png\" alt=\"Diamond Tennis Bracelet\">\n                    </div>\n                </div>\n            </div>\n        </div>\n        <div class=\"tp-product-details-desc-item pb-75\">\n            <div class=\"row\">\n                <div class=\"col-lg-7\">\n                    <div class=\"tp-product-details-desc-thumb\">\n                        <img src=\"/storage/jewelry/products/product-2.png\" alt=\"Close-up of Diamond Tennis Bracelet\">\n                    </div>\n                </div>\n\n                <div class=\"col-lg-5 order-first order-lg-last\">\n                    <div class=\"des-content-2 pl-40\">\n                        <h3 class=\"tp-product-details-desc-title\">\n                            Versatile Style\n                        </h3>\n                        <p>\n                            Effortlessly transition from day to night with our versatile diamond tennis bracelet. Whether paired with a casual outfit or a formal gown, it adds a touch of glamour and sophistication to any look. Treat yourself or someone special to this timeless piece that\'s destined to be cherished for years to come.\n                        </p>\n                    </div>\n                </div>\n            </div>\n        </div>\n        <div class=\"tp-product-details-desc-item\">\n            <div class=\"row\">\n                <div class=\"col-xl-12\">\n                    <div class=\"tp-product-details-desc-banner text-center m-img\">\n                        <h3 class=\"tp-product-details-desc-banner-title tp-product-details-desc-title\">Exquisite Craftsmanship</h3>\n                        <img src=\"/storage/jewelry/products/product-3.png\" alt=\"Jewelry Workshop\">\n                    </div>\n                </div>\n            </div>\n        </div>\n    </div>\n</div>\n','published','[\"main\\/products\\/product-10.jpg\",\"main\\/products\\/product-8.jpg\",\"main\\/products\\/product-11.jpg\",\"main\\/products\\/product-7.jpg\"]','[]','A1-125',0,11,0,1,0,2,0,0,2246,1947,NULL,NULL,16.00,17.00,17.00,858.00,NULL,86907,'2024-10-31 20:47:52','2024-10-31 20:47:53','in_stock',2,0,'Botble\\ACL\\Models\\User',0,NULL,'digital',NULL,NULL,0,0,0,0,1),(37,'Buckle Detail Ankle Booties','Accessorize with this bohemian fringe handbag, featuring intricate details and enough space for your essentials. The perfect boho-chic addition to your collection.','<div class=\"row justify-content-center\">\n    <div class=\"col-xl-10\">\n        <div class=\"tp-product-details-desc-item pb-105\">\n            <div class=\"row\">\n                <div class=\"col-lg-6\">\n                    <div class=\"pt-25\">\n                        <span>Diamond Tennis Bracelet</span>\n                        <h3 class=\"tp-product-details-desc-title\">Timeless Elegance</h3>\n                        <p>\n                            Elevate your style with our exquisite diamond tennis bracelet. Crafted with precision and attention to detail, each sparkling diamond is expertly set in lustrous white gold, creating a piece of jewelry that exudes sophistication and luxury. Whether worn alone or layered with other bracelets, this timeless accessory adds a touch of glamour to any ensemble.\n                        </p>\n                    </div>\n                    <div>\n                        <h3 class=\"tp-product-details-desc-title\">Exceptional Quality</h3>\n                        <p>\n                            Our diamond tennis bracelet is crafted from the finest materials to ensure lasting beauty and brilliance. Each diamond is carefully selected for its clarity, cut, and color, resulting in a piece of jewelry that\'s truly exceptional. Indulge in luxury and elegance with this stunning bracelet that\'s sure to become a cherished heirloom.\n                        </p>\n                    </div>\n                </div>\n                <div class=\"col-lg-6\">\n                    <div class=\"tp-product-details-desc-thumb\">\n                        <img src=\"/storage/jewelry/products/product-1.png\" alt=\"Diamond Tennis Bracelet\">\n                    </div>\n                </div>\n            </div>\n        </div>\n        <div class=\"tp-product-details-desc-item pb-75\">\n            <div class=\"row\">\n                <div class=\"col-lg-7\">\n                    <div class=\"tp-product-details-desc-thumb\">\n                        <img src=\"/storage/jewelry/products/product-2.png\" alt=\"Close-up of Diamond Tennis Bracelet\">\n                    </div>\n                </div>\n\n                <div class=\"col-lg-5 order-first order-lg-last\">\n                    <div class=\"des-content-2 pl-40\">\n                        <h3 class=\"tp-product-details-desc-title\">\n                            Versatile Style\n                        </h3>\n                        <p>\n                            Effortlessly transition from day to night with our versatile diamond tennis bracelet. Whether paired with a casual outfit or a formal gown, it adds a touch of glamour and sophistication to any look. Treat yourself or someone special to this timeless piece that\'s destined to be cherished for years to come.\n                        </p>\n                    </div>\n                </div>\n            </div>\n        </div>\n        <div class=\"tp-product-details-desc-item\">\n            <div class=\"row\">\n                <div class=\"col-xl-12\">\n                    <div class=\"tp-product-details-desc-banner text-center m-img\">\n                        <h3 class=\"tp-product-details-desc-banner-title tp-product-details-desc-title\">Exquisite Craftsmanship</h3>\n                        <img src=\"/storage/jewelry/products/product-3.png\" alt=\"Jewelry Workshop\">\n                    </div>\n                </div>\n            </div>\n        </div>\n    </div>\n</div>\n','published','[\"main\\/products\\/product-14.jpg\",\"main\\/products\\/product-17.jpg\",\"main\\/products\\/product-11.jpg\",\"main\\/products\\/product-18.jpg\",\"main\\/products\\/product-16.jpg\"]','[[{\"key\":\"file\",\"value\":\"main\\/video\\/video-2.mp4\"},{\"key\":\"url\",\"value\":null},{\"key\":\"thumbnail\",\"value\":\"main\\/video\\/2.jpg\"}]]','Y0-194',0,15,0,1,0,5,0,0,1840,1373,NULL,NULL,16.00,13.00,11.00,604.00,NULL,15489,'2024-10-31 20:47:52','2024-10-31 20:47:53','in_stock',3,0,'Botble\\ACL\\Models\\User',0,NULL,'physical',NULL,NULL,0,0,0,0,2),(38,'Embroidered Bomber Jacket','Make a statement in this floral maxi dress, perfect for summer events or a casual day out. The flowy silhouette and vibrant print will turn heads wherever you go.','<div class=\"row justify-content-center\">\n    <div class=\"col-xl-10\">\n        <div class=\"tp-product-details-desc-item pb-105\">\n            <div class=\"row\">\n                <div class=\"col-lg-6\">\n                    <div class=\"pt-25\">\n                        <span>Diamond Tennis Bracelet</span>\n                        <h3 class=\"tp-product-details-desc-title\">Timeless Elegance</h3>\n                        <p>\n                            Elevate your style with our exquisite diamond tennis bracelet. Crafted with precision and attention to detail, each sparkling diamond is expertly set in lustrous white gold, creating a piece of jewelry that exudes sophistication and luxury. Whether worn alone or layered with other bracelets, this timeless accessory adds a touch of glamour to any ensemble.\n                        </p>\n                    </div>\n                    <div>\n                        <h3 class=\"tp-product-details-desc-title\">Exceptional Quality</h3>\n                        <p>\n                            Our diamond tennis bracelet is crafted from the finest materials to ensure lasting beauty and brilliance. Each diamond is carefully selected for its clarity, cut, and color, resulting in a piece of jewelry that\'s truly exceptional. Indulge in luxury and elegance with this stunning bracelet that\'s sure to become a cherished heirloom.\n                        </p>\n                    </div>\n                </div>\n                <div class=\"col-lg-6\">\n                    <div class=\"tp-product-details-desc-thumb\">\n                        <img src=\"/storage/jewelry/products/product-1.png\" alt=\"Diamond Tennis Bracelet\">\n                    </div>\n                </div>\n            </div>\n        </div>\n        <div class=\"tp-product-details-desc-item pb-75\">\n            <div class=\"row\">\n                <div class=\"col-lg-7\">\n                    <div class=\"tp-product-details-desc-thumb\">\n                        <img src=\"/storage/jewelry/products/product-2.png\" alt=\"Close-up of Diamond Tennis Bracelet\">\n                    </div>\n                </div>\n\n                <div class=\"col-lg-5 order-first order-lg-last\">\n                    <div class=\"des-content-2 pl-40\">\n                        <h3 class=\"tp-product-details-desc-title\">\n                            Versatile Style\n                        </h3>\n                        <p>\n                            Effortlessly transition from day to night with our versatile diamond tennis bracelet. Whether paired with a casual outfit or a formal gown, it adds a touch of glamour and sophistication to any look. Treat yourself or someone special to this timeless piece that\'s destined to be cherished for years to come.\n                        </p>\n                    </div>\n                </div>\n            </div>\n        </div>\n        <div class=\"tp-product-details-desc-item\">\n            <div class=\"row\">\n                <div class=\"col-xl-12\">\n                    <div class=\"tp-product-details-desc-banner text-center m-img\">\n                        <h3 class=\"tp-product-details-desc-banner-title tp-product-details-desc-title\">Exquisite Craftsmanship</h3>\n                        <img src=\"/storage/jewelry/products/product-3.png\" alt=\"Jewelry Workshop\">\n                    </div>\n                </div>\n            </div>\n        </div>\n    </div>\n</div>\n','published','[\"main\\/products\\/product-10.jpg\",\"main\\/products\\/product-15.jpg\",\"main\\/products\\/product-11.jpg\",\"main\\/products\\/product-18.jpg\",\"main\\/products\\/product-9.jpg\"]','[[{\"key\":\"file\",\"value\":\"main\\/video\\/video-1.mp4\"},{\"key\":\"url\",\"value\":null},{\"key\":\"thumbnail\",\"value\":\"main\\/video\\/1.jpg\"}]]','9Z-128',0,17,0,1,0,4,0,0,1374,1076,NULL,NULL,11.00,10.00,17.00,851.00,NULL,106225,'2024-10-31 20:47:52','2024-10-31 20:47:53','in_stock',4,0,'Botble\\ACL\\Models\\User',0,NULL,'physical',NULL,NULL,0,0,0,0,2),(39,'Cowl Neck Knit Poncho','Make a statement in this floral maxi dress, perfect for summer events or a casual day out. The flowy silhouette and vibrant print will turn heads wherever you go.','<div class=\"row justify-content-center\">\n    <div class=\"col-xl-10\">\n        <div class=\"tp-product-details-desc-item pb-105\">\n            <div class=\"row\">\n                <div class=\"col-lg-6\">\n                    <div class=\"pt-25\">\n                        <span>Diamond Tennis Bracelet</span>\n                        <h3 class=\"tp-product-details-desc-title\">Timeless Elegance</h3>\n                        <p>\n                            Elevate your style with our exquisite diamond tennis bracelet. Crafted with precision and attention to detail, each sparkling diamond is expertly set in lustrous white gold, creating a piece of jewelry that exudes sophistication and luxury. Whether worn alone or layered with other bracelets, this timeless accessory adds a touch of glamour to any ensemble.\n                        </p>\n                    </div>\n                    <div>\n                        <h3 class=\"tp-product-details-desc-title\">Exceptional Quality</h3>\n                        <p>\n                            Our diamond tennis bracelet is crafted from the finest materials to ensure lasting beauty and brilliance. Each diamond is carefully selected for its clarity, cut, and color, resulting in a piece of jewelry that\'s truly exceptional. Indulge in luxury and elegance with this stunning bracelet that\'s sure to become a cherished heirloom.\n                        </p>\n                    </div>\n                </div>\n                <div class=\"col-lg-6\">\n                    <div class=\"tp-product-details-desc-thumb\">\n                        <img src=\"/storage/jewelry/products/product-1.png\" alt=\"Diamond Tennis Bracelet\">\n                    </div>\n                </div>\n            </div>\n        </div>\n        <div class=\"tp-product-details-desc-item pb-75\">\n            <div class=\"row\">\n                <div class=\"col-lg-7\">\n                    <div class=\"tp-product-details-desc-thumb\">\n                        <img src=\"/storage/jewelry/products/product-2.png\" alt=\"Close-up of Diamond Tennis Bracelet\">\n                    </div>\n                </div>\n\n                <div class=\"col-lg-5 order-first order-lg-last\">\n                    <div class=\"des-content-2 pl-40\">\n                        <h3 class=\"tp-product-details-desc-title\">\n                            Versatile Style\n                        </h3>\n                        <p>\n                            Effortlessly transition from day to night with our versatile diamond tennis bracelet. Whether paired with a casual outfit or a formal gown, it adds a touch of glamour and sophistication to any look. Treat yourself or someone special to this timeless piece that\'s destined to be cherished for years to come.\n                        </p>\n                    </div>\n                </div>\n            </div>\n        </div>\n        <div class=\"tp-product-details-desc-item\">\n            <div class=\"row\">\n                <div class=\"col-xl-12\">\n                    <div class=\"tp-product-details-desc-banner text-center m-img\">\n                        <h3 class=\"tp-product-details-desc-banner-title tp-product-details-desc-title\">Exquisite Craftsmanship</h3>\n                        <img src=\"/storage/jewelry/products/product-3.png\" alt=\"Jewelry Workshop\">\n                    </div>\n                </div>\n            </div>\n        </div>\n    </div>\n</div>\n','published','[\"main\\/products\\/product-17.jpg\",\"main\\/products\\/product-1.jpg\",\"main\\/products\\/product-14.jpg\",\"main\\/products\\/product-19.jpg\",\"main\\/products\\/product-16.jpg\",\"main\\/products\\/product-5.jpg\",\"main\\/products\\/product-6.jpg\"]','[]','Z5-123',0,18,0,1,1,4,0,0,345,133,NULL,NULL,19.00,17.00,12.00,624.00,NULL,113834,'2024-10-31 20:47:52','2024-10-31 20:47:53','in_stock',6,0,'Botble\\ACL\\Models\\User',0,NULL,'physical',NULL,NULL,0,0,0,0,2),(40,'Chunky Knit Infinity Scarf (Digital)','Top off your look with this chic fedora hat, crafted with a classic silhouette and a timeless appeal. A must-have accessory for any fashion-forward wardrobe.','<div class=\"row justify-content-center\">\n    <div class=\"col-xl-10\">\n        <div class=\"tp-product-details-desc-item pb-105\">\n            <div class=\"row\">\n                <div class=\"col-lg-6\">\n                    <div class=\"pt-25\">\n                        <span>Diamond Tennis Bracelet</span>\n                        <h3 class=\"tp-product-details-desc-title\">Timeless Elegance</h3>\n                        <p>\n                            Elevate your style with our exquisite diamond tennis bracelet. Crafted with precision and attention to detail, each sparkling diamond is expertly set in lustrous white gold, creating a piece of jewelry that exudes sophistication and luxury. Whether worn alone or layered with other bracelets, this timeless accessory adds a touch of glamour to any ensemble.\n                        </p>\n                    </div>\n                    <div>\n                        <h3 class=\"tp-product-details-desc-title\">Exceptional Quality</h3>\n                        <p>\n                            Our diamond tennis bracelet is crafted from the finest materials to ensure lasting beauty and brilliance. Each diamond is carefully selected for its clarity, cut, and color, resulting in a piece of jewelry that\'s truly exceptional. Indulge in luxury and elegance with this stunning bracelet that\'s sure to become a cherished heirloom.\n                        </p>\n                    </div>\n                </div>\n                <div class=\"col-lg-6\">\n                    <div class=\"tp-product-details-desc-thumb\">\n                        <img src=\"/storage/jewelry/products/product-1.png\" alt=\"Diamond Tennis Bracelet\">\n                    </div>\n                </div>\n            </div>\n        </div>\n        <div class=\"tp-product-details-desc-item pb-75\">\n            <div class=\"row\">\n                <div class=\"col-lg-7\">\n                    <div class=\"tp-product-details-desc-thumb\">\n                        <img src=\"/storage/jewelry/products/product-2.png\" alt=\"Close-up of Diamond Tennis Bracelet\">\n                    </div>\n                </div>\n\n                <div class=\"col-lg-5 order-first order-lg-last\">\n                    <div class=\"des-content-2 pl-40\">\n                        <h3 class=\"tp-product-details-desc-title\">\n                            Versatile Style\n                        </h3>\n                        <p>\n                            Effortlessly transition from day to night with our versatile diamond tennis bracelet. Whether paired with a casual outfit or a formal gown, it adds a touch of glamour and sophistication to any look. Treat yourself or someone special to this timeless piece that\'s destined to be cherished for years to come.\n                        </p>\n                    </div>\n                </div>\n            </div>\n        </div>\n        <div class=\"tp-product-details-desc-item\">\n            <div class=\"row\">\n                <div class=\"col-xl-12\">\n                    <div class=\"tp-product-details-desc-banner text-center m-img\">\n                        <h3 class=\"tp-product-details-desc-banner-title tp-product-details-desc-title\">Exquisite Craftsmanship</h3>\n                        <img src=\"/storage/jewelry/products/product-3.png\" alt=\"Jewelry Workshop\">\n                    </div>\n                </div>\n            </div>\n        </div>\n    </div>\n</div>\n','published','[\"main\\/products\\/product-details-desc-1.jpg\",\"main\\/products\\/product-16.jpg\",\"main\\/products\\/product-1.jpg\",\"main\\/products\\/product-11.jpg\",\"main\\/products\\/product-9.jpg\",\"main\\/products\\/product-6.jpg\",\"main\\/products\\/product-18.jpg\"]','[[{\"key\":\"file\",\"value\":\"main\\/video\\/video-1.mp4\"},{\"key\":\"url\",\"value\":null},{\"key\":\"thumbnail\",\"value\":\"main\\/video\\/1.jpg\"}]]','W1-173-A1',0,10,0,1,0,3,0,0,851,723.35,NULL,NULL,14.00,15.00,20.00,776.00,NULL,199619,'2024-10-31 20:47:52','2024-10-31 20:47:53','in_stock',4,0,'Botble\\ACL\\Models\\User',0,NULL,'digital',NULL,NULL,0,0,0,0,2),(41,'Retro High-Top Sneakers','Make a bold statement with this chunky necklace, designed to add a touch of glamour to any outfit. The perfect accessory for a night out.','<div class=\"row justify-content-center\">\n    <div class=\"col-xl-10\">\n        <div class=\"tp-product-details-desc-item pb-105\">\n            <div class=\"row\">\n                <div class=\"col-lg-6\">\n                    <div class=\"pt-25\">\n                        <span>Diamond Tennis Bracelet</span>\n                        <h3 class=\"tp-product-details-desc-title\">Timeless Elegance</h3>\n                        <p>\n                            Elevate your style with our exquisite diamond tennis bracelet. Crafted with precision and attention to detail, each sparkling diamond is expertly set in lustrous white gold, creating a piece of jewelry that exudes sophistication and luxury. Whether worn alone or layered with other bracelets, this timeless accessory adds a touch of glamour to any ensemble.\n                        </p>\n                    </div>\n                    <div>\n                        <h3 class=\"tp-product-details-desc-title\">Exceptional Quality</h3>\n                        <p>\n                            Our diamond tennis bracelet is crafted from the finest materials to ensure lasting beauty and brilliance. Each diamond is carefully selected for its clarity, cut, and color, resulting in a piece of jewelry that\'s truly exceptional. Indulge in luxury and elegance with this stunning bracelet that\'s sure to become a cherished heirloom.\n                        </p>\n                    </div>\n                </div>\n                <div class=\"col-lg-6\">\n                    <div class=\"tp-product-details-desc-thumb\">\n                        <img src=\"/storage/jewelry/products/product-1.png\" alt=\"Diamond Tennis Bracelet\">\n                    </div>\n                </div>\n            </div>\n        </div>\n        <div class=\"tp-product-details-desc-item pb-75\">\n            <div class=\"row\">\n                <div class=\"col-lg-7\">\n                    <div class=\"tp-product-details-desc-thumb\">\n                        <img src=\"/storage/jewelry/products/product-2.png\" alt=\"Close-up of Diamond Tennis Bracelet\">\n                    </div>\n                </div>\n\n                <div class=\"col-lg-5 order-first order-lg-last\">\n                    <div class=\"des-content-2 pl-40\">\n                        <h3 class=\"tp-product-details-desc-title\">\n                            Versatile Style\n                        </h3>\n                        <p>\n                            Effortlessly transition from day to night with our versatile diamond tennis bracelet. Whether paired with a casual outfit or a formal gown, it adds a touch of glamour and sophistication to any look. Treat yourself or someone special to this timeless piece that\'s destined to be cherished for years to come.\n                        </p>\n                    </div>\n                </div>\n            </div>\n        </div>\n        <div class=\"tp-product-details-desc-item\">\n            <div class=\"row\">\n                <div class=\"col-xl-12\">\n                    <div class=\"tp-product-details-desc-banner text-center m-img\">\n                        <h3 class=\"tp-product-details-desc-banner-title tp-product-details-desc-title\">Exquisite Craftsmanship</h3>\n                        <img src=\"/storage/jewelry/products/product-3.png\" alt=\"Jewelry Workshop\">\n                    </div>\n                </div>\n            </div>\n        </div>\n    </div>\n</div>\n','published','[\"main\\/products\\/product-details-desc-3.jpg\",\"main\\/products\\/product-3.jpg\",\"main\\/products\\/product-8.jpg\",\"main\\/products\\/product-15.jpg\"]','[[{\"key\":\"file\",\"value\":\"main\\/video\\/video-1.mp4\"},{\"key\":\"url\",\"value\":null},{\"key\":\"thumbnail\",\"value\":\"main\\/video\\/1.jpg\"}]]','74-100-A1',0,20,0,1,0,5,0,0,364,NULL,NULL,NULL,16.00,12.00,13.00,794.00,NULL,2331,'2024-10-31 20:47:52','2024-10-31 20:47:53','in_stock',7,0,'Botble\\ACL\\Models\\User',0,NULL,'physical',NULL,NULL,0,0,0,0,2),(42,'Faux Leather Leggings','Top off your look with this chic fedora hat, crafted with a classic silhouette and a timeless appeal. A must-have accessory for any fashion-forward wardrobe.','<div class=\"row justify-content-center\">\n    <div class=\"col-xl-10\">\n        <div class=\"tp-product-details-desc-item pb-105\">\n            <div class=\"row\">\n                <div class=\"col-lg-6\">\n                    <div class=\"pt-25\">\n                        <span>Diamond Tennis Bracelet</span>\n                        <h3 class=\"tp-product-details-desc-title\">Timeless Elegance</h3>\n                        <p>\n                            Elevate your style with our exquisite diamond tennis bracelet. Crafted with precision and attention to detail, each sparkling diamond is expertly set in lustrous white gold, creating a piece of jewelry that exudes sophistication and luxury. Whether worn alone or layered with other bracelets, this timeless accessory adds a touch of glamour to any ensemble.\n                        </p>\n                    </div>\n                    <div>\n                        <h3 class=\"tp-product-details-desc-title\">Exceptional Quality</h3>\n                        <p>\n                            Our diamond tennis bracelet is crafted from the finest materials to ensure lasting beauty and brilliance. Each diamond is carefully selected for its clarity, cut, and color, resulting in a piece of jewelry that\'s truly exceptional. Indulge in luxury and elegance with this stunning bracelet that\'s sure to become a cherished heirloom.\n                        </p>\n                    </div>\n                </div>\n                <div class=\"col-lg-6\">\n                    <div class=\"tp-product-details-desc-thumb\">\n                        <img src=\"/storage/jewelry/products/product-1.png\" alt=\"Diamond Tennis Bracelet\">\n                    </div>\n                </div>\n            </div>\n        </div>\n        <div class=\"tp-product-details-desc-item pb-75\">\n            <div class=\"row\">\n                <div class=\"col-lg-7\">\n                    <div class=\"tp-product-details-desc-thumb\">\n                        <img src=\"/storage/jewelry/products/product-2.png\" alt=\"Close-up of Diamond Tennis Bracelet\">\n                    </div>\n                </div>\n\n                <div class=\"col-lg-5 order-first order-lg-last\">\n                    <div class=\"des-content-2 pl-40\">\n                        <h3 class=\"tp-product-details-desc-title\">\n                            Versatile Style\n                        </h3>\n                        <p>\n                            Effortlessly transition from day to night with our versatile diamond tennis bracelet. Whether paired with a casual outfit or a formal gown, it adds a touch of glamour and sophistication to any look. Treat yourself or someone special to this timeless piece that\'s destined to be cherished for years to come.\n                        </p>\n                    </div>\n                </div>\n            </div>\n        </div>\n        <div class=\"tp-product-details-desc-item\">\n            <div class=\"row\">\n                <div class=\"col-xl-12\">\n                    <div class=\"tp-product-details-desc-banner text-center m-img\">\n                        <h3 class=\"tp-product-details-desc-banner-title tp-product-details-desc-title\">Exquisite Craftsmanship</h3>\n                        <img src=\"/storage/jewelry/products/product-3.png\" alt=\"Jewelry Workshop\">\n                    </div>\n                </div>\n            </div>\n        </div>\n    </div>\n</div>\n','published','[\"main\\/products\\/product-9.jpg\",\"main\\/products\\/product-11.jpg\",\"main\\/products\\/product-18.jpg\",\"main\\/products\\/product-4.jpg\"]','[[{\"key\":\"file\",\"value\":\"main\\/video\\/video-1.mp4\"},{\"key\":\"url\",\"value\":null},{\"key\":\"thumbnail\",\"value\":\"main\\/video\\/1.jpg\"}]]','FB-147-A1',0,16,0,1,1,2,0,0,578,NULL,NULL,NULL,18.00,19.00,16.00,542.00,NULL,1371,'2024-10-31 20:47:52','2024-10-31 20:47:53','in_stock',4,0,'Botble\\ACL\\Models\\User',0,NULL,'physical',NULL,NULL,0,0,0,0,1),(43,'Metallic Pleated Maxi Skirt','Complete your look with these classic aviator sunglasses, offering a touch of timeless glamour and UV protection for your eyes.','<div class=\"row justify-content-center\">\n    <div class=\"col-xl-10\">\n        <div class=\"tp-product-details-desc-item pb-105\">\n            <div class=\"row\">\n                <div class=\"col-lg-6\">\n                    <div class=\"pt-25\">\n                        <span>Diamond Tennis Bracelet</span>\n                        <h3 class=\"tp-product-details-desc-title\">Timeless Elegance</h3>\n                        <p>\n                            Elevate your style with our exquisite diamond tennis bracelet. Crafted with precision and attention to detail, each sparkling diamond is expertly set in lustrous white gold, creating a piece of jewelry that exudes sophistication and luxury. Whether worn alone or layered with other bracelets, this timeless accessory adds a touch of glamour to any ensemble.\n                        </p>\n                    </div>\n                    <div>\n                        <h3 class=\"tp-product-details-desc-title\">Exceptional Quality</h3>\n                        <p>\n                            Our diamond tennis bracelet is crafted from the finest materials to ensure lasting beauty and brilliance. Each diamond is carefully selected for its clarity, cut, and color, resulting in a piece of jewelry that\'s truly exceptional. Indulge in luxury and elegance with this stunning bracelet that\'s sure to become a cherished heirloom.\n                        </p>\n                    </div>\n                </div>\n                <div class=\"col-lg-6\">\n                    <div class=\"tp-product-details-desc-thumb\">\n                        <img src=\"/storage/jewelry/products/product-1.png\" alt=\"Diamond Tennis Bracelet\">\n                    </div>\n                </div>\n            </div>\n        </div>\n        <div class=\"tp-product-details-desc-item pb-75\">\n            <div class=\"row\">\n                <div class=\"col-lg-7\">\n                    <div class=\"tp-product-details-desc-thumb\">\n                        <img src=\"/storage/jewelry/products/product-2.png\" alt=\"Close-up of Diamond Tennis Bracelet\">\n                    </div>\n                </div>\n\n                <div class=\"col-lg-5 order-first order-lg-last\">\n                    <div class=\"des-content-2 pl-40\">\n                        <h3 class=\"tp-product-details-desc-title\">\n                            Versatile Style\n                        </h3>\n                        <p>\n                            Effortlessly transition from day to night with our versatile diamond tennis bracelet. Whether paired with a casual outfit or a formal gown, it adds a touch of glamour and sophistication to any look. Treat yourself or someone special to this timeless piece that\'s destined to be cherished for years to come.\n                        </p>\n                    </div>\n                </div>\n            </div>\n        </div>\n        <div class=\"tp-product-details-desc-item\">\n            <div class=\"row\">\n                <div class=\"col-xl-12\">\n                    <div class=\"tp-product-details-desc-banner text-center m-img\">\n                        <h3 class=\"tp-product-details-desc-banner-title tp-product-details-desc-title\">Exquisite Craftsmanship</h3>\n                        <img src=\"/storage/jewelry/products/product-3.png\" alt=\"Jewelry Workshop\">\n                    </div>\n                </div>\n            </div>\n        </div>\n    </div>\n</div>\n','published','[\"main\\/products\\/product-8.jpg\",\"main\\/products\\/product-14.jpg\",\"main\\/products\\/product-10.jpg\",\"main\\/products\\/product-3.jpg\",\"main\\/products\\/product-details-desc-1.jpg\",\"main\\/products\\/product-7.jpg\",\"main\\/products\\/product-17.jpg\",\"main\\/products\\/product-12.jpg\"]','[[{\"key\":\"file\",\"value\":null},{\"key\":\"url\",\"value\":\"https:\\/\\/www.youtube.com\\/watch?v=6JYIGclVQdw\"},{\"key\":\"thumbnail\",\"value\":\"main\\/video\\/1.jpg\"}]]','0R-156-A1',0,20,0,1,1,1,0,0,1993,NULL,NULL,NULL,13.00,14.00,10.00,592.00,NULL,134849,'2024-10-31 20:47:52','2024-10-31 20:47:53','in_stock',8,0,'Botble\\ACL\\Models\\User',0,NULL,'physical',NULL,NULL,0,0,0,0,2),(44,'Floral Maxi Dress',NULL,NULL,'published','[\"main\\/products\\/product-5.jpg\"]',NULL,'NF-123-A1',0,18,0,1,0,3,1,0,748,NULL,NULL,NULL,19.00,13.00,14.00,587.00,NULL,0,'2024-10-31 20:47:52','2024-10-31 20:47:53','in_stock',NULL,0,'Botble\\ACL\\Models\\User',0,NULL,'physical',NULL,NULL,0,0,0,0,NULL),(45,'Leather Ankle Boots',NULL,NULL,'published','[\"main\\/products\\/product-7.jpg\"]',NULL,'FX-193-A1',0,12,0,1,0,5,1,0,1443,NULL,NULL,NULL,15.00,19.00,18.00,676.00,NULL,0,'2024-10-31 20:47:52','2024-10-31 20:47:53','in_stock',NULL,0,'Botble\\ACL\\Models\\User',0,NULL,'physical',NULL,NULL,0,0,0,0,NULL),(46,'Leather Ankle Boots',NULL,NULL,'published','[\"main\\/products\\/product-4.jpg\"]',NULL,'FX-193-A1-A2',0,12,0,1,0,5,1,0,1443,NULL,NULL,NULL,15.00,19.00,18.00,676.00,NULL,0,'2024-10-31 20:47:52','2024-10-31 20:47:53','in_stock',NULL,0,'Botble\\ACL\\Models\\User',0,NULL,'physical',NULL,NULL,0,0,0,0,NULL),(47,'Leather Ankle Boots',NULL,NULL,'published','[\"main\\/products\\/product-12.jpg\"]',NULL,'FX-193-A1-A3',0,12,0,1,0,5,1,0,1443,NULL,NULL,NULL,15.00,19.00,18.00,676.00,NULL,0,'2024-10-31 20:47:52','2024-10-31 20:47:53','in_stock',NULL,0,'Botble\\ACL\\Models\\User',0,NULL,'physical',NULL,NULL,0,0,0,0,NULL),(48,'Classic Aviator Sunglasses',NULL,NULL,'published','[\"main\\/products\\/product-13.jpg\"]',NULL,'EA-126-A1',0,19,0,1,0,1,1,0,644,NULL,NULL,NULL,15.00,20.00,15.00,535.00,NULL,0,'2024-10-31 20:47:52','2024-10-31 20:47:53','in_stock',NULL,0,'Botble\\ACL\\Models\\User',0,NULL,'physical',NULL,NULL,0,0,0,0,NULL),(49,'Classic Aviator Sunglasses',NULL,NULL,'published','[\"main\\/products\\/product-details-desc-3.jpg\"]',NULL,'EA-126-A1-A2',0,19,0,1,0,1,1,0,644,NULL,NULL,NULL,15.00,20.00,15.00,535.00,NULL,0,'2024-10-31 20:47:52','2024-10-31 20:47:53','in_stock',NULL,0,'Botble\\ACL\\Models\\User',0,NULL,'physical',NULL,NULL,0,0,0,0,NULL),(50,'Classic Aviator Sunglasses',NULL,NULL,'published','[\"main\\/products\\/product-17.jpg\"]',NULL,'EA-126-A1-A3',0,19,0,1,0,1,1,0,644,NULL,NULL,NULL,15.00,20.00,15.00,535.00,NULL,0,'2024-10-31 20:47:52','2024-10-31 20:47:53','in_stock',NULL,0,'Botble\\ACL\\Models\\User',0,NULL,'physical',NULL,NULL,0,0,0,0,NULL),(51,'Tailored Wool Blazer',NULL,NULL,'published','[\"main\\/products\\/product-5.jpg\"]',NULL,'LH-114-A1',0,14,0,1,0,4,1,0,1746,NULL,NULL,NULL,16.00,13.00,12.00,670.00,NULL,0,'2024-10-31 20:47:52','2024-10-31 20:47:53','in_stock',NULL,0,'Botble\\ACL\\Models\\User',0,NULL,'physical',NULL,NULL,0,0,0,0,NULL),(52,'Tailored Wool Blazer',NULL,NULL,'published','[\"main\\/products\\/product-15.jpg\"]',NULL,'LH-114-A1-A2',0,14,0,1,0,4,1,0,1746,NULL,NULL,NULL,16.00,13.00,12.00,670.00,NULL,0,'2024-10-31 20:47:52','2024-10-31 20:47:53','in_stock',NULL,0,'Botble\\ACL\\Models\\User',0,NULL,'physical',NULL,NULL,0,0,0,0,NULL),(53,'Tailored Wool Blazer',NULL,NULL,'published','[\"main\\/products\\/product-11.jpg\"]',NULL,'LH-114-A1-A3',0,14,0,1,0,4,1,0,1746,NULL,NULL,NULL,16.00,13.00,12.00,670.00,NULL,0,'2024-10-31 20:47:52','2024-10-31 20:47:53','in_stock',NULL,0,'Botble\\ACL\\Models\\User',0,NULL,'physical',NULL,NULL,0,0,0,0,NULL),(54,'Embroidered Boho Blouse',NULL,NULL,'published','[\"main\\/products\\/product-4.jpg\"]',NULL,'Y4-135-A1',0,14,0,1,0,4,1,0,1804,NULL,NULL,NULL,12.00,15.00,18.00,645.00,NULL,0,'2024-10-31 20:47:52','2024-10-31 20:47:53','in_stock',NULL,0,'Botble\\ACL\\Models\\User',0,NULL,'physical',NULL,NULL,0,0,0,0,NULL),(55,'Embroidered Boho Blouse',NULL,NULL,'published','[\"main\\/products\\/product-15.jpg\"]',NULL,'Y4-135-A1-A2',0,14,0,1,0,4,1,0,1804,NULL,NULL,NULL,12.00,15.00,18.00,645.00,NULL,0,'2024-10-31 20:47:52','2024-10-31 20:47:53','in_stock',NULL,0,'Botble\\ACL\\Models\\User',0,NULL,'physical',NULL,NULL,0,0,0,0,NULL),(56,'Strappy Block Heel Sandals',NULL,NULL,'published','[\"main\\/products\\/product-details-desc-2.jpg\"]',NULL,'XS-154-A1',0,18,0,1,0,1,1,0,1134,NULL,NULL,NULL,11.00,18.00,10.00,731.00,NULL,0,'2024-10-31 20:47:52','2024-10-31 20:47:53','in_stock',NULL,0,'Botble\\ACL\\Models\\User',0,NULL,'physical',NULL,NULL,0,0,0,0,NULL),(57,'Strappy Block Heel Sandals',NULL,NULL,'published','[\"main\\/products\\/product-17.jpg\"]',NULL,'XS-154-A1-A2',0,18,0,1,0,1,1,0,1134,NULL,NULL,NULL,11.00,18.00,10.00,731.00,NULL,0,'2024-10-31 20:47:52','2024-10-31 20:47:53','in_stock',NULL,0,'Botble\\ACL\\Models\\User',0,NULL,'physical',NULL,NULL,0,0,0,0,NULL),(58,'Velvet Evening Gown',NULL,NULL,'published','[\"main\\/products\\/product-18.jpg\"]',NULL,'SF-155-A1',0,17,0,1,0,3,1,0,1785,NULL,NULL,NULL,11.00,13.00,10.00,731.00,NULL,0,'2024-10-31 20:47:52','2024-10-31 20:47:53','in_stock',NULL,0,'Botble\\ACL\\Models\\User',0,NULL,'physical',NULL,NULL,0,0,0,0,NULL),(59,'Velvet Evening Gown',NULL,NULL,'published','[\"main\\/products\\/product-16.jpg\"]',NULL,'SF-155-A1-A2',0,17,0,1,0,3,1,0,1785,NULL,NULL,NULL,11.00,13.00,10.00,731.00,NULL,0,'2024-10-31 20:47:52','2024-10-31 20:47:53','in_stock',NULL,0,'Botble\\ACL\\Models\\User',0,NULL,'physical',NULL,NULL,0,0,0,0,NULL),(60,'Velvet Evening Gown',NULL,NULL,'published','[\"main\\/products\\/product-details-desc-3.jpg\"]',NULL,'SF-155-A1-A3',0,17,0,1,0,3,1,0,1785,NULL,NULL,NULL,11.00,13.00,10.00,731.00,NULL,0,'2024-10-31 20:47:52','2024-10-31 20:47:53','in_stock',NULL,0,'Botble\\ACL\\Models\\User',0,NULL,'physical',NULL,NULL,0,0,0,0,NULL),(61,'Velvet Evening Gown',NULL,NULL,'published','[\"main\\/products\\/product-1.jpg\"]',NULL,'SF-155-A1-A4',0,17,0,1,0,3,1,0,1785,NULL,NULL,NULL,11.00,13.00,10.00,731.00,NULL,0,'2024-10-31 20:47:52','2024-10-31 20:47:53','in_stock',NULL,0,'Botble\\ACL\\Models\\User',0,NULL,'physical',NULL,NULL,0,0,0,0,NULL),(62,'Quilted Crossbody Bag',NULL,NULL,'published','[\"main\\/products\\/product-4.jpg\"]',NULL,'73-123-A1',0,17,0,1,0,1,1,0,334,NULL,NULL,NULL,15.00,18.00,10.00,781.00,NULL,0,'2024-10-31 20:47:52','2024-10-31 20:47:53','in_stock',NULL,0,'Botble\\ACL\\Models\\User',0,NULL,'physical',NULL,NULL,0,0,0,0,NULL),(63,'Quilted Crossbody Bag',NULL,NULL,'published','[\"main\\/products\\/product-5.jpg\"]',NULL,'73-123-A1-A2',0,17,0,1,0,1,1,0,334,NULL,NULL,NULL,15.00,18.00,10.00,781.00,NULL,0,'2024-10-31 20:47:52','2024-10-31 20:47:53','in_stock',NULL,0,'Botble\\ACL\\Models\\User',0,NULL,'physical',NULL,NULL,0,0,0,0,NULL),(64,'Quilted Crossbody Bag',NULL,NULL,'published','[\"main\\/products\\/product-details-desc-3.jpg\"]',NULL,'73-123-A1-A3',0,17,0,1,0,1,1,0,334,NULL,NULL,NULL,15.00,18.00,10.00,781.00,NULL,0,'2024-10-31 20:47:52','2024-10-31 20:47:53','in_stock',NULL,0,'Botble\\ACL\\Models\\User',0,NULL,'physical',NULL,NULL,0,0,0,0,NULL),(65,'Cotton Striped T-Shirt Dress',NULL,NULL,'published','[\"main\\/products\\/product-7.jpg\"]',NULL,'ZV-189-A1',0,11,0,1,0,2,1,0,1169,NULL,NULL,NULL,13.00,10.00,15.00,592.00,NULL,0,'2024-10-31 20:47:52','2024-10-31 20:47:53','in_stock',NULL,0,'Botble\\ACL\\Models\\User',0,NULL,'physical',NULL,NULL,0,0,0,0,NULL),(66,'Cotton Striped T-Shirt Dress',NULL,NULL,'published','[\"main\\/products\\/product-18.jpg\"]',NULL,'ZV-189-A1-A2',0,11,0,1,0,2,1,0,1169,NULL,NULL,NULL,13.00,10.00,15.00,592.00,NULL,0,'2024-10-31 20:47:52','2024-10-31 20:47:53','in_stock',NULL,0,'Botble\\ACL\\Models\\User',0,NULL,'physical',NULL,NULL,0,0,0,0,NULL),(67,'Cotton Striped T-Shirt Dress',NULL,NULL,'published','[\"main\\/products\\/product-11.jpg\"]',NULL,'ZV-189-A1-A3',0,11,0,1,0,2,1,0,1169,NULL,NULL,NULL,13.00,10.00,15.00,592.00,NULL,0,'2024-10-31 20:47:52','2024-10-31 20:47:53','in_stock',NULL,0,'Botble\\ACL\\Models\\User',0,NULL,'physical',NULL,NULL,0,0,0,0,NULL),(68,'Cotton Striped T-Shirt Dress',NULL,NULL,'published','[\"main\\/products\\/product-9.jpg\"]',NULL,'ZV-189-A1-A4',0,11,0,1,0,2,1,0,1169,NULL,NULL,NULL,13.00,10.00,15.00,592.00,NULL,0,'2024-10-31 20:47:52','2024-10-31 20:47:53','in_stock',NULL,0,'Botble\\ACL\\Models\\User',0,NULL,'physical',NULL,NULL,0,0,0,0,NULL),(69,'Structured Satchel Bag (Digital)',NULL,NULL,'published','[\"main\\/products\\/product-details-desc-3.jpg\"]',NULL,'YA-102-A1',0,11,0,1,0,5,1,0,2147,1696.13,NULL,NULL,13.00,12.00,18.00,711.00,NULL,0,'2024-10-31 20:47:52','2024-10-31 20:47:53','in_stock',NULL,0,'Botble\\ACL\\Models\\User',0,NULL,'digital',NULL,NULL,0,0,0,0,NULL),(70,'Structured Satchel Bag (Digital)',NULL,NULL,'published','[\"main\\/products\\/product-12.jpg\"]',NULL,'YA-102-A1-A2',0,11,0,1,0,5,1,0,2147,1588.78,NULL,NULL,13.00,12.00,18.00,711.00,NULL,0,'2024-10-31 20:47:52','2024-10-31 20:47:53','in_stock',NULL,0,'Botble\\ACL\\Models\\User',0,NULL,'digital',NULL,NULL,0,0,0,0,NULL),(71,'Structured Satchel Bag (Digital)',NULL,NULL,'published','[\"main\\/products\\/product-9.jpg\"]',NULL,'YA-102-A1-A3',0,11,0,1,0,5,1,0,2147,1782.01,NULL,NULL,13.00,12.00,18.00,711.00,NULL,0,'2024-10-31 20:47:52','2024-10-31 20:47:53','in_stock',NULL,0,'Botble\\ACL\\Models\\User',0,NULL,'digital',NULL,NULL,0,0,0,0,NULL),(72,'Suede Pointed-Toe Pumps',NULL,NULL,'published','[\"main\\/products\\/product-2.jpg\"]',NULL,'GN-146-A1',0,13,0,1,0,4,1,0,301,NULL,NULL,NULL,10.00,12.00,14.00,876.00,NULL,0,'2024-10-31 20:47:52','2024-10-31 20:47:53','in_stock',NULL,0,'Botble\\ACL\\Models\\User',0,NULL,'physical',NULL,NULL,0,0,0,0,NULL),(73,'Suede Pointed-Toe Pumps',NULL,NULL,'published','[\"main\\/products\\/product-10.jpg\"]',NULL,'GN-146-A1-A2',0,13,0,1,0,4,1,0,301,NULL,NULL,NULL,10.00,12.00,14.00,876.00,NULL,0,'2024-10-31 20:47:52','2024-10-31 20:47:53','in_stock',NULL,0,'Botble\\ACL\\Models\\User',0,NULL,'physical',NULL,NULL,0,0,0,0,NULL),(74,'Suede Pointed-Toe Pumps',NULL,NULL,'published','[\"main\\/products\\/product-4.jpg\"]',NULL,'GN-146-A1-A3',0,13,0,1,0,4,1,0,301,NULL,NULL,NULL,10.00,12.00,14.00,876.00,NULL,0,'2024-10-31 20:47:52','2024-10-31 20:47:53','in_stock',NULL,0,'Botble\\ACL\\Models\\User',0,NULL,'physical',NULL,NULL,0,0,0,0,NULL),(75,'Retro Cat-Eye Sunglasses',NULL,NULL,'published','[\"main\\/products\\/product-15.jpg\"]',NULL,'M0-106-A1',0,17,0,1,0,3,1,0,358,NULL,NULL,NULL,12.00,10.00,16.00,784.00,NULL,0,'2024-10-31 20:47:53','2024-10-31 20:47:53','in_stock',NULL,0,'Botble\\ACL\\Models\\User',0,NULL,'physical',NULL,NULL,0,0,0,0,NULL),(76,'Boho Fringed Kimono (Digital)',NULL,NULL,'published','[\"main\\/products\\/product-1.jpg\"]',NULL,'H7-114-A1',0,15,0,1,0,2,1,0,769,692.1,NULL,NULL,14.00,11.00,17.00,886.00,NULL,0,'2024-10-31 20:47:53','2024-10-31 20:47:53','in_stock',NULL,0,'Botble\\ACL\\Models\\User',0,NULL,'digital',NULL,NULL,0,0,0,0,NULL),(77,'Boho Fringed Kimono (Digital)',NULL,NULL,'published','[\"main\\/products\\/product-2.jpg\"]',NULL,'H7-114-A1-A2',0,15,0,1,0,2,1,0,769,630.58,NULL,NULL,14.00,11.00,17.00,886.00,NULL,0,'2024-10-31 20:47:53','2024-10-31 20:47:53','in_stock',NULL,0,'Botble\\ACL\\Models\\User',0,NULL,'digital',NULL,NULL,0,0,0,0,NULL),(78,'Pleated Midi Skirt',NULL,NULL,'published','[\"main\\/products\\/product-14.jpg\"]',NULL,'JD-151-A1',0,19,0,1,0,5,1,0,2314,NULL,NULL,NULL,20.00,18.00,13.00,792.00,NULL,0,'2024-10-31 20:47:53','2024-10-31 20:47:53','in_stock',NULL,0,'Botble\\ACL\\Models\\User',0,NULL,'physical',NULL,NULL,0,0,0,0,NULL),(79,'Chunky Knit Infinity Scarf (Digital)',NULL,NULL,'published','[\"main\\/products\\/product-16.jpg\"]',NULL,'W1-173-A1',0,10,0,1,0,3,1,0,851,723.35,NULL,NULL,14.00,15.00,20.00,776.00,NULL,0,'2024-10-31 20:47:53','2024-10-31 20:47:53','in_stock',NULL,0,'Botble\\ACL\\Models\\User',0,NULL,'digital',NULL,NULL,0,0,0,0,NULL),(80,'Chunky Knit Infinity Scarf (Digital)',NULL,NULL,'published','[\"main\\/products\\/product-1.jpg\"]',NULL,'W1-173-A1-A2',0,10,0,1,0,3,1,0,851,595.7,NULL,NULL,14.00,15.00,20.00,776.00,NULL,0,'2024-10-31 20:47:53','2024-10-31 20:47:53','in_stock',NULL,0,'Botble\\ACL\\Models\\User',0,NULL,'digital',NULL,NULL,0,0,0,0,NULL),(81,'Chunky Knit Infinity Scarf (Digital)',NULL,NULL,'published','[\"main\\/products\\/product-11.jpg\"]',NULL,'W1-173-A1-A3',0,10,0,1,0,3,1,0,851,595.7,NULL,NULL,14.00,15.00,20.00,776.00,NULL,0,'2024-10-31 20:47:53','2024-10-31 20:47:53','in_stock',NULL,0,'Botble\\ACL\\Models\\User',0,NULL,'digital',NULL,NULL,0,0,0,0,NULL),(82,'Retro High-Top Sneakers',NULL,NULL,'published','[\"main\\/products\\/product-3.jpg\"]',NULL,'74-100-A1',0,20,0,1,0,5,1,0,364,NULL,NULL,NULL,16.00,12.00,13.00,794.00,NULL,0,'2024-10-31 20:47:53','2024-10-31 20:47:53','in_stock',NULL,0,'Botble\\ACL\\Models\\User',0,NULL,'physical',NULL,NULL,0,0,0,0,NULL),(83,'Retro High-Top Sneakers',NULL,NULL,'published','[\"main\\/products\\/product-8.jpg\"]',NULL,'74-100-A1-A2',0,20,0,1,0,5,1,0,364,NULL,NULL,NULL,16.00,12.00,13.00,794.00,NULL,0,'2024-10-31 20:47:53','2024-10-31 20:47:53','in_stock',NULL,0,'Botble\\ACL\\Models\\User',0,NULL,'physical',NULL,NULL,0,0,0,0,NULL),(84,'Retro High-Top Sneakers',NULL,NULL,'published','[\"main\\/products\\/product-15.jpg\"]',NULL,'74-100-A1-A3',0,20,0,1,0,5,1,0,364,NULL,NULL,NULL,16.00,12.00,13.00,794.00,NULL,0,'2024-10-31 20:47:53','2024-10-31 20:47:53','in_stock',NULL,0,'Botble\\ACL\\Models\\User',0,NULL,'physical',NULL,NULL,0,0,0,0,NULL),(85,'Retro High-Top Sneakers',NULL,NULL,'published','[\"main\\/products\\/product-details-desc-3.jpg\"]',NULL,'74-100-A1-A4',0,20,0,1,0,5,1,0,364,NULL,NULL,NULL,16.00,12.00,13.00,794.00,NULL,0,'2024-10-31 20:47:53','2024-10-31 20:47:53','in_stock',NULL,0,'Botble\\ACL\\Models\\User',0,NULL,'physical',NULL,NULL,0,0,0,0,NULL),(86,'Faux Leather Leggings',NULL,NULL,'published','[\"main\\/products\\/product-11.jpg\"]',NULL,'FB-147-A1',0,16,0,1,0,2,1,0,578,NULL,NULL,NULL,18.00,19.00,16.00,542.00,NULL,0,'2024-10-31 20:47:53','2024-10-31 20:47:53','in_stock',NULL,0,'Botble\\ACL\\Models\\User',0,NULL,'physical',NULL,NULL,0,0,0,0,NULL),(87,'Faux Leather Leggings',NULL,NULL,'published','[\"main\\/products\\/product-18.jpg\"]',NULL,'FB-147-A1-A2',0,16,0,1,0,2,1,0,578,NULL,NULL,NULL,18.00,19.00,16.00,542.00,NULL,0,'2024-10-31 20:47:53','2024-10-31 20:47:53','in_stock',NULL,0,'Botble\\ACL\\Models\\User',0,NULL,'physical',NULL,NULL,0,0,0,0,NULL),(88,'Faux Leather Leggings',NULL,NULL,'published','[\"main\\/products\\/product-4.jpg\"]',NULL,'FB-147-A1-A3',0,16,0,1,0,2,1,0,578,NULL,NULL,NULL,18.00,19.00,16.00,542.00,NULL,0,'2024-10-31 20:47:53','2024-10-31 20:47:53','in_stock',NULL,0,'Botble\\ACL\\Models\\User',0,NULL,'physical',NULL,NULL,0,0,0,0,NULL),(89,'Metallic Pleated Maxi Skirt',NULL,NULL,'published','[\"main\\/products\\/product-14.jpg\"]',NULL,'0R-156-A1',0,20,0,1,0,1,1,0,1993,NULL,NULL,NULL,13.00,14.00,10.00,592.00,NULL,0,'2024-10-31 20:47:53','2024-10-31 20:47:53','in_stock',NULL,0,'Botble\\ACL\\Models\\User',0,NULL,'physical',NULL,NULL,0,0,0,0,NULL),(90,'Metallic Pleated Maxi Skirt',NULL,NULL,'published','[\"main\\/products\\/product-10.jpg\"]',NULL,'0R-156-A1-A2',0,20,0,1,0,1,1,0,1993,NULL,NULL,NULL,13.00,14.00,10.00,592.00,NULL,0,'2024-10-31 20:47:53','2024-10-31 20:47:53','in_stock',NULL,0,'Botble\\ACL\\Models\\User',0,NULL,'physical',NULL,NULL,0,0,0,0,NULL),(91,'Metallic Pleated Maxi Skirt',NULL,NULL,'published','[\"main\\/products\\/product-3.jpg\"]',NULL,'0R-156-A1-A3',0,20,0,1,0,1,1,0,1993,NULL,NULL,NULL,13.00,14.00,10.00,592.00,NULL,0,'2024-10-31 20:47:53','2024-10-31 20:47:53','in_stock',NULL,0,'Botble\\ACL\\Models\\User',0,NULL,'physical',NULL,NULL,0,0,0,0,NULL);

--
