--
-- Host: 127.0.0.1    Database: shofy
-- ------------------------------------------------------


--
-- Table structure for table `activations`
--

CREATE TABLE `activations` (
  `id` bigint unsigned NOT NULL AUTO_INCREMENT,
  `user_id` bigint unsigned NOT NULL,
  `code` varchar(120) COLLATE utf8mb4_unicode_ci NOT NULL,
  `completed` tinyint(1) NOT NULL DEFAULT '0',
  `completed_at` timestamp NULL DEFAULT NULL,
  `created_at` timestamp NULL DEFAULT NULL,
  `updated_at` timestamp NULL DEFAULT NULL,
  PRIMARY KEY (`id`),
  KEY `activations_user_id_index` (`user_id`)
) ENGINE=InnoDB AUTO_INCREMENT=2 DEFAULT CHARSET=utf8mb4 COLLATE=utf8mb4_unicode_ci;

--
-- Dumping data for table `activations`
--

INSERT INTO `activations` VALUES (1,1,'FEFxZgMBJDsCClGytcxd0ycqMvV4OawF',1,'2024-10-31 20:47:25','2024-10-31 20:47:25','2024-10-31 20:47:25');

--
-- Table structure for table `admin_notifications`
--

CREATE TABLE `admin_notifications` (
  `id` bigint unsigned NOT NULL AUTO_INCREMENT,
  `title` varchar(191) COLLATE utf8mb4_unicode_ci NOT NULL,
  `action_label` varchar(191) COLLATE utf8mb4_unicode_ci DEFAULT NULL,
  `action_url` varchar(191) COLLATE utf8mb4_unicode_ci DEFAULT NULL,
  `description` varchar(400) COLLATE utf8mb4_unicode_ci DEFAULT NULL,
  `read_at` timestamp NULL DEFAULT NULL,
  `created_at` timestamp NULL DEFAULT NULL,
  `updated_at` timestamp NULL DEFAULT NULL,
  `permission` varchar(191) COLLATE utf8mb4_unicode_ci DEFAULT NULL,
  PRIMARY KEY (`id`)
) ENGINE=InnoDB DEFAULT CHARSET=utf8mb4 COLLATE=utf8mb4_unicode_ci;

--
-- Dumping data for table `admin_notifications`
--


--
-- Table structure for table `ads_translations`
--

CREATE TABLE `ads_translations` (
  `lang_code` varchar(191) COLLATE utf8mb4_unicode_ci NOT NULL,
  `ads_id` bigint unsigned NOT NULL,
  `name` varchar(191) COLLATE utf8mb4_unicode_ci DEFAULT NULL,
  `image` varchar(191) COLLATE utf8mb4_unicode_ci DEFAULT NULL,
  `url` varchar(191) COLLATE utf8mb4_unicode_ci DEFAULT NULL,
  PRIMARY KEY (`lang_code`,`ads_id`)
) ENGINE=InnoDB DEFAULT CHARSET=utf8mb4 COLLATE=utf8mb4_unicode_ci;

--
-- Dumping data for table `ads_translations`
--


--
-- Table structure for table `announcements`
--

CREATE TABLE `announcements` (
  `id` bigint unsigned NOT NULL AUTO_INCREMENT,
  `name` varchar(191) COLLATE utf8mb4_unicode_ci NOT NULL,
  `content` text COLLATE utf8mb4_unicode_ci NOT NULL,
  `has_action` tinyint(1) NOT NULL DEFAULT '0',
  `action_label` varchar(60) COLLATE utf8mb4_unicode_ci DEFAULT NULL,
  `action_url` varchar(400) COLLATE utf8mb4_unicode_ci DEFAULT NULL,
  `action_open_new_tab` tinyint(1) NOT NULL DEFAULT '0',
  `dismissible` tinyint(1) NOT NULL DEFAULT '0',
  `start_date` datetime DEFAULT NULL,
  `end_date` datetime DEFAULT NULL,
  `is_active` tinyint(1) NOT NULL DEFAULT '1',
  `created_at` timestamp NULL DEFAULT NULL,
  `updated_at` timestamp NULL DEFAULT NULL,
  PRIMARY KEY (`id`)
) ENGINE=InnoDB AUTO_INCREMENT=4 DEFAULT CHARSET=utf8mb4 COLLATE=utf8mb4_unicode_ci;

--
-- Dumping data for table `announcements`
--

INSERT INTO `announcements` VALUES (1,'Announcement 1','? Fresh arrivals just in! Shop now for quality groceries and elevate your meals!',0,NULL,NULL,0,1,'2024-11-01 03:47:33',NULL,1,'2024-10-31 20:47:33','2024-10-31 20:47:33'),(2,'Announcement 2','? Explore new flavors hassle-free. Enjoy free delivery on orders over $50!',0,NULL,NULL,0,1,'2024-11-01 03:47:33',NULL,1,'2024-10-31 20:47:33','2024-10-31 20:47:33'),(3,'Announcement 3','? Quality guaranteed! Hassle-free returns within 30 days for your peace of mind.',0,NULL,NULL,0,1,'2024-11-01 03:47:33',NULL,1,'2024-10-31 20:47:33','2024-10-31 20:47:33');

--
-- Table structure for table `announcements_translations`
--

CREATE TABLE `announcements_translations` (
  `lang_code` varchar(191) COLLATE utf8mb4_unicode_ci NOT NULL,
  `announcements_id` bigint unsigned NOT NULL,
  `content` text COLLATE utf8mb4_unicode_ci,
  PRIMARY KEY (`lang_code`,`announcements_id`)
) ENGINE=InnoDB DEFAULT CHARSET=utf8mb4 COLLATE=utf8mb4_unicode_ci;

--
-- Dumping data for table `announcements_translations`
--


--
-- Table structure for table `audit_histories`
--

CREATE TABLE `audit_histories` (
  `id` bigint unsigned NOT NULL AUTO_INCREMENT,
  `user_id` bigint unsigned NOT NULL,
  `module` varchar(60) COLLATE utf8mb4_unicode_ci NOT NULL,
  `request` longtext COLLATE utf8mb4_unicode_ci,
  `action` varchar(120) COLLATE utf8mb4_unicode_ci NOT NULL,
  `user_agent` text COLLATE utf8mb4_unicode_ci,
  `ip_address` varchar(45) COLLATE utf8mb4_unicode_ci DEFAULT NULL,
  `reference_user` bigint unsigned NOT NULL,
  `reference_id` bigint unsigned NOT NULL,
  `reference_name` varchar(191) COLLATE utf8mb4_unicode_ci NOT NULL,
  `type` varchar(20) COLLATE utf8mb4_unicode_ci NOT NULL,
  `created_at` timestamp NULL DEFAULT NULL,
  `updated_at` timestamp NULL DEFAULT NULL,
  PRIMARY KEY (`id`),
  KEY `audit_histories_user_id_index` (`user_id`),
  KEY `audit_histories_module_index` (`module`)
) ENGINE=InnoDB DEFAULT CHARSET=utf8mb4 COLLATE=utf8mb4_unicode_ci;

--
-- Dumping data for table `audit_histories`
--


--
-- Table structure for table `categories`
--

CREATE TABLE `categories` (
  `id` bigint unsigned NOT NULL AUTO_INCREMENT,
  `name` varchar(120) COLLATE utf8mb4_unicode_ci NOT NULL,
  `parent_id` bigint unsigned NOT NULL DEFAULT '0',
  `description` varchar(400) COLLATE utf8mb4_unicode_ci DEFAULT NULL,
  `status` varchar(60) COLLATE utf8mb4_unicode_ci NOT NULL DEFAULT 'published',
  `author_id` bigint unsigned DEFAULT NULL,
  `author_type` varchar(191) COLLATE utf8mb4_unicode_ci NOT NULL DEFAULT 'Botble\\ACL\\Models\\User',
  `icon` varchar(60) COLLATE utf8mb4_unicode_ci DEFAULT NULL,
  `order` int unsigned NOT NULL DEFAULT '0',
  `is_featured` tinyint NOT NULL DEFAULT '0',
  `is_default` tinyint unsigned NOT NULL DEFAULT '0',
  `created_at` timestamp NULL DEFAULT NULL,
  `updated_at` timestamp NULL DEFAULT NULL,
  PRIMARY KEY (`id`),
  KEY `categories_parent_id_index` (`parent_id`),
  KEY `categories_status_index` (`status`),
  KEY `categories_created_at_index` (`created_at`)
) ENGINE=InnoDB AUTO_INCREMENT=7 DEFAULT CHARSET=utf8mb4 COLLATE=utf8mb4_unicode_ci;

--
-- Dumping data for table `categories`
--

INSERT INTO `categories` VALUES (1,'Crisp Bread &amp; Cake',0,'Tempora adipisci molestias aut quas impedit enim et. Consequuntur et rerum porro consequatur. Rerum molestias fugit voluptas quae.','published',1,'Botble\\ACL\\Models\\User',NULL,0,0,0,'2024-10-31 20:47:30','2024-10-31 20:47:30'),(2,'Fashion',0,'Placeat quo est laudantium beatae error iste. At eos assumenda enim voluptatem molestias iure culpa. Deleniti ab hic molestias porro voluptas maxime.','published',1,'Botble\\ACL\\Models\\User',NULL,0,1,0,'2024-10-31 20:47:30','2024-10-31 20:47:30'),(3,'Electronic',0,'Exercitationem illum distinctio consequatur neque perspiciatis. Non dicta molestiae ea accusamus nesciunt voluptatum. Corrupti omnis totam et.','published',1,'Botble\\ACL\\Models\\User',NULL,0,1,0,'2024-10-31 20:47:30','2024-10-31 20:47:30'),(4,'Commercial',0,'Libero provident veritatis ut reiciendis molestias autem. Tempora qui consequatur et. Cupiditate consequuntur commodi sit consequatur maiores incidunt. Impedit magni voluptas eligendi.','published',1,'Botble\\ACL\\Models\\User',NULL,0,1,0,'2024-10-31 20:47:30','2024-10-31 20:47:30'),(5,'Organic Fruits',0,'Vero repellendus earum et omnis. Omnis nostrum autem similique deserunt sint. Autem est magni aperiam dignissimos ipsa. Officiis mollitia et vero error ea qui eos vero.','published',1,'Botble\\ACL\\Models\\User',NULL,0,1,0,'2024-10-31 20:47:30','2024-10-31 20:47:30'),(6,'Ecological',0,'Doloremque nihil aut inventore cupiditate ut. Qui et est accusamus nisi molestiae. Minima nesciunt quasi facere porro quam perferendis.','published',1,'Botble\\ACL\\Models\\User',NULL,0,1,0,'2024-10-31 20:47:30','2024-10-31 20:47:30');

--
-- Table structure for table `categories_translations`
--

CREATE TABLE `categories_translations` (
  `lang_code` varchar(20) COLLATE utf8mb4_unicode_ci NOT NULL,
  `categories_id` bigint unsigned NOT NULL,
  `name` varchar(191) COLLATE utf8mb4_unicode_ci DEFAULT NULL,
  `description` varchar(400) COLLATE utf8mb4_unicode_ci DEFAULT NULL,
  PRIMARY KEY (`lang_code`,`categories_id`)
) ENGINE=InnoDB DEFAULT CHARSET=utf8mb4 COLLATE=utf8mb4_unicode_ci;

--
-- Dumping data for table `categories_translations`
--


--
-- Table structure for table `cities`
--

CREATE TABLE `cities` (
  `id` bigint unsigned NOT NULL AUTO_INCREMENT,
  `name` varchar(120) COLLATE utf8mb4_unicode_ci NOT NULL,
  `slug` varchar(120) COLLATE utf8mb4_unicode_ci DEFAULT NULL,
  `state_id` bigint unsigned DEFAULT NULL,
  `country_id` bigint unsigned DEFAULT NULL,
  `record_id` varchar(40) COLLATE utf8mb4_unicode_ci DEFAULT NULL,
  `order` tinyint NOT NULL DEFAULT '0',
  `image` varchar(191) COLLATE utf8mb4_unicode_ci DEFAULT NULL,
  `is_default` tinyint unsigned NOT NULL DEFAULT '0',
  `status` varchar(60) COLLATE utf8mb4_unicode_ci NOT NULL DEFAULT 'published',
  `created_at` timestamp NULL DEFAULT NULL,
  `updated_at` timestamp NULL DEFAULT NULL,
  PRIMARY KEY (`id`),
  UNIQUE KEY `cities_slug_unique` (`slug`)
) ENGINE=InnoDB DEFAULT CHARSET=utf8mb4 COLLATE=utf8mb4_unicode_ci;

--
-- Dumping data for table `cities`
--


--
-- Table structure for table `cities_translations`
--

CREATE TABLE `cities_translations` (
  `lang_code` varchar(20) COLLATE utf8mb4_unicode_ci NOT NULL,
  `cities_id` bigint unsigned NOT NULL,
  `name` varchar(120) COLLATE utf8mb4_unicode_ci DEFAULT NULL,
  `slug` varchar(120) COLLATE utf8mb4_unicode_ci DEFAULT NULL,
  PRIMARY KEY (`lang_code`,`cities_id`)
) ENGINE=InnoDB DEFAULT CHARSET=utf8mb4 COLLATE=utf8mb4_unicode_ci;

--
-- Dumping data for table `cities_translations`
--


--
-- Table structure for table `contact_custom_field_options`
--

CREATE TABLE `contact_custom_field_options` (
  `id` bigint unsigned NOT NULL AUTO_INCREMENT,
  `custom_field_id` bigint unsigned NOT NULL,
  `label` varchar(191) COLLATE utf8mb4_unicode_ci DEFAULT NULL,
  `value` varchar(191) COLLATE utf8mb4_unicode_ci NOT NULL,
  `order` int NOT NULL DEFAULT '999',
  `created_at` timestamp NULL DEFAULT NULL,
  `updated_at` timestamp NULL DEFAULT NULL,
  PRIMARY KEY (`id`)
) ENGINE=InnoDB DEFAULT CHARSET=utf8mb4 COLLATE=utf8mb4_unicode_ci;

--
-- Dumping data for table `contact_custom_field_options`
--


--
-- Table structure for table `contact_custom_field_options_translations`
--

CREATE TABLE `contact_custom_field_options_translations` (
  `contact_custom_field_options_id` bigint unsigned NOT NULL,
  `lang_code` varchar(191) COLLATE utf8mb4_unicode_ci NOT NULL,
  `label` varchar(191) COLLATE utf8mb4_unicode_ci DEFAULT NULL,
  `value` varchar(191) COLLATE utf8mb4_unicode_ci DEFAULT NULL,
  PRIMARY KEY (`lang_code`,`contact_custom_field_options_id`)
) ENGINE=InnoDB DEFAULT CHARSET=utf8mb4 COLLATE=utf8mb4_unicode_ci;

--
-- Dumping data for table `contact_custom_field_options_translations`
--


--
-- Table structure for table `contact_custom_fields`
--

CREATE TABLE `contact_custom_fields` (
  `id` bigint unsigned NOT NULL AUTO_INCREMENT,
  `type` varchar(191) COLLATE utf8mb4_unicode_ci NOT NULL,
  `required` tinyint(1) NOT NULL DEFAULT '0',
  `name` varchar(191) COLLATE utf8mb4_unicode_ci NOT NULL,
  `placeholder` varchar(191) COLLATE utf8mb4_unicode_ci DEFAULT NULL,
  `order` int NOT NULL DEFAULT '999',
  `status` varchar(191) COLLATE utf8mb4_unicode_ci NOT NULL DEFAULT 'published',
  `created_at` timestamp NULL DEFAULT NULL,
  `updated_at` timestamp NULL DEFAULT NULL,
  PRIMARY KEY (`id`)
) ENGINE=InnoDB DEFAULT CHARSET=utf8mb4 COLLATE=utf8mb4_unicode_ci;

--
-- Dumping data for table `contact_custom_fields`
--


--
-- Table structure for table `contact_custom_fields_translations`
--

CREATE TABLE `contact_custom_fields_translations` (
  `contact_custom_fields_id` bigint unsigned NOT NULL,
  `lang_code` varchar(191) COLLATE utf8mb4_unicode_ci NOT NULL,
  `name` varchar(191) COLLATE utf8mb4_unicode_ci DEFAULT NULL,
  `placeholder` varchar(191) COLLATE utf8mb4_unicode_ci DEFAULT NULL,
  PRIMARY KEY (`lang_code`,`contact_custom_fields_id`)
) ENGINE=InnoDB DEFAULT CHARSET=utf8mb4 COLLATE=utf8mb4_unicode_ci;

--
-- Dumping data for table `contact_custom_fields_translations`
--


--
-- Table structure for table `contact_replies`
--

CREATE TABLE `contact_replies` (
  `id` bigint unsigned NOT NULL AUTO_INCREMENT,
  `message` longtext COLLATE utf8mb4_unicode_ci NOT NULL,
  `contact_id` bigint unsigned NOT NULL,
  `created_at` timestamp NULL DEFAULT NULL,
  `updated_at` timestamp NULL DEFAULT NULL,
  PRIMARY KEY (`id`)
) ENGINE=InnoDB DEFAULT CHARSET=utf8mb4 COLLATE=utf8mb4_unicode_ci;

--
-- Dumping data for table `contact_replies`
--


--
-- Table structure for table `contacts`
--

CREATE TABLE `contacts` (
  `id` bigint unsigned NOT NULL AUTO_INCREMENT,
  `name` varchar(60) COLLATE utf8mb4_unicode_ci NOT NULL,
  `email` varchar(60) COLLATE utf8mb4_unicode_ci DEFAULT NULL,
  `phone` varchar(60) COLLATE utf8mb4_unicode_ci DEFAULT NULL,
  `address` varchar(120) COLLATE utf8mb4_unicode_ci DEFAULT NULL,
  `subject` varchar(120) COLLATE utf8mb4_unicode_ci DEFAULT NULL,
  `content` longtext COLLATE utf8mb4_unicode_ci NOT NULL,
  `custom_fields` text COLLATE utf8mb4_unicode_ci,
  `status` varchar(60) COLLATE utf8mb4_unicode_ci NOT NULL DEFAULT 'unread',
  `created_at` timestamp NULL DEFAULT NULL,
  `updated_at` timestamp NULL DEFAULT NULL,
  PRIMARY KEY (`id`)
) ENGINE=InnoDB AUTO_INCREMENT=11 DEFAULT CHARSET=utf8mb4 COLLATE=utf8mb4_unicode_ci;

--
-- Dumping data for table `contacts`
--

INSERT INTO `contacts` VALUES (1,'Ms. Myriam Stokes','ed11@example.org','(443) 429-6891','90085 Sherman Walks Suite 632\nConsidinemouth, FL 02954-5686','Fuga quia nam qui facilis.','Nesciunt corrupti explicabo quo recusandae ducimus totam. Rerum ullam eveniet tempore amet quas veritatis natus. Cumque repudiandae omnis mollitia et est. Recusandae animi voluptas sunt repudiandae. Repudiandae exercitationem velit quo enim quos repudiandae id ab. Beatae aut rem sed eum quos sed. Amet eum optio ut sapiente ut. Non dolorum velit omnis beatae quos rem. Qui perspiciatis deserunt aut earum.',NULL,'unread','2024-10-31 20:47:29','2024-10-31 20:47:29'),(2,'Ayla Wolf','nikita44@example.net','+1-848-717-6117','97656 Ritchie Ridge Suite 436\nLake Emilyville, KS 21212-1332','Quis repellendus animi qui et harum.','Ut veniam eius et modi. Et amet dolorem repudiandae ab. Aut sit doloribus voluptas nisi facilis perspiciatis quia dolores. Neque illo nesciunt at fugiat possimus delectus maxime. Hic corporis optio cum itaque. Laborum placeat ratione alias minus. Sunt quaerat nostrum nihil aliquam pariatur adipisci. Placeat commodi maxime sit debitis. Eligendi illo minus labore quis rerum provident neque. Possimus voluptatibus ducimus vero et nemo modi odit.',NULL,'read','2024-10-31 20:47:29','2024-10-31 20:47:29'),(3,'Orin Ortiz','gsmitham@example.net','+1-830-640-9915','667 Haleigh Manors\nNorth Albinton, AZ 48312-1980','Quasi id enim blanditiis quia et enim.','Facilis harum officia eius iusto ullam voluptas libero. Quia tempora cum ut enim. Magnam aspernatur tempora ut explicabo ut molestiae. Aliquid qui aliquid iure et. Atque error soluta voluptatem qui molestias. Magni ratione laudantium ut temporibus voluptates ducimus vitae. Hic non voluptatem dolores asperiores quam autem. Et quibusdam facilis maiores consequatur molestias ratione similique exercitationem. Recusandae vero fuga totam eos possimus dolorum.',NULL,'unread','2024-10-31 20:47:29','2024-10-31 20:47:29'),(4,'Dr. Ernest Gislason MD','melody.crona@example.com','(860) 323-7404','75827 Rogahn Drive\nPort Casperport, OH 06840-3203','Nam quam officiis tenetur vel.','Odio eaque rerum temporibus ex rem inventore nostrum. Qui ut debitis aut unde sunt eligendi. Temporibus saepe adipisci explicabo praesentium. Assumenda quasi earum hic ut nihil eum quasi. Eum hic possimus et illo est nam. Voluptatem sapiente incidunt ut quisquam magnam. Reprehenderit in omnis et quisquam quod molestiae porro in. Corrupti ad voluptatem in omnis. Ut nulla eligendi rerum enim nobis nesciunt et. Incidunt quas est tenetur eius doloribus eos delectus.',NULL,'unread','2024-10-31 20:47:29','2024-10-31 20:47:29'),(5,'Anahi Ledner','bstehr@example.com','(630) 738-2725','651 Lucas Fords\nWest Granvilleville, AK 55259','Officia officiis quo libero eum aut unde aut.','Perspiciatis inventore consequatur sit ullam. Vel voluptas ut accusamus nihil a et soluta. Architecto error facere ipsam dolores. Autem libero eum quia quisquam debitis. Quod iusto nihil qui eos consequatur voluptas. Sit quo ut excepturi aut. Distinctio odio ad qui temporibus aperiam ex. Officiis ut incidunt vero iure eum mollitia quis dolores. Qui a esse incidunt ipsa a est.',NULL,'unread','2024-10-31 20:47:29','2024-10-31 20:47:29'),(6,'Tara Treutel','oral.monahan@example.net','701.845.3294','448 Marquise Corner\nEstelleside, KS 26204-6889','Voluptas in tenetur numquam aut ab assumenda qui.','Impedit est laboriosam commodi rerum. Dolor velit voluptas ea quia officiis porro ex molestiae. Illum eaque reprehenderit nobis magnam ipsum provident. Quod animi voluptatem quos dolore dolores aut. Doloribus explicabo recusandae amet nobis. Est dolores natus est quam et. Id accusantium quasi aspernatur facilis ipsum consequatur et rerum. Nesciunt possimus eveniet assumenda facilis esse sunt. Provident alias nemo sed possimus. Ad quos est et magnam mollitia aut quasi rerum.',NULL,'unread','2024-10-31 20:47:29','2024-10-31 20:47:29'),(7,'Dr. Maudie Wilderman I','mcclure.evans@example.org','1-351-273-0435','391 Jast Street Suite 559\nEast Mattieland, AZ 73929','Quaerat molestiae consequatur sint aut.','Quis accusantium ipsum omnis. Id et atque explicabo sequi earum veniam. In quia quia quia voluptatem laudantium animi sequi. Eaque animi at voluptas laboriosam voluptas eos vel. Deleniti asperiores est voluptatum id neque voluptatum. Dolor voluptate impedit qui est. Ducimus autem libero necessitatibus dolore. Ut et placeat corporis qui non. Voluptatem ullam tenetur iste veniam reiciendis aliquam qui. Consequatur dolores vitae perferendis. Eos maiores quia provident reiciendis alias.',NULL,'read','2024-10-31 20:47:29','2024-10-31 20:47:29'),(8,'Prof. Ransom Kuphal','florida00@example.org','(540) 303-2818','7704 Forrest Flat\nNicklausberg, DE 37131-4168','Omnis non enim laudantium aut placeat voluptatem.','Enim asperiores omnis ut quibusdam voluptate laboriosam quis. Esse animi aut ut sed sed ea quasi. Ut occaecati ducimus repellat error ab. Dolore in non qui reprehenderit et. Saepe fuga natus magnam exercitationem aliquid. Explicabo cum fugiat praesentium. Rem sed quas sit aliquam tempore. Non ut earum est quidem expedita provident eveniet praesentium.',NULL,'unread','2024-10-31 20:47:29','2024-10-31 20:47:29'),(9,'Wallace Mosciski','mreichert@example.com','409-463-7288','8508 Kevon Via Suite 281\nNew Bryonview, NM 93971','Libero officiis iure consectetur voluptas.','Voluptatem voluptatem consequuntur veritatis. Rerum doloremque molestiae qui tempore assumenda. Blanditiis et dolore dolorem ut a et dolores. Id labore adipisci ut omnis dolor. Quos quo autem sed voluptatum et. Sed aut rerum iste iusto non non. Sit quod consectetur corrupti voluptas sed voluptatem. Libero ullam porro sapiente voluptatem quia sed consequatur eum. Nulla ducimus non consequatur ut ipsa. Ipsum impedit aut quasi facilis esse autem.',NULL,'read','2024-10-31 20:47:29','2024-10-31 20:47:29'),(10,'Justina Watsica','hardy18@example.org','+12819186159','341 Hilbert Forges\nWest Dewitt, NH 93889-7164','Esse dolor iusto quibusdam expedita ut.','Veniam et facilis ad aspernatur quia. Ex sed consequatur molestias perferendis accusamus. Enim ab ut fugit ipsum similique. Cupiditate quam molestias nobis repellendus est aspernatur. Molestiae qui nesciunt praesentium dignissimos id. Dolores aut est laboriosam rerum necessitatibus. Suscipit omnis culpa provident qui et quisquam. Eveniet quasi temporibus nemo ut similique sequi incidunt. Iure alias rerum et esse.',NULL,'read','2024-10-31 20:47:29','2024-10-31 20:47:29');

--
-- Table structure for table `countries`
--

CREATE TABLE `countries` (
  `id` bigint unsigned NOT NULL AUTO_INCREMENT,
  `name` varchar(120) COLLATE utf8mb4_unicode_ci NOT NULL,
  `nationality` varchar(120) COLLATE utf8mb4_unicode_ci DEFAULT NULL,
  `order` tinyint NOT NULL DEFAULT '0',
  `image` varchar(191) COLLATE utf8mb4_unicode_ci DEFAULT NULL,
  `is_default` tinyint unsigned NOT NULL DEFAULT '0',
  `status` varchar(60) COLLATE utf8mb4_unicode_ci NOT NULL DEFAULT 'published',
  `created_at` timestamp NULL DEFAULT NULL,
  `updated_at` timestamp NULL DEFAULT NULL,
  `code` varchar(10) COLLATE utf8mb4_unicode_ci DEFAULT NULL,
  PRIMARY KEY (`id`)
) ENGINE=InnoDB DEFAULT CHARSET=utf8mb4 COLLATE=utf8mb4_unicode_ci;

--
-- Dumping data for table `countries`
--


--
-- Table structure for table `countries_translations`
--

CREATE TABLE `countries_translations` (
  `lang_code` varchar(20) COLLATE utf8mb4_unicode_ci NOT NULL,
  `countries_id` bigint unsigned NOT NULL,
  `name` varchar(120) COLLATE utf8mb4_unicode_ci DEFAULT NULL,
  `nationality` varchar(120) COLLATE utf8mb4_unicode_ci DEFAULT NULL,
  PRIMARY KEY (`lang_code`,`countries_id`)
) ENGINE=InnoDB DEFAULT CHARSET=utf8mb4 COLLATE=utf8mb4_unicode_ci;

--
-- Dumping data for table `countries_translations`
--


--
-- Table structure for table `dashboard_widget_settings`
--

CREATE TABLE `dashboard_widget_settings` (
  `id` bigint unsigned NOT NULL AUTO_INCREMENT,
  `settings` text COLLATE utf8mb4_unicode_ci,
  `user_id` bigint unsigned NOT NULL,
  `widget_id` bigint unsigned NOT NULL,
  `order` tinyint unsigned NOT NULL DEFAULT '0',
  `status` tinyint unsigned NOT NULL DEFAULT '1',
  `created_at` timestamp NULL DEFAULT NULL,
  `updated_at` timestamp NULL DEFAULT NULL,
  PRIMARY KEY (`id`),
  KEY `dashboard_widget_settings_user_id_index` (`user_id`),
  KEY `dashboard_widget_settings_widget_id_index` (`widget_id`)
) ENGINE=InnoDB DEFAULT CHARSET=utf8mb4 COLLATE=utf8mb4_unicode_ci;

--
-- Dumping data for table `dashboard_widget_settings`
--


--
-- Table structure for table `dashboard_widgets`
--

CREATE TABLE `dashboard_widgets` (
  `id` bigint unsigned NOT NULL AUTO_INCREMENT,
  `name` varchar(120) COLLATE utf8mb4_unicode_ci NOT NULL,
  `created_at` timestamp NULL DEFAULT NULL,
  `updated_at` timestamp NULL DEFAULT NULL,
  PRIMARY KEY (`id`)
) ENGINE=InnoDB DEFAULT CHARSET=utf8mb4 COLLATE=utf8mb4_unicode_ci;

--
-- Dumping data for table `dashboard_widgets`
--


--
-- Table structure for table `ec_brands`
--

CREATE TABLE `ec_brands` (
  `id` bigint unsigned NOT NULL AUTO_INCREMENT,
  `name` varchar(191) COLLATE utf8mb4_unicode_ci NOT NULL,
  `description` mediumtext COLLATE utf8mb4_unicode_ci,
  `website` varchar(191) COLLATE utf8mb4_unicode_ci DEFAULT NULL,
  `logo` varchar(191) COLLATE utf8mb4_unicode_ci DEFAULT NULL,
  `status` varchar(60) COLLATE utf8mb4_unicode_ci NOT NULL DEFAULT 'published',
  `order` tinyint unsigned NOT NULL DEFAULT '0',
  `is_featured` tinyint unsigned NOT NULL DEFAULT '0',
  `created_at` timestamp NULL DEFAULT NULL,
  `updated_at` timestamp NULL DEFAULT NULL,
  PRIMARY KEY (`id`)
) ENGINE=InnoDB AUTO_INCREMENT=6 DEFAULT CHARSET=utf8mb4 COLLATE=utf8mb4_unicode_ci;

--
-- Dumping data for table `ec_brands`
--

INSERT INTO `ec_brands` VALUES (1,'FoodPound','New Snacks Release',NULL,'main/brands/1.png','published',0,1,'2024-10-31 20:47:26','2024-10-31 20:47:26'),(2,'iTea JSC','Happy Tea 100% Organic. From $29.9',NULL,'main/brands/2.png','published',1,1,'2024-10-31 20:47:26','2024-10-31 20:47:26'),(3,'Soda Brand','Fresh Meat Sausage. BUY 2 GET 1!',NULL,'main/brands/3.png','published',2,1,'2024-10-31 20:47:26','2024-10-31 20:47:26'),(4,'Shofy','Fresh Meat Sausage. BUY 2 GET 1!',NULL,'main/brands/4.png','published',3,1,'2024-10-31 20:47:26','2024-10-31 20:47:26'),(5,'Soda Brand','Fresh Meat Sausage. BUY 2 GET 1!',NULL,'main/brands/5.png','published',4,1,'2024-10-31 20:47:26','2024-10-31 20:47:26');

--
-- Table structure for table `ec_brands_translations`
--

CREATE TABLE `ec_brands_translations` (
  `lang_code` varchar(191) COLLATE utf8mb4_unicode_ci NOT NULL,
  `ec_brands_id` bigint unsigned NOT NULL,
  `name` varchar(191) COLLATE utf8mb4_unicode_ci DEFAULT NULL,
  `description` mediumtext COLLATE utf8mb4_unicode_ci,
  PRIMARY KEY (`lang_code`,`ec_brands_id`)
) ENGINE=InnoDB DEFAULT CHARSET=utf8mb4 COLLATE=utf8mb4_unicode_ci;

--
-- Dumping data for table `ec_brands_translations`
--


--
-- Table structure for table `ec_cart`
--

CREATE TABLE `ec_cart` (
  `identifier` varchar(60) COLLATE utf8mb4_unicode_ci NOT NULL,
  `instance` varchar(60) COLLATE utf8mb4_unicode_ci NOT NULL,
  `content` longtext COLLATE utf8mb4_unicode_ci NOT NULL,
  `created_at` timestamp NULL DEFAULT NULL,
  `updated_at` timestamp NULL DEFAULT NULL,
  PRIMARY KEY (`identifier`,`instance`)
) ENGINE=InnoDB DEFAULT CHARSET=utf8mb4 COLLATE=utf8mb4_unicode_ci;

--
-- Dumping data for table `ec_cart`
--


--
-- Table structure for table `ec_currencies`
--

CREATE TABLE `ec_currencies` (
  `id` bigint unsigned NOT NULL AUTO_INCREMENT,
  `title` varchar(191) COLLATE utf8mb4_unicode_ci NOT NULL,
  `symbol` varchar(10) COLLATE utf8mb4_unicode_ci NOT NULL,
  `is_prefix_symbol` tinyint unsigned NOT NULL DEFAULT '0',
  `decimals` tinyint unsigned DEFAULT '0',
  `order` int unsigned DEFAULT '0',
  `is_default` tinyint NOT NULL DEFAULT '0',
  `exchange_rate` double NOT NULL DEFAULT '1',
  `created_at` timestamp NULL DEFAULT NULL,
  `updated_at` timestamp NULL DEFAULT NULL,
  PRIMARY KEY (`id`)
) ENGINE=InnoDB AUTO_INCREMENT=5 DEFAULT CHARSET=utf8mb4 COLLATE=utf8mb4_unicode_ci;

--
-- Dumping data for table `ec_currencies`
--

INSERT INTO `ec_currencies` VALUES (1,'USD','$',1,2,0,1,1,'2024-10-31 20:47:26','2024-10-31 20:47:26'),(2,'EUR','€',0,2,1,0,0.84,'2024-10-31 20:47:26','2024-10-31 20:47:26'),(3,'VND','₫',0,0,2,0,23203,'2024-10-31 20:47:26','2024-10-31 20:47:26'),(4,'NGN','₦',1,2,2,0,895.52,'2024-10-31 20:47:26','2024-10-31 20:47:26');

--
-- Table structure for table `ec_customer_addresses`
--

CREATE TABLE `ec_customer_addresses` (
  `id` bigint unsigned NOT NULL AUTO_INCREMENT,
  `name` varchar(191) COLLATE utf8mb4_unicode_ci NOT NULL,
  `email` varchar(60) COLLATE utf8mb4_unicode_ci DEFAULT NULL,
  `phone` varchar(20) COLLATE utf8mb4_unicode_ci DEFAULT NULL,
  `country` varchar(120) COLLATE utf8mb4_unicode_ci DEFAULT NULL,
  `state` varchar(120) COLLATE utf8mb4_unicode_ci DEFAULT NULL,
  `city` varchar(120) COLLATE utf8mb4_unicode_ci DEFAULT NULL,
  `address` varchar(191) COLLATE utf8mb4_unicode_ci DEFAULT NULL,
  `customer_id` bigint unsigned NOT NULL,
  `is_default` tinyint unsigned NOT NULL DEFAULT '0',
  `created_at` timestamp NULL DEFAULT NULL,
  `updated_at` timestamp NULL DEFAULT NULL,
  `zip_code` varchar(20) COLLATE utf8mb4_unicode_ci DEFAULT NULL,
  PRIMARY KEY (`id`)
) ENGINE=InnoDB AUTO_INCREMENT=13 DEFAULT CHARSET=utf8mb4 COLLATE=utf8mb4_unicode_ci;

--
-- Dumping data for table `ec_customer_addresses`
--

INSERT INTO `ec_customer_addresses` VALUES (1,'Laurie Collins','customer@botble.com','+15312729999','JM','New Hampshire','Port Noeliatown','129 Laverne Meadow Apt. 037',1,1,'2024-10-31 20:47:26','2024-10-31 20:47:26','24585'),(2,'Laurie Collins','customer@botble.com','+15598759995','CZ','Colorado','Keshaunview','1563 Lacy Extensions Apt. 251',1,0,'2024-10-31 20:47:26','2024-10-31 20:47:26','91537'),(3,'Betty Rogahn','vendor@botble.com','+15059034997','AT','Kentucky','Lake Moniquetown','94685 Pearlie Coves',2,1,'2024-10-31 20:47:26','2024-10-31 20:47:26','77530-8372'),(4,'Betty Rogahn','vendor@botble.com','+12836512496','CU','Hawaii','Velvabury','44928 Maiya Squares',2,0,'2024-10-31 20:47:26','2024-10-31 20:47:26','98310'),(5,'Cortney D\'Amore','hauck.jacinthe@example.net','+19069039051','CL','Arkansas','Beierville','224 Willms Street Apt. 195',3,1,'2024-10-31 20:47:27','2024-10-31 20:47:27','41160-0658'),(6,'Elian Mohr I','zion15@example.org','+19105033685','US','Maine','North Tristin','945 McKenzie Mill',4,1,'2024-10-31 20:47:27','2024-10-31 20:47:27','85734'),(7,'Mrs. Tabitha Bahringer','marco72@example.com','+19517004207','TZ','Florida','Destanyhaven','886 Zulauf Ridge Suite 780',5,1,'2024-10-31 20:47:27','2024-10-31 20:47:27','61096'),(8,'Nadia Osinski','hackett.paolo@example.net','+15312624234','SR','Delaware','Sawaynside','6157 Schuster Shores',6,1,'2024-10-31 20:47:28','2024-10-31 20:47:28','59643-9476'),(9,'Prof. Shania Runte','julia18@example.org','+16573277183','PL','South Carolina','Dakotaborough','562 Elna Station',7,1,'2024-10-31 20:47:28','2024-10-31 20:47:28','06490'),(10,'Liza Watsica IV','kschulist@example.net','+18477460603','EE','New Jersey','West Alisashire','546 Maynard Point',8,1,'2024-10-31 20:47:28','2024-10-31 20:47:28','03645'),(11,'Rusty Waelchi','forest.jones@example.net','+12765004375','SY','Louisiana','Port Collinfurt','8413 Nolan Plaza Apt. 509',9,1,'2024-10-31 20:47:28','2024-10-31 20:47:28','24164'),(12,'Mona Feeney','shania42@example.com','+17028486858','GB','South Dakota','Darrickshire','5008 Kirstin Landing',10,1,'2024-10-31 20:47:29','2024-10-31 20:47:29','41007-5530');

--
-- Table structure for table `ec_customer_deletion_requests`
--

CREATE TABLE `ec_customer_deletion_requests` (
  `id` bigint unsigned NOT NULL AUTO_INCREMENT,
  `customer_id` bigint unsigned NOT NULL,
  `customer_name` varchar(191) COLLATE utf8mb4_unicode_ci DEFAULT NULL,
  `customer_phone` varchar(191) COLLATE utf8mb4_unicode_ci DEFAULT NULL,
  `customer_email` varchar(191) COLLATE utf8mb4_unicode_ci DEFAULT NULL,
  `token` varchar(191) COLLATE utf8mb4_unicode_ci NOT NULL,
  `status` varchar(50) COLLATE utf8mb4_unicode_ci NOT NULL DEFAULT 'waiting_for_confirmation',
  `reason` text COLLATE utf8mb4_unicode_ci,
  `confirmed_at` datetime DEFAULT NULL,
  `created_at` timestamp NULL DEFAULT NULL,
  `updated_at` timestamp NULL DEFAULT NULL,
  PRIMARY KEY (`id`),
  UNIQUE KEY `ec_customer_deletion_requests_token_unique` (`token`)
) ENGINE=InnoDB DEFAULT CHARSET=utf8mb4 COLLATE=utf8mb4_unicode_ci;

--
-- Dumping data for table `ec_customer_deletion_requests`
--


--
-- Table structure for table `ec_customer_password_resets`
--

CREATE TABLE `ec_customer_password_resets` (
  `email` varchar(191) COLLATE utf8mb4_unicode_ci NOT NULL,
  `token` varchar(191) COLLATE utf8mb4_unicode_ci NOT NULL,
  `created_at` timestamp NULL DEFAULT NULL,
  KEY `ec_customer_password_resets_email_index` (`email`),
  KEY `ec_customer_password_resets_token_index` (`token`)
) ENGINE=InnoDB DEFAULT CHARSET=utf8mb4 COLLATE=utf8mb4_unicode_ci;

--
-- Dumping data for table `ec_customer_password_resets`
--


--
-- Table structure for table `ec_customer_recently_viewed_products`
--

CREATE TABLE `ec_customer_recently_viewed_products` (
  `id` bigint unsigned NOT NULL AUTO_INCREMENT,
  `customer_id` bigint unsigned NOT NULL,
  `product_id` bigint unsigned NOT NULL,
  PRIMARY KEY (`id`)
) ENGINE=InnoDB DEFAULT CHARSET=utf8mb4 COLLATE=utf8mb4_unicode_ci;

--
-- Dumping data for table `ec_customer_recently_viewed_products`
--


--
-- Table structure for table `ec_customer_used_coupons`
--

CREATE TABLE `ec_customer_used_coupons` (
  `discount_id` bigint unsigned NOT NULL,
  `customer_id` bigint unsigned NOT NULL,
  PRIMARY KEY (`discount_id`,`customer_id`)
) ENGINE=InnoDB DEFAULT CHARSET=utf8mb4 COLLATE=utf8mb4_unicode_ci;

--
-- Dumping data for table `ec_customer_used_coupons`
--


--
-- Table structure for table `ec_discount_customers`
--

CREATE TABLE `ec_discount_customers` (
  `discount_id` bigint unsigned NOT NULL,
  `customer_id` bigint unsigned NOT NULL,
  PRIMARY KEY (`discount_id`,`customer_id`)
) ENGINE=InnoDB DEFAULT CHARSET=utf8mb4 COLLATE=utf8mb4_unicode_ci;

--
-- Dumping data for table `ec_discount_customers`
--


--
-- Table structure for table `ec_discount_product_categories`
--

CREATE TABLE `ec_discount_product_categories` (
  `discount_id` bigint unsigned NOT NULL,
  `product_category_id` bigint unsigned NOT NULL,
  PRIMARY KEY (`discount_id`,`product_category_id`)
) ENGINE=InnoDB DEFAULT CHARSET=utf8mb4 COLLATE=utf8mb4_unicode_ci;

--
-- Dumping data for table `ec_discount_product_categories`
--


--
-- Table structure for table `ec_discount_product_collections`
--

CREATE TABLE `ec_discount_product_collections` (
  `discount_id` bigint unsigned NOT NULL,
  `product_collection_id` bigint unsigned NOT NULL,
  PRIMARY KEY (`discount_id`,`product_collection_id`)
) ENGINE=InnoDB DEFAULT CHARSET=utf8mb4 COLLATE=utf8mb4_unicode_ci;

--
-- Dumping data for table `ec_discount_product_collections`
--


--
-- Table structure for table `ec_discount_products`
--

CREATE TABLE `ec_discount_products` (
  `discount_id` bigint unsigned NOT NULL,
  `product_id` bigint unsigned NOT NULL,
  PRIMARY KEY (`discount_id`,`product_id`)
) ENGINE=InnoDB DEFAULT CHARSET=utf8mb4 COLLATE=utf8mb4_unicode_ci;

--
-- Dumping data for table `ec_discount_products`
--


--
-- Table structure for table `ec_discounts`
--

CREATE TABLE `ec_discounts` (
  `id` bigint unsigned NOT NULL AUTO_INCREMENT,
  `title` varchar(120) COLLATE utf8mb4_unicode_ci DEFAULT NULL,
  `code` varchar(20) COLLATE utf8mb4_unicode_ci DEFAULT NULL,
  `start_date` datetime DEFAULT NULL,
  `end_date` datetime DEFAULT NULL,
  `quantity` int DEFAULT NULL,
  `total_used` int unsigned NOT NULL DEFAULT '0',
  `value` double DEFAULT NULL,
  `type` varchar(60) COLLATE utf8mb4_unicode_ci DEFAULT 'coupon',
  `can_use_with_promotion` tinyint(1) NOT NULL DEFAULT '0',
  `can_use_with_flash_sale` tinyint(1) NOT NULL DEFAULT '0',
  `discount_on` varchar(20) COLLATE utf8mb4_unicode_ci DEFAULT NULL,
  `product_quantity` int unsigned DEFAULT NULL,
  `type_option` varchar(100) COLLATE utf8mb4_unicode_ci NOT NULL DEFAULT 'amount',
  `target` varchar(100) COLLATE utf8mb4_unicode_ci NOT NULL DEFAULT 'all-orders',
  `min_order_price` decimal(15,2) DEFAULT NULL,
  `apply_via_url` tinyint(1) NOT NULL DEFAULT '0',
  `display_at_checkout` tinyint(1) NOT NULL DEFAULT '0',
  `created_at` timestamp NULL DEFAULT NULL,
  `updated_at` timestamp NULL DEFAULT NULL,
  `store_id` bigint unsigned DEFAULT NULL,
  `description` varchar(400) COLLATE utf8mb4_unicode_ci DEFAULT NULL,
  PRIMARY KEY (`id`),
  UNIQUE KEY `ec_discounts_code_unique` (`code`)
) ENGINE=InnoDB AUTO_INCREMENT=11 DEFAULT CHARSET=utf8mb4 COLLATE=utf8mb4_unicode_ci;

--
-- Dumping data for table `ec_discounts`
--

INSERT INTO `ec_discounts` VALUES (1,'Discount 1','DRS88Y8GTLW8','2024-10-31 03:47:30','2024-11-13 03:47:30',NULL,0,819,'coupon',0,0,NULL,NULL,'same-price','all-orders',NULL,0,1,'2024-10-31 20:47:30','2024-10-31 20:47:30',NULL,NULL),(2,'Discount 2','OBR2QXAQUMI1','2024-10-31 03:47:30','2024-11-10 03:47:30',NULL,0,173,'coupon',0,0,NULL,NULL,'same-price','all-orders',NULL,0,1,'2024-10-31 20:47:30','2024-10-31 20:47:30',NULL,NULL),(3,'Discount 3','GRQNIF66X0CE','2024-10-31 03:47:30','2024-11-22 03:47:30',NULL,0,578,'coupon',0,0,NULL,NULL,'amount','all-orders',NULL,0,1,'2024-10-31 20:47:30','2024-10-31 20:47:30',NULL,NULL),(4,'Discount 4','NARGWCEI7QUQ','2024-10-31 03:47:30','2024-11-19 03:47:30',NULL,0,451,'coupon',0,0,NULL,NULL,'same-price','all-orders',NULL,0,1,'2024-10-31 20:47:30','2024-10-31 20:47:30',NULL,NULL),(5,'Discount 5','A3VX7YJJ6MG2','2024-10-31 03:47:30','2024-11-24 03:47:30',NULL,0,519,'coupon',0,0,NULL,NULL,'amount','all-orders',NULL,0,1,'2024-10-31 20:47:30','2024-10-31 20:47:30',NULL,NULL),(6,'Discount 6','OA6JULKIQJZ5','2024-10-31 03:47:30','2024-11-21 03:47:30',NULL,0,215,'coupon',0,0,NULL,NULL,'shipping','all-orders',NULL,0,1,'2024-10-31 20:47:30','2024-10-31 20:47:30',NULL,NULL),(7,'Discount 7','YQPEJX3SCWHV','2024-10-31 03:47:30','2024-11-23 03:47:30',NULL,0,309,'coupon',0,0,NULL,NULL,'shipping','all-orders',NULL,0,1,'2024-10-31 20:47:30','2024-10-31 20:47:30',NULL,NULL),(8,'Discount 8','OWBHKWPMJLXJ','2024-10-31 03:47:30',NULL,NULL,0,482,'coupon',0,0,NULL,NULL,'shipping','all-orders',NULL,0,1,'2024-10-31 20:47:30','2024-10-31 20:47:30',NULL,NULL),(9,'Discount 9','ADQ67IGXKMLX','2024-10-31 03:47:30',NULL,NULL,0,168,'coupon',0,0,NULL,NULL,'amount','all-orders',NULL,0,1,'2024-10-31 20:47:30','2024-10-31 20:47:30',NULL,NULL),(10,'Discount 10','OW3IPXSY6DNQ','2024-10-31 03:47:30','2024-11-22 03:47:30',NULL,0,21,'coupon',0,0,NULL,NULL,'amount','all-orders',NULL,0,1,'2024-10-31 20:47:30','2024-10-31 20:47:30',NULL,NULL);

--
-- Table structure for table `ec_flash_sale_products`
--

CREATE TABLE `ec_flash_sale_products` (
  `flash_sale_id` bigint unsigned NOT NULL,
  `product_id` bigint unsigned NOT NULL,
  `price` double unsigned DEFAULT NULL,
  `quantity` int unsigned DEFAULT NULL,
  `sold` int unsigned NOT NULL DEFAULT '0'
) ENGINE=InnoDB DEFAULT CHARSET=utf8mb4 COLLATE=utf8mb4_unicode_ci;

--
-- Dumping data for table `ec_flash_sale_products`
--

INSERT INTO `ec_flash_sale_products` VALUES (1,1,147.68,13,1),(1,2,454.02,10,2),(1,3,602.91,12,5),(1,4,292.05,11,4),(1,5,368.94,18,1),(1,6,1467.3,9,2),(1,7,539.28,11,3),(1,8,855.9288,18,2),(1,9,1093.5,20,1),(1,10,789.75,16,4);

--
-- Table structure for table `ec_flash_sales`
--

CREATE TABLE `ec_flash_sales` (
  `id` bigint unsigned NOT NULL AUTO_INCREMENT,
  `name` varchar(191) COLLATE utf8mb4_unicode_ci NOT NULL,
  `end_date` datetime NOT NULL,
  `status` varchar(60) COLLATE utf8mb4_unicode_ci NOT NULL DEFAULT 'published',
  `created_at` timestamp NULL DEFAULT NULL,
  `updated_at` timestamp NULL DEFAULT NULL,
  PRIMARY KEY (`id`)
) ENGINE=InnoDB AUTO_INCREMENT=2 DEFAULT CHARSET=utf8mb4 COLLATE=utf8mb4_unicode_ci;

--
-- Dumping data for table `ec_flash_sales`
--

INSERT INTO `ec_flash_sales` VALUES (1,'Winter Sale','2024-11-11 00:00:00','published','2024-10-31 20:47:35','2024-10-31 20:47:35');

--
-- Table structure for table `ec_flash_sales_translations`
--

CREATE TABLE `ec_flash_sales_translations` (
  `lang_code` varchar(191) COLLATE utf8mb4_unicode_ci NOT NULL,
  `ec_flash_sales_id` bigint unsigned NOT NULL,
  `name` varchar(191) COLLATE utf8mb4_unicode_ci DEFAULT NULL,
  PRIMARY KEY (`lang_code`,`ec_flash_sales_id`)
) ENGINE=InnoDB DEFAULT CHARSET=utf8mb4 COLLATE=utf8mb4_unicode_ci;

--
-- Dumping data for table `ec_flash_sales_translations`
--


--
-- Table structure for table `ec_global_option_value`
--

CREATE TABLE `ec_global_option_value` (
  `id` bigint unsigned NOT NULL AUTO_INCREMENT,
  `option_id` bigint unsigned NOT NULL COMMENT 'option id',
  `option_value` tinytext COLLATE utf8mb4_unicode_ci COMMENT 'option value',
  `affect_price` double DEFAULT NULL COMMENT 'value of price of this option affect',
  `order` int NOT NULL DEFAULT '9999',
  `affect_type` tinyint NOT NULL DEFAULT '0' COMMENT '0. fixed 1. percent',
  `created_at` timestamp NULL DEFAULT NULL,
  `updated_at` timestamp NULL DEFAULT NULL,
  PRIMARY KEY (`id`)
) ENGINE=InnoDB AUTO_INCREMENT=13 DEFAULT CHARSET=utf8mb4 COLLATE=utf8mb4_unicode_ci;

--
-- Dumping data for table `ec_global_option_value`
--

INSERT INTO `ec_global_option_value` VALUES (1,1,'1 Year',0,9999,0,'2024-10-31 20:47:30','2024-10-31 20:47:30'),(2,1,'2 Year',10,9999,0,'2024-10-31 20:47:30','2024-10-31 20:47:30'),(3,1,'3 Year',20,9999,0,'2024-10-31 20:47:30','2024-10-31 20:47:30'),(4,2,'4GB',0,9999,0,'2024-10-31 20:47:30','2024-10-31 20:47:30'),(5,2,'8GB',10,9999,0,'2024-10-31 20:47:30','2024-10-31 20:47:30'),(6,2,'16GB',20,9999,0,'2024-10-31 20:47:30','2024-10-31 20:47:30'),(7,3,'Core i5',0,9999,0,'2024-10-31 20:47:30','2024-10-31 20:47:30'),(8,3,'Core i7',10,9999,0,'2024-10-31 20:47:30','2024-10-31 20:47:30'),(9,3,'Core i9',20,9999,0,'2024-10-31 20:47:30','2024-10-31 20:47:30'),(10,4,'128GB',0,9999,0,'2024-10-31 20:47:30','2024-10-31 20:47:30'),(11,4,'256GB',10,9999,0,'2024-10-31 20:47:30','2024-10-31 20:47:30'),(12,4,'512GB',20,9999,0,'2024-10-31 20:47:30','2024-10-31 20:47:30');

--
-- Table structure for table `ec_global_option_value_translations`
--

CREATE TABLE `ec_global_option_value_translations` (
  `lang_code` varchar(191) COLLATE utf8mb4_unicode_ci NOT NULL,
  `ec_global_option_value_id` bigint unsigned NOT NULL,
  `option_value` varchar(191) COLLATE utf8mb4_unicode_ci DEFAULT NULL,
  PRIMARY KEY (`lang_code`,`ec_global_option_value_id`)
) ENGINE=InnoDB DEFAULT CHARSET=utf8mb4 COLLATE=utf8mb4_unicode_ci;

--
-- Dumping data for table `ec_global_option_value_translations`
--


--
-- Table structure for table `ec_global_options`
--

CREATE TABLE `ec_global_options` (
  `id` bigint unsigned NOT NULL AUTO_INCREMENT,
  `name` varchar(191) COLLATE utf8mb4_unicode_ci NOT NULL COMMENT 'Name of options',
  `option_type` varchar(191) COLLATE utf8mb4_unicode_ci NOT NULL COMMENT 'option type',
  `required` tinyint(1) NOT NULL DEFAULT '0' COMMENT 'Checked if this option is required',
  `created_at` timestamp NULL DEFAULT NULL,
  `updated_at` timestamp NULL DEFAULT NULL,
  PRIMARY KEY (`id`)
) ENGINE=InnoDB AUTO_INCREMENT=5 DEFAULT CHARSET=utf8mb4 COLLATE=utf8mb4_unicode_ci;

--
-- Dumping data for table `ec_global_options`
--

INSERT INTO `ec_global_options` VALUES (1,'Warranty','Botble\\Ecommerce\\Option\\OptionType\\RadioButton',1,'2024-10-31 20:47:30','2024-10-31 20:47:30'),(2,'RAM','Botble\\Ecommerce\\Option\\OptionType\\RadioButton',1,'2024-10-31 20:47:30','2024-10-31 20:47:30'),(3,'CPU','Botble\\Ecommerce\\Option\\OptionType\\RadioButton',1,'2024-10-31 20:47:30','2024-10-31 20:47:30'),(4,'HDD','Botble\\Ecommerce\\Option\\OptionType\\Dropdown',0,'2024-10-31 20:47:30','2024-10-31 20:47:30');

--
-- Table structure for table `ec_global_options_translations`
--

CREATE TABLE `ec_global_options_translations` (
  `lang_code` varchar(191) COLLATE utf8mb4_unicode_ci NOT NULL,
  `ec_global_options_id` bigint unsigned NOT NULL,
  `name` varchar(191) COLLATE utf8mb4_unicode_ci DEFAULT NULL,
  PRIMARY KEY (`lang_code`,`ec_global_options_id`)
) ENGINE=InnoDB DEFAULT CHARSET=utf8mb4 COLLATE=utf8mb4_unicode_ci;

--
-- Dumping data for table `ec_global_options_translations`
--


--
-- Table structure for table `ec_grouped_products`
--

CREATE TABLE `ec_grouped_products` (
  `id` bigint unsigned NOT NULL AUTO_INCREMENT,
  `parent_product_id` bigint unsigned NOT NULL,
  `product_id` bigint unsigned NOT NULL,
  `fixed_qty` int NOT NULL DEFAULT '1',
  PRIMARY KEY (`id`)
) ENGINE=InnoDB DEFAULT CHARSET=utf8mb4 COLLATE=utf8mb4_unicode_ci;

--
-- Dumping data for table `ec_grouped_products`
--


--
-- Table structure for table `ec_invoice_items`
--

CREATE TABLE `ec_invoice_items` (
  `id` bigint unsigned NOT NULL AUTO_INCREMENT,
  `invoice_id` bigint unsigned NOT NULL,
  `reference_type` varchar(191) COLLATE utf8mb4_unicode_ci NOT NULL,
  `reference_id` bigint unsigned NOT NULL,
  `name` varchar(191) COLLATE utf8mb4_unicode_ci NOT NULL,
  `description` varchar(400) COLLATE utf8mb4_unicode_ci DEFAULT NULL,
  `image` varchar(191) COLLATE utf8mb4_unicode_ci DEFAULT NULL,
  `qty` int unsigned NOT NULL,
  `price` decimal(15,2) NOT NULL DEFAULT '0.00',
  `sub_total` decimal(15,2) unsigned NOT NULL,
  `tax_amount` decimal(15,2) unsigned NOT NULL DEFAULT '0.00',
  `discount_amount` decimal(15,2) unsigned NOT NULL DEFAULT '0.00',
  `amount` decimal(15,2) unsigned NOT NULL,
  `options` text COLLATE utf8mb4_unicode_ci,
  `created_at` timestamp NULL DEFAULT NULL,
  `updated_at` timestamp NULL DEFAULT NULL,
  PRIMARY KEY (`id`),
  KEY `ec_invoice_items_reference_type_reference_id_index` (`reference_type`,`reference_id`)
) ENGINE=InnoDB DEFAULT CHARSET=utf8mb4 COLLATE=utf8mb4_unicode_ci;

--
-- Dumping data for table `ec_invoice_items`
--


--
-- Table structure for table `ec_invoices`
--

CREATE TABLE `ec_invoices` (
  `id` bigint unsigned NOT NULL AUTO_INCREMENT,
  `reference_type` varchar(191) COLLATE utf8mb4_unicode_ci NOT NULL,
  `reference_id` bigint unsigned NOT NULL,
  `code` varchar(191) COLLATE utf8mb4_unicode_ci NOT NULL,
  `customer_name` varchar(191) COLLATE utf8mb4_unicode_ci DEFAULT NULL,
  `company_name` varchar(191) COLLATE utf8mb4_unicode_ci DEFAULT NULL,
  `company_logo` varchar(191) COLLATE utf8mb4_unicode_ci DEFAULT NULL,
  `customer_email` varchar(191) COLLATE utf8mb4_unicode_ci DEFAULT NULL,
  `customer_phone` varchar(191) COLLATE utf8mb4_unicode_ci DEFAULT NULL,
  `customer_address` varchar(191) COLLATE utf8mb4_unicode_ci DEFAULT NULL,
  `customer_tax_id` varchar(191) COLLATE utf8mb4_unicode_ci DEFAULT NULL,
  `sub_total` decimal(15,2) unsigned NOT NULL,
  `tax_amount` decimal(15,2) unsigned NOT NULL DEFAULT '0.00',
  `shipping_amount` decimal(15,2) unsigned NOT NULL DEFAULT '0.00',
  `discount_amount` decimal(15,2) unsigned NOT NULL DEFAULT '0.00',
  `shipping_option` varchar(60) COLLATE utf8mb4_unicode_ci DEFAULT NULL,
  `shipping_method` varchar(60) COLLATE utf8mb4_unicode_ci NOT NULL DEFAULT 'default',
  `coupon_code` varchar(120) COLLATE utf8mb4_unicode_ci DEFAULT NULL,
  `discount_description` varchar(191) COLLATE utf8mb4_unicode_ci DEFAULT NULL,
  `amount` decimal(15,2) unsigned NOT NULL,
  `description` text COLLATE utf8mb4_unicode_ci,
  `payment_id` bigint unsigned DEFAULT NULL,
  `status` varchar(191) COLLATE utf8mb4_unicode_ci NOT NULL DEFAULT 'pending',
  `paid_at` timestamp NULL DEFAULT NULL,
  `created_at` timestamp NULL DEFAULT NULL,
  `updated_at` timestamp NULL DEFAULT NULL,
  PRIMARY KEY (`id`),
  UNIQUE KEY `ec_invoices_code_unique` (`code`),
  KEY `ec_invoices_reference_type_reference_id_index` (`reference_type`,`reference_id`),
  KEY `ec_invoices_payment_id_index` (`payment_id`),
  KEY `ec_invoices_status_index` (`status`)
) ENGINE=InnoDB DEFAULT CHARSET=utf8mb4 COLLATE=utf8mb4_unicode_ci;

--
-- Dumping data for table `ec_invoices`
--


--
-- Table structure for table `ec_option_value`
--

CREATE TABLE `ec_option_value` (
  `id` bigint unsigned NOT NULL AUTO_INCREMENT,
  `option_id` bigint unsigned NOT NULL COMMENT 'option id',
  `option_value` tinytext COLLATE utf8mb4_unicode_ci COMMENT 'option value',
  `affect_price` double DEFAULT NULL COMMENT 'value of price of this option affect',
  `order` int NOT NULL DEFAULT '9999',
  `affect_type` tinyint NOT NULL DEFAULT '0' COMMENT '0. fixed 1. percent',
  `created_at` timestamp NULL DEFAULT NULL,
  `updated_at` timestamp NULL DEFAULT NULL,
  PRIMARY KEY (`id`)
) ENGINE=InnoDB DEFAULT CHARSET=utf8mb4 COLLATE=utf8mb4_unicode_ci;

--
-- Dumping data for table `ec_option_value`
--


--
-- Table structure for table `ec_option_value_translations`
--

CREATE TABLE `ec_option_value_translations` (
  `lang_code` varchar(191) COLLATE utf8mb4_unicode_ci NOT NULL,
  `ec_option_value_id` bigint unsigned NOT NULL,
  `option_value` varchar(191) COLLATE utf8mb4_unicode_ci DEFAULT NULL,
  PRIMARY KEY (`lang_code`,`ec_option_value_id`)
) ENGINE=InnoDB DEFAULT CHARSET=utf8mb4 COLLATE=utf8mb4_unicode_ci;

--
-- Dumping data for table `ec_option_value_translations`
--


--
-- Table structure for table `ec_options`
--

CREATE TABLE `ec_options` (
  `id` bigint unsigned NOT NULL AUTO_INCREMENT,
  `name` varchar(191) COLLATE utf8mb4_unicode_ci NOT NULL COMMENT 'Name of options',
  `option_type` varchar(191) COLLATE utf8mb4_unicode_ci DEFAULT NULL COMMENT 'option type',
  `product_id` bigint unsigned NOT NULL DEFAULT '0',
  `order` int NOT NULL DEFAULT '9999',
  `required` tinyint(1) NOT NULL DEFAULT '0' COMMENT 'Checked if this option is required',
  `created_at` timestamp NULL DEFAULT NULL,
  `updated_at` timestamp NULL DEFAULT NULL,
  PRIMARY KEY (`id`)
) ENGINE=InnoDB DEFAULT CHARSET=utf8mb4 COLLATE=utf8mb4_unicode_ci;

--
-- Dumping data for table `ec_options`
--


--
-- Table structure for table `ec_options_translations`
--

CREATE TABLE `ec_options_translations` (
  `lang_code` varchar(191) COLLATE utf8mb4_unicode_ci NOT NULL,
  `ec_options_id` bigint unsigned NOT NULL,
  `name` varchar(191) COLLATE utf8mb4_unicode_ci DEFAULT NULL,
  PRIMARY KEY (`lang_code`,`ec_options_id`)
) ENGINE=InnoDB DEFAULT CHARSET=utf8mb4 COLLATE=utf8mb4_unicode_ci;

--
-- Dumping data for table `ec_options_translations`
--


--
-- Table structure for table `ec_order_addresses`
--

CREATE TABLE `ec_order_addresses` (
  `id` bigint unsigned NOT NULL AUTO_INCREMENT,
  `name` varchar(191) COLLATE utf8mb4_unicode_ci NOT NULL,
  `phone` varchar(20) COLLATE utf8mb4_unicode_ci DEFAULT NULL,
  `email` varchar(191) COLLATE utf8mb4_unicode_ci DEFAULT NULL,
  `country` varchar(120) COLLATE utf8mb4_unicode_ci DEFAULT NULL,
  `state` varchar(120) COLLATE utf8mb4_unicode_ci DEFAULT NULL,
  `city` varchar(120) COLLATE utf8mb4_unicode_ci DEFAULT NULL,
  `address` varchar(191) COLLATE utf8mb4_unicode_ci DEFAULT NULL,
  `order_id` bigint unsigned NOT NULL,
  `zip_code` varchar(20) COLLATE utf8mb4_unicode_ci DEFAULT NULL,
  `type` varchar(60) COLLATE utf8mb4_unicode_ci NOT NULL DEFAULT 'shipping_address',
  PRIMARY KEY (`id`)
) ENGINE=InnoDB DEFAULT CHARSET=utf8mb4 COLLATE=utf8mb4_unicode_ci;

--
-- Dumping data for table `ec_order_addresses`
--


--
-- Table structure for table `ec_order_histories`
--

CREATE TABLE `ec_order_histories` (
  `id` bigint unsigned NOT NULL AUTO_INCREMENT,
  `action` varchar(120) COLLATE utf8mb4_unicode_ci NOT NULL,
  `description` varchar(400) COLLATE utf8mb4_unicode_ci DEFAULT NULL,
  `user_id` bigint unsigned DEFAULT NULL,
  `order_id` bigint unsigned NOT NULL,
  `extras` text COLLATE utf8mb4_unicode_ci,
  `created_at` timestamp NULL DEFAULT NULL,
  `updated_at` timestamp NULL DEFAULT NULL,
  PRIMARY KEY (`id`)
) ENGINE=InnoDB DEFAULT CHARSET=utf8mb4 COLLATE=utf8mb4_unicode_ci;

--
-- Dumping data for table `ec_order_histories`
--


--
-- Table structure for table `ec_order_product`
--

CREATE TABLE `ec_order_product` (
  `id` bigint unsigned NOT NULL AUTO_INCREMENT,
  `order_id` bigint unsigned NOT NULL,
  `qty` int NOT NULL,
  `price` decimal(15,2) NOT NULL,
  `tax_amount` decimal(15,2) NOT NULL,
  `options` text COLLATE utf8mb4_unicode_ci,
  `product_options` text COLLATE utf8mb4_unicode_ci COMMENT 'product option data',
  `product_id` bigint unsigned DEFAULT NULL,
  `product_name` varchar(191) COLLATE utf8mb4_unicode_ci NOT NULL,
  `product_image` varchar(191) COLLATE utf8mb4_unicode_ci DEFAULT NULL,
  `weight` double(8,2) DEFAULT '0.00',
  `restock_quantity` int unsigned DEFAULT '0',
  `created_at` timestamp NULL DEFAULT NULL,
  `updated_at` timestamp NULL DEFAULT NULL,
  `product_type` varchar(60) COLLATE utf8mb4_unicode_ci NOT NULL DEFAULT 'physical',
  `times_downloaded` int NOT NULL DEFAULT '0',
  `license_code` char(36) COLLATE utf8mb4_unicode_ci DEFAULT NULL,
  `downloaded_at` timestamp NULL DEFAULT NULL,
  PRIMARY KEY (`id`)
) ENGINE=InnoDB DEFAULT CHARSET=utf8mb4 COLLATE=utf8mb4_unicode_ci;

--
-- Dumping data for table `ec_order_product`
--


--
-- Table structure for table `ec_order_referrals`
--

CREATE TABLE `ec_order_referrals` (
  `id` bigint unsigned NOT NULL AUTO_INCREMENT,
  `ip` varchar(39) COLLATE utf8mb4_unicode_ci DEFAULT NULL,
  `landing_domain` varchar(191) COLLATE utf8mb4_unicode_ci DEFAULT NULL,
  `landing_page` varchar(191) COLLATE utf8mb4_unicode_ci DEFAULT NULL,
  `landing_params` varchar(191) COLLATE utf8mb4_unicode_ci DEFAULT NULL,
  `referral` varchar(191) COLLATE utf8mb4_unicode_ci DEFAULT NULL,
  `gclid` varchar(191) COLLATE utf8mb4_unicode_ci DEFAULT NULL,
  `fclid` varchar(191) COLLATE utf8mb4_unicode_ci DEFAULT NULL,
  `utm_source` varchar(191) COLLATE utf8mb4_unicode_ci DEFAULT NULL,
  `utm_campaign` varchar(191) COLLATE utf8mb4_unicode_ci DEFAULT NULL,
  `utm_medium` varchar(191) COLLATE utf8mb4_unicode_ci DEFAULT NULL,
  `utm_term` varchar(191) COLLATE utf8mb4_unicode_ci DEFAULT NULL,
  `utm_content` varchar(191) COLLATE utf8mb4_unicode_ci DEFAULT NULL,
  `referrer_url` text COLLATE utf8mb4_unicode_ci,
  `referrer_domain` varchar(191) COLLATE utf8mb4_unicode_ci DEFAULT NULL,
  `order_id` bigint unsigned DEFAULT NULL,
  `created_at` timestamp NULL DEFAULT NULL,
  `updated_at` timestamp NULL DEFAULT NULL,
  PRIMARY KEY (`id`),
  KEY `ec_order_referrals_order_id_index` (`order_id`)
) ENGINE=InnoDB DEFAULT CHARSET=utf8mb4 COLLATE=utf8mb4_unicode_ci;

--
-- Dumping data for table `ec_order_referrals`
--


--
-- Table structure for table `ec_order_return_histories`
--

CREATE TABLE `ec_order_return_histories` (
  `id` bigint unsigned NOT NULL AUTO_INCREMENT,
  `user_id` bigint unsigned DEFAULT NULL,
  `order_return_id` bigint unsigned NOT NULL,
  `action` varchar(191) COLLATE utf8mb4_unicode_ci NOT NULL,
  `description` varchar(400) COLLATE utf8mb4_unicode_ci DEFAULT NULL,
  `reason` varchar(191) COLLATE utf8mb4_unicode_ci DEFAULT NULL,
  `created_at` timestamp NULL DEFAULT NULL,
  `updated_at` timestamp NULL DEFAULT NULL,
  PRIMARY KEY (`id`)
) ENGINE=InnoDB DEFAULT CHARSET=utf8mb4 COLLATE=utf8mb4_unicode_ci;

--
-- Dumping data for table `ec_order_return_histories`
--


--
-- Table structure for table `ec_order_return_items`
--

CREATE TABLE `ec_order_return_items` (
  `id` bigint unsigned NOT NULL AUTO_INCREMENT,
  `order_return_id` bigint unsigned NOT NULL COMMENT 'Order return id',
  `order_product_id` bigint unsigned NOT NULL COMMENT 'Order product id',
  `product_id` bigint unsigned NOT NULL COMMENT 'Product id',
  `product_name` varchar(191) COLLATE utf8mb4_unicode_ci NOT NULL,
  `product_image` varchar(191) COLLATE utf8mb4_unicode_ci DEFAULT NULL,
  `qty` int NOT NULL COMMENT 'Quantity return',
  `price` decimal(15,2) NOT NULL COMMENT 'Price Product',
  `reason` text COLLATE utf8mb4_unicode_ci,
  `created_at` timestamp NULL DEFAULT NULL,
  `updated_at` timestamp NULL DEFAULT NULL,
  `refund_amount` decimal(12,2) DEFAULT '0.00',
  PRIMARY KEY (`id`)
) ENGINE=InnoDB DEFAULT CHARSET=utf8mb4 COLLATE=utf8mb4_unicode_ci;

--
-- Dumping data for table `ec_order_return_items`
--


--
-- Table structure for table `ec_order_returns`
--

CREATE TABLE `ec_order_returns` (
  `id` bigint unsigned NOT NULL AUTO_INCREMENT,
  `code` varchar(191) COLLATE utf8mb4_unicode_ci DEFAULT NULL,
  `order_id` bigint unsigned NOT NULL COMMENT 'Order ID',
  `store_id` bigint unsigned DEFAULT NULL COMMENT 'Store ID',
  `user_id` bigint unsigned NOT NULL COMMENT 'Customer ID',
  `reason` text COLLATE utf8mb4_unicode_ci COMMENT 'Reason return order',
  `order_status` varchar(191) COLLATE utf8mb4_unicode_ci DEFAULT NULL COMMENT 'Order current status',
  `return_status` varchar(191) COLLATE utf8mb4_unicode_ci NOT NULL COMMENT 'Return status',
  `created_at` timestamp NULL DEFAULT NULL,
  `updated_at` timestamp NULL DEFAULT NULL,
  PRIMARY KEY (`id`),
  UNIQUE KEY `ec_order_returns_code_unique` (`code`)
) ENGINE=InnoDB DEFAULT CHARSET=utf8mb4 COLLATE=utf8mb4_unicode_ci;

--
-- Dumping data for table `ec_order_returns`
--


--
-- Table structure for table `ec_order_tax_information`
--

CREATE TABLE `ec_order_tax_information` (
  `id` bigint unsigned NOT NULL AUTO_INCREMENT,
  `order_id` bigint unsigned NOT NULL,
  `company_name` varchar(120) COLLATE utf8mb4_unicode_ci NOT NULL,
  `company_address` varchar(191) COLLATE utf8mb4_unicode_ci NOT NULL,
  `company_tax_code` varchar(20) COLLATE utf8mb4_unicode_ci NOT NULL,
  `company_email` varchar(60) COLLATE utf8mb4_unicode_ci NOT NULL,
  `created_at` timestamp NULL DEFAULT NULL,
  `updated_at` timestamp NULL DEFAULT NULL,
  PRIMARY KEY (`id`),
  KEY `ec_order_tax_information_order_id_index` (`order_id`)
) ENGINE=InnoDB DEFAULT CHARSET=utf8mb4 COLLATE=utf8mb4_unicode_ci;

--
-- Dumping data for table `ec_order_tax_information`
--


--
-- Table structure for table `ec_orders`
--

CREATE TABLE `ec_orders` (
  `id` bigint unsigned NOT NULL AUTO_INCREMENT,
  `code` varchar(191) COLLATE utf8mb4_unicode_ci DEFAULT NULL,
  `user_id` bigint unsigned NOT NULL,
  `shipping_option` varchar(60) COLLATE utf8mb4_unicode_ci DEFAULT NULL,
  `shipping_method` varchar(60) COLLATE utf8mb4_unicode_ci NOT NULL DEFAULT 'default',
  `status` varchar(120) COLLATE utf8mb4_unicode_ci NOT NULL DEFAULT 'pending',
  `amount` decimal(15,2) NOT NULL,
  `tax_amount` decimal(15,2) DEFAULT NULL,
  `shipping_amount` decimal(15,2) DEFAULT NULL,
  `description` text COLLATE utf8mb4_unicode_ci,
  `coupon_code` varchar(120) COLLATE utf8mb4_unicode_ci DEFAULT NULL,
  `discount_amount` decimal(15,2) DEFAULT NULL,
  `sub_total` decimal(15,2) NOT NULL,
  `is_confirmed` tinyint(1) NOT NULL DEFAULT '0',
  `discount_description` varchar(191) COLLATE utf8mb4_unicode_ci DEFAULT NULL,
  `is_finished` tinyint(1) DEFAULT '0',
  `cancellation_reason` varchar(191) COLLATE utf8mb4_unicode_ci DEFAULT NULL,
  `cancellation_reason_description` varchar(191) COLLATE utf8mb4_unicode_ci DEFAULT NULL,
  `completed_at` timestamp NULL DEFAULT NULL,
  `token` varchar(120) COLLATE utf8mb4_unicode_ci DEFAULT NULL,
  `payment_id` bigint unsigned DEFAULT NULL,
  `created_at` timestamp NULL DEFAULT NULL,
  `updated_at` timestamp NULL DEFAULT NULL,
  `store_id` bigint unsigned DEFAULT NULL,
  `proof_file` varchar(191) COLLATE utf8mb4_unicode_ci DEFAULT NULL,
  PRIMARY KEY (`id`),
  UNIQUE KEY `ec_orders_code_unique` (`code`),
  KEY `ec_orders_user_id_status_created_at_index` (`user_id`,`status`,`created_at`)
) ENGINE=InnoDB DEFAULT CHARSET=utf8mb4 COLLATE=utf8mb4_unicode_ci;

--
-- Dumping data for table `ec_orders`
--


--
-- Table structure for table `ec_product_attribute_sets`
--

CREATE TABLE `ec_product_attribute_sets` (
  `id` bigint unsigned NOT NULL AUTO_INCREMENT,
  `title` varchar(120) COLLATE utf8mb4_unicode_ci NOT NULL,
  `slug` varchar(120) COLLATE utf8mb4_unicode_ci DEFAULT NULL,
  `display_layout` varchar(191) COLLATE utf8mb4_unicode_ci NOT NULL DEFAULT 'swatch_dropdown',
  `is_searchable` tinyint unsigned NOT NULL DEFAULT '1',
  `is_comparable` tinyint unsigned NOT NULL DEFAULT '1',
  `is_use_in_product_listing` tinyint unsigned NOT NULL DEFAULT '0',
  `status` varchar(60) COLLATE utf8mb4_unicode_ci NOT NULL DEFAULT 'published',
  `order` tinyint unsigned NOT NULL DEFAULT '0',
  `created_at` timestamp NULL DEFAULT NULL,
  `updated_at` timestamp NULL DEFAULT NULL,
  `use_image_from_product_variation` tinyint unsigned NOT NULL DEFAULT '0',
  PRIMARY KEY (`id`)
) ENGINE=InnoDB AUTO_INCREMENT=5 DEFAULT CHARSET=utf8mb4 COLLATE=utf8mb4_unicode_ci;

--
-- Dumping data for table `ec_product_attribute_sets`
--

INSERT INTO `ec_product_attribute_sets` VALUES (1,'Color','color','visual',1,1,1,'published',0,'2024-10-31 20:47:26','2024-10-31 20:47:26',0),(2,'Size','size','text',1,1,1,'published',1,'2024-10-31 20:47:26','2024-10-31 20:47:26',0),(3,'Weight','weight','text',1,1,1,'published',0,'2024-10-31 20:47:26','2024-10-31 20:47:26',0),(4,'Boxes','boxes','text',1,1,1,'published',1,'2024-10-31 20:47:26','2024-10-31 20:47:26',0);

--
-- Table structure for table `ec_product_attribute_sets_translations`
--

CREATE TABLE `ec_product_attribute_sets_translations` (
  `lang_code` varchar(191) COLLATE utf8mb4_unicode_ci NOT NULL,
  `ec_product_attribute_sets_id` bigint unsigned NOT NULL,
  `title` varchar(191) COLLATE utf8mb4_unicode_ci DEFAULT NULL,
  PRIMARY KEY (`lang_code`,`ec_product_attribute_sets_id`)
) ENGINE=InnoDB DEFAULT CHARSET=utf8mb4 COLLATE=utf8mb4_unicode_ci;

--
-- Dumping data for table `ec_product_attribute_sets_translations`
--


--
-- Table structure for table `ec_product_attributes`
--

CREATE TABLE `ec_product_attributes` (
  `id` bigint unsigned NOT NULL AUTO_INCREMENT,
  `attribute_set_id` bigint unsigned NOT NULL,
  `title` varchar(120) COLLATE utf8mb4_unicode_ci NOT NULL,
  `slug` varchar(120) COLLATE utf8mb4_unicode_ci DEFAULT NULL,
  `color` varchar(50) COLLATE utf8mb4_unicode_ci DEFAULT NULL,
  `image` varchar(191) COLLATE utf8mb4_unicode_ci DEFAULT NULL,
  `is_default` tinyint unsigned NOT NULL DEFAULT '0',
  `order` tinyint unsigned NOT NULL DEFAULT '0',
  `created_at` timestamp NULL DEFAULT NULL,
  `updated_at` timestamp NULL DEFAULT NULL,
  PRIMARY KEY (`id`),
  KEY `attribute_set_status_index` (`attribute_set_id`)
) ENGINE=InnoDB AUTO_INCREMENT=21 DEFAULT CHARSET=utf8mb4 COLLATE=utf8mb4_unicode_ci;

--
-- Dumping data for table `ec_product_attributes`
--

INSERT INTO `ec_product_attributes` VALUES (1,1,'Green','green','#5FB7D4',NULL,1,1,'2024-10-31 20:47:26','2024-10-31 20:47:26'),(2,1,'Blue','blue','#333333',NULL,0,2,'2024-10-31 20:47:26','2024-10-31 20:47:26'),(3,1,'Red','red','#DA323F',NULL,0,3,'2024-10-31 20:47:26','2024-10-31 20:47:26'),(4,1,'Black','black','#2F366C',NULL,0,4,'2024-10-31 20:47:26','2024-10-31 20:47:26'),(5,1,'Brown','brown','#87554B',NULL,0,5,'2024-10-31 20:47:26','2024-10-31 20:47:26'),(6,2,'S','s',NULL,NULL,1,1,'2024-10-31 20:47:26','2024-10-31 20:47:26'),(7,2,'M','m',NULL,NULL,0,2,'2024-10-31 20:47:26','2024-10-31 20:47:26'),(8,2,'L','l',NULL,NULL,0,3,'2024-10-31 20:47:26','2024-10-31 20:47:26'),(9,2,'XL','xl',NULL,NULL,0,4,'2024-10-31 20:47:26','2024-10-31 20:47:26'),(10,2,'XXL','xxl',NULL,NULL,0,5,'2024-10-31 20:47:26','2024-10-31 20:47:26'),(11,3,'1KG','1kg',NULL,NULL,1,1,'2024-10-31 20:47:26','2024-10-31 20:47:26'),(12,3,'2KG','2kg',NULL,NULL,0,2,'2024-10-31 20:47:26','2024-10-31 20:47:26'),(13,3,'3KG','3kg',NULL,NULL,0,3,'2024-10-31 20:47:26','2024-10-31 20:47:26'),(14,3,'4KG','4kg',NULL,NULL,0,4,'2024-10-31 20:47:26','2024-10-31 20:47:26'),(15,3,'5KG','5kg',NULL,NULL,0,5,'2024-10-31 20:47:26','2024-10-31 20:47:26'),(16,4,'1 Box','1-box',NULL,NULL,1,1,'2024-10-31 20:47:26','2024-10-31 20:47:26'),(17,4,'2 Boxes','2-boxes',NULL,NULL,0,2,'2024-10-31 20:47:26','2024-10-31 20:47:26'),(18,4,'3 Boxes','3-boxes',NULL,NULL,0,3,'2024-10-31 20:47:26','2024-10-31 20:47:26'),(19,4,'4 Boxes','4-boxes',NULL,NULL,0,4,'2024-10-31 20:47:26','2024-10-31 20:47:26'),(20,4,'5 Boxes','5-boxes',NULL,NULL,0,5,'2024-10-31 20:47:26','2024-10-31 20:47:26');

--
-- Table structure for table `ec_product_attributes_translations`
--

CREATE TABLE `ec_product_attributes_translations` (
  `lang_code` varchar(191) COLLATE utf8mb4_unicode_ci NOT NULL,
  `ec_product_attributes_id` bigint unsigned NOT NULL,
  `title` varchar(191) COLLATE utf8mb4_unicode_ci DEFAULT NULL,
  PRIMARY KEY (`lang_code`,`ec_product_attributes_id`)
) ENGINE=InnoDB DEFAULT CHARSET=utf8mb4 COLLATE=utf8mb4_unicode_ci;

--
-- Dumping data for table `ec_product_attributes_translations`
--


--
-- Table structure for table `ec_product_categories`
--

CREATE TABLE `ec_product_categories` (
  `id` bigint unsigned NOT NULL AUTO_INCREMENT,
  `name` varchar(191) COLLATE utf8mb4_unicode_ci NOT NULL,
  `parent_id` bigint unsigned NOT NULL DEFAULT '0',
  `description` mediumtext COLLATE utf8mb4_unicode_ci,
  `status` varchar(60) COLLATE utf8mb4_unicode_ci NOT NULL DEFAULT 'published',
  `order` int unsigned NOT NULL DEFAULT '0',
  `image` varchar(191) COLLATE utf8mb4_unicode_ci DEFAULT NULL,
  `is_featured` tinyint unsigned NOT NULL DEFAULT '0',
  `created_at` timestamp NULL DEFAULT NULL,
  `updated_at` timestamp NULL DEFAULT NULL,
  `icon` varchar(191) COLLATE utf8mb4_unicode_ci DEFAULT NULL,
  `icon_image` varchar(191) COLLATE utf8mb4_unicode_ci DEFAULT NULL,
  PRIMARY KEY (`id`),
  KEY `ec_product_categories_parent_id_status_created_at_index` (`parent_id`,`status`,`created_at`),
  KEY `ec_product_categories_parent_id_status_index` (`parent_id`,`status`)
) ENGINE=InnoDB AUTO_INCREMENT=21 DEFAULT CHARSET=utf8mb4 COLLATE=utf8mb4_unicode_ci;

--
-- Dumping data for table `ec_product_categories`
--

INSERT INTO `ec_product_categories` VALUES (1,'Frozen Food',0,NULL,'published',0,'grocery/product-categories/1.jpg',1,'2024-10-31 20:47:33','2024-10-31 20:47:33',NULL,NULL),(2,'Baby Food',1,NULL,'published',0,NULL,0,'2024-10-31 20:47:33','2024-10-31 20:47:33',NULL,NULL),(3,'Strawberry',1,NULL,'published',1,NULL,0,'2024-10-31 20:47:33','2024-10-31 20:47:33',NULL,NULL),(4,'Ice Cream',1,NULL,'published',2,NULL,0,'2024-10-31 20:47:33','2024-10-31 20:47:33',NULL,NULL),(5,'Meat & Seafood',0,NULL,'published',1,'grocery/product-categories/2.jpg',1,'2024-10-31 20:47:33','2024-10-31 20:47:33',NULL,NULL),(6,'Chicken',5,NULL,'published',0,NULL,0,'2024-10-31 20:47:33','2024-10-31 20:47:33',NULL,NULL),(7,'Fish',5,NULL,'published',1,NULL,0,'2024-10-31 20:47:33','2024-10-31 20:47:33',NULL,NULL),(8,'Beef',5,NULL,'published',2,NULL,0,'2024-10-31 20:47:33','2024-10-31 20:47:33',NULL,NULL),(9,'Milk & Dairy',0,NULL,'published',2,'grocery/product-categories/3.jpg',1,'2024-10-31 20:47:33','2024-10-31 20:47:33',NULL,NULL),(10,'Milk',9,NULL,'published',0,NULL,0,'2024-10-31 20:47:33','2024-10-31 20:47:33',NULL,NULL),(11,'Cheese',9,NULL,'published',1,NULL,0,'2024-10-31 20:47:33','2024-10-31 20:47:33',NULL,NULL),(12,'Yogurt',9,NULL,'published',2,NULL,0,'2024-10-31 20:47:33','2024-10-31 20:47:33',NULL,NULL),(13,'Beverages',0,NULL,'published',3,'grocery/product-categories/4.jpg',1,'2024-10-31 20:47:33','2024-10-31 20:47:33',NULL,NULL),(14,'Vegetables',0,NULL,'published',4,'grocery/product-categories/5.jpg',1,'2024-10-31 20:47:33','2024-10-31 20:47:33',NULL,NULL),(15,'Carrot',14,NULL,'published',0,NULL,0,'2024-10-31 20:47:33','2024-10-31 20:47:33',NULL,NULL),(16,'Tomato',14,NULL,'published',1,NULL,0,'2024-10-31 20:47:33','2024-10-31 20:47:33',NULL,NULL),(17,'Potato',14,NULL,'published',2,NULL,0,'2024-10-31 20:47:33','2024-10-31 20:47:33',NULL,NULL),(18,'Fruits',0,NULL,'published',5,'grocery/product-categories/6.jpg',1,'2024-10-31 20:47:33','2024-10-31 20:47:33',NULL,NULL),(19,'Banana',18,NULL,'published',0,NULL,0,'2024-10-31 20:47:33','2024-10-31 20:47:33',NULL,NULL),(20,'Mango',18,NULL,'published',1,NULL,0,'2024-10-31 20:47:33','2024-10-31 20:47:33',NULL,NULL);

--
-- Table structure for table `ec_product_categories_translations`
--

CREATE TABLE `ec_product_categories_translations` (
  `lang_code` varchar(191) COLLATE utf8mb4_unicode_ci NOT NULL,
  `ec_product_categories_id` bigint unsigned NOT NULL,
  `name` varchar(191) COLLATE utf8mb4_unicode_ci DEFAULT NULL,
  `description` mediumtext COLLATE utf8mb4_unicode_ci,
  PRIMARY KEY (`lang_code`,`ec_product_categories_id`)
) ENGINE=InnoDB DEFAULT CHARSET=utf8mb4 COLLATE=utf8mb4_unicode_ci;

--
-- Dumping data for table `ec_product_categories_translations`
--


--
-- Table structure for table `ec_product_categorizables`
--

CREATE TABLE `ec_product_categorizables` (
  `category_id` bigint unsigned NOT NULL,
  `reference_id` bigint unsigned NOT NULL,
  `reference_type` varchar(120) COLLATE utf8mb4_unicode_ci NOT NULL,
  PRIMARY KEY (`category_id`,`reference_id`,`reference_type`),
  KEY `ec_product_categorizables_category_id_index` (`category_id`),
  KEY `ec_product_categorizables_reference_id_index` (`reference_id`),
  KEY `ec_product_categorizables_reference_type_index` (`reference_type`)
) ENGINE=InnoDB DEFAULT CHARSET=utf8mb4 COLLATE=utf8mb4_unicode_ci;

--
-- Dumping data for table `ec_product_categorizables`
--


--
-- Table structure for table `ec_product_category_product`
--

CREATE TABLE `ec_product_category_product` (
  `category_id` bigint unsigned NOT NULL,
  `product_id` bigint unsigned NOT NULL,
  PRIMARY KEY (`product_id`,`category_id`),
  KEY `ec_product_category_product_category_id_index` (`category_id`),
  KEY `ec_product_category_product_product_id_index` (`product_id`)
) ENGINE=InnoDB DEFAULT CHARSET=utf8mb4 COLLATE=utf8mb4_unicode_ci;

--
-- Dumping data for table `ec_product_category_product`
--

INSERT INTO `ec_product_category_product` VALUES (1,3),(1,6),(1,9),(1,12),(1,13),(1,25),(1,26),(1,28),(2,2),(2,13),(2,16),(2,29),(3,15),(3,19),(3,21),(3,30),(4,1),(4,6),(4,8),(4,14),(4,15),(4,19),(4,26),(4,27),(5,2),(5,3),(5,5),(5,7),(5,20),(5,24),(6,3),(6,5),(6,7),(6,9),(6,14),(6,18),(6,24),(6,29),(6,30),(7,10),(7,15),(8,1),(8,6),(8,16),(8,20),(8,23),(9,1),(9,4),(9,10),(9,11),(9,30),(10,10),(10,11),(10,13),(10,14),(10,19),(10,20),(10,22),(10,28),(11,4),(11,10),(11,17),(11,20),(11,21),(11,25),(11,27),(11,28),(12,4),(12,13),(12,16),(12,18),(12,24),(13,2),(13,7),(13,11),(13,18),(13,24),(13,27),(14,12),(14,14),(14,15),(14,25),(14,26),(14,27),(15,2),(15,9),(15,11),(15,12),(15,17),(15,21),(15,22),(15,26),(15,30),(16,8),(16,16),(16,21),(16,22),(16,23),(16,25),(17,5),(17,18),(17,23),(18,1),(18,3),(18,8),(18,12),(18,17),(18,22),(18,23),(18,28),(18,29),(19,5),(19,6),(19,7),(19,19),(19,29),(20,4),(20,8),(20,9),(20,17);

--
-- Table structure for table `ec_product_collection_products`
--

CREATE TABLE `ec_product_collection_products` (
  `product_collection_id` bigint unsigned NOT NULL,
  `product_id` bigint unsigned NOT NULL,
  PRIMARY KEY (`product_id`,`product_collection_id`),
  KEY `ec_product_collection_products_product_collection_id_index` (`product_collection_id`),
  KEY `ec_product_collection_products_product_id_index` (`product_id`)
) ENGINE=InnoDB DEFAULT CHARSET=utf8mb4 COLLATE=utf8mb4_unicode_ci;

--
-- Dumping data for table `ec_product_collection_products`
--

INSERT INTO `ec_product_collection_products` VALUES (1,1),(1,2),(1,3),(1,4),(1,16),(1,17),(1,19),(1,21),(1,26),(1,27),(2,5),(2,9),(2,11),(2,13),(2,14),(2,15),(2,24),(2,28),(2,29),(3,7),(3,20),(3,23),(3,25),(3,30),(4,6),(4,8),(4,10),(4,12),(4,18),(4,22);

--
-- Table structure for table `ec_product_collections`
--

CREATE TABLE `ec_product_collections` (
  `id` bigint unsigned NOT NULL AUTO_INCREMENT,
  `name` varchar(191) COLLATE utf8mb4_unicode_ci NOT NULL,
  `slug` varchar(191) COLLATE utf8mb4_unicode_ci NOT NULL,
  `description` varchar(400) COLLATE utf8mb4_unicode_ci DEFAULT NULL,
  `image` varchar(191) COLLATE utf8mb4_unicode_ci DEFAULT NULL,
  `status` varchar(60) COLLATE utf8mb4_unicode_ci NOT NULL DEFAULT 'published',
  `created_at` timestamp NULL DEFAULT NULL,
  `updated_at` timestamp NULL DEFAULT NULL,
  `is_featured` tinyint unsigned NOT NULL DEFAULT '0',
  PRIMARY KEY (`id`)
) ENGINE=InnoDB AUTO_INCREMENT=5 DEFAULT CHARSET=utf8mb4 COLLATE=utf8mb4_unicode_ci;

--
-- Dumping data for table `ec_product_collections`
--

INSERT INTO `ec_product_collections` VALUES (1,'Weekly Gadget Spotlight','weekly-gadget-spotlight',NULL,NULL,'published','2024-10-31 20:47:33','2024-10-31 20:47:33',0),(2,'Electronics Trendsetters','electronics-trendsetters',NULL,NULL,'published','2024-10-31 20:47:33','2024-10-31 20:47:33',0),(3,'Digital Workspace Gear','digital-workspace-gear',NULL,NULL,'published','2024-10-31 20:47:33','2024-10-31 20:47:33',0),(4,'Cutting-Edge Tech Showcase','cutting-edge-tech-showcase',NULL,NULL,'published','2024-10-31 20:47:33','2024-10-31 20:47:33',0);

--
-- Table structure for table `ec_product_collections_translations`
--

CREATE TABLE `ec_product_collections_translations` (
  `lang_code` varchar(191) COLLATE utf8mb4_unicode_ci NOT NULL,
  `ec_product_collections_id` bigint unsigned NOT NULL,
  `name` varchar(191) COLLATE utf8mb4_unicode_ci DEFAULT NULL,
  `description` varchar(400) COLLATE utf8mb4_unicode_ci DEFAULT NULL,
  PRIMARY KEY (`lang_code`,`ec_product_collections_id`)
) ENGINE=InnoDB DEFAULT CHARSET=utf8mb4 COLLATE=utf8mb4_unicode_ci;

--
-- Dumping data for table `ec_product_collections_translations`
--


--
-- Table structure for table `ec_product_cross_sale_relations`
--

CREATE TABLE `ec_product_cross_sale_relations` (
  `from_product_id` bigint unsigned NOT NULL,
  `to_product_id` bigint unsigned NOT NULL,
  `is_variant` tinyint(1) NOT NULL DEFAULT '0',
  `price` decimal(15,2) DEFAULT '0.00',
  `price_type` varchar(191) COLLATE utf8mb4_unicode_ci NOT NULL DEFAULT 'fixed',
  `apply_to_all_variations` tinyint(1) NOT NULL DEFAULT '1',
  PRIMARY KEY (`from_product_id`,`to_product_id`),
  KEY `ec_product_cross_sale_relations_from_product_id_index` (`from_product_id`),
  KEY `ec_product_cross_sale_relations_to_product_id_index` (`to_product_id`)
) ENGINE=InnoDB DEFAULT CHARSET=utf8mb4 COLLATE=utf8mb4_unicode_ci;

--
-- Dumping data for table `ec_product_cross_sale_relations`
--

INSERT INTO `ec_product_cross_sale_relations` VALUES (1,5,0,0.00,'fixed',1),(1,12,0,0.00,'fixed',1),(1,16,0,0.00,'fixed',1),(1,22,0,0.00,'fixed',1),(1,24,0,0.00,'fixed',1),(2,11,0,0.00,'fixed',1),(2,18,0,0.00,'fixed',1),(2,19,0,0.00,'fixed',1),(2,23,0,0.00,'fixed',1),(2,27,0,0.00,'fixed',1),(2,30,0,0.00,'fixed',1),(3,5,0,0.00,'fixed',1),(3,6,0,0.00,'fixed',1),(3,9,0,0.00,'fixed',1),(3,17,0,0.00,'fixed',1),(3,18,0,0.00,'fixed',1),(3,23,0,0.00,'fixed',1),(3,29,0,0.00,'fixed',1),(4,2,0,0.00,'fixed',1),(4,7,0,0.00,'fixed',1),(4,10,0,0.00,'fixed',1),(4,11,0,0.00,'fixed',1),(4,14,0,0.00,'fixed',1),(4,25,0,0.00,'fixed',1),(4,26,0,0.00,'fixed',1),(5,4,0,0.00,'fixed',1),(5,11,0,0.00,'fixed',1),(5,14,0,0.00,'fixed',1),(5,18,0,0.00,'fixed',1),(5,21,0,0.00,'fixed',1),(5,30,0,0.00,'fixed',1),(6,3,0,0.00,'fixed',1),(6,4,0,0.00,'fixed',1),(6,7,0,0.00,'fixed',1),(6,12,0,0.00,'fixed',1),(6,13,0,0.00,'fixed',1),(6,21,0,0.00,'fixed',1),(6,29,0,0.00,'fixed',1),(7,8,0,0.00,'fixed',1),(7,13,0,0.00,'fixed',1),(7,15,0,0.00,'fixed',1),(7,19,0,0.00,'fixed',1),(7,20,0,0.00,'fixed',1),(7,29,0,0.00,'fixed',1),(7,30,0,0.00,'fixed',1),(8,4,0,0.00,'fixed',1),(8,13,0,0.00,'fixed',1),(8,17,0,0.00,'fixed',1),(8,19,0,0.00,'fixed',1),(8,28,0,0.00,'fixed',1),(8,29,0,0.00,'fixed',1),(9,1,0,0.00,'fixed',1),(9,7,0,0.00,'fixed',1),(9,8,0,0.00,'fixed',1),(9,19,0,0.00,'fixed',1),(9,24,0,0.00,'fixed',1),(9,25,0,0.00,'fixed',1),(9,28,0,0.00,'fixed',1),(10,3,0,0.00,'fixed',1),(10,14,0,0.00,'fixed',1),(10,16,0,0.00,'fixed',1),(10,18,0,0.00,'fixed',1),(10,21,0,0.00,'fixed',1),(10,25,0,0.00,'fixed',1),(11,5,0,0.00,'fixed',1),(11,9,0,0.00,'fixed',1),(11,10,0,0.00,'fixed',1),(11,14,0,0.00,'fixed',1),(11,21,0,0.00,'fixed',1),(11,22,0,0.00,'fixed',1),(11,24,0,0.00,'fixed',1),(12,4,0,0.00,'fixed',1),(12,13,0,0.00,'fixed',1),(12,18,0,0.00,'fixed',1),(12,21,0,0.00,'fixed',1),(12,22,0,0.00,'fixed',1),(12,23,0,0.00,'fixed',1),(12,28,0,0.00,'fixed',1),(13,1,0,0.00,'fixed',1),(13,2,0,0.00,'fixed',1),(13,7,0,0.00,'fixed',1),(13,15,0,0.00,'fixed',1),(13,22,0,0.00,'fixed',1),(13,23,0,0.00,'fixed',1),(13,29,0,0.00,'fixed',1),(14,2,0,0.00,'fixed',1),(14,3,0,0.00,'fixed',1),(14,6,0,0.00,'fixed',1),(14,12,0,0.00,'fixed',1),(14,25,0,0.00,'fixed',1),(15,2,0,0.00,'fixed',1),(15,16,0,0.00,'fixed',1),(15,19,0,0.00,'fixed',1),(15,20,0,0.00,'fixed',1),(15,21,0,0.00,'fixed',1),(16,1,0,0.00,'fixed',1),(16,5,0,0.00,'fixed',1),(16,14,0,0.00,'fixed',1),(16,17,0,0.00,'fixed',1),(16,18,0,0.00,'fixed',1),(16,24,0,0.00,'fixed',1),(16,29,0,0.00,'fixed',1),(17,8,0,0.00,'fixed',1),(17,9,0,0.00,'fixed',1),(17,11,0,0.00,'fixed',1),(17,16,0,0.00,'fixed',1),(17,22,0,0.00,'fixed',1),(17,24,0,0.00,'fixed',1),(17,25,0,0.00,'fixed',1),(18,20,0,0.00,'fixed',1),(18,26,0,0.00,'fixed',1),(18,28,0,0.00,'fixed',1),(18,29,0,0.00,'fixed',1),(18,30,0,0.00,'fixed',1),(19,3,0,0.00,'fixed',1),(19,10,0,0.00,'fixed',1),(19,11,0,0.00,'fixed',1),(19,17,0,0.00,'fixed',1),(19,24,0,0.00,'fixed',1),(20,1,0,0.00,'fixed',1),(20,6,0,0.00,'fixed',1),(20,18,0,0.00,'fixed',1),(20,21,0,0.00,'fixed',1),(20,23,0,0.00,'fixed',1),(20,25,0,0.00,'fixed',1),(20,29,0,0.00,'fixed',1),(21,4,0,0.00,'fixed',1),(21,15,0,0.00,'fixed',1),(21,16,0,0.00,'fixed',1),(21,19,0,0.00,'fixed',1),(21,22,0,0.00,'fixed',1),(21,30,0,0.00,'fixed',1),(22,4,0,0.00,'fixed',1),(22,9,0,0.00,'fixed',1),(22,13,0,0.00,'fixed',1),(22,15,0,0.00,'fixed',1),(22,16,0,0.00,'fixed',1),(22,18,0,0.00,'fixed',1),(22,20,0,0.00,'fixed',1),(23,2,0,0.00,'fixed',1),(23,7,0,0.00,'fixed',1),(23,8,0,0.00,'fixed',1),(23,15,0,0.00,'fixed',1),(23,16,0,0.00,'fixed',1),(23,22,0,0.00,'fixed',1),(23,26,0,0.00,'fixed',1),(24,17,0,0.00,'fixed',1),(24,18,0,0.00,'fixed',1),(24,19,0,0.00,'fixed',1),(24,21,0,0.00,'fixed',1),(24,23,0,0.00,'fixed',1),(24,28,0,0.00,'fixed',1),(24,29,0,0.00,'fixed',1),(25,4,0,0.00,'fixed',1),(25,5,0,0.00,'fixed',1),(25,7,0,0.00,'fixed',1),(25,11,0,0.00,'fixed',1),(25,22,0,0.00,'fixed',1),(25,28,0,0.00,'fixed',1),(25,30,0,0.00,'fixed',1),(26,8,0,0.00,'fixed',1),(26,14,0,0.00,'fixed',1),(26,19,0,0.00,'fixed',1),(26,21,0,0.00,'fixed',1),(26,28,0,0.00,'fixed',1),(26,30,0,0.00,'fixed',1),(27,13,0,0.00,'fixed',1),(27,17,0,0.00,'fixed',1),(27,18,0,0.00,'fixed',1),(27,22,0,0.00,'fixed',1),(27,25,0,0.00,'fixed',1),(27,28,0,0.00,'fixed',1),(27,30,0,0.00,'fixed',1),(28,1,0,0.00,'fixed',1),(28,2,0,0.00,'fixed',1),(28,3,0,0.00,'fixed',1),(28,5,0,0.00,'fixed',1),(28,7,0,0.00,'fixed',1),(28,10,0,0.00,'fixed',1),(28,15,0,0.00,'fixed',1),(29,4,0,0.00,'fixed',1),(29,8,0,0.00,'fixed',1),(29,12,0,0.00,'fixed',1),(29,21,0,0.00,'fixed',1),(29,22,0,0.00,'fixed',1),(29,30,0,0.00,'fixed',1),(30,2,0,0.00,'fixed',1),(30,6,0,0.00,'fixed',1),(30,15,0,0.00,'fixed',1),(30,25,0,0.00,'fixed',1),(30,27,0,0.00,'fixed',1),(30,28,0,0.00,'fixed',1);

--
-- Table structure for table `ec_product_files`
--

CREATE TABLE `ec_product_files` (
  `id` bigint unsigned NOT NULL AUTO_INCREMENT,
  `product_id` bigint unsigned DEFAULT NULL,
  `url` varchar(400) COLLATE utf8mb4_unicode_ci DEFAULT NULL,
  `extras` mediumtext COLLATE utf8mb4_unicode_ci,
  `created_at` timestamp NULL DEFAULT NULL,
  `updated_at` timestamp NULL DEFAULT NULL,
  PRIMARY KEY (`id`),
  KEY `ec_product_files_product_id_index` (`product_id`)
) ENGINE=InnoDB AUTO_INCREMENT=32 DEFAULT CHARSET=utf8mb4 COLLATE=utf8mb4_unicode_ci;

--
-- Dumping data for table `ec_product_files`
--

INSERT INTO `ec_product_files` VALUES (1,4,'ecommerce/digital-product-files/product-3.jpg','{\"filename\":\"product-3.jpg\",\"url\":\"ecommerce\\/digital-product-files\\/product-3.jpg\",\"mime_type\":\"image\\/jpeg\",\"size\":9803,\"modified\":\"2024-11-01 03:47:35\",\"name\":\"product-3\",\"extension\":\"jpg\"}','2024-10-31 20:47:35','2024-10-31 20:47:35'),(2,4,'ecommerce/digital-product-files/product-12.jpg','{\"filename\":\"product-12.jpg\",\"url\":\"ecommerce\\/digital-product-files\\/product-12.jpg\",\"mime_type\":\"image\\/jpeg\",\"size\":9803,\"modified\":\"2024-11-01 03:47:35\",\"name\":\"product-12\",\"extension\":\"jpg\"}','2024-10-31 20:47:35','2024-10-31 20:47:35'),(3,8,'ecommerce/digital-product-files/product-1.jpg','{\"filename\":\"product-1.jpg\",\"url\":\"ecommerce\\/digital-product-files\\/product-1.jpg\",\"mime_type\":\"image\\/jpeg\",\"size\":9803,\"modified\":\"2024-11-01 03:47:35\",\"name\":\"product-1\",\"extension\":\"jpg\"}','2024-10-31 20:47:35','2024-10-31 20:47:35'),(4,8,'ecommerce/digital-product-files/product-details-desc-1.jpg','{\"filename\":\"product-details-desc-1.jpg\",\"url\":\"ecommerce\\/digital-product-files\\/product-details-desc-1.jpg\",\"mime_type\":\"image\\/jpeg\",\"size\":9803,\"modified\":\"2024-11-01 03:47:35\",\"name\":\"product-details-desc-1\",\"extension\":\"jpg\"}','2024-10-31 20:47:35','2024-10-31 20:47:35'),(5,12,'ecommerce/digital-product-files/product-5.jpg','{\"filename\":\"product-5.jpg\",\"url\":\"ecommerce\\/digital-product-files\\/product-5.jpg\",\"mime_type\":\"image\\/jpeg\",\"size\":9803,\"modified\":\"2024-11-01 03:47:35\",\"name\":\"product-5\",\"extension\":\"jpg\"}','2024-10-31 20:47:35','2024-10-31 20:47:35'),(6,12,'ecommerce/digital-product-files/product-details-desc-2.jpg','{\"filename\":\"product-details-desc-2.jpg\",\"url\":\"ecommerce\\/digital-product-files\\/product-details-desc-2.jpg\",\"mime_type\":\"image\\/jpeg\",\"size\":9803,\"modified\":\"2024-11-01 03:47:35\",\"name\":\"product-details-desc-2\",\"extension\":\"jpg\"}','2024-10-31 20:47:35','2024-10-31 20:47:35'),(7,16,'ecommerce/digital-product-files/product-5.jpg','{\"filename\":\"product-5.jpg\",\"url\":\"ecommerce\\/digital-product-files\\/product-5.jpg\",\"mime_type\":\"image\\/jpeg\",\"size\":9803,\"modified\":\"2024-11-01 03:47:35\",\"name\":\"product-5\",\"extension\":\"jpg\"}','2024-10-31 20:47:35','2024-10-31 20:47:35'),(8,16,'ecommerce/digital-product-files/product-17.jpg','{\"filename\":\"product-17.jpg\",\"url\":\"ecommerce\\/digital-product-files\\/product-17.jpg\",\"mime_type\":\"image\\/jpeg\",\"size\":9803,\"modified\":\"2024-11-01 03:47:35\",\"name\":\"product-17\",\"extension\":\"jpg\"}','2024-10-31 20:47:35','2024-10-31 20:47:35'),(9,20,'ecommerce/digital-product-files/product-details-desc-3.jpg','{\"filename\":\"product-details-desc-3.jpg\",\"url\":\"ecommerce\\/digital-product-files\\/product-details-desc-3.jpg\",\"mime_type\":\"image\\/jpeg\",\"size\":9803,\"modified\":\"2024-11-01 03:47:35\",\"name\":\"product-details-desc-3\",\"extension\":\"jpg\"}','2024-10-31 20:47:35','2024-10-31 20:47:35'),(10,20,'ecommerce/digital-product-files/product-1.jpg','{\"filename\":\"product-1.jpg\",\"url\":\"ecommerce\\/digital-product-files\\/product-1.jpg\",\"mime_type\":\"image\\/jpeg\",\"size\":9803,\"modified\":\"2024-11-01 03:47:35\",\"name\":\"product-1\",\"extension\":\"jpg\"}','2024-10-31 20:47:35','2024-10-31 20:47:35'),(11,24,'ecommerce/digital-product-files/product-18.jpg','{\"filename\":\"product-18.jpg\",\"url\":\"ecommerce\\/digital-product-files\\/product-18.jpg\",\"mime_type\":\"image\\/jpeg\",\"size\":9803,\"modified\":\"2024-11-01 03:47:35\",\"name\":\"product-18\",\"extension\":\"jpg\"}','2024-10-31 20:47:35','2024-10-31 20:47:35'),(12,24,'ecommerce/digital-product-files/product-10.jpg','{\"filename\":\"product-10.jpg\",\"url\":\"ecommerce\\/digital-product-files\\/product-10.jpg\",\"mime_type\":\"image\\/jpeg\",\"size\":9803,\"modified\":\"2024-11-01 03:47:35\",\"name\":\"product-10\",\"extension\":\"jpg\"}','2024-10-31 20:47:35','2024-10-31 20:47:35'),(13,28,'ecommerce/digital-product-files/product-20.jpg','{\"filename\":\"product-20.jpg\",\"url\":\"ecommerce\\/digital-product-files\\/product-20.jpg\",\"mime_type\":\"image\\/jpeg\",\"size\":9803,\"modified\":\"2024-11-01 03:47:35\",\"name\":\"product-20\",\"extension\":\"jpg\"}','2024-10-31 20:47:35','2024-10-31 20:47:35'),(14,28,'ecommerce/digital-product-files/product-18.jpg','{\"filename\":\"product-18.jpg\",\"url\":\"ecommerce\\/digital-product-files\\/product-18.jpg\",\"mime_type\":\"image\\/jpeg\",\"size\":9803,\"modified\":\"2024-11-01 03:47:35\",\"name\":\"product-18\",\"extension\":\"jpg\"}','2024-10-31 20:47:35','2024-10-31 20:47:35'),(15,42,'ecommerce/digital-product-files/product-details-desc-1.jpg','{\"filename\":\"product-details-desc-1.jpg\",\"url\":\"ecommerce\\/digital-product-files\\/product-details-desc-1.jpg\",\"mime_type\":\"image\\/jpeg\",\"size\":9803,\"modified\":\"2024-11-01 03:47:35\",\"name\":\"product-details-desc-1\",\"extension\":\"jpg\"}','2024-10-31 20:47:35','2024-10-31 20:47:35'),(16,43,'ecommerce/digital-product-files/product-18.jpg','{\"filename\":\"product-18.jpg\",\"url\":\"ecommerce\\/digital-product-files\\/product-18.jpg\",\"mime_type\":\"image\\/jpeg\",\"size\":9803,\"modified\":\"2024-11-01 03:47:35\",\"name\":\"product-18\",\"extension\":\"jpg\"}','2024-10-31 20:47:35','2024-10-31 20:47:35'),(17,44,'ecommerce/digital-product-files/product-17.jpg','{\"filename\":\"product-17.jpg\",\"url\":\"ecommerce\\/digital-product-files\\/product-17.jpg\",\"mime_type\":\"image\\/jpeg\",\"size\":9803,\"modified\":\"2024-11-01 03:47:35\",\"name\":\"product-17\",\"extension\":\"jpg\"}','2024-10-31 20:47:35','2024-10-31 20:47:35'),(18,46,'ecommerce/digital-product-files/product-details-desc-2.jpg','{\"filename\":\"product-details-desc-2.jpg\",\"url\":\"ecommerce\\/digital-product-files\\/product-details-desc-2.jpg\",\"mime_type\":\"image\\/jpeg\",\"size\":9803,\"modified\":\"2024-11-01 03:47:35\",\"name\":\"product-details-desc-2\",\"extension\":\"jpg\"}','2024-10-31 20:47:35','2024-10-31 20:47:35'),(19,47,'ecommerce/digital-product-files/product-18.jpg','{\"filename\":\"product-18.jpg\",\"url\":\"ecommerce\\/digital-product-files\\/product-18.jpg\",\"mime_type\":\"image\\/jpeg\",\"size\":9803,\"modified\":\"2024-11-01 03:47:35\",\"name\":\"product-18\",\"extension\":\"jpg\"}','2024-10-31 20:47:35','2024-10-31 20:47:35'),(20,48,'ecommerce/digital-product-files/product-20.jpg','{\"filename\":\"product-20.jpg\",\"url\":\"ecommerce\\/digital-product-files\\/product-20.jpg\",\"mime_type\":\"image\\/jpeg\",\"size\":9803,\"modified\":\"2024-11-01 03:47:35\",\"name\":\"product-20\",\"extension\":\"jpg\"}','2024-10-31 20:47:35','2024-10-31 20:47:35'),(21,49,'ecommerce/digital-product-files/product-16.jpg','{\"filename\":\"product-16.jpg\",\"url\":\"ecommerce\\/digital-product-files\\/product-16.jpg\",\"mime_type\":\"image\\/jpeg\",\"size\":9803,\"modified\":\"2024-11-01 03:47:35\",\"name\":\"product-16\",\"extension\":\"jpg\"}','2024-10-31 20:47:35','2024-10-31 20:47:35'),(22,51,'ecommerce/digital-product-files/product-17.jpg','{\"filename\":\"product-17.jpg\",\"url\":\"ecommerce\\/digital-product-files\\/product-17.jpg\",\"mime_type\":\"image\\/jpeg\",\"size\":9803,\"modified\":\"2024-11-01 03:47:35\",\"name\":\"product-17\",\"extension\":\"jpg\"}','2024-10-31 20:47:35','2024-10-31 20:47:35'),(23,52,'ecommerce/digital-product-files/product-2.jpg','{\"filename\":\"product-2.jpg\",\"url\":\"ecommerce\\/digital-product-files\\/product-2.jpg\",\"mime_type\":\"image\\/jpeg\",\"size\":9803,\"modified\":\"2024-11-01 03:47:35\",\"name\":\"product-2\",\"extension\":\"jpg\"}','2024-10-31 20:47:35','2024-10-31 20:47:35'),(24,53,'ecommerce/digital-product-files/product-details-desc-1.jpg','{\"filename\":\"product-details-desc-1.jpg\",\"url\":\"ecommerce\\/digital-product-files\\/product-details-desc-1.jpg\",\"mime_type\":\"image\\/jpeg\",\"size\":9803,\"modified\":\"2024-11-01 03:47:35\",\"name\":\"product-details-desc-1\",\"extension\":\"jpg\"}','2024-10-31 20:47:35','2024-10-31 20:47:35'),(25,55,'ecommerce/digital-product-files/product-1.jpg','{\"filename\":\"product-1.jpg\",\"url\":\"ecommerce\\/digital-product-files\\/product-1.jpg\",\"mime_type\":\"image\\/jpeg\",\"size\":9803,\"modified\":\"2024-11-01 03:47:35\",\"name\":\"product-1\",\"extension\":\"jpg\"}','2024-10-31 20:47:35','2024-10-31 20:47:35'),(26,56,'ecommerce/digital-product-files/product-15.jpg','{\"filename\":\"product-15.jpg\",\"url\":\"ecommerce\\/digital-product-files\\/product-15.jpg\",\"mime_type\":\"image\\/jpeg\",\"size\":9803,\"modified\":\"2024-11-01 03:47:35\",\"name\":\"product-15\",\"extension\":\"jpg\"}','2024-10-31 20:47:35','2024-10-31 20:47:35'),(27,57,'ecommerce/digital-product-files/product-10.jpg','{\"filename\":\"product-10.jpg\",\"url\":\"ecommerce\\/digital-product-files\\/product-10.jpg\",\"mime_type\":\"image\\/jpeg\",\"size\":9803,\"modified\":\"2024-11-01 03:47:35\",\"name\":\"product-10\",\"extension\":\"jpg\"}','2024-10-31 20:47:35','2024-10-31 20:47:35'),(28,58,'ecommerce/digital-product-files/product-9.jpg','{\"filename\":\"product-9.jpg\",\"url\":\"ecommerce\\/digital-product-files\\/product-9.jpg\",\"mime_type\":\"image\\/jpeg\",\"size\":9803,\"modified\":\"2024-11-01 03:47:35\",\"name\":\"product-9\",\"extension\":\"jpg\"}','2024-10-31 20:47:35','2024-10-31 20:47:35'),(29,59,'ecommerce/digital-product-files/product-1.jpg','{\"filename\":\"product-1.jpg\",\"url\":\"ecommerce\\/digital-product-files\\/product-1.jpg\",\"mime_type\":\"image\\/jpeg\",\"size\":9803,\"modified\":\"2024-11-01 03:47:35\",\"name\":\"product-1\",\"extension\":\"jpg\"}','2024-10-31 20:47:35','2024-10-31 20:47:35'),(30,62,'ecommerce/digital-product-files/product-18.jpg','{\"filename\":\"product-18.jpg\",\"url\":\"ecommerce\\/digital-product-files\\/product-18.jpg\",\"mime_type\":\"image\\/jpeg\",\"size\":9803,\"modified\":\"2024-11-01 03:47:35\",\"name\":\"product-18\",\"extension\":\"jpg\"}','2024-10-31 20:47:35','2024-10-31 20:47:35'),(31,63,'ecommerce/digital-product-files/product-6.jpg','{\"filename\":\"product-6.jpg\",\"url\":\"ecommerce\\/digital-product-files\\/product-6.jpg\",\"mime_type\":\"image\\/jpeg\",\"size\":9803,\"modified\":\"2024-11-01 03:47:35\",\"name\":\"product-6\",\"extension\":\"jpg\"}','2024-10-31 20:47:35','2024-10-31 20:47:35');

--
-- Table structure for table `ec_product_label_products`
--

CREATE TABLE `ec_product_label_products` (
  `product_label_id` bigint unsigned NOT NULL,
  `product_id` bigint unsigned NOT NULL,
  PRIMARY KEY (`product_label_id`,`product_id`),
  KEY `ec_product_label_products_product_label_id_index` (`product_label_id`),
  KEY `ec_product_label_products_product_id_index` (`product_id`)
) ENGINE=InnoDB DEFAULT CHARSET=utf8mb4 COLLATE=utf8mb4_unicode_ci;

--
-- Dumping data for table `ec_product_label_products`
--

INSERT INTO `ec_product_label_products` VALUES (1,9),(1,12),(1,15),(1,24),(1,27),(2,3),(2,18),(2,21),(2,30),(3,6);

--
-- Table structure for table `ec_product_labels`
--

CREATE TABLE `ec_product_labels` (
  `id` bigint unsigned NOT NULL AUTO_INCREMENT,
  `name` varchar(191) COLLATE utf8mb4_unicode_ci NOT NULL,
  `color` varchar(120) COLLATE utf8mb4_unicode_ci DEFAULT NULL,
  `status` varchar(60) COLLATE utf8mb4_unicode_ci NOT NULL DEFAULT 'published',
  `created_at` timestamp NULL DEFAULT NULL,
  `updated_at` timestamp NULL DEFAULT NULL,
  PRIMARY KEY (`id`)
) ENGINE=InnoDB AUTO_INCREMENT=4 DEFAULT CHARSET=utf8mb4 COLLATE=utf8mb4_unicode_ci;

--
-- Dumping data for table `ec_product_labels`
--

INSERT INTO `ec_product_labels` VALUES (1,'Hot','#AC2200','published','2024-10-31 20:47:26','2024-10-31 20:47:26'),(2,'New','#006554','published','2024-10-31 20:47:26','2024-10-31 20:47:26'),(3,'Sale','#9A3B00','published','2024-10-31 20:47:26','2024-10-31 20:47:26');

--
-- Table structure for table `ec_product_labels_translations`
--

CREATE TABLE `ec_product_labels_translations` (
  `lang_code` varchar(191) COLLATE utf8mb4_unicode_ci NOT NULL,
  `ec_product_labels_id` bigint unsigned NOT NULL,
  `name` varchar(191) COLLATE utf8mb4_unicode_ci DEFAULT NULL,
  `description` varchar(400) COLLATE utf8mb4_unicode_ci DEFAULT NULL,
  PRIMARY KEY (`lang_code`,`ec_product_labels_id`)
) ENGINE=InnoDB DEFAULT CHARSET=utf8mb4 COLLATE=utf8mb4_unicode_ci;

--
-- Dumping data for table `ec_product_labels_translations`
--


--
-- Table structure for table `ec_product_related_relations`
--

CREATE TABLE `ec_product_related_relations` (
  `from_product_id` bigint unsigned NOT NULL,
  `to_product_id` bigint unsigned NOT NULL,
  PRIMARY KEY (`from_product_id`,`to_product_id`),
  KEY `ec_product_related_relations_from_product_id_index` (`from_product_id`),
  KEY `ec_product_related_relations_to_product_id_index` (`to_product_id`)
) ENGINE=InnoDB DEFAULT CHARSET=utf8mb4 COLLATE=utf8mb4_unicode_ci;

--
-- Dumping data for table `ec_product_related_relations`
--


--
-- Table structure for table `ec_product_specification_attribute`
--

CREATE TABLE `ec_product_specification_attribute` (
  `product_id` bigint unsigned NOT NULL,
  `attribute_id` bigint unsigned NOT NULL,
  `value` text COLLATE utf8mb4_unicode_ci,
  `hidden` tinyint(1) NOT NULL DEFAULT '0',
  `order` tinyint NOT NULL DEFAULT '0',
  PRIMARY KEY (`product_id`,`attribute_id`)
) ENGINE=InnoDB DEFAULT CHARSET=utf8mb4 COLLATE=utf8mb4_unicode_ci;

--
-- Dumping data for table `ec_product_specification_attribute`
--

INSERT INTO `ec_product_specification_attribute` VALUES (1,1,'7.46 cm',0,0),(1,2,'19.6 cm',0,0),(1,3,'59.77 cm',0,0),(1,4,'31.09 cm',0,0),(1,5,'86.36 cm',0,0),(2,1,'6.41 cm',0,0),(2,2,'8.17 cm',0,0),(2,3,'44.54 cm',0,0),(2,4,'52.06 cm',0,0),(2,5,'61.36 cm',0,0),(3,1,'70.98 cm',0,0),(3,2,'84.04 cm',0,0),(3,3,'75.09 cm',0,0),(3,4,'83.57 cm',0,0),(3,5,'93.66 cm',0,0),(4,6,'63.84 cm',0,0),(4,7,'66.85 cm',0,0),(4,8,'1920x1080',0,0),(5,6,'12.62 cm',0,0),(5,7,'78.97 cm',0,0),(5,8,'2560x1440',0,0),(6,6,'27.03 cm',0,0),(6,7,'1.01 cm',0,0),(6,8,'1920x1080',0,0),(7,1,'85.64 cm',0,0),(7,2,'46.55 cm',0,0),(7,3,'32.5 cm',0,0),(7,4,'71.52 cm',0,0),(7,5,'91.32 cm',0,0),(8,6,'67.39 cm',0,0),(8,7,'7.18 cm',0,0),(8,8,'1920x1080',0,0),(9,6,'65.45 cm',0,0),(9,7,'31.91 cm',0,0),(9,8,'1920x1080',0,0),(10,1,'23.97 cm',0,0),(10,2,'30.22 cm',0,0),(10,3,'96.63 cm',0,0),(10,4,'76.51 cm',0,0),(10,5,'19.99 cm',0,0),(11,6,'96.53 cm',0,0),(11,7,'92.38 cm',0,0),(11,8,'2560x1440',0,0),(12,6,'23.96 cm',0,0),(12,7,'16.59 cm',0,0),(12,8,'2560x1440',0,0),(13,1,'32.43 cm',0,0),(13,2,'72.32 cm',0,0),(13,3,'62 cm',0,0),(13,4,'59.18 cm',0,0),(13,5,'75.83 cm',0,0),(14,6,'89.97 cm',0,0),(14,7,'63.47 cm',0,0),(14,8,'3840x2160',0,0),(15,6,'27.24 cm',0,0),(15,7,'64.19 cm',0,0),(15,8,'3840x2160',0,0),(16,1,'36.58 cm',0,0),(16,2,'68.21 cm',0,0),(16,3,'1.98 cm',0,0),(16,4,'11.49 cm',0,0),(16,5,'57.11 cm',0,0),(17,6,'26.41 cm',0,0),(17,7,'2.73 cm',0,0),(17,8,'1920x1080',0,0),(18,6,'45.53 cm',0,0),(18,7,'33.2 cm',0,0),(18,8,'1920x1080',0,0),(19,6,'45.77 cm',0,0),(19,7,'65.78 cm',0,0),(19,8,'2560x1440',0,0),(20,6,'74.64 cm',0,0),(20,7,'29.75 cm',0,0),(20,8,'3840x2160',0,0),(21,6,'1.64 cm',0,0),(21,7,'3.08 cm',0,0),(21,8,'3840x2160',0,0),(22,1,'8.12 cm',0,0),(22,2,'19.8 cm',0,0),(22,3,'55.37 cm',0,0),(22,4,'87.69 cm',0,0),(22,5,'74.7 cm',0,0),(23,1,'67.01 cm',0,0),(23,2,'67.41 cm',0,0),(23,3,'7.51 cm',0,0),(23,4,'80.13 cm',0,0),(23,5,'10.95 cm',0,0),(24,1,'17.34 cm',0,0),(24,2,'21.56 cm',0,0),(24,3,'7.8 cm',0,0),(24,4,'31.8 cm',0,0),(24,5,'97.54 cm',0,0),(25,1,'21.75 cm',0,0),(25,2,'28.73 cm',0,0),(25,3,'55.61 cm',0,0),(25,4,'47.66 cm',0,0),(25,5,'21 cm',0,0),(26,1,'45.64 cm',0,0),(26,2,'92.97 cm',0,0),(26,3,'38.79 cm',0,0),(26,4,'79.19 cm',0,0),(26,5,'84.84 cm',0,0),(27,6,'6.62 cm',0,0),(27,7,'33.42 cm',0,0),(27,8,'1920x1080',0,0),(28,6,'77.35 cm',0,0),(28,7,'39.1 cm',0,0),(28,8,'1920x1080',0,0),(29,6,'9.59 cm',0,0),(29,7,'21.53 cm',0,0),(29,8,'2560x1440',0,0),(30,1,'96.76 cm',0,0),(30,2,'13.65 cm',0,0),(30,3,'90.44 cm',0,0),(30,4,'88.36 cm',0,0),(30,5,'2.54 cm',0,0);

--
-- Table structure for table `ec_product_tag_product`
--

CREATE TABLE `ec_product_tag_product` (
  `product_id` bigint unsigned NOT NULL,
  `tag_id` bigint unsigned NOT NULL,
  PRIMARY KEY (`product_id`,`tag_id`),
  KEY `ec_product_tag_product_product_id_index` (`product_id`),
  KEY `ec_product_tag_product_tag_id_index` (`tag_id`)
) ENGINE=InnoDB DEFAULT CHARSET=utf8mb4 COLLATE=utf8mb4_unicode_ci;

--
-- Dumping data for table `ec_product_tag_product`
--

INSERT INTO `ec_product_tag_product` VALUES (1,1),(1,3),(1,6),(2,2),(2,4),(2,6),(3,1),(3,4),(3,5),(4,1),(4,2),(4,4),(5,2),(5,3),(5,6),(6,1),(6,3),(6,6),(7,2),(7,5),(7,6),(8,1),(8,2),(8,6),(9,1),(9,2),(9,5),(10,2),(10,5),(10,6),(11,1),(11,3),(11,5),(12,4),(12,5),(12,6),(13,1),(13,2),(13,3),(14,2),(14,3),(14,5),(15,1),(15,3),(15,4),(16,3),(16,4),(16,6),(17,1),(17,2),(17,5),(18,4),(18,5),(18,6),(19,1),(19,4),(19,6),(20,1),(20,5),(20,6),(21,2),(21,3),(21,5),(22,3),(22,4),(22,6),(23,2),(23,3),(23,6),(24,1),(24,3),(24,5),(25,2),(25,3),(25,4),(26,1),(26,2),(26,6),(27,3),(27,4),(27,6),(28,1),(28,2),(28,5),(29,1),(29,3),(29,5),(30,3),(30,4),(30,6);

--
-- Table structure for table `ec_product_tags`
--

CREATE TABLE `ec_product_tags` (
  `id` bigint unsigned NOT NULL AUTO_INCREMENT,
  `name` varchar(120) COLLATE utf8mb4_unicode_ci NOT NULL,
  `description` varchar(400) COLLATE utf8mb4_unicode_ci DEFAULT NULL,
  `status` varchar(60) COLLATE utf8mb4_unicode_ci NOT NULL DEFAULT 'published',
  `created_at` timestamp NULL DEFAULT NULL,
  `updated_at` timestamp NULL DEFAULT NULL,
  PRIMARY KEY (`id`)
) ENGINE=InnoDB AUTO_INCREMENT=7 DEFAULT CHARSET=utf8mb4 COLLATE=utf8mb4_unicode_ci;

--
-- Dumping data for table `ec_product_tags`
--

INSERT INTO `ec_product_tags` VALUES (1,'Electronic',NULL,'published','2024-10-31 20:47:29','2024-10-31 20:47:29'),(2,'Mobile',NULL,'published','2024-10-31 20:47:29','2024-10-31 20:47:29'),(3,'Iphone',NULL,'published','2024-10-31 20:47:29','2024-10-31 20:47:29'),(4,'Printer',NULL,'published','2024-10-31 20:47:29','2024-10-31 20:47:29'),(5,'Office',NULL,'published','2024-10-31 20:47:29','2024-10-31 20:47:29'),(6,'IT',NULL,'published','2024-10-31 20:47:29','2024-10-31 20:47:29');

--
-- Table structure for table `ec_product_tags_translations`
--

CREATE TABLE `ec_product_tags_translations` (
  `lang_code` varchar(191) COLLATE utf8mb4_unicode_ci NOT NULL,
  `ec_product_tags_id` bigint unsigned NOT NULL,
  `name` varchar(191) COLLATE utf8mb4_unicode_ci DEFAULT NULL,
  PRIMARY KEY (`lang_code`,`ec_product_tags_id`)
) ENGINE=InnoDB DEFAULT CHARSET=utf8mb4 COLLATE=utf8mb4_unicode_ci;

--
-- Dumping data for table `ec_product_tags_translations`
--


--
-- Table structure for table `ec_product_up_sale_relations`
--

CREATE TABLE `ec_product_up_sale_relations` (
  `from_product_id` bigint unsigned NOT NULL,
  `to_product_id` bigint unsigned NOT NULL,
  PRIMARY KEY (`from_product_id`,`to_product_id`),
  KEY `ec_product_up_sale_relations_from_product_id_index` (`from_product_id`),
  KEY `ec_product_up_sale_relations_to_product_id_index` (`to_product_id`)
) ENGINE=InnoDB DEFAULT CHARSET=utf8mb4 COLLATE=utf8mb4_unicode_ci;

--
-- Dumping data for table `ec_product_up_sale_relations`
--


--
-- Table structure for table `ec_product_variation_items`
--

CREATE TABLE `ec_product_variation_items` (
  `id` bigint unsigned NOT NULL AUTO_INCREMENT,
  `attribute_id` bigint unsigned NOT NULL,
  `variation_id` bigint unsigned NOT NULL,
  PRIMARY KEY (`id`),
  UNIQUE KEY `ec_product_variation_items_attribute_id_variation_id_unique` (`attribute_id`,`variation_id`),
  KEY `attribute_variation_index` (`attribute_id`,`variation_id`)
) ENGINE=InnoDB AUTO_INCREMENT=67 DEFAULT CHARSET=utf8mb4 COLLATE=utf8mb4_unicode_ci;

--
-- Dumping data for table `ec_product_variation_items`
--

INSERT INTO `ec_product_variation_items` VALUES (15,1,8),(31,1,16),(35,1,18),(3,2,2),(5,2,3),(7,2,4),(11,2,6),(19,2,10),(1,3,1),(9,3,5),(13,3,7),(21,3,11),(25,3,13),(33,3,17),(37,3,19),(29,4,15),(17,5,9),(23,5,12),(27,5,14),(2,6,1),(12,6,6),(22,6,11),(24,6,12),(30,6,15),(36,6,18),(6,7,3),(18,7,9),(38,7,19),(4,8,2),(20,8,10),(28,9,14),(34,9,17),(8,10,4),(10,10,5),(14,10,7),(16,10,8),(26,10,13),(32,10,16),(41,11,21),(51,11,26),(39,12,20),(49,12,25),(57,12,29),(59,13,30),(63,13,32),(43,14,22),(53,14,27),(61,14,31),(65,14,33),(45,15,23),(47,15,24),(55,15,28),(42,16,21),(60,16,30),(52,17,26),(58,17,29),(64,18,32),(40,19,20),(46,19,23),(48,19,24),(54,19,27),(62,19,31),(66,19,33),(44,20,22),(50,20,25),(56,20,28);

--
-- Table structure for table `ec_product_variations`
--

CREATE TABLE `ec_product_variations` (
  `id` bigint unsigned NOT NULL AUTO_INCREMENT,
  `product_id` bigint unsigned DEFAULT NULL,
  `configurable_product_id` bigint unsigned NOT NULL,
  `is_default` tinyint NOT NULL DEFAULT '0',
  PRIMARY KEY (`id`),
  UNIQUE KEY `ec_product_variations_product_id_configurable_product_id_unique` (`product_id`,`configurable_product_id`),
  KEY `configurable_product_index` (`product_id`,`configurable_product_id`)
) ENGINE=InnoDB AUTO_INCREMENT=34 DEFAULT CHARSET=utf8mb4 COLLATE=utf8mb4_unicode_ci;

--
-- Dumping data for table `ec_product_variations`
--

INSERT INTO `ec_product_variations` VALUES (1,31,3,1),(2,32,5,1),(3,33,5,0),(4,34,5,0),(5,35,6,1),(6,36,6,0),(7,37,6,0),(8,38,6,0),(9,39,7,1),(10,40,7,0),(11,41,7,0),(12,42,8,1),(13,43,8,0),(14,44,8,0),(15,45,9,1),(16,46,12,1),(17,47,12,0),(18,48,12,0),(19,49,12,0),(20,50,15,1),(21,51,16,1),(22,52,16,0),(23,53,16,0),(24,54,17,1),(25,55,20,1),(26,56,20,0),(27,57,24,1),(28,58,24,0),(29,59,24,0),(30,60,26,1),(31,61,26,0),(32,62,28,1),(33,63,28,0);

--
-- Table structure for table `ec_product_views`
--

CREATE TABLE `ec_product_views` (
  `id` bigint unsigned NOT NULL AUTO_INCREMENT,
  `product_id` bigint unsigned NOT NULL,
  `views` int NOT NULL DEFAULT '1',
  `date` date NOT NULL DEFAULT '2024-11-01',
  PRIMARY KEY (`id`),
  UNIQUE KEY `ec_product_views_product_id_date_unique` (`product_id`,`date`),
  KEY `ec_product_views_product_id_index` (`product_id`)
) ENGINE=InnoDB DEFAULT CHARSET=utf8mb4 COLLATE=utf8mb4_unicode_ci;

--
-- Dumping data for table `ec_product_views`
--


--
-- Table structure for table `ec_product_with_attribute_set`
--

CREATE TABLE `ec_product_with_attribute_set` (
  `attribute_set_id` bigint unsigned NOT NULL,
  `product_id` bigint unsigned NOT NULL,
  `order` tinyint unsigned NOT NULL DEFAULT '0',
  PRIMARY KEY (`product_id`,`attribute_set_id`)
) ENGINE=InnoDB DEFAULT CHARSET=utf8mb4 COLLATE=utf8mb4_unicode_ci;

--
-- Dumping data for table `ec_product_with_attribute_set`
--

INSERT INTO `ec_product_with_attribute_set` VALUES (1,3,0),(2,3,0),(1,5,0),(2,5,0),(1,6,0),(2,6,0),(1,7,0),(2,7,0),(1,8,0),(2,8,0),(1,9,0),(2,9,0),(1,12,0),(2,12,0),(3,15,0),(4,15,0),(3,16,0),(4,16,0),(3,17,0),(4,17,0),(3,20,0),(4,20,0),(3,24,0),(4,24,0),(3,26,0),(4,26,0),(3,28,0),(4,28,0);

--
-- Table structure for table `ec_products`
--

CREATE TABLE `ec_products` (
  `id` bigint unsigned NOT NULL AUTO_INCREMENT,
  `name` varchar(191) COLLATE utf8mb4_unicode_ci NOT NULL,
  `description` text COLLATE utf8mb4_unicode_ci,
  `content` longtext COLLATE utf8mb4_unicode_ci,
  `status` varchar(60) COLLATE utf8mb4_unicode_ci NOT NULL DEFAULT 'published',
  `images` text COLLATE utf8mb4_unicode_ci,
  `video_media` text COLLATE utf8mb4_unicode_ci,
  `sku` varchar(191) COLLATE utf8mb4_unicode_ci DEFAULT NULL,
  `order` int unsigned NOT NULL DEFAULT '0',
  `quantity` int unsigned DEFAULT NULL,
  `allow_checkout_when_out_of_stock` tinyint unsigned NOT NULL DEFAULT '0',
  `with_storehouse_management` tinyint unsigned NOT NULL DEFAULT '0',
  `is_featured` tinyint unsigned NOT NULL DEFAULT '0',
  `brand_id` bigint unsigned DEFAULT NULL,
  `is_variation` tinyint NOT NULL DEFAULT '0',
  `sale_type` tinyint NOT NULL DEFAULT '0',
  `price` double unsigned DEFAULT NULL,
  `sale_price` double unsigned DEFAULT NULL,
  `start_date` timestamp NULL DEFAULT NULL,
  `end_date` timestamp NULL DEFAULT NULL,
  `length` double(8,2) DEFAULT NULL,
  `wide` double(8,2) DEFAULT NULL,
  `height` double(8,2) DEFAULT NULL,
  `weight` double(8,2) DEFAULT NULL,
  `tax_id` bigint unsigned DEFAULT NULL,
  `views` bigint NOT NULL DEFAULT '0',
  `created_at` timestamp NULL DEFAULT NULL,
  `updated_at` timestamp NULL DEFAULT NULL,
  `stock_status` varchar(191) COLLATE utf8mb4_unicode_ci DEFAULT 'in_stock',
  `store_id` bigint unsigned DEFAULT NULL,
  `created_by_id` bigint unsigned DEFAULT '0',
  `created_by_type` varchar(191) COLLATE utf8mb4_unicode_ci NOT NULL DEFAULT 'Botble\\ACL\\Models\\User',
  `approved_by` bigint unsigned DEFAULT '0',
  `image` varchar(191) COLLATE utf8mb4_unicode_ci DEFAULT NULL,
  `product_type` varchar(60) COLLATE utf8mb4_unicode_ci DEFAULT 'physical',
  `barcode` varchar(50) COLLATE utf8mb4_unicode_ci DEFAULT NULL,
  `cost_per_item` double DEFAULT NULL,
  `generate_license_code` tinyint(1) NOT NULL DEFAULT '0',
  `minimum_order_quantity` int unsigned DEFAULT '0',
  `maximum_order_quantity` int unsigned DEFAULT '0',
  `notify_attachment_updated` tinyint(1) NOT NULL DEFAULT '0',
  `specification_table_id` bigint unsigned DEFAULT NULL,
  PRIMARY KEY (`id`),
  KEY `ec_products_brand_id_status_is_variation_created_at_index` (`brand_id`,`status`,`is_variation`,`created_at`),
  KEY `sale_type_index` (`sale_type`),
  KEY `start_date_index` (`start_date`),
  KEY `end_date_index` (`end_date`),
  KEY `sale_price_index` (`sale_price`),
  KEY `is_variation_index` (`is_variation`),
  KEY `ec_products_sku_index` (`sku`)
) ENGINE=InnoDB AUTO_INCREMENT=64 DEFAULT CHARSET=utf8mb4 COLLATE=utf8mb4_unicode_ci;

--
-- Dumping data for table `ec_products`
--

INSERT INTO `ec_products` VALUES (1,'Organic Apples','Balsamic salad dressing to enhance the flavor of your salads.','<div class=\"row justify-content-center\">\n    <div class=\"col-xl-10\">\n        <div class=\"tp-product-details-desc-item pb-105\">\n            <div class=\"row\">\n                <div class=\"col-lg-6\">\n                    <div class=\"pt-25\">\n                        <span>Organic Avocado</span>\n                        <h3 class=\"tp-product-details-desc-title\">Freshness You Can Taste</h3>\n                        <p>\n                            Indulge in the rich, creamy texture and vibrant flavor of our organic avocados. Sourced from sustainable farms, each avocado is handpicked to ensure peak ripeness and quality. Whether sliced on toast or mashed into guacamole, our avocados are the perfect addition to any meal.\n                        </p>\n                    </div>\n                    <div>\n                        <h3 class=\"tp-product-details-desc-title\">Nutrient-Rich Goodness</h3>\n                        <p>\n                            Packed with essential vitamins and minerals, our organic avocados are not only delicious but also incredibly nutritious. High in heart-healthy fats and fiber, they\'re an excellent choice for grocerytaining a balanced diet. Add them to salads, smoothies, or sandwiches for a nutritious boost.\n                        </p>\n                    </div>\n                </div>\n                <div class=\"col-lg-6\">\n                    <div class=\"tp-product-details-desc-thumb\">\n                        <img src=\"/storage/grocery/products/product-1.jpg\" alt=\"Organic Avocado\">\n                    </div>\n                </div>\n            </div>\n        </div>\n        <div class=\"tp-product-details-desc-item pb-75\">\n            <div class=\"row\">\n                <div class=\"col-lg-7\">\n                    <div class=\"tp-product-details-desc-thumb\">\n                        <img src=\"/storage/grocery/products/product-2.jpg\" alt=\"Sliced Avocado\">\n                    </div>\n                </div>\n\n                <div class=\"col-lg-5 order-first order-lg-last\">\n                    <div class=\"des-content-2 pl-40\">\n                        <h3 class=\"tp-product-details-desc-title\">\n                            Convenient Packaging\n                        </h3>\n                        <p>\n                            Our organic avocados come carefully packaged to preserve their freshness. Each avocado is nestled in eco-friendly padding to prevent bruising during transit. Rest assured that when you open your package, you\'ll find perfectly ripe avocados ready to enjoy.\n                        </p>\n                    </div>\n                </div>\n            </div>\n        </div>\n        <div class=\"tp-product-details-desc-item\">\n            <div class=\"row\">\n                <div class=\"col-xl-12\">\n                    <div class=\"tp-product-details-desc-banner text-center m-img\">\n                        <h3 class=\"tp-product-details-desc-banner-title tp-product-details-desc-title\">Grown with Care</h3>\n                        <img src=\"/storage/grocery/products/product-3.jpg\" alt=\"Avocado Farm\">\n                    </div>\n                </div>\n            </div>\n        </div>\n    </div>\n</div>\n','published','[\"main\\/products\\/product-details-desc-1.jpg\",\"main\\/products\\/product-15.jpg\",\"main\\/products\\/product-details-desc-3.jpg\",\"main\\/products\\/product-13.jpg\",\"main\\/products\\/product-6.jpg\",\"main\\/products\\/product-7.jpg\",\"main\\/products\\/product-details-desc-2.jpg\"]','[]','GT-186',0,19,0,1,1,5,0,0,302,284,NULL,NULL,17.00,13.00,16.00,754.00,NULL,179501,'2024-10-31 20:47:34','2024-10-31 20:47:35','in_stock',4,0,'Botble\\ACL\\Models\\User',0,NULL,'physical',NULL,NULL,0,0,0,0,1),(2,'Whole Grain Bread','Fresh and crisp organic apples for a healthy snack or delicious recipes.','<div class=\"row justify-content-center\">\n    <div class=\"col-xl-10\">\n        <div class=\"tp-product-details-desc-item pb-105\">\n            <div class=\"row\">\n                <div class=\"col-lg-6\">\n                    <div class=\"pt-25\">\n                        <span>Organic Avocado</span>\n                        <h3 class=\"tp-product-details-desc-title\">Freshness You Can Taste</h3>\n                        <p>\n                            Indulge in the rich, creamy texture and vibrant flavor of our organic avocados. Sourced from sustainable farms, each avocado is handpicked to ensure peak ripeness and quality. Whether sliced on toast or mashed into guacamole, our avocados are the perfect addition to any meal.\n                        </p>\n                    </div>\n                    <div>\n                        <h3 class=\"tp-product-details-desc-title\">Nutrient-Rich Goodness</h3>\n                        <p>\n                            Packed with essential vitamins and minerals, our organic avocados are not only delicious but also incredibly nutritious. High in heart-healthy fats and fiber, they\'re an excellent choice for grocerytaining a balanced diet. Add them to salads, smoothies, or sandwiches for a nutritious boost.\n                        </p>\n                    </div>\n                </div>\n                <div class=\"col-lg-6\">\n                    <div class=\"tp-product-details-desc-thumb\">\n                        <img src=\"/storage/grocery/products/product-1.jpg\" alt=\"Organic Avocado\">\n                    </div>\n                </div>\n            </div>\n        </div>\n        <div class=\"tp-product-details-desc-item pb-75\">\n            <div class=\"row\">\n                <div class=\"col-lg-7\">\n                    <div class=\"tp-product-details-desc-thumb\">\n                        <img src=\"/storage/grocery/products/product-2.jpg\" alt=\"Sliced Avocado\">\n                    </div>\n                </div>\n\n                <div class=\"col-lg-5 order-first order-lg-last\">\n                    <div class=\"des-content-2 pl-40\">\n                        <h3 class=\"tp-product-details-desc-title\">\n                            Convenient Packaging\n                        </h3>\n                        <p>\n                            Our organic avocados come carefully packaged to preserve their freshness. Each avocado is nestled in eco-friendly padding to prevent bruising during transit. Rest assured that when you open your package, you\'ll find perfectly ripe avocados ready to enjoy.\n                        </p>\n                    </div>\n                </div>\n            </div>\n        </div>\n        <div class=\"tp-product-details-desc-item\">\n            <div class=\"row\">\n                <div class=\"col-xl-12\">\n                    <div class=\"tp-product-details-desc-banner text-center m-img\">\n                        <h3 class=\"tp-product-details-desc-banner-title tp-product-details-desc-title\">Grown with Care</h3>\n                        <img src=\"/storage/grocery/products/product-3.jpg\" alt=\"Avocado Farm\">\n                    </div>\n                </div>\n            </div>\n        </div>\n    </div>\n</div>\n','published','[\"main\\/products\\/product-details-desc-1.jpg\",\"main\\/products\\/product-12.jpg\",\"main\\/products\\/product-4.jpg\",\"main\\/products\\/product-1.jpg\"]','[[{\"key\":\"file\",\"value\":null},{\"key\":\"url\",\"value\":\"https:\\/\\/www.youtube.com\\/watch?v=6JYIGclVQdw\"},{\"key\":\"thumbnail\",\"value\":\"main\\/video\\/1.jpg\"}]]','E4-158',0,16,0,1,1,1,0,0,1283,987,NULL,NULL,10.00,20.00,13.00,573.00,NULL,177524,'2024-10-31 20:47:34','2024-10-31 20:47:35','in_stock',4,0,'Botble\\ACL\\Models\\User',0,NULL,'physical',NULL,NULL,0,0,0,0,1),(3,'Free-Range Eggs','Organic baby kale, a nutrient-packed green for salads and smoothies.','<div class=\"row justify-content-center\">\n    <div class=\"col-xl-10\">\n        <div class=\"tp-product-details-desc-item pb-105\">\n            <div class=\"row\">\n                <div class=\"col-lg-6\">\n                    <div class=\"pt-25\">\n                        <span>Organic Avocado</span>\n                        <h3 class=\"tp-product-details-desc-title\">Freshness You Can Taste</h3>\n                        <p>\n                            Indulge in the rich, creamy texture and vibrant flavor of our organic avocados. Sourced from sustainable farms, each avocado is handpicked to ensure peak ripeness and quality. Whether sliced on toast or mashed into guacamole, our avocados are the perfect addition to any meal.\n                        </p>\n                    </div>\n                    <div>\n                        <h3 class=\"tp-product-details-desc-title\">Nutrient-Rich Goodness</h3>\n                        <p>\n                            Packed with essential vitamins and minerals, our organic avocados are not only delicious but also incredibly nutritious. High in heart-healthy fats and fiber, they\'re an excellent choice for grocerytaining a balanced diet. Add them to salads, smoothies, or sandwiches for a nutritious boost.\n                        </p>\n                    </div>\n                </div>\n                <div class=\"col-lg-6\">\n                    <div class=\"tp-product-details-desc-thumb\">\n                        <img src=\"/storage/grocery/products/product-1.jpg\" alt=\"Organic Avocado\">\n                    </div>\n                </div>\n            </div>\n        </div>\n        <div class=\"tp-product-details-desc-item pb-75\">\n            <div class=\"row\">\n                <div class=\"col-lg-7\">\n                    <div class=\"tp-product-details-desc-thumb\">\n                        <img src=\"/storage/grocery/products/product-2.jpg\" alt=\"Sliced Avocado\">\n                    </div>\n                </div>\n\n                <div class=\"col-lg-5 order-first order-lg-last\">\n                    <div class=\"des-content-2 pl-40\">\n                        <h3 class=\"tp-product-details-desc-title\">\n                            Convenient Packaging\n                        </h3>\n                        <p>\n                            Our organic avocados come carefully packaged to preserve their freshness. Each avocado is nestled in eco-friendly padding to prevent bruising during transit. Rest assured that when you open your package, you\'ll find perfectly ripe avocados ready to enjoy.\n                        </p>\n                    </div>\n                </div>\n            </div>\n        </div>\n        <div class=\"tp-product-details-desc-item\">\n            <div class=\"row\">\n                <div class=\"col-xl-12\">\n                    <div class=\"tp-product-details-desc-banner text-center m-img\">\n                        <h3 class=\"tp-product-details-desc-banner-title tp-product-details-desc-title\">Grown with Care</h3>\n                        <img src=\"/storage/grocery/products/product-3.jpg\" alt=\"Avocado Farm\">\n                    </div>\n                </div>\n            </div>\n        </div>\n    </div>\n</div>\n','published','[\"main\\/products\\/product-15.jpg\",\"main\\/products\\/product-18.jpg\",\"main\\/products\\/product-12.jpg\"]','[]','AN-103-A1',0,19,0,1,1,4,0,0,957,NULL,NULL,NULL,18.00,19.00,12.00,620.00,NULL,145098,'2024-10-31 20:47:34','2024-10-31 20:47:35','in_stock',6,0,'Botble\\ACL\\Models\\User',0,NULL,'physical',NULL,NULL,0,0,0,0,1),(4,'Fresh Salmon Fillet (Digital)','Organic baby kale, a nutrient-packed green for salads and smoothies.','<div class=\"row justify-content-center\">\n    <div class=\"col-xl-10\">\n        <div class=\"tp-product-details-desc-item pb-105\">\n            <div class=\"row\">\n                <div class=\"col-lg-6\">\n                    <div class=\"pt-25\">\n                        <span>Organic Avocado</span>\n                        <h3 class=\"tp-product-details-desc-title\">Freshness You Can Taste</h3>\n                        <p>\n                            Indulge in the rich, creamy texture and vibrant flavor of our organic avocados. Sourced from sustainable farms, each avocado is handpicked to ensure peak ripeness and quality. Whether sliced on toast or mashed into guacamole, our avocados are the perfect addition to any meal.\n                        </p>\n                    </div>\n                    <div>\n                        <h3 class=\"tp-product-details-desc-title\">Nutrient-Rich Goodness</h3>\n                        <p>\n                            Packed with essential vitamins and minerals, our organic avocados are not only delicious but also incredibly nutritious. High in heart-healthy fats and fiber, they\'re an excellent choice for grocerytaining a balanced diet. Add them to salads, smoothies, or sandwiches for a nutritious boost.\n                        </p>\n                    </div>\n                </div>\n                <div class=\"col-lg-6\">\n                    <div class=\"tp-product-details-desc-thumb\">\n                        <img src=\"/storage/grocery/products/product-1.jpg\" alt=\"Organic Avocado\">\n                    </div>\n                </div>\n            </div>\n        </div>\n        <div class=\"tp-product-details-desc-item pb-75\">\n            <div class=\"row\">\n                <div class=\"col-lg-7\">\n                    <div class=\"tp-product-details-desc-thumb\">\n                        <img src=\"/storage/grocery/products/product-2.jpg\" alt=\"Sliced Avocado\">\n                    </div>\n                </div>\n\n                <div class=\"col-lg-5 order-first order-lg-last\">\n                    <div class=\"des-content-2 pl-40\">\n                        <h3 class=\"tp-product-details-desc-title\">\n                            Convenient Packaging\n                        </h3>\n                        <p>\n                            Our organic avocados come carefully packaged to preserve their freshness. Each avocado is nestled in eco-friendly padding to prevent bruising during transit. Rest assured that when you open your package, you\'ll find perfectly ripe avocados ready to enjoy.\n                        </p>\n                    </div>\n                </div>\n            </div>\n        </div>\n        <div class=\"tp-product-details-desc-item\">\n            <div class=\"row\">\n                <div class=\"col-xl-12\">\n                    <div class=\"tp-product-details-desc-banner text-center m-img\">\n                        <h3 class=\"tp-product-details-desc-banner-title tp-product-details-desc-title\">Grown with Care</h3>\n                        <img src=\"/storage/grocery/products/product-3.jpg\" alt=\"Avocado Farm\">\n                    </div>\n                </div>\n            </div>\n        </div>\n    </div>\n</div>\n','published','[\"main\\/products\\/product-3.jpg\",\"main\\/products\\/product-12.jpg\",\"main\\/products\\/product-19.jpg\",\"main\\/products\\/product-18.jpg\"]','[]','6G-133',0,20,0,1,0,2,0,0,848,495,NULL,NULL,17.00,20.00,15.00,834.00,NULL,184601,'2024-10-31 20:47:34','2024-10-31 20:47:35','in_stock',4,0,'Botble\\ACL\\Models\\User',0,NULL,'digital',NULL,NULL,0,0,0,0,2),(5,'Organic Spinach','Fresh and crisp organic apples for a healthy snack or delicious recipes.','<div class=\"row justify-content-center\">\n    <div class=\"col-xl-10\">\n        <div class=\"tp-product-details-desc-item pb-105\">\n            <div class=\"row\">\n                <div class=\"col-lg-6\">\n                    <div class=\"pt-25\">\n                        <span>Organic Avocado</span>\n                        <h3 class=\"tp-product-details-desc-title\">Freshness You Can Taste</h3>\n                        <p>\n                            Indulge in the rich, creamy texture and vibrant flavor of our organic avocados. Sourced from sustainable farms, each avocado is handpicked to ensure peak ripeness and quality. Whether sliced on toast or mashed into guacamole, our avocados are the perfect addition to any meal.\n                        </p>\n                    </div>\n                    <div>\n                        <h3 class=\"tp-product-details-desc-title\">Nutrient-Rich Goodness</h3>\n                        <p>\n                            Packed with essential vitamins and minerals, our organic avocados are not only delicious but also incredibly nutritious. High in heart-healthy fats and fiber, they\'re an excellent choice for grocerytaining a balanced diet. Add them to salads, smoothies, or sandwiches for a nutritious boost.\n                        </p>\n                    </div>\n                </div>\n                <div class=\"col-lg-6\">\n                    <div class=\"tp-product-details-desc-thumb\">\n                        <img src=\"/storage/grocery/products/product-1.jpg\" alt=\"Organic Avocado\">\n                    </div>\n                </div>\n            </div>\n        </div>\n        <div class=\"tp-product-details-desc-item pb-75\">\n            <div class=\"row\">\n                <div class=\"col-lg-7\">\n                    <div class=\"tp-product-details-desc-thumb\">\n                        <img src=\"/storage/grocery/products/product-2.jpg\" alt=\"Sliced Avocado\">\n                    </div>\n                </div>\n\n                <div class=\"col-lg-5 order-first order-lg-last\">\n                    <div class=\"des-content-2 pl-40\">\n                        <h3 class=\"tp-product-details-desc-title\">\n                            Convenient Packaging\n                        </h3>\n                        <p>\n                            Our organic avocados come carefully packaged to preserve their freshness. Each avocado is nestled in eco-friendly padding to prevent bruising during transit. Rest assured that when you open your package, you\'ll find perfectly ripe avocados ready to enjoy.\n                        </p>\n                    </div>\n                </div>\n            </div>\n        </div>\n        <div class=\"tp-product-details-desc-item\">\n            <div class=\"row\">\n                <div class=\"col-xl-12\">\n                    <div class=\"tp-product-details-desc-banner text-center m-img\">\n                        <h3 class=\"tp-product-details-desc-banner-title tp-product-details-desc-title\">Grown with Care</h3>\n                        <img src=\"/storage/grocery/products/product-3.jpg\" alt=\"Avocado Farm\">\n                    </div>\n                </div>\n            </div>\n        </div>\n    </div>\n</div>\n','published','[\"main\\/products\\/product-details-desc-1.jpg\",\"main\\/products\\/product-13.jpg\",\"main\\/products\\/product-9.jpg\",\"main\\/products\\/product-7.jpg\",\"main\\/products\\/product-details-desc-3.jpg\",\"main\\/products\\/product-8.jpg\"]','[[{\"key\":\"file\",\"value\":null},{\"key\":\"url\",\"value\":\"https:\\/\\/www.youtube.com\\/watch?v=6JYIGclVQdw\"},{\"key\":\"thumbnail\",\"value\":\"main\\/video\\/2.jpg\"}]]','PU-132-A1',0,12,0,1,1,5,0,0,473,NULL,NULL,NULL,15.00,20.00,17.00,784.00,NULL,43884,'2024-10-31 20:47:34','2024-10-31 20:47:35','in_stock',7,0,'Botble\\ACL\\Models\\User',0,NULL,'physical',NULL,NULL,0,0,0,0,2),(6,'Grass-Fed Ground Beef','Sweet and juicy organic strawberries for a delightful treat.','<div class=\"row justify-content-center\">\n    <div class=\"col-xl-10\">\n        <div class=\"tp-product-details-desc-item pb-105\">\n            <div class=\"row\">\n                <div class=\"col-lg-6\">\n                    <div class=\"pt-25\">\n                        <span>Organic Avocado</span>\n                        <h3 class=\"tp-product-details-desc-title\">Freshness You Can Taste</h3>\n                        <p>\n                            Indulge in the rich, creamy texture and vibrant flavor of our organic avocados. Sourced from sustainable farms, each avocado is handpicked to ensure peak ripeness and quality. Whether sliced on toast or mashed into guacamole, our avocados are the perfect addition to any meal.\n                        </p>\n                    </div>\n                    <div>\n                        <h3 class=\"tp-product-details-desc-title\">Nutrient-Rich Goodness</h3>\n                        <p>\n                            Packed with essential vitamins and minerals, our organic avocados are not only delicious but also incredibly nutritious. High in heart-healthy fats and fiber, they\'re an excellent choice for grocerytaining a balanced diet. Add them to salads, smoothies, or sandwiches for a nutritious boost.\n                        </p>\n                    </div>\n                </div>\n                <div class=\"col-lg-6\">\n                    <div class=\"tp-product-details-desc-thumb\">\n                        <img src=\"/storage/grocery/products/product-1.jpg\" alt=\"Organic Avocado\">\n                    </div>\n                </div>\n            </div>\n        </div>\n        <div class=\"tp-product-details-desc-item pb-75\">\n            <div class=\"row\">\n                <div class=\"col-lg-7\">\n                    <div class=\"tp-product-details-desc-thumb\">\n                        <img src=\"/storage/grocery/products/product-2.jpg\" alt=\"Sliced Avocado\">\n                    </div>\n                </div>\n\n                <div class=\"col-lg-5 order-first order-lg-last\">\n                    <div class=\"des-content-2 pl-40\">\n                        <h3 class=\"tp-product-details-desc-title\">\n                            Convenient Packaging\n                        </h3>\n                        <p>\n                            Our organic avocados come carefully packaged to preserve their freshness. Each avocado is nestled in eco-friendly padding to prevent bruising during transit. Rest assured that when you open your package, you\'ll find perfectly ripe avocados ready to enjoy.\n                        </p>\n                    </div>\n                </div>\n            </div>\n        </div>\n        <div class=\"tp-product-details-desc-item\">\n            <div class=\"row\">\n                <div class=\"col-xl-12\">\n                    <div class=\"tp-product-details-desc-banner text-center m-img\">\n                        <h3 class=\"tp-product-details-desc-banner-title tp-product-details-desc-title\">Grown with Care</h3>\n                        <img src=\"/storage/grocery/products/product-3.jpg\" alt=\"Avocado Farm\">\n                    </div>\n                </div>\n            </div>\n        </div>\n    </div>\n</div>\n','published','[\"main\\/products\\/product-17.jpg\",\"main\\/products\\/product-10.jpg\",\"main\\/products\\/product-15.jpg\",\"main\\/products\\/product-1.jpg\"]','[[{\"key\":\"file\",\"value\":null},{\"key\":\"url\",\"value\":\"https:\\/\\/www.youtube.com\\/watch?v=6JYIGclVQdw\"},{\"key\":\"thumbnail\",\"value\":\"main\\/video\\/1.jpg\"}]]','EU-144-A1',0,18,0,1,1,5,0,0,2010,NULL,NULL,NULL,15.00,11.00,12.00,738.00,NULL,121715,'2024-10-31 20:47:34','2024-10-31 20:47:35','in_stock',5,0,'Botble\\ACL\\Models\\User',0,NULL,'physical',NULL,NULL,0,0,0,0,2),(7,'Almond Milk','Whole pineapple for a tropical and refreshing treat.','<div class=\"row justify-content-center\">\n    <div class=\"col-xl-10\">\n        <div class=\"tp-product-details-desc-item pb-105\">\n            <div class=\"row\">\n                <div class=\"col-lg-6\">\n                    <div class=\"pt-25\">\n                        <span>Organic Avocado</span>\n                        <h3 class=\"tp-product-details-desc-title\">Freshness You Can Taste</h3>\n                        <p>\n                            Indulge in the rich, creamy texture and vibrant flavor of our organic avocados. Sourced from sustainable farms, each avocado is handpicked to ensure peak ripeness and quality. Whether sliced on toast or mashed into guacamole, our avocados are the perfect addition to any meal.\n                        </p>\n                    </div>\n                    <div>\n                        <h3 class=\"tp-product-details-desc-title\">Nutrient-Rich Goodness</h3>\n                        <p>\n                            Packed with essential vitamins and minerals, our organic avocados are not only delicious but also incredibly nutritious. High in heart-healthy fats and fiber, they\'re an excellent choice for grocerytaining a balanced diet. Add them to salads, smoothies, or sandwiches for a nutritious boost.\n                        </p>\n                    </div>\n                </div>\n                <div class=\"col-lg-6\">\n                    <div class=\"tp-product-details-desc-thumb\">\n                        <img src=\"/storage/grocery/products/product-1.jpg\" alt=\"Organic Avocado\">\n                    </div>\n                </div>\n            </div>\n        </div>\n        <div class=\"tp-product-details-desc-item pb-75\">\n            <div class=\"row\">\n                <div class=\"col-lg-7\">\n                    <div class=\"tp-product-details-desc-thumb\">\n                        <img src=\"/storage/grocery/products/product-2.jpg\" alt=\"Sliced Avocado\">\n                    </div>\n                </div>\n\n                <div class=\"col-lg-5 order-first order-lg-last\">\n                    <div class=\"des-content-2 pl-40\">\n                        <h3 class=\"tp-product-details-desc-title\">\n                            Convenient Packaging\n                        </h3>\n                        <p>\n                            Our organic avocados come carefully packaged to preserve their freshness. Each avocado is nestled in eco-friendly padding to prevent bruising during transit. Rest assured that when you open your package, you\'ll find perfectly ripe avocados ready to enjoy.\n                        </p>\n                    </div>\n                </div>\n            </div>\n        </div>\n        <div class=\"tp-product-details-desc-item\">\n            <div class=\"row\">\n                <div class=\"col-xl-12\">\n                    <div class=\"tp-product-details-desc-banner text-center m-img\">\n                        <h3 class=\"tp-product-details-desc-banner-title tp-product-details-desc-title\">Grown with Care</h3>\n                        <img src=\"/storage/grocery/products/product-3.jpg\" alt=\"Avocado Farm\">\n                    </div>\n                </div>\n            </div>\n        </div>\n    </div>\n</div>\n','published','[\"main\\/products\\/product-5.jpg\",\"main\\/products\\/product-2.jpg\",\"main\\/products\\/product-18.jpg\",\"main\\/products\\/product-15.jpg\",\"main\\/products\\/product-20.jpg\",\"main\\/products\\/product-4.jpg\",\"main\\/products\\/product-8.jpg\",\"main\\/products\\/product-9.jpg\"]','[]','KQ-169-A1',0,13,0,1,0,2,0,0,749,NULL,NULL,NULL,15.00,13.00,13.00,695.00,NULL,116387,'2024-10-31 20:47:34','2024-10-31 20:47:35','in_stock',2,0,'Botble\\ACL\\Models\\User',0,NULL,'physical',NULL,NULL,0,0,0,0,1),(8,'Quinoa (Digital)','A mix of nuts for a tasty and energy-boosting trail mix.','<div class=\"row justify-content-center\">\n    <div class=\"col-xl-10\">\n        <div class=\"tp-product-details-desc-item pb-105\">\n            <div class=\"row\">\n                <div class=\"col-lg-6\">\n                    <div class=\"pt-25\">\n                        <span>Organic Avocado</span>\n                        <h3 class=\"tp-product-details-desc-title\">Freshness You Can Taste</h3>\n                        <p>\n                            Indulge in the rich, creamy texture and vibrant flavor of our organic avocados. Sourced from sustainable farms, each avocado is handpicked to ensure peak ripeness and quality. Whether sliced on toast or mashed into guacamole, our avocados are the perfect addition to any meal.\n                        </p>\n                    </div>\n                    <div>\n                        <h3 class=\"tp-product-details-desc-title\">Nutrient-Rich Goodness</h3>\n                        <p>\n                            Packed with essential vitamins and minerals, our organic avocados are not only delicious but also incredibly nutritious. High in heart-healthy fats and fiber, they\'re an excellent choice for grocerytaining a balanced diet. Add them to salads, smoothies, or sandwiches for a nutritious boost.\n                        </p>\n                    </div>\n                </div>\n                <div class=\"col-lg-6\">\n                    <div class=\"tp-product-details-desc-thumb\">\n                        <img src=\"/storage/grocery/products/product-1.jpg\" alt=\"Organic Avocado\">\n                    </div>\n                </div>\n            </div>\n        </div>\n        <div class=\"tp-product-details-desc-item pb-75\">\n            <div class=\"row\">\n                <div class=\"col-lg-7\">\n                    <div class=\"tp-product-details-desc-thumb\">\n                        <img src=\"/storage/grocery/products/product-2.jpg\" alt=\"Sliced Avocado\">\n                    </div>\n                </div>\n\n                <div class=\"col-lg-5 order-first order-lg-last\">\n                    <div class=\"des-content-2 pl-40\">\n                        <h3 class=\"tp-product-details-desc-title\">\n                            Convenient Packaging\n                        </h3>\n                        <p>\n                            Our organic avocados come carefully packaged to preserve their freshness. Each avocado is nestled in eco-friendly padding to prevent bruising during transit. Rest assured that when you open your package, you\'ll find perfectly ripe avocados ready to enjoy.\n                        </p>\n                    </div>\n                </div>\n            </div>\n        </div>\n        <div class=\"tp-product-details-desc-item\">\n            <div class=\"row\">\n                <div class=\"col-xl-12\">\n                    <div class=\"tp-product-details-desc-banner text-center m-img\">\n                        <h3 class=\"tp-product-details-desc-banner-title tp-product-details-desc-title\">Grown with Care</h3>\n                        <img src=\"/storage/grocery/products/product-3.jpg\" alt=\"Avocado Farm\">\n                    </div>\n                </div>\n            </div>\n        </div>\n    </div>\n</div>\n','published','[\"main\\/products\\/product-1.jpg\",\"main\\/products\\/product-details-desc-1.jpg\",\"main\\/products\\/product-18.jpg\",\"main\\/products\\/product-17.jpg\",\"main\\/products\\/product-11.jpg\"]','[]','ZJ-188-A1',0,15,0,1,0,4,0,0,2243,1614.96,NULL,NULL,18.00,13.00,11.00,636.00,NULL,72598,'2024-10-31 20:47:34','2024-10-31 20:47:35','in_stock',7,0,'Botble\\ACL\\Models\\User',0,NULL,'digital',NULL,NULL,0,0,0,0,2),(9,'Avocado','Green tea bags for a soothing and antioxidant-rich beverage.','<div class=\"row justify-content-center\">\n    <div class=\"col-xl-10\">\n        <div class=\"tp-product-details-desc-item pb-105\">\n            <div class=\"row\">\n                <div class=\"col-lg-6\">\n                    <div class=\"pt-25\">\n                        <span>Organic Avocado</span>\n                        <h3 class=\"tp-product-details-desc-title\">Freshness You Can Taste</h3>\n                        <p>\n                            Indulge in the rich, creamy texture and vibrant flavor of our organic avocados. Sourced from sustainable farms, each avocado is handpicked to ensure peak ripeness and quality. Whether sliced on toast or mashed into guacamole, our avocados are the perfect addition to any meal.\n                        </p>\n                    </div>\n                    <div>\n                        <h3 class=\"tp-product-details-desc-title\">Nutrient-Rich Goodness</h3>\n                        <p>\n                            Packed with essential vitamins and minerals, our organic avocados are not only delicious but also incredibly nutritious. High in heart-healthy fats and fiber, they\'re an excellent choice for grocerytaining a balanced diet. Add them to salads, smoothies, or sandwiches for a nutritious boost.\n                        </p>\n                    </div>\n                </div>\n                <div class=\"col-lg-6\">\n                    <div class=\"tp-product-details-desc-thumb\">\n                        <img src=\"/storage/grocery/products/product-1.jpg\" alt=\"Organic Avocado\">\n                    </div>\n                </div>\n            </div>\n        </div>\n        <div class=\"tp-product-details-desc-item pb-75\">\n            <div class=\"row\">\n                <div class=\"col-lg-7\">\n                    <div class=\"tp-product-details-desc-thumb\">\n                        <img src=\"/storage/grocery/products/product-2.jpg\" alt=\"Sliced Avocado\">\n                    </div>\n                </div>\n\n                <div class=\"col-lg-5 order-first order-lg-last\">\n                    <div class=\"des-content-2 pl-40\">\n                        <h3 class=\"tp-product-details-desc-title\">\n                            Convenient Packaging\n                        </h3>\n                        <p>\n                            Our organic avocados come carefully packaged to preserve their freshness. Each avocado is nestled in eco-friendly padding to prevent bruising during transit. Rest assured that when you open your package, you\'ll find perfectly ripe avocados ready to enjoy.\n                        </p>\n                    </div>\n                </div>\n            </div>\n        </div>\n        <div class=\"tp-product-details-desc-item\">\n            <div class=\"row\">\n                <div class=\"col-xl-12\">\n                    <div class=\"tp-product-details-desc-banner text-center m-img\">\n                        <h3 class=\"tp-product-details-desc-banner-title tp-product-details-desc-title\">Grown with Care</h3>\n                        <img src=\"/storage/grocery/products/product-3.jpg\" alt=\"Avocado Farm\">\n                    </div>\n                </div>\n            </div>\n        </div>\n    </div>\n</div>\n','published','[\"main\\/products\\/product-details-desc-2.jpg\",\"main\\/products\\/product-details-desc-3.jpg\",\"main\\/products\\/product-6.jpg\",\"main\\/products\\/product-3.jpg\"]','[]','I8-122-A1',0,16,0,1,0,5,0,0,1350,NULL,NULL,NULL,16.00,18.00,20.00,765.00,NULL,52065,'2024-10-31 20:47:34','2024-10-31 20:47:35','in_stock',7,0,'Botble\\ACL\\Models\\User',0,NULL,'physical',NULL,NULL,0,0,0,0,2),(10,'Greek Yogurt','Creamy almond butter for a tasty and nutritious spread.','<div class=\"row justify-content-center\">\n    <div class=\"col-xl-10\">\n        <div class=\"tp-product-details-desc-item pb-105\">\n            <div class=\"row\">\n                <div class=\"col-lg-6\">\n                    <div class=\"pt-25\">\n                        <span>Organic Avocado</span>\n                        <h3 class=\"tp-product-details-desc-title\">Freshness You Can Taste</h3>\n                        <p>\n                            Indulge in the rich, creamy texture and vibrant flavor of our organic avocados. Sourced from sustainable farms, each avocado is handpicked to ensure peak ripeness and quality. Whether sliced on toast or mashed into guacamole, our avocados are the perfect addition to any meal.\n                        </p>\n                    </div>\n                    <div>\n                        <h3 class=\"tp-product-details-desc-title\">Nutrient-Rich Goodness</h3>\n                        <p>\n                            Packed with essential vitamins and minerals, our organic avocados are not only delicious but also incredibly nutritious. High in heart-healthy fats and fiber, they\'re an excellent choice for grocerytaining a balanced diet. Add them to salads, smoothies, or sandwiches for a nutritious boost.\n                        </p>\n                    </div>\n                </div>\n                <div class=\"col-lg-6\">\n                    <div class=\"tp-product-details-desc-thumb\">\n                        <img src=\"/storage/grocery/products/product-1.jpg\" alt=\"Organic Avocado\">\n                    </div>\n                </div>\n            </div>\n        </div>\n        <div class=\"tp-product-details-desc-item pb-75\">\n            <div class=\"row\">\n                <div class=\"col-lg-7\">\n                    <div class=\"tp-product-details-desc-thumb\">\n                        <img src=\"/storage/grocery/products/product-2.jpg\" alt=\"Sliced Avocado\">\n                    </div>\n                </div>\n\n                <div class=\"col-lg-5 order-first order-lg-last\">\n                    <div class=\"des-content-2 pl-40\">\n                        <h3 class=\"tp-product-details-desc-title\">\n                            Convenient Packaging\n                        </h3>\n                        <p>\n                            Our organic avocados come carefully packaged to preserve their freshness. Each avocado is nestled in eco-friendly padding to prevent bruising during transit. Rest assured that when you open your package, you\'ll find perfectly ripe avocados ready to enjoy.\n                        </p>\n                    </div>\n                </div>\n            </div>\n        </div>\n        <div class=\"tp-product-details-desc-item\">\n            <div class=\"row\">\n                <div class=\"col-xl-12\">\n                    <div class=\"tp-product-details-desc-banner text-center m-img\">\n                        <h3 class=\"tp-product-details-desc-banner-title tp-product-details-desc-title\">Grown with Care</h3>\n                        <img src=\"/storage/grocery/products/product-3.jpg\" alt=\"Avocado Farm\">\n                    </div>\n                </div>\n            </div>\n        </div>\n    </div>\n</div>\n','published','[\"main\\/products\\/product-14.jpg\",\"main\\/products\\/product-details-desc-3.jpg\",\"main\\/products\\/product-10.jpg\",\"main\\/products\\/product-details-desc-2.jpg\",\"main\\/products\\/product-4.jpg\"]','[[{\"key\":\"file\",\"value\":null},{\"key\":\"url\",\"value\":\"https:\\/\\/www.youtube.com\\/watch?v=6JYIGclVQdw\"},{\"key\":\"thumbnail\",\"value\":\"main\\/video\\/1.jpg\"}]]','2V-197',0,17,0,1,0,3,0,0,2162,1215,NULL,NULL,15.00,15.00,11.00,806.00,NULL,197740,'2024-10-31 20:47:34','2024-10-31 20:47:35','in_stock',2,0,'Botble\\ACL\\Models\\User',0,NULL,'physical',NULL,NULL,0,0,0,0,1),(11,'Sweet Potatoes','Green tea bags for a soothing and antioxidant-rich beverage.','<div class=\"row justify-content-center\">\n    <div class=\"col-xl-10\">\n        <div class=\"tp-product-details-desc-item pb-105\">\n            <div class=\"row\">\n                <div class=\"col-lg-6\">\n                    <div class=\"pt-25\">\n                        <span>Organic Avocado</span>\n                        <h3 class=\"tp-product-details-desc-title\">Freshness You Can Taste</h3>\n                        <p>\n                            Indulge in the rich, creamy texture and vibrant flavor of our organic avocados. Sourced from sustainable farms, each avocado is handpicked to ensure peak ripeness and quality. Whether sliced on toast or mashed into guacamole, our avocados are the perfect addition to any meal.\n                        </p>\n                    </div>\n                    <div>\n                        <h3 class=\"tp-product-details-desc-title\">Nutrient-Rich Goodness</h3>\n                        <p>\n                            Packed with essential vitamins and minerals, our organic avocados are not only delicious but also incredibly nutritious. High in heart-healthy fats and fiber, they\'re an excellent choice for grocerytaining a balanced diet. Add them to salads, smoothies, or sandwiches for a nutritious boost.\n                        </p>\n                    </div>\n                </div>\n                <div class=\"col-lg-6\">\n                    <div class=\"tp-product-details-desc-thumb\">\n                        <img src=\"/storage/grocery/products/product-1.jpg\" alt=\"Organic Avocado\">\n                    </div>\n                </div>\n            </div>\n        </div>\n        <div class=\"tp-product-details-desc-item pb-75\">\n            <div class=\"row\">\n                <div class=\"col-lg-7\">\n                    <div class=\"tp-product-details-desc-thumb\">\n                        <img src=\"/storage/grocery/products/product-2.jpg\" alt=\"Sliced Avocado\">\n                    </div>\n                </div>\n\n                <div class=\"col-lg-5 order-first order-lg-last\">\n                    <div class=\"des-content-2 pl-40\">\n                        <h3 class=\"tp-product-details-desc-title\">\n                            Convenient Packaging\n                        </h3>\n                        <p>\n                            Our organic avocados come carefully packaged to preserve their freshness. Each avocado is nestled in eco-friendly padding to prevent bruising during transit. Rest assured that when you open your package, you\'ll find perfectly ripe avocados ready to enjoy.\n                        </p>\n                    </div>\n                </div>\n            </div>\n        </div>\n        <div class=\"tp-product-details-desc-item\">\n            <div class=\"row\">\n                <div class=\"col-xl-12\">\n                    <div class=\"tp-product-details-desc-banner text-center m-img\">\n                        <h3 class=\"tp-product-details-desc-banner-title tp-product-details-desc-title\">Grown with Care</h3>\n                        <img src=\"/storage/grocery/products/product-3.jpg\" alt=\"Avocado Farm\">\n                    </div>\n                </div>\n            </div>\n        </div>\n    </div>\n</div>\n','published','[\"main\\/products\\/product-20.jpg\",\"main\\/products\\/product-7.jpg\",\"main\\/products\\/product-details-desc-2.jpg\",\"main\\/products\\/product-11.jpg\",\"main\\/products\\/product-13.jpg\",\"main\\/products\\/product-9.jpg\"]','[[{\"key\":\"file\",\"value\":null},{\"key\":\"url\",\"value\":\"https:\\/\\/www.youtube.com\\/watch?v=6JYIGclVQdw\"},{\"key\":\"thumbnail\",\"value\":\"main\\/video\\/1.jpg\"}]]','ZA-124',0,12,0,1,0,4,0,0,428,396,NULL,NULL,14.00,11.00,13.00,725.00,NULL,60649,'2024-10-31 20:47:34','2024-10-31 20:47:35','in_stock',1,0,'Botble\\ACL\\Models\\User',0,NULL,'physical',NULL,NULL,0,0,0,0,2),(12,'Organic Cherry Tomatoes (Digital)','Creamy almond butter for a tasty and nutritious spread.','<div class=\"row justify-content-center\">\n    <div class=\"col-xl-10\">\n        <div class=\"tp-product-details-desc-item pb-105\">\n            <div class=\"row\">\n                <div class=\"col-lg-6\">\n                    <div class=\"pt-25\">\n                        <span>Organic Avocado</span>\n                        <h3 class=\"tp-product-details-desc-title\">Freshness You Can Taste</h3>\n                        <p>\n                            Indulge in the rich, creamy texture and vibrant flavor of our organic avocados. Sourced from sustainable farms, each avocado is handpicked to ensure peak ripeness and quality. Whether sliced on toast or mashed into guacamole, our avocados are the perfect addition to any meal.\n                        </p>\n                    </div>\n                    <div>\n                        <h3 class=\"tp-product-details-desc-title\">Nutrient-Rich Goodness</h3>\n                        <p>\n                            Packed with essential vitamins and minerals, our organic avocados are not only delicious but also incredibly nutritious. High in heart-healthy fats and fiber, they\'re an excellent choice for grocerytaining a balanced diet. Add them to salads, smoothies, or sandwiches for a nutritious boost.\n                        </p>\n                    </div>\n                </div>\n                <div class=\"col-lg-6\">\n                    <div class=\"tp-product-details-desc-thumb\">\n                        <img src=\"/storage/grocery/products/product-1.jpg\" alt=\"Organic Avocado\">\n                    </div>\n                </div>\n            </div>\n        </div>\n        <div class=\"tp-product-details-desc-item pb-75\">\n            <div class=\"row\">\n                <div class=\"col-lg-7\">\n                    <div class=\"tp-product-details-desc-thumb\">\n                        <img src=\"/storage/grocery/products/product-2.jpg\" alt=\"Sliced Avocado\">\n                    </div>\n                </div>\n\n                <div class=\"col-lg-5 order-first order-lg-last\">\n                    <div class=\"des-content-2 pl-40\">\n                        <h3 class=\"tp-product-details-desc-title\">\n                            Convenient Packaging\n                        </h3>\n                        <p>\n                            Our organic avocados come carefully packaged to preserve their freshness. Each avocado is nestled in eco-friendly padding to prevent bruising during transit. Rest assured that when you open your package, you\'ll find perfectly ripe avocados ready to enjoy.\n                        </p>\n                    </div>\n                </div>\n            </div>\n        </div>\n        <div class=\"tp-product-details-desc-item\">\n            <div class=\"row\">\n                <div class=\"col-xl-12\">\n                    <div class=\"tp-product-details-desc-banner text-center m-img\">\n                        <h3 class=\"tp-product-details-desc-banner-title tp-product-details-desc-title\">Grown with Care</h3>\n                        <img src=\"/storage/grocery/products/product-3.jpg\" alt=\"Avocado Farm\">\n                    </div>\n                </div>\n            </div>\n        </div>\n    </div>\n</div>\n','published','[\"main\\/products\\/product-5.jpg\",\"main\\/products\\/product-details-desc-2.jpg\",\"main\\/products\\/product-18.jpg\",\"main\\/products\\/product-20.jpg\",\"main\\/products\\/product-16.jpg\",\"main\\/products\\/product-17.jpg\",\"main\\/products\\/product-details-desc-3.jpg\"]','[[{\"key\":\"file\",\"value\":\"main\\/video\\/video-2.mp4\"},{\"key\":\"url\",\"value\":null},{\"key\":\"thumbnail\",\"value\":\"main\\/video\\/2.jpg\"}]]','XM-106-A1',0,17,0,1,1,5,0,0,1320,1148.4,NULL,NULL,13.00,16.00,10.00,687.00,NULL,144659,'2024-10-31 20:47:34','2024-10-31 20:47:35','in_stock',6,0,'Botble\\ACL\\Models\\User',0,NULL,'digital',NULL,NULL,0,0,0,0,2),(13,'Honeycrisp Apples','Organic baby kale, a nutrient-packed green for salads and smoothies.','<div class=\"row justify-content-center\">\n    <div class=\"col-xl-10\">\n        <div class=\"tp-product-details-desc-item pb-105\">\n            <div class=\"row\">\n                <div class=\"col-lg-6\">\n                    <div class=\"pt-25\">\n                        <span>Organic Avocado</span>\n                        <h3 class=\"tp-product-details-desc-title\">Freshness You Can Taste</h3>\n                        <p>\n                            Indulge in the rich, creamy texture and vibrant flavor of our organic avocados. Sourced from sustainable farms, each avocado is handpicked to ensure peak ripeness and quality. Whether sliced on toast or mashed into guacamole, our avocados are the perfect addition to any meal.\n                        </p>\n                    </div>\n                    <div>\n                        <h3 class=\"tp-product-details-desc-title\">Nutrient-Rich Goodness</h3>\n                        <p>\n                            Packed with essential vitamins and minerals, our organic avocados are not only delicious but also incredibly nutritious. High in heart-healthy fats and fiber, they\'re an excellent choice for grocerytaining a balanced diet. Add them to salads, smoothies, or sandwiches for a nutritious boost.\n                        </p>\n                    </div>\n                </div>\n                <div class=\"col-lg-6\">\n                    <div class=\"tp-product-details-desc-thumb\">\n                        <img src=\"/storage/grocery/products/product-1.jpg\" alt=\"Organic Avocado\">\n                    </div>\n                </div>\n            </div>\n        </div>\n        <div class=\"tp-product-details-desc-item pb-75\">\n            <div class=\"row\">\n                <div class=\"col-lg-7\">\n                    <div class=\"tp-product-details-desc-thumb\">\n                        <img src=\"/storage/grocery/products/product-2.jpg\" alt=\"Sliced Avocado\">\n                    </div>\n                </div>\n\n                <div class=\"col-lg-5 order-first order-lg-last\">\n                    <div class=\"des-content-2 pl-40\">\n                        <h3 class=\"tp-product-details-desc-title\">\n                            Convenient Packaging\n                        </h3>\n                        <p>\n                            Our organic avocados come carefully packaged to preserve their freshness. Each avocado is nestled in eco-friendly padding to prevent bruising during transit. Rest assured that when you open your package, you\'ll find perfectly ripe avocados ready to enjoy.\n                        </p>\n                    </div>\n                </div>\n            </div>\n        </div>\n        <div class=\"tp-product-details-desc-item\">\n            <div class=\"row\">\n                <div class=\"col-xl-12\">\n                    <div class=\"tp-product-details-desc-banner text-center m-img\">\n                        <h3 class=\"tp-product-details-desc-banner-title tp-product-details-desc-title\">Grown with Care</h3>\n                        <img src=\"/storage/grocery/products/product-3.jpg\" alt=\"Avocado Farm\">\n                    </div>\n                </div>\n            </div>\n        </div>\n    </div>\n</div>\n','published','[\"main\\/products\\/product-9.jpg\",\"main\\/products\\/product-5.jpg\",\"main\\/products\\/product-1.jpg\",\"main\\/products\\/product-3.jpg\"]','[[{\"key\":\"file\",\"value\":\"main\\/video\\/video-2.mp4\"},{\"key\":\"url\",\"value\":null},{\"key\":\"thumbnail\",\"value\":\"main\\/video\\/2.jpg\"}]]','NY-156',0,19,0,1,1,4,0,0,1693,124,NULL,NULL,19.00,19.00,11.00,895.00,NULL,26298,'2024-10-31 20:47:34','2024-10-31 20:47:35','in_stock',7,0,'Botble\\ACL\\Models\\User',0,NULL,'physical',NULL,NULL,0,0,0,0,1),(14,'Brown Rice','Quinoa flour, a gluten-free alternative for baking.','<div class=\"row justify-content-center\">\n    <div class=\"col-xl-10\">\n        <div class=\"tp-product-details-desc-item pb-105\">\n            <div class=\"row\">\n                <div class=\"col-lg-6\">\n                    <div class=\"pt-25\">\n                        <span>Organic Avocado</span>\n                        <h3 class=\"tp-product-details-desc-title\">Freshness You Can Taste</h3>\n                        <p>\n                            Indulge in the rich, creamy texture and vibrant flavor of our organic avocados. Sourced from sustainable farms, each avocado is handpicked to ensure peak ripeness and quality. Whether sliced on toast or mashed into guacamole, our avocados are the perfect addition to any meal.\n                        </p>\n                    </div>\n                    <div>\n                        <h3 class=\"tp-product-details-desc-title\">Nutrient-Rich Goodness</h3>\n                        <p>\n                            Packed with essential vitamins and minerals, our organic avocados are not only delicious but also incredibly nutritious. High in heart-healthy fats and fiber, they\'re an excellent choice for grocerytaining a balanced diet. Add them to salads, smoothies, or sandwiches for a nutritious boost.\n                        </p>\n                    </div>\n                </div>\n                <div class=\"col-lg-6\">\n                    <div class=\"tp-product-details-desc-thumb\">\n                        <img src=\"/storage/grocery/products/product-1.jpg\" alt=\"Organic Avocado\">\n                    </div>\n                </div>\n            </div>\n        </div>\n        <div class=\"tp-product-details-desc-item pb-75\">\n            <div class=\"row\">\n                <div class=\"col-lg-7\">\n                    <div class=\"tp-product-details-desc-thumb\">\n                        <img src=\"/storage/grocery/products/product-2.jpg\" alt=\"Sliced Avocado\">\n                    </div>\n                </div>\n\n                <div class=\"col-lg-5 order-first order-lg-last\">\n                    <div class=\"des-content-2 pl-40\">\n                        <h3 class=\"tp-product-details-desc-title\">\n                            Convenient Packaging\n                        </h3>\n                        <p>\n                            Our organic avocados come carefully packaged to preserve their freshness. Each avocado is nestled in eco-friendly padding to prevent bruising during transit. Rest assured that when you open your package, you\'ll find perfectly ripe avocados ready to enjoy.\n                        </p>\n                    </div>\n                </div>\n            </div>\n        </div>\n        <div class=\"tp-product-details-desc-item\">\n            <div class=\"row\">\n                <div class=\"col-xl-12\">\n                    <div class=\"tp-product-details-desc-banner text-center m-img\">\n                        <h3 class=\"tp-product-details-desc-banner-title tp-product-details-desc-title\">Grown with Care</h3>\n                        <img src=\"/storage/grocery/products/product-3.jpg\" alt=\"Avocado Farm\">\n                    </div>\n                </div>\n            </div>\n        </div>\n    </div>\n</div>\n','published','[\"main\\/products\\/product-4.jpg\",\"main\\/products\\/product-details-desc-2.jpg\",\"main\\/products\\/product-details-desc-3.jpg\",\"main\\/products\\/product-6.jpg\"]','[[{\"key\":\"file\",\"value\":\"main\\/video\\/video-1.mp4\"},{\"key\":\"url\",\"value\":null},{\"key\":\"thumbnail\",\"value\":\"main\\/video\\/1.jpg\"}]]','WA-178',0,13,0,1,1,1,0,0,1504,909,NULL,NULL,19.00,10.00,18.00,646.00,NULL,48361,'2024-10-31 20:47:34','2024-10-31 20:47:35','in_stock',6,0,'Botble\\ACL\\Models\\User',0,NULL,'physical',NULL,NULL,0,0,0,0,2),(15,'Organic Chicken Breast','Whole pineapple for a tropical and refreshing treat.','<div class=\"row justify-content-center\">\n    <div class=\"col-xl-10\">\n        <div class=\"tp-product-details-desc-item pb-105\">\n            <div class=\"row\">\n                <div class=\"col-lg-6\">\n                    <div class=\"pt-25\">\n                        <span>Organic Avocado</span>\n                        <h3 class=\"tp-product-details-desc-title\">Freshness You Can Taste</h3>\n                        <p>\n                            Indulge in the rich, creamy texture and vibrant flavor of our organic avocados. Sourced from sustainable farms, each avocado is handpicked to ensure peak ripeness and quality. Whether sliced on toast or mashed into guacamole, our avocados are the perfect addition to any meal.\n                        </p>\n                    </div>\n                    <div>\n                        <h3 class=\"tp-product-details-desc-title\">Nutrient-Rich Goodness</h3>\n                        <p>\n                            Packed with essential vitamins and minerals, our organic avocados are not only delicious but also incredibly nutritious. High in heart-healthy fats and fiber, they\'re an excellent choice for grocerytaining a balanced diet. Add them to salads, smoothies, or sandwiches for a nutritious boost.\n                        </p>\n                    </div>\n                </div>\n                <div class=\"col-lg-6\">\n                    <div class=\"tp-product-details-desc-thumb\">\n                        <img src=\"/storage/grocery/products/product-1.jpg\" alt=\"Organic Avocado\">\n                    </div>\n                </div>\n            </div>\n        </div>\n        <div class=\"tp-product-details-desc-item pb-75\">\n            <div class=\"row\">\n                <div class=\"col-lg-7\">\n                    <div class=\"tp-product-details-desc-thumb\">\n                        <img src=\"/storage/grocery/products/product-2.jpg\" alt=\"Sliced Avocado\">\n                    </div>\n                </div>\n\n                <div class=\"col-lg-5 order-first order-lg-last\">\n                    <div class=\"des-content-2 pl-40\">\n                        <h3 class=\"tp-product-details-desc-title\">\n                            Convenient Packaging\n                        </h3>\n                        <p>\n                            Our organic avocados come carefully packaged to preserve their freshness. Each avocado is nestled in eco-friendly padding to prevent bruising during transit. Rest assured that when you open your package, you\'ll find perfectly ripe avocados ready to enjoy.\n                        </p>\n                    </div>\n                </div>\n            </div>\n        </div>\n        <div class=\"tp-product-details-desc-item\">\n            <div class=\"row\">\n                <div class=\"col-xl-12\">\n                    <div class=\"tp-product-details-desc-banner text-center m-img\">\n                        <h3 class=\"tp-product-details-desc-banner-title tp-product-details-desc-title\">Grown with Care</h3>\n                        <img src=\"/storage/grocery/products/product-3.jpg\" alt=\"Avocado Farm\">\n                    </div>\n                </div>\n            </div>\n        </div>\n    </div>\n</div>\n','published','[\"main\\/products\\/product-18.jpg\",\"main\\/products\\/product-2.jpg\",\"main\\/products\\/product-14.jpg\",\"main\\/products\\/product-details-desc-2.jpg\",\"main\\/products\\/product-3.jpg\",\"main\\/products\\/product-8.jpg\"]','[[{\"key\":\"file\",\"value\":\"main\\/video\\/video-1.mp4\"},{\"key\":\"url\",\"value\":null},{\"key\":\"thumbnail\",\"value\":\"main\\/video\\/1.jpg\"}]]','X8-156-A1',0,11,0,1,1,1,0,0,293,NULL,NULL,NULL,14.00,14.00,16.00,713.00,NULL,53168,'2024-10-31 20:47:34','2024-10-31 20:47:35','in_stock',4,0,'Botble\\ACL\\Models\\User',0,NULL,'physical',NULL,NULL,0,0,0,0,2),(16,'Extra Virgin Olive Oil (Digital)','Whole wheat pasta, a healthier alternative with a nutty flavor.','<div class=\"row justify-content-center\">\n    <div class=\"col-xl-10\">\n        <div class=\"tp-product-details-desc-item pb-105\">\n            <div class=\"row\">\n                <div class=\"col-lg-6\">\n                    <div class=\"pt-25\">\n                        <span>Organic Avocado</span>\n                        <h3 class=\"tp-product-details-desc-title\">Freshness You Can Taste</h3>\n                        <p>\n                            Indulge in the rich, creamy texture and vibrant flavor of our organic avocados. Sourced from sustainable farms, each avocado is handpicked to ensure peak ripeness and quality. Whether sliced on toast or mashed into guacamole, our avocados are the perfect addition to any meal.\n                        </p>\n                    </div>\n                    <div>\n                        <h3 class=\"tp-product-details-desc-title\">Nutrient-Rich Goodness</h3>\n                        <p>\n                            Packed with essential vitamins and minerals, our organic avocados are not only delicious but also incredibly nutritious. High in heart-healthy fats and fiber, they\'re an excellent choice for grocerytaining a balanced diet. Add them to salads, smoothies, or sandwiches for a nutritious boost.\n                        </p>\n                    </div>\n                </div>\n                <div class=\"col-lg-6\">\n                    <div class=\"tp-product-details-desc-thumb\">\n                        <img src=\"/storage/grocery/products/product-1.jpg\" alt=\"Organic Avocado\">\n                    </div>\n                </div>\n            </div>\n        </div>\n        <div class=\"tp-product-details-desc-item pb-75\">\n            <div class=\"row\">\n                <div class=\"col-lg-7\">\n                    <div class=\"tp-product-details-desc-thumb\">\n                        <img src=\"/storage/grocery/products/product-2.jpg\" alt=\"Sliced Avocado\">\n                    </div>\n                </div>\n\n                <div class=\"col-lg-5 order-first order-lg-last\">\n                    <div class=\"des-content-2 pl-40\">\n                        <h3 class=\"tp-product-details-desc-title\">\n                            Convenient Packaging\n                        </h3>\n                        <p>\n                            Our organic avocados come carefully packaged to preserve their freshness. Each avocado is nestled in eco-friendly padding to prevent bruising during transit. Rest assured that when you open your package, you\'ll find perfectly ripe avocados ready to enjoy.\n                        </p>\n                    </div>\n                </div>\n            </div>\n        </div>\n        <div class=\"tp-product-details-desc-item\">\n            <div class=\"row\">\n                <div class=\"col-xl-12\">\n                    <div class=\"tp-product-details-desc-banner text-center m-img\">\n                        <h3 class=\"tp-product-details-desc-banner-title tp-product-details-desc-title\">Grown with Care</h3>\n                        <img src=\"/storage/grocery/products/product-3.jpg\" alt=\"Avocado Farm\">\n                    </div>\n                </div>\n            </div>\n        </div>\n    </div>\n</div>\n','published','[\"main\\/products\\/product-5.jpg\",\"main\\/products\\/product-17.jpg\",\"main\\/products\\/product-2.jpg\",\"main\\/products\\/product-details-desc-1.jpg\",\"main\\/products\\/product-4.jpg\",\"main\\/products\\/product-9.jpg\"]','[[{\"key\":\"file\",\"value\":\"main\\/video\\/video-2.mp4\"},{\"key\":\"url\",\"value\":null},{\"key\":\"thumbnail\",\"value\":\"main\\/video\\/2.jpg\"}]]','RO-118-A1',0,16,0,1,0,1,0,0,1718,1374.4,NULL,NULL,14.00,18.00,20.00,778.00,NULL,46180,'2024-10-31 20:47:34','2024-10-31 20:47:35','in_stock',2,0,'Botble\\ACL\\Models\\User',0,NULL,'digital',NULL,NULL,0,0,0,0,1),(17,'Cucumber','Whole pineapple for a tropical and refreshing treat.','<div class=\"row justify-content-center\">\n    <div class=\"col-xl-10\">\n        <div class=\"tp-product-details-desc-item pb-105\">\n            <div class=\"row\">\n                <div class=\"col-lg-6\">\n                    <div class=\"pt-25\">\n                        <span>Organic Avocado</span>\n                        <h3 class=\"tp-product-details-desc-title\">Freshness You Can Taste</h3>\n                        <p>\n                            Indulge in the rich, creamy texture and vibrant flavor of our organic avocados. Sourced from sustainable farms, each avocado is handpicked to ensure peak ripeness and quality. Whether sliced on toast or mashed into guacamole, our avocados are the perfect addition to any meal.\n                        </p>\n                    </div>\n                    <div>\n                        <h3 class=\"tp-product-details-desc-title\">Nutrient-Rich Goodness</h3>\n                        <p>\n                            Packed with essential vitamins and minerals, our organic avocados are not only delicious but also incredibly nutritious. High in heart-healthy fats and fiber, they\'re an excellent choice for grocerytaining a balanced diet. Add them to salads, smoothies, or sandwiches for a nutritious boost.\n                        </p>\n                    </div>\n                </div>\n                <div class=\"col-lg-6\">\n                    <div class=\"tp-product-details-desc-thumb\">\n                        <img src=\"/storage/grocery/products/product-1.jpg\" alt=\"Organic Avocado\">\n                    </div>\n                </div>\n            </div>\n        </div>\n        <div class=\"tp-product-details-desc-item pb-75\">\n            <div class=\"row\">\n                <div class=\"col-lg-7\">\n                    <div class=\"tp-product-details-desc-thumb\">\n                        <img src=\"/storage/grocery/products/product-2.jpg\" alt=\"Sliced Avocado\">\n                    </div>\n                </div>\n\n                <div class=\"col-lg-5 order-first order-lg-last\">\n                    <div class=\"des-content-2 pl-40\">\n                        <h3 class=\"tp-product-details-desc-title\">\n                            Convenient Packaging\n                        </h3>\n                        <p>\n                            Our organic avocados come carefully packaged to preserve their freshness. Each avocado is nestled in eco-friendly padding to prevent bruising during transit. Rest assured that when you open your package, you\'ll find perfectly ripe avocados ready to enjoy.\n                        </p>\n                    </div>\n                </div>\n            </div>\n        </div>\n        <div class=\"tp-product-details-desc-item\">\n            <div class=\"row\">\n                <div class=\"col-xl-12\">\n                    <div class=\"tp-product-details-desc-banner text-center m-img\">\n                        <h3 class=\"tp-product-details-desc-banner-title tp-product-details-desc-title\">Grown with Care</h3>\n                        <img src=\"/storage/grocery/products/product-3.jpg\" alt=\"Avocado Farm\">\n                    </div>\n                </div>\n            </div>\n        </div>\n    </div>\n</div>\n','published','[\"main\\/products\\/product-19.jpg\",\"main\\/products\\/product-14.jpg\",\"main\\/products\\/product-17.jpg\",\"main\\/products\\/product-details-desc-3.jpg\",\"main\\/products\\/product-20.jpg\",\"main\\/products\\/product-12.jpg\",\"main\\/products\\/product-13.jpg\",\"main\\/products\\/product-6.jpg\"]','[[{\"key\":\"file\",\"value\":\"main\\/video\\/video-1.mp4\"},{\"key\":\"url\",\"value\":null},{\"key\":\"thumbnail\",\"value\":\"main\\/video\\/1.jpg\"}]]','HN-120-A1',0,20,0,1,1,2,0,0,1617,NULL,NULL,NULL,20.00,16.00,17.00,656.00,NULL,140181,'2024-10-31 20:47:34','2024-10-31 20:47:35','in_stock',4,0,'Botble\\ACL\\Models\\User',0,NULL,'physical',NULL,NULL,0,0,0,0,2),(18,'Black Beans','Whole wheat pasta, a healthier alternative with a nutty flavor.','<div class=\"row justify-content-center\">\n    <div class=\"col-xl-10\">\n        <div class=\"tp-product-details-desc-item pb-105\">\n            <div class=\"row\">\n                <div class=\"col-lg-6\">\n                    <div class=\"pt-25\">\n                        <span>Organic Avocado</span>\n                        <h3 class=\"tp-product-details-desc-title\">Freshness You Can Taste</h3>\n                        <p>\n                            Indulge in the rich, creamy texture and vibrant flavor of our organic avocados. Sourced from sustainable farms, each avocado is handpicked to ensure peak ripeness and quality. Whether sliced on toast or mashed into guacamole, our avocados are the perfect addition to any meal.\n                        </p>\n                    </div>\n                    <div>\n                        <h3 class=\"tp-product-details-desc-title\">Nutrient-Rich Goodness</h3>\n                        <p>\n                            Packed with essential vitamins and minerals, our organic avocados are not only delicious but also incredibly nutritious. High in heart-healthy fats and fiber, they\'re an excellent choice for grocerytaining a balanced diet. Add them to salads, smoothies, or sandwiches for a nutritious boost.\n                        </p>\n                    </div>\n                </div>\n                <div class=\"col-lg-6\">\n                    <div class=\"tp-product-details-desc-thumb\">\n                        <img src=\"/storage/grocery/products/product-1.jpg\" alt=\"Organic Avocado\">\n                    </div>\n                </div>\n            </div>\n        </div>\n        <div class=\"tp-product-details-desc-item pb-75\">\n            <div class=\"row\">\n                <div class=\"col-lg-7\">\n                    <div class=\"tp-product-details-desc-thumb\">\n                        <img src=\"/storage/grocery/products/product-2.jpg\" alt=\"Sliced Avocado\">\n                    </div>\n                </div>\n\n                <div class=\"col-lg-5 order-first order-lg-last\">\n                    <div class=\"des-content-2 pl-40\">\n                        <h3 class=\"tp-product-details-desc-title\">\n                            Convenient Packaging\n                        </h3>\n                        <p>\n                            Our organic avocados come carefully packaged to preserve their freshness. Each avocado is nestled in eco-friendly padding to prevent bruising during transit. Rest assured that when you open your package, you\'ll find perfectly ripe avocados ready to enjoy.\n                        </p>\n                    </div>\n                </div>\n            </div>\n        </div>\n        <div class=\"tp-product-details-desc-item\">\n            <div class=\"row\">\n                <div class=\"col-xl-12\">\n                    <div class=\"tp-product-details-desc-banner text-center m-img\">\n                        <h3 class=\"tp-product-details-desc-banner-title tp-product-details-desc-title\">Grown with Care</h3>\n                        <img src=\"/storage/grocery/products/product-3.jpg\" alt=\"Avocado Farm\">\n                    </div>\n                </div>\n            </div>\n        </div>\n    </div>\n</div>\n','published','[\"main\\/products\\/product-details-desc-3.jpg\",\"main\\/products\\/product-details-desc-1.jpg\",\"main\\/products\\/product-13.jpg\",\"main\\/products\\/product-20.jpg\",\"main\\/products\\/product-details-desc-2.jpg\",\"main\\/products\\/product-18.jpg\",\"main\\/products\\/product-1.jpg\",\"main\\/products\\/product-5.jpg\"]','[[{\"key\":\"file\",\"value\":null},{\"key\":\"url\",\"value\":\"https:\\/\\/www.youtube.com\\/watch?v=6JYIGclVQdw\"},{\"key\":\"thumbnail\",\"value\":\"main\\/video\\/1.jpg\"}]]','L9-143',0,14,0,1,1,5,0,0,642,232,NULL,NULL,17.00,14.00,13.00,670.00,NULL,21096,'2024-10-31 20:47:34','2024-10-31 20:47:35','in_stock',3,0,'Botble\\ACL\\Models\\User',0,NULL,'physical',NULL,NULL,0,0,0,0,2),(19,'Chia Seeds','Green tea bags for a soothing and antioxidant-rich beverage.','<div class=\"row justify-content-center\">\n    <div class=\"col-xl-10\">\n        <div class=\"tp-product-details-desc-item pb-105\">\n            <div class=\"row\">\n                <div class=\"col-lg-6\">\n                    <div class=\"pt-25\">\n                        <span>Organic Avocado</span>\n                        <h3 class=\"tp-product-details-desc-title\">Freshness You Can Taste</h3>\n                        <p>\n                            Indulge in the rich, creamy texture and vibrant flavor of our organic avocados. Sourced from sustainable farms, each avocado is handpicked to ensure peak ripeness and quality. Whether sliced on toast or mashed into guacamole, our avocados are the perfect addition to any meal.\n                        </p>\n                    </div>\n                    <div>\n                        <h3 class=\"tp-product-details-desc-title\">Nutrient-Rich Goodness</h3>\n                        <p>\n                            Packed with essential vitamins and minerals, our organic avocados are not only delicious but also incredibly nutritious. High in heart-healthy fats and fiber, they\'re an excellent choice for grocerytaining a balanced diet. Add them to salads, smoothies, or sandwiches for a nutritious boost.\n                        </p>\n                    </div>\n                </div>\n                <div class=\"col-lg-6\">\n                    <div class=\"tp-product-details-desc-thumb\">\n                        <img src=\"/storage/grocery/products/product-1.jpg\" alt=\"Organic Avocado\">\n                    </div>\n                </div>\n            </div>\n        </div>\n        <div class=\"tp-product-details-desc-item pb-75\">\n            <div class=\"row\">\n                <div class=\"col-lg-7\">\n                    <div class=\"tp-product-details-desc-thumb\">\n                        <img src=\"/storage/grocery/products/product-2.jpg\" alt=\"Sliced Avocado\">\n                    </div>\n                </div>\n\n                <div class=\"col-lg-5 order-first order-lg-last\">\n                    <div class=\"des-content-2 pl-40\">\n                        <h3 class=\"tp-product-details-desc-title\">\n                            Convenient Packaging\n                        </h3>\n                        <p>\n                            Our organic avocados come carefully packaged to preserve their freshness. Each avocado is nestled in eco-friendly padding to prevent bruising during transit. Rest assured that when you open your package, you\'ll find perfectly ripe avocados ready to enjoy.\n                        </p>\n                    </div>\n                </div>\n            </div>\n        </div>\n        <div class=\"tp-product-details-desc-item\">\n            <div class=\"row\">\n                <div class=\"col-xl-12\">\n                    <div class=\"tp-product-details-desc-banner text-center m-img\">\n                        <h3 class=\"tp-product-details-desc-banner-title tp-product-details-desc-title\">Grown with Care</h3>\n                        <img src=\"/storage/grocery/products/product-3.jpg\" alt=\"Avocado Farm\">\n                    </div>\n                </div>\n            </div>\n        </div>\n    </div>\n</div>\n','published','[\"main\\/products\\/product-12.jpg\",\"main\\/products\\/product-7.jpg\",\"main\\/products\\/product-16.jpg\"]','[]','QM-110',0,14,0,1,0,2,0,0,2121,1549,NULL,NULL,11.00,15.00,20.00,663.00,NULL,94919,'2024-10-31 20:47:34','2024-10-31 20:47:35','in_stock',5,0,'Botble\\ACL\\Models\\User',0,NULL,'physical',NULL,NULL,0,0,0,0,2),(20,'Whole Wheat Pasta (Digital)','A mix of nuts for a tasty and energy-boosting trail mix.','<div class=\"row justify-content-center\">\n    <div class=\"col-xl-10\">\n        <div class=\"tp-product-details-desc-item pb-105\">\n            <div class=\"row\">\n                <div class=\"col-lg-6\">\n                    <div class=\"pt-25\">\n                        <span>Organic Avocado</span>\n                        <h3 class=\"tp-product-details-desc-title\">Freshness You Can Taste</h3>\n                        <p>\n                            Indulge in the rich, creamy texture and vibrant flavor of our organic avocados. Sourced from sustainable farms, each avocado is handpicked to ensure peak ripeness and quality. Whether sliced on toast or mashed into guacamole, our avocados are the perfect addition to any meal.\n                        </p>\n                    </div>\n                    <div>\n                        <h3 class=\"tp-product-details-desc-title\">Nutrient-Rich Goodness</h3>\n                        <p>\n                            Packed with essential vitamins and minerals, our organic avocados are not only delicious but also incredibly nutritious. High in heart-healthy fats and fiber, they\'re an excellent choice for grocerytaining a balanced diet. Add them to salads, smoothies, or sandwiches for a nutritious boost.\n                        </p>\n                    </div>\n                </div>\n                <div class=\"col-lg-6\">\n                    <div class=\"tp-product-details-desc-thumb\">\n                        <img src=\"/storage/grocery/products/product-1.jpg\" alt=\"Organic Avocado\">\n                    </div>\n                </div>\n            </div>\n        </div>\n        <div class=\"tp-product-details-desc-item pb-75\">\n            <div class=\"row\">\n                <div class=\"col-lg-7\">\n                    <div class=\"tp-product-details-desc-thumb\">\n                        <img src=\"/storage/grocery/products/product-2.jpg\" alt=\"Sliced Avocado\">\n                    </div>\n                </div>\n\n                <div class=\"col-lg-5 order-first order-lg-last\">\n                    <div class=\"des-content-2 pl-40\">\n                        <h3 class=\"tp-product-details-desc-title\">\n                            Convenient Packaging\n                        </h3>\n                        <p>\n                            Our organic avocados come carefully packaged to preserve their freshness. Each avocado is nestled in eco-friendly padding to prevent bruising during transit. Rest assured that when you open your package, you\'ll find perfectly ripe avocados ready to enjoy.\n                        </p>\n                    </div>\n                </div>\n            </div>\n        </div>\n        <div class=\"tp-product-details-desc-item\">\n            <div class=\"row\">\n                <div class=\"col-xl-12\">\n                    <div class=\"tp-product-details-desc-banner text-center m-img\">\n                        <h3 class=\"tp-product-details-desc-banner-title tp-product-details-desc-title\">Grown with Care</h3>\n                        <img src=\"/storage/grocery/products/product-3.jpg\" alt=\"Avocado Farm\">\n                    </div>\n                </div>\n            </div>\n        </div>\n    </div>\n</div>\n','published','[\"main\\/products\\/product-details-desc-3.jpg\",\"main\\/products\\/product-1.jpg\",\"main\\/products\\/product-15.jpg\"]','[[{\"key\":\"file\",\"value\":null},{\"key\":\"url\",\"value\":\"https:\\/\\/www.youtube.com\\/watch?v=6JYIGclVQdw\"},{\"key\":\"thumbnail\",\"value\":\"main\\/video\\/1.jpg\"}]]','SR-182-A1',0,11,0,1,0,5,0,0,888,674.88,NULL,NULL,15.00,14.00,12.00,870.00,NULL,91600,'2024-10-31 20:47:34','2024-10-31 20:47:35','in_stock',8,0,'Botble\\ACL\\Models\\User',0,NULL,'digital',NULL,NULL,0,0,0,0,2),(21,'Mixed Nuts','Whole pineapple for a tropical and refreshing treat.','<div class=\"row justify-content-center\">\n    <div class=\"col-xl-10\">\n        <div class=\"tp-product-details-desc-item pb-105\">\n            <div class=\"row\">\n                <div class=\"col-lg-6\">\n                    <div class=\"pt-25\">\n                        <span>Organic Avocado</span>\n                        <h3 class=\"tp-product-details-desc-title\">Freshness You Can Taste</h3>\n                        <p>\n                            Indulge in the rich, creamy texture and vibrant flavor of our organic avocados. Sourced from sustainable farms, each avocado is handpicked to ensure peak ripeness and quality. Whether sliced on toast or mashed into guacamole, our avocados are the perfect addition to any meal.\n                        </p>\n                    </div>\n                    <div>\n                        <h3 class=\"tp-product-details-desc-title\">Nutrient-Rich Goodness</h3>\n                        <p>\n                            Packed with essential vitamins and minerals, our organic avocados are not only delicious but also incredibly nutritious. High in heart-healthy fats and fiber, they\'re an excellent choice for grocerytaining a balanced diet. Add them to salads, smoothies, or sandwiches for a nutritious boost.\n                        </p>\n                    </div>\n                </div>\n                <div class=\"col-lg-6\">\n                    <div class=\"tp-product-details-desc-thumb\">\n                        <img src=\"/storage/grocery/products/product-1.jpg\" alt=\"Organic Avocado\">\n                    </div>\n                </div>\n            </div>\n        </div>\n        <div class=\"tp-product-details-desc-item pb-75\">\n            <div class=\"row\">\n                <div class=\"col-lg-7\">\n                    <div class=\"tp-product-details-desc-thumb\">\n                        <img src=\"/storage/grocery/products/product-2.jpg\" alt=\"Sliced Avocado\">\n                    </div>\n                </div>\n\n                <div class=\"col-lg-5 order-first order-lg-last\">\n                    <div class=\"des-content-2 pl-40\">\n                        <h3 class=\"tp-product-details-desc-title\">\n                            Convenient Packaging\n                        </h3>\n                        <p>\n                            Our organic avocados come carefully packaged to preserve their freshness. Each avocado is nestled in eco-friendly padding to prevent bruising during transit. Rest assured that when you open your package, you\'ll find perfectly ripe avocados ready to enjoy.\n                        </p>\n                    </div>\n                </div>\n            </div>\n        </div>\n        <div class=\"tp-product-details-desc-item\">\n            <div class=\"row\">\n                <div class=\"col-xl-12\">\n                    <div class=\"tp-product-details-desc-banner text-center m-img\">\n                        <h3 class=\"tp-product-details-desc-banner-title tp-product-details-desc-title\">Grown with Care</h3>\n                        <img src=\"/storage/grocery/products/product-3.jpg\" alt=\"Avocado Farm\">\n                    </div>\n                </div>\n            </div>\n        </div>\n    </div>\n</div>\n','published','[\"main\\/products\\/product-12.jpg\",\"main\\/products\\/product-17.jpg\",\"main\\/products\\/product-3.jpg\",\"main\\/products\\/product-5.jpg\",\"main\\/products\\/product-6.jpg\",\"main\\/products\\/product-19.jpg\",\"main\\/products\\/product-2.jpg\"]','[[{\"key\":\"file\",\"value\":\"main\\/video\\/video-1.mp4\"},{\"key\":\"url\",\"value\":null},{\"key\":\"thumbnail\",\"value\":\"main\\/video\\/1.jpg\"}]]','PB-173',0,18,0,1,0,2,0,0,2157,67,NULL,NULL,15.00,16.00,12.00,796.00,NULL,159029,'2024-10-31 20:47:34','2024-10-31 20:47:35','in_stock',5,0,'Botble\\ACL\\Models\\User',0,NULL,'physical',NULL,NULL,0,0,0,0,2),(22,'Green Tea Bags','Quinoa flour, a gluten-free alternative for baking.','<div class=\"row justify-content-center\">\n    <div class=\"col-xl-10\">\n        <div class=\"tp-product-details-desc-item pb-105\">\n            <div class=\"row\">\n                <div class=\"col-lg-6\">\n                    <div class=\"pt-25\">\n                        <span>Organic Avocado</span>\n                        <h3 class=\"tp-product-details-desc-title\">Freshness You Can Taste</h3>\n                        <p>\n                            Indulge in the rich, creamy texture and vibrant flavor of our organic avocados. Sourced from sustainable farms, each avocado is handpicked to ensure peak ripeness and quality. Whether sliced on toast or mashed into guacamole, our avocados are the perfect addition to any meal.\n                        </p>\n                    </div>\n                    <div>\n                        <h3 class=\"tp-product-details-desc-title\">Nutrient-Rich Goodness</h3>\n                        <p>\n                            Packed with essential vitamins and minerals, our organic avocados are not only delicious but also incredibly nutritious. High in heart-healthy fats and fiber, they\'re an excellent choice for grocerytaining a balanced diet. Add them to salads, smoothies, or sandwiches for a nutritious boost.\n                        </p>\n                    </div>\n                </div>\n                <div class=\"col-lg-6\">\n                    <div class=\"tp-product-details-desc-thumb\">\n                        <img src=\"/storage/grocery/products/product-1.jpg\" alt=\"Organic Avocado\">\n                    </div>\n                </div>\n            </div>\n        </div>\n        <div class=\"tp-product-details-desc-item pb-75\">\n            <div class=\"row\">\n                <div class=\"col-lg-7\">\n                    <div class=\"tp-product-details-desc-thumb\">\n                        <img src=\"/storage/grocery/products/product-2.jpg\" alt=\"Sliced Avocado\">\n                    </div>\n                </div>\n\n                <div class=\"col-lg-5 order-first order-lg-last\">\n                    <div class=\"des-content-2 pl-40\">\n                        <h3 class=\"tp-product-details-desc-title\">\n                            Convenient Packaging\n                        </h3>\n                        <p>\n                            Our organic avocados come carefully packaged to preserve their freshness. Each avocado is nestled in eco-friendly padding to prevent bruising during transit. Rest assured that when you open your package, you\'ll find perfectly ripe avocados ready to enjoy.\n                        </p>\n                    </div>\n                </div>\n            </div>\n        </div>\n        <div class=\"tp-product-details-desc-item\">\n            <div class=\"row\">\n                <div class=\"col-xl-12\">\n                    <div class=\"tp-product-details-desc-banner text-center m-img\">\n                        <h3 class=\"tp-product-details-desc-banner-title tp-product-details-desc-title\">Grown with Care</h3>\n                        <img src=\"/storage/grocery/products/product-3.jpg\" alt=\"Avocado Farm\">\n                    </div>\n                </div>\n            </div>\n        </div>\n    </div>\n</div>\n','published','[\"main\\/products\\/product-6.jpg\",\"main\\/products\\/product-17.jpg\",\"main\\/products\\/product-11.jpg\",\"main\\/products\\/product-18.jpg\"]','[[{\"key\":\"file\",\"value\":\"main\\/video\\/video-2.mp4\"},{\"key\":\"url\",\"value\":null},{\"key\":\"thumbnail\",\"value\":\"main\\/video\\/2.jpg\"}]]','ND-161',0,19,0,1,1,1,0,0,818,108,NULL,NULL,17.00,10.00,19.00,676.00,NULL,115463,'2024-10-31 20:47:34','2024-10-31 20:47:35','in_stock',7,0,'Botble\\ACL\\Models\\User',0,NULL,'physical',NULL,NULL,0,0,0,0,1),(23,'Organic Strawberries','Green tea bags for a soothing and antioxidant-rich beverage.','<div class=\"row justify-content-center\">\n    <div class=\"col-xl-10\">\n        <div class=\"tp-product-details-desc-item pb-105\">\n            <div class=\"row\">\n                <div class=\"col-lg-6\">\n                    <div class=\"pt-25\">\n                        <span>Organic Avocado</span>\n                        <h3 class=\"tp-product-details-desc-title\">Freshness You Can Taste</h3>\n                        <p>\n                            Indulge in the rich, creamy texture and vibrant flavor of our organic avocados. Sourced from sustainable farms, each avocado is handpicked to ensure peak ripeness and quality. Whether sliced on toast or mashed into guacamole, our avocados are the perfect addition to any meal.\n                        </p>\n                    </div>\n                    <div>\n                        <h3 class=\"tp-product-details-desc-title\">Nutrient-Rich Goodness</h3>\n                        <p>\n                            Packed with essential vitamins and minerals, our organic avocados are not only delicious but also incredibly nutritious. High in heart-healthy fats and fiber, they\'re an excellent choice for grocerytaining a balanced diet. Add them to salads, smoothies, or sandwiches for a nutritious boost.\n                        </p>\n                    </div>\n                </div>\n                <div class=\"col-lg-6\">\n                    <div class=\"tp-product-details-desc-thumb\">\n                        <img src=\"/storage/grocery/products/product-1.jpg\" alt=\"Organic Avocado\">\n                    </div>\n                </div>\n            </div>\n        </div>\n        <div class=\"tp-product-details-desc-item pb-75\">\n            <div class=\"row\">\n                <div class=\"col-lg-7\">\n                    <div class=\"tp-product-details-desc-thumb\">\n                        <img src=\"/storage/grocery/products/product-2.jpg\" alt=\"Sliced Avocado\">\n                    </div>\n                </div>\n\n                <div class=\"col-lg-5 order-first order-lg-last\">\n                    <div class=\"des-content-2 pl-40\">\n                        <h3 class=\"tp-product-details-desc-title\">\n                            Convenient Packaging\n                        </h3>\n                        <p>\n                            Our organic avocados come carefully packaged to preserve their freshness. Each avocado is nestled in eco-friendly padding to prevent bruising during transit. Rest assured that when you open your package, you\'ll find perfectly ripe avocados ready to enjoy.\n                        </p>\n                    </div>\n                </div>\n            </div>\n        </div>\n        <div class=\"tp-product-details-desc-item\">\n            <div class=\"row\">\n                <div class=\"col-xl-12\">\n                    <div class=\"tp-product-details-desc-banner text-center m-img\">\n                        <h3 class=\"tp-product-details-desc-banner-title tp-product-details-desc-title\">Grown with Care</h3>\n                        <img src=\"/storage/grocery/products/product-3.jpg\" alt=\"Avocado Farm\">\n                    </div>\n                </div>\n            </div>\n        </div>\n    </div>\n</div>\n','published','[\"main\\/products\\/product-11.jpg\",\"main\\/products\\/product-1.jpg\",\"main\\/products\\/product-18.jpg\",\"main\\/products\\/product-3.jpg\",\"main\\/products\\/product-2.jpg\",\"main\\/products\\/product-12.jpg\",\"main\\/products\\/product-15.jpg\",\"main\\/products\\/product-6.jpg\"]','[]','6R-194',0,14,0,1,0,1,0,0,1578,268,NULL,NULL,20.00,20.00,18.00,573.00,NULL,80845,'2024-10-31 20:47:34','2024-10-31 20:47:35','in_stock',7,0,'Botble\\ACL\\Models\\User',0,NULL,'physical',NULL,NULL,0,0,0,0,1),(24,'Quinoa Flour (Digital)','Whole pineapple for a tropical and refreshing treat.','<div class=\"row justify-content-center\">\n    <div class=\"col-xl-10\">\n        <div class=\"tp-product-details-desc-item pb-105\">\n            <div class=\"row\">\n                <div class=\"col-lg-6\">\n                    <div class=\"pt-25\">\n                        <span>Organic Avocado</span>\n                        <h3 class=\"tp-product-details-desc-title\">Freshness You Can Taste</h3>\n                        <p>\n                            Indulge in the rich, creamy texture and vibrant flavor of our organic avocados. Sourced from sustainable farms, each avocado is handpicked to ensure peak ripeness and quality. Whether sliced on toast or mashed into guacamole, our avocados are the perfect addition to any meal.\n                        </p>\n                    </div>\n                    <div>\n                        <h3 class=\"tp-product-details-desc-title\">Nutrient-Rich Goodness</h3>\n                        <p>\n                            Packed with essential vitamins and minerals, our organic avocados are not only delicious but also incredibly nutritious. High in heart-healthy fats and fiber, they\'re an excellent choice for grocerytaining a balanced diet. Add them to salads, smoothies, or sandwiches for a nutritious boost.\n                        </p>\n                    </div>\n                </div>\n                <div class=\"col-lg-6\">\n                    <div class=\"tp-product-details-desc-thumb\">\n                        <img src=\"/storage/grocery/products/product-1.jpg\" alt=\"Organic Avocado\">\n                    </div>\n                </div>\n            </div>\n        </div>\n        <div class=\"tp-product-details-desc-item pb-75\">\n            <div class=\"row\">\n                <div class=\"col-lg-7\">\n                    <div class=\"tp-product-details-desc-thumb\">\n                        <img src=\"/storage/grocery/products/product-2.jpg\" alt=\"Sliced Avocado\">\n                    </div>\n                </div>\n\n                <div class=\"col-lg-5 order-first order-lg-last\">\n                    <div class=\"des-content-2 pl-40\">\n                        <h3 class=\"tp-product-details-desc-title\">\n                            Convenient Packaging\n                        </h3>\n                        <p>\n                            Our organic avocados come carefully packaged to preserve their freshness. Each avocado is nestled in eco-friendly padding to prevent bruising during transit. Rest assured that when you open your package, you\'ll find perfectly ripe avocados ready to enjoy.\n                        </p>\n                    </div>\n                </div>\n            </div>\n        </div>\n        <div class=\"tp-product-details-desc-item\">\n            <div class=\"row\">\n                <div class=\"col-xl-12\">\n                    <div class=\"tp-product-details-desc-banner text-center m-img\">\n                        <h3 class=\"tp-product-details-desc-banner-title tp-product-details-desc-title\">Grown with Care</h3>\n                        <img src=\"/storage/grocery/products/product-3.jpg\" alt=\"Avocado Farm\">\n                    </div>\n                </div>\n            </div>\n        </div>\n    </div>\n</div>\n','published','[\"main\\/products\\/product-18.jpg\",\"main\\/products\\/product-10.jpg\",\"main\\/products\\/product-9.jpg\",\"main\\/products\\/product-1.jpg\",\"main\\/products\\/product-11.jpg\"]','[[{\"key\":\"file\",\"value\":\"main\\/video\\/video-2.mp4\"},{\"key\":\"url\",\"value\":null},{\"key\":\"thumbnail\",\"value\":\"main\\/video\\/2.jpg\"}]]','JE-125-A1',0,16,0,1,0,3,0,0,2114,1500.94,NULL,NULL,18.00,13.00,14.00,658.00,NULL,73956,'2024-10-31 20:47:34','2024-10-31 20:47:35','in_stock',2,0,'Botble\\ACL\\Models\\User',0,NULL,'digital',NULL,NULL,0,0,0,0,1),(25,'Organic Baby Kale','Organic baby kale, a nutrient-packed green for salads and smoothies.','<div class=\"row justify-content-center\">\n    <div class=\"col-xl-10\">\n        <div class=\"tp-product-details-desc-item pb-105\">\n            <div class=\"row\">\n                <div class=\"col-lg-6\">\n                    <div class=\"pt-25\">\n                        <span>Organic Avocado</span>\n                        <h3 class=\"tp-product-details-desc-title\">Freshness You Can Taste</h3>\n                        <p>\n                            Indulge in the rich, creamy texture and vibrant flavor of our organic avocados. Sourced from sustainable farms, each avocado is handpicked to ensure peak ripeness and quality. Whether sliced on toast or mashed into guacamole, our avocados are the perfect addition to any meal.\n                        </p>\n                    </div>\n                    <div>\n                        <h3 class=\"tp-product-details-desc-title\">Nutrient-Rich Goodness</h3>\n                        <p>\n                            Packed with essential vitamins and minerals, our organic avocados are not only delicious but also incredibly nutritious. High in heart-healthy fats and fiber, they\'re an excellent choice for grocerytaining a balanced diet. Add them to salads, smoothies, or sandwiches for a nutritious boost.\n                        </p>\n                    </div>\n                </div>\n                <div class=\"col-lg-6\">\n                    <div class=\"tp-product-details-desc-thumb\">\n                        <img src=\"/storage/grocery/products/product-1.jpg\" alt=\"Organic Avocado\">\n                    </div>\n                </div>\n            </div>\n        </div>\n        <div class=\"tp-product-details-desc-item pb-75\">\n            <div class=\"row\">\n                <div class=\"col-lg-7\">\n                    <div class=\"tp-product-details-desc-thumb\">\n                        <img src=\"/storage/grocery/products/product-2.jpg\" alt=\"Sliced Avocado\">\n                    </div>\n                </div>\n\n                <div class=\"col-lg-5 order-first order-lg-last\">\n                    <div class=\"des-content-2 pl-40\">\n                        <h3 class=\"tp-product-details-desc-title\">\n                            Convenient Packaging\n                        </h3>\n                        <p>\n                            Our organic avocados come carefully packaged to preserve their freshness. Each avocado is nestled in eco-friendly padding to prevent bruising during transit. Rest assured that when you open your package, you\'ll find perfectly ripe avocados ready to enjoy.\n                        </p>\n                    </div>\n                </div>\n            </div>\n        </div>\n        <div class=\"tp-product-details-desc-item\">\n            <div class=\"row\">\n                <div class=\"col-xl-12\">\n                    <div class=\"tp-product-details-desc-banner text-center m-img\">\n                        <h3 class=\"tp-product-details-desc-banner-title tp-product-details-desc-title\">Grown with Care</h3>\n                        <img src=\"/storage/grocery/products/product-3.jpg\" alt=\"Avocado Farm\">\n                    </div>\n                </div>\n            </div>\n        </div>\n    </div>\n</div>\n','published','[\"main\\/products\\/product-6.jpg\",\"main\\/products\\/product-10.jpg\",\"main\\/products\\/product-4.jpg\",\"main\\/products\\/product-details-desc-3.jpg\"]','[]','US-150',0,19,0,1,1,2,0,0,1154,1153,NULL,NULL,14.00,14.00,11.00,644.00,NULL,111706,'2024-10-31 20:47:34','2024-10-31 20:47:35','in_stock',3,0,'Botble\\ACL\\Models\\User',0,NULL,'physical',NULL,NULL,0,0,0,0,1),(26,'Salad Dressing','Creamy almond butter for a tasty and nutritious spread.','<div class=\"row justify-content-center\">\n    <div class=\"col-xl-10\">\n        <div class=\"tp-product-details-desc-item pb-105\">\n            <div class=\"row\">\n                <div class=\"col-lg-6\">\n                    <div class=\"pt-25\">\n                        <span>Organic Avocado</span>\n                        <h3 class=\"tp-product-details-desc-title\">Freshness You Can Taste</h3>\n                        <p>\n                            Indulge in the rich, creamy texture and vibrant flavor of our organic avocados. Sourced from sustainable farms, each avocado is handpicked to ensure peak ripeness and quality. Whether sliced on toast or mashed into guacamole, our avocados are the perfect addition to any meal.\n                        </p>\n                    </div>\n                    <div>\n                        <h3 class=\"tp-product-details-desc-title\">Nutrient-Rich Goodness</h3>\n                        <p>\n                            Packed with essential vitamins and minerals, our organic avocados are not only delicious but also incredibly nutritious. High in heart-healthy fats and fiber, they\'re an excellent choice for grocerytaining a balanced diet. Add them to salads, smoothies, or sandwiches for a nutritious boost.\n                        </p>\n                    </div>\n                </div>\n                <div class=\"col-lg-6\">\n                    <div class=\"tp-product-details-desc-thumb\">\n                        <img src=\"/storage/grocery/products/product-1.jpg\" alt=\"Organic Avocado\">\n                    </div>\n                </div>\n            </div>\n        </div>\n        <div class=\"tp-product-details-desc-item pb-75\">\n            <div class=\"row\">\n                <div class=\"col-lg-7\">\n                    <div class=\"tp-product-details-desc-thumb\">\n                        <img src=\"/storage/grocery/products/product-2.jpg\" alt=\"Sliced Avocado\">\n                    </div>\n                </div>\n\n                <div class=\"col-lg-5 order-first order-lg-last\">\n                    <div class=\"des-content-2 pl-40\">\n                        <h3 class=\"tp-product-details-desc-title\">\n                            Convenient Packaging\n                        </h3>\n                        <p>\n                            Our organic avocados come carefully packaged to preserve their freshness. Each avocado is nestled in eco-friendly padding to prevent bruising during transit. Rest assured that when you open your package, you\'ll find perfectly ripe avocados ready to enjoy.\n                        </p>\n                    </div>\n                </div>\n            </div>\n        </div>\n        <div class=\"tp-product-details-desc-item\">\n            <div class=\"row\">\n                <div class=\"col-xl-12\">\n                    <div class=\"tp-product-details-desc-banner text-center m-img\">\n                        <h3 class=\"tp-product-details-desc-banner-title tp-product-details-desc-title\">Grown with Care</h3>\n                        <img src=\"/storage/grocery/products/product-3.jpg\" alt=\"Avocado Farm\">\n                    </div>\n                </div>\n            </div>\n        </div>\n    </div>\n</div>\n','published','[\"main\\/products\\/product-details-desc-3.jpg\",\"main\\/products\\/product-13.jpg\",\"main\\/products\\/product-12.jpg\",\"main\\/products\\/product-4.jpg\",\"main\\/products\\/product-11.jpg\",\"main\\/products\\/product-10.jpg\",\"main\\/products\\/product-details-desc-1.jpg\",\"main\\/products\\/product-18.jpg\"]','[[{\"key\":\"file\",\"value\":null},{\"key\":\"url\",\"value\":\"https:\\/\\/www.youtube.com\\/watch?v=6JYIGclVQdw\"},{\"key\":\"thumbnail\",\"value\":\"main\\/video\\/2.jpg\"}]]','JE-123-A1',0,19,0,1,1,5,0,0,2461,NULL,NULL,NULL,11.00,10.00,15.00,713.00,NULL,6846,'2024-10-31 20:47:34','2024-10-31 20:47:35','in_stock',1,0,'Botble\\ACL\\Models\\User',0,NULL,'physical',NULL,NULL,0,0,0,0,1),(27,'Sweet Corn','Creamy almond butter for a tasty and nutritious spread.','<div class=\"row justify-content-center\">\n    <div class=\"col-xl-10\">\n        <div class=\"tp-product-details-desc-item pb-105\">\n            <div class=\"row\">\n                <div class=\"col-lg-6\">\n                    <div class=\"pt-25\">\n                        <span>Organic Avocado</span>\n                        <h3 class=\"tp-product-details-desc-title\">Freshness You Can Taste</h3>\n                        <p>\n                            Indulge in the rich, creamy texture and vibrant flavor of our organic avocados. Sourced from sustainable farms, each avocado is handpicked to ensure peak ripeness and quality. Whether sliced on toast or mashed into guacamole, our avocados are the perfect addition to any meal.\n                        </p>\n                    </div>\n                    <div>\n                        <h3 class=\"tp-product-details-desc-title\">Nutrient-Rich Goodness</h3>\n                        <p>\n                            Packed with essential vitamins and minerals, our organic avocados are not only delicious but also incredibly nutritious. High in heart-healthy fats and fiber, they\'re an excellent choice for grocerytaining a balanced diet. Add them to salads, smoothies, or sandwiches for a nutritious boost.\n                        </p>\n                    </div>\n                </div>\n                <div class=\"col-lg-6\">\n                    <div class=\"tp-product-details-desc-thumb\">\n                        <img src=\"/storage/grocery/products/product-1.jpg\" alt=\"Organic Avocado\">\n                    </div>\n                </div>\n            </div>\n        </div>\n        <div class=\"tp-product-details-desc-item pb-75\">\n            <div class=\"row\">\n                <div class=\"col-lg-7\">\n                    <div class=\"tp-product-details-desc-thumb\">\n                        <img src=\"/storage/grocery/products/product-2.jpg\" alt=\"Sliced Avocado\">\n                    </div>\n                </div>\n\n                <div class=\"col-lg-5 order-first order-lg-last\">\n                    <div class=\"des-content-2 pl-40\">\n                        <h3 class=\"tp-product-details-desc-title\">\n                            Convenient Packaging\n                        </h3>\n                        <p>\n                            Our organic avocados come carefully packaged to preserve their freshness. Each avocado is nestled in eco-friendly padding to prevent bruising during transit. Rest assured that when you open your package, you\'ll find perfectly ripe avocados ready to enjoy.\n                        </p>\n                    </div>\n                </div>\n            </div>\n        </div>\n        <div class=\"tp-product-details-desc-item\">\n            <div class=\"row\">\n                <div class=\"col-xl-12\">\n                    <div class=\"tp-product-details-desc-banner text-center m-img\">\n                        <h3 class=\"tp-product-details-desc-banner-title tp-product-details-desc-title\">Grown with Care</h3>\n                        <img src=\"/storage/grocery/products/product-3.jpg\" alt=\"Avocado Farm\">\n                    </div>\n                </div>\n            </div>\n        </div>\n    </div>\n</div>\n','published','[\"main\\/products\\/product-11.jpg\",\"main\\/products\\/product-18.jpg\",\"main\\/products\\/product-10.jpg\"]','[[{\"key\":\"file\",\"value\":\"main\\/video\\/video-2.mp4\"},{\"key\":\"url\",\"value\":null},{\"key\":\"thumbnail\",\"value\":\"main\\/video\\/2.jpg\"}]]','RT-142',0,20,0,1,1,4,0,0,1058,365,NULL,NULL,18.00,10.00,13.00,782.00,NULL,86643,'2024-10-31 20:47:34','2024-10-31 20:47:35','in_stock',5,0,'Botble\\ACL\\Models\\User',0,NULL,'physical',NULL,NULL,0,0,0,0,2),(28,'Almond Butter (Digital)','Creamy almond butter for a tasty and nutritious spread.','<div class=\"row justify-content-center\">\n    <div class=\"col-xl-10\">\n        <div class=\"tp-product-details-desc-item pb-105\">\n            <div class=\"row\">\n                <div class=\"col-lg-6\">\n                    <div class=\"pt-25\">\n                        <span>Organic Avocado</span>\n                        <h3 class=\"tp-product-details-desc-title\">Freshness You Can Taste</h3>\n                        <p>\n                            Indulge in the rich, creamy texture and vibrant flavor of our organic avocados. Sourced from sustainable farms, each avocado is handpicked to ensure peak ripeness and quality. Whether sliced on toast or mashed into guacamole, our avocados are the perfect addition to any meal.\n                        </p>\n                    </div>\n                    <div>\n                        <h3 class=\"tp-product-details-desc-title\">Nutrient-Rich Goodness</h3>\n                        <p>\n                            Packed with essential vitamins and minerals, our organic avocados are not only delicious but also incredibly nutritious. High in heart-healthy fats and fiber, they\'re an excellent choice for grocerytaining a balanced diet. Add them to salads, smoothies, or sandwiches for a nutritious boost.\n                        </p>\n                    </div>\n                </div>\n                <div class=\"col-lg-6\">\n                    <div class=\"tp-product-details-desc-thumb\">\n                        <img src=\"/storage/grocery/products/product-1.jpg\" alt=\"Organic Avocado\">\n                    </div>\n                </div>\n            </div>\n        </div>\n        <div class=\"tp-product-details-desc-item pb-75\">\n            <div class=\"row\">\n                <div class=\"col-lg-7\">\n                    <div class=\"tp-product-details-desc-thumb\">\n                        <img src=\"/storage/grocery/products/product-2.jpg\" alt=\"Sliced Avocado\">\n                    </div>\n                </div>\n\n                <div class=\"col-lg-5 order-first order-lg-last\">\n                    <div class=\"des-content-2 pl-40\">\n                        <h3 class=\"tp-product-details-desc-title\">\n                            Convenient Packaging\n                        </h3>\n                        <p>\n                            Our organic avocados come carefully packaged to preserve their freshness. Each avocado is nestled in eco-friendly padding to prevent bruising during transit. Rest assured that when you open your package, you\'ll find perfectly ripe avocados ready to enjoy.\n                        </p>\n                    </div>\n                </div>\n            </div>\n        </div>\n        <div class=\"tp-product-details-desc-item\">\n            <div class=\"row\">\n                <div class=\"col-xl-12\">\n                    <div class=\"tp-product-details-desc-banner text-center m-img\">\n                        <h3 class=\"tp-product-details-desc-banner-title tp-product-details-desc-title\">Grown with Care</h3>\n                        <img src=\"/storage/grocery/products/product-3.jpg\" alt=\"Avocado Farm\">\n                    </div>\n                </div>\n            </div>\n        </div>\n    </div>\n</div>\n','published','[\"main\\/products\\/product-20.jpg\",\"main\\/products\\/product-18.jpg\",\"main\\/products\\/product-6.jpg\",\"main\\/products\\/product-11.jpg\",\"main\\/products\\/product-4.jpg\"]','[[{\"key\":\"file\",\"value\":null},{\"key\":\"url\",\"value\":\"https:\\/\\/www.youtube.com\\/watch?v=6JYIGclVQdw\"},{\"key\":\"thumbnail\",\"value\":\"main\\/video\\/2.jpg\"}]]','DM-176-A1',0,13,0,1,1,4,0,0,1461,1183.41,NULL,NULL,20.00,19.00,15.00,863.00,NULL,29806,'2024-10-31 20:47:34','2024-10-31 20:47:35','in_stock',3,0,'Botble\\ACL\\Models\\User',0,NULL,'digital',NULL,NULL,0,0,0,0,2),(29,'Whole Pineapple','Balsamic salad dressing to enhance the flavor of your salads.','<div class=\"row justify-content-center\">\n    <div class=\"col-xl-10\">\n        <div class=\"tp-product-details-desc-item pb-105\">\n            <div class=\"row\">\n                <div class=\"col-lg-6\">\n                    <div class=\"pt-25\">\n                        <span>Organic Avocado</span>\n                        <h3 class=\"tp-product-details-desc-title\">Freshness You Can Taste</h3>\n                        <p>\n                            Indulge in the rich, creamy texture and vibrant flavor of our organic avocados. Sourced from sustainable farms, each avocado is handpicked to ensure peak ripeness and quality. Whether sliced on toast or mashed into guacamole, our avocados are the perfect addition to any meal.\n                        </p>\n                    </div>\n                    <div>\n                        <h3 class=\"tp-product-details-desc-title\">Nutrient-Rich Goodness</h3>\n                        <p>\n                            Packed with essential vitamins and minerals, our organic avocados are not only delicious but also incredibly nutritious. High in heart-healthy fats and fiber, they\'re an excellent choice for grocerytaining a balanced diet. Add them to salads, smoothies, or sandwiches for a nutritious boost.\n                        </p>\n                    </div>\n                </div>\n                <div class=\"col-lg-6\">\n                    <div class=\"tp-product-details-desc-thumb\">\n                        <img src=\"/storage/grocery/products/product-1.jpg\" alt=\"Organic Avocado\">\n                    </div>\n                </div>\n            </div>\n        </div>\n        <div class=\"tp-product-details-desc-item pb-75\">\n            <div class=\"row\">\n                <div class=\"col-lg-7\">\n                    <div class=\"tp-product-details-desc-thumb\">\n                        <img src=\"/storage/grocery/products/product-2.jpg\" alt=\"Sliced Avocado\">\n                    </div>\n                </div>\n\n                <div class=\"col-lg-5 order-first order-lg-last\">\n                    <div class=\"des-content-2 pl-40\">\n                        <h3 class=\"tp-product-details-desc-title\">\n                            Convenient Packaging\n                        </h3>\n                        <p>\n                            Our organic avocados come carefully packaged to preserve their freshness. Each avocado is nestled in eco-friendly padding to prevent bruising during transit. Rest assured that when you open your package, you\'ll find perfectly ripe avocados ready to enjoy.\n                        </p>\n                    </div>\n                </div>\n            </div>\n        </div>\n        <div class=\"tp-product-details-desc-item\">\n            <div class=\"row\">\n                <div class=\"col-xl-12\">\n                    <div class=\"tp-product-details-desc-banner text-center m-img\">\n                        <h3 class=\"tp-product-details-desc-banner-title tp-product-details-desc-title\">Grown with Care</h3>\n                        <img src=\"/storage/grocery/products/product-3.jpg\" alt=\"Avocado Farm\">\n                    </div>\n                </div>\n            </div>\n        </div>\n    </div>\n</div>\n','published','[\"main\\/products\\/product-7.jpg\",\"main\\/products\\/product-15.jpg\",\"main\\/products\\/product-20.jpg\",\"main\\/products\\/product-10.jpg\"]','[[{\"key\":\"file\",\"value\":null},{\"key\":\"url\",\"value\":\"https:\\/\\/www.youtube.com\\/watch?v=6JYIGclVQdw\"},{\"key\":\"thumbnail\",\"value\":\"main\\/video\\/1.jpg\"}]]','L6-139',0,10,0,1,0,5,0,0,2289,1597,NULL,NULL,10.00,17.00,17.00,853.00,NULL,2331,'2024-10-31 20:47:34','2024-10-31 20:47:35','in_stock',8,0,'Botble\\ACL\\Models\\User',0,NULL,'physical',NULL,NULL,0,0,0,0,2),(30,'Cottage Cheese','Organic baby kale, a nutrient-packed green for salads and smoothies.','<div class=\"row justify-content-center\">\n    <div class=\"col-xl-10\">\n        <div class=\"tp-product-details-desc-item pb-105\">\n            <div class=\"row\">\n                <div class=\"col-lg-6\">\n                    <div class=\"pt-25\">\n                        <span>Organic Avocado</span>\n                        <h3 class=\"tp-product-details-desc-title\">Freshness You Can Taste</h3>\n                        <p>\n                            Indulge in the rich, creamy texture and vibrant flavor of our organic avocados. Sourced from sustainable farms, each avocado is handpicked to ensure peak ripeness and quality. Whether sliced on toast or mashed into guacamole, our avocados are the perfect addition to any meal.\n                        </p>\n                    </div>\n                    <div>\n                        <h3 class=\"tp-product-details-desc-title\">Nutrient-Rich Goodness</h3>\n                        <p>\n                            Packed with essential vitamins and minerals, our organic avocados are not only delicious but also incredibly nutritious. High in heart-healthy fats and fiber, they\'re an excellent choice for grocerytaining a balanced diet. Add them to salads, smoothies, or sandwiches for a nutritious boost.\n                        </p>\n                    </div>\n                </div>\n                <div class=\"col-lg-6\">\n                    <div class=\"tp-product-details-desc-thumb\">\n                        <img src=\"/storage/grocery/products/product-1.jpg\" alt=\"Organic Avocado\">\n                    </div>\n                </div>\n            </div>\n        </div>\n        <div class=\"tp-product-details-desc-item pb-75\">\n            <div class=\"row\">\n                <div class=\"col-lg-7\">\n                    <div class=\"tp-product-details-desc-thumb\">\n                        <img src=\"/storage/grocery/products/product-2.jpg\" alt=\"Sliced Avocado\">\n                    </div>\n                </div>\n\n                <div class=\"col-lg-5 order-first order-lg-last\">\n                    <div class=\"des-content-2 pl-40\">\n                        <h3 class=\"tp-product-details-desc-title\">\n                            Convenient Packaging\n                        </h3>\n                        <p>\n                            Our organic avocados come carefully packaged to preserve their freshness. Each avocado is nestled in eco-friendly padding to prevent bruising during transit. Rest assured that when you open your package, you\'ll find perfectly ripe avocados ready to enjoy.\n                        </p>\n                    </div>\n                </div>\n            </div>\n        </div>\n        <div class=\"tp-product-details-desc-item\">\n            <div class=\"row\">\n                <div class=\"col-xl-12\">\n                    <div class=\"tp-product-details-desc-banner text-center m-img\">\n                        <h3 class=\"tp-product-details-desc-banner-title tp-product-details-desc-title\">Grown with Care</h3>\n                        <img src=\"/storage/grocery/products/product-3.jpg\" alt=\"Avocado Farm\">\n                    </div>\n                </div>\n            </div>\n        </div>\n    </div>\n</div>\n','published','[\"main\\/products\\/product-15.jpg\",\"main\\/products\\/product-2.jpg\",\"main\\/products\\/product-5.jpg\",\"main\\/products\\/product-14.jpg\",\"main\\/products\\/product-6.jpg\",\"main\\/products\\/product-details-desc-3.jpg\"]','[]','TT-172',0,18,0,1,0,4,0,0,1642,1162,NULL,NULL,15.00,20.00,11.00,794.00,NULL,7951,'2024-10-31 20:47:34','2024-10-31 20:47:35','in_stock',7,0,'Botble\\ACL\\Models\\User',0,NULL,'physical',NULL,NULL,0,0,0,0,1),(31,'Free-Range Eggs',NULL,NULL,'published','[\"main\\/products\\/product-18.jpg\"]',NULL,'AN-103-A1',0,19,0,1,0,4,1,0,957,NULL,NULL,NULL,18.00,19.00,12.00,620.00,NULL,0,'2024-10-31 20:47:34','2024-10-31 20:47:35','in_stock',NULL,0,'Botble\\ACL\\Models\\User',0,NULL,'physical',NULL,NULL,0,0,0,0,NULL),(32,'Organic Spinach',NULL,NULL,'published','[\"main\\/products\\/product-13.jpg\"]',NULL,'PU-132-A1',0,12,0,1,0,5,1,0,473,NULL,NULL,NULL,15.00,20.00,17.00,784.00,NULL,0,'2024-10-31 20:47:34','2024-10-31 20:47:35','in_stock',NULL,0,'Botble\\ACL\\Models\\User',0,NULL,'physical',NULL,NULL,0,0,0,0,NULL),(33,'Organic Spinach',NULL,NULL,'published','[\"main\\/products\\/product-9.jpg\"]',NULL,'PU-132-A1-A2',0,12,0,1,0,5,1,0,473,NULL,NULL,NULL,15.00,20.00,17.00,784.00,NULL,0,'2024-10-31 20:47:34','2024-10-31 20:47:35','in_stock',NULL,0,'Botble\\ACL\\Models\\User',0,NULL,'physical',NULL,NULL,0,0,0,0,NULL),(34,'Organic Spinach',NULL,NULL,'published','[\"main\\/products\\/product-7.jpg\"]',NULL,'PU-132-A1-A3',0,12,0,1,0,5,1,0,473,NULL,NULL,NULL,15.00,20.00,17.00,784.00,NULL,0,'2024-10-31 20:47:34','2024-10-31 20:47:35','in_stock',NULL,0,'Botble\\ACL\\Models\\User',0,NULL,'physical',NULL,NULL,0,0,0,0,NULL),(35,'Grass-Fed Ground Beef',NULL,NULL,'published','[\"main\\/products\\/product-10.jpg\"]',NULL,'EU-144-A1',0,18,0,1,0,5,1,0,2010,NULL,NULL,NULL,15.00,11.00,12.00,738.00,NULL,0,'2024-10-31 20:47:34','2024-10-31 20:47:35','in_stock',NULL,0,'Botble\\ACL\\Models\\User',0,NULL,'physical',NULL,NULL,0,0,0,0,NULL),(36,'Grass-Fed Ground Beef',NULL,NULL,'published','[\"main\\/products\\/product-15.jpg\"]',NULL,'EU-144-A1-A2',0,18,0,1,0,5,1,0,2010,NULL,NULL,NULL,15.00,11.00,12.00,738.00,NULL,0,'2024-10-31 20:47:34','2024-10-31 20:47:35','in_stock',NULL,0,'Botble\\ACL\\Models\\User',0,NULL,'physical',NULL,NULL,0,0,0,0,NULL),(37,'Grass-Fed Ground Beef',NULL,NULL,'published','[\"main\\/products\\/product-1.jpg\"]',NULL,'EU-144-A1-A3',0,18,0,1,0,5,1,0,2010,NULL,NULL,NULL,15.00,11.00,12.00,738.00,NULL,0,'2024-10-31 20:47:34','2024-10-31 20:47:35','in_stock',NULL,0,'Botble\\ACL\\Models\\User',0,NULL,'physical',NULL,NULL,0,0,0,0,NULL),(38,'Grass-Fed Ground Beef',NULL,NULL,'published','[\"main\\/products\\/product-17.jpg\"]',NULL,'EU-144-A1-A4',0,18,0,1,0,5,1,0,2010,NULL,NULL,NULL,15.00,11.00,12.00,738.00,NULL,0,'2024-10-31 20:47:34','2024-10-31 20:47:35','in_stock',NULL,0,'Botble\\ACL\\Models\\User',0,NULL,'physical',NULL,NULL,0,0,0,0,NULL),(39,'Almond Milk',NULL,NULL,'published','[\"main\\/products\\/product-2.jpg\"]',NULL,'KQ-169-A1',0,13,0,1,0,2,1,0,749,NULL,NULL,NULL,15.00,13.00,13.00,695.00,NULL,0,'2024-10-31 20:47:34','2024-10-31 20:47:35','in_stock',NULL,0,'Botble\\ACL\\Models\\User',0,NULL,'physical',NULL,NULL,0,0,0,0,NULL),(40,'Almond Milk',NULL,NULL,'published','[\"main\\/products\\/product-18.jpg\"]',NULL,'KQ-169-A1-A2',0,13,0,1,0,2,1,0,749,NULL,NULL,NULL,15.00,13.00,13.00,695.00,NULL,0,'2024-10-31 20:47:34','2024-10-31 20:47:35','in_stock',NULL,0,'Botble\\ACL\\Models\\User',0,NULL,'physical',NULL,NULL,0,0,0,0,NULL),(41,'Almond Milk',NULL,NULL,'published','[\"main\\/products\\/product-15.jpg\"]',NULL,'KQ-169-A1-A3',0,13,0,1,0,2,1,0,749,NULL,NULL,NULL,15.00,13.00,13.00,695.00,NULL,0,'2024-10-31 20:47:34','2024-10-31 20:47:35','in_stock',NULL,0,'Botble\\ACL\\Models\\User',0,NULL,'physical',NULL,NULL,0,0,0,0,NULL),(42,'Quinoa (Digital)',NULL,NULL,'published','[\"main\\/products\\/product-details-desc-1.jpg\"]',NULL,'ZJ-188-A1',0,15,0,1,0,4,1,0,2243,1614.96,NULL,NULL,18.00,13.00,11.00,636.00,NULL,0,'2024-10-31 20:47:34','2024-10-31 20:47:35','in_stock',NULL,0,'Botble\\ACL\\Models\\User',0,NULL,'digital',NULL,NULL,0,0,0,0,NULL),(43,'Quinoa (Digital)',NULL,NULL,'published','[\"main\\/products\\/product-18.jpg\"]',NULL,'ZJ-188-A1-A2',0,15,0,1,0,4,1,0,2243,1861.69,NULL,NULL,18.00,13.00,11.00,636.00,NULL,0,'2024-10-31 20:47:35','2024-10-31 20:47:35','in_stock',NULL,0,'Botble\\ACL\\Models\\User',0,NULL,'digital',NULL,NULL,0,0,0,0,NULL),(44,'Quinoa (Digital)',NULL,NULL,'published','[\"main\\/products\\/product-17.jpg\"]',NULL,'ZJ-188-A1-A3',0,15,0,1,0,4,1,0,2243,1794.4,NULL,NULL,18.00,13.00,11.00,636.00,NULL,0,'2024-10-31 20:47:35','2024-10-31 20:47:35','in_stock',NULL,0,'Botble\\ACL\\Models\\User',0,NULL,'digital',NULL,NULL,0,0,0,0,NULL),(45,'Avocado',NULL,NULL,'published','[\"main\\/products\\/product-details-desc-3.jpg\"]',NULL,'I8-122-A1',0,16,0,1,0,5,1,0,1350,NULL,NULL,NULL,16.00,18.00,20.00,765.00,NULL,0,'2024-10-31 20:47:35','2024-10-31 20:47:35','in_stock',NULL,0,'Botble\\ACL\\Models\\User',0,NULL,'physical',NULL,NULL,0,0,0,0,NULL),(46,'Organic Cherry Tomatoes (Digital)',NULL,NULL,'published','[\"main\\/products\\/product-details-desc-2.jpg\"]',NULL,'XM-106-A1',0,17,0,1,0,5,1,0,1320,1148.4,NULL,NULL,13.00,16.00,10.00,687.00,NULL,0,'2024-10-31 20:47:35','2024-10-31 20:47:35','in_stock',NULL,0,'Botble\\ACL\\Models\\User',0,NULL,'digital',NULL,NULL,0,0,0,0,NULL),(47,'Organic Cherry Tomatoes (Digital)',NULL,NULL,'published','[\"main\\/products\\/product-18.jpg\"]',NULL,'XM-106-A1-A2',0,17,0,1,0,5,1,0,1320,1069.2,NULL,NULL,13.00,16.00,10.00,687.00,NULL,0,'2024-10-31 20:47:35','2024-10-31 20:47:35','in_stock',NULL,0,'Botble\\ACL\\Models\\User',0,NULL,'digital',NULL,NULL,0,0,0,0,NULL),(48,'Organic Cherry Tomatoes (Digital)',NULL,NULL,'published','[\"main\\/products\\/product-20.jpg\"]',NULL,'XM-106-A1-A3',0,17,0,1,0,5,1,0,1320,1082.4,NULL,NULL,13.00,16.00,10.00,687.00,NULL,0,'2024-10-31 20:47:35','2024-10-31 20:47:35','in_stock',NULL,0,'Botble\\ACL\\Models\\User',0,NULL,'digital',NULL,NULL,0,0,0,0,NULL),(49,'Organic Cherry Tomatoes (Digital)',NULL,NULL,'published','[\"main\\/products\\/product-16.jpg\"]',NULL,'XM-106-A1-A4',0,17,0,1,0,5,1,0,1320,937.2,NULL,NULL,13.00,16.00,10.00,687.00,NULL,0,'2024-10-31 20:47:35','2024-10-31 20:47:35','in_stock',NULL,0,'Botble\\ACL\\Models\\User',0,NULL,'digital',NULL,NULL,0,0,0,0,NULL),(50,'Organic Chicken Breast',NULL,NULL,'published','[\"main\\/products\\/product-2.jpg\"]',NULL,'X8-156-A1',0,11,0,1,0,1,1,0,293,NULL,NULL,NULL,14.00,14.00,16.00,713.00,NULL,0,'2024-10-31 20:47:35','2024-10-31 20:47:35','in_stock',NULL,0,'Botble\\ACL\\Models\\User',0,NULL,'physical',NULL,NULL,0,0,0,0,NULL),(51,'Extra Virgin Olive Oil (Digital)',NULL,NULL,'published','[\"main\\/products\\/product-17.jpg\"]',NULL,'RO-118-A1',0,16,0,1,0,1,1,0,1718,1374.4,NULL,NULL,14.00,18.00,20.00,778.00,NULL,0,'2024-10-31 20:47:35','2024-10-31 20:47:35','in_stock',NULL,0,'Botble\\ACL\\Models\\User',0,NULL,'digital',NULL,NULL,0,0,0,0,NULL),(52,'Extra Virgin Olive Oil (Digital)',NULL,NULL,'published','[\"main\\/products\\/product-2.jpg\"]',NULL,'RO-118-A1-A2',0,16,0,1,0,1,1,0,1718,1425.94,NULL,NULL,14.00,18.00,20.00,778.00,NULL,0,'2024-10-31 20:47:35','2024-10-31 20:47:35','in_stock',NULL,0,'Botble\\ACL\\Models\\User',0,NULL,'digital',NULL,NULL,0,0,0,0,NULL),(53,'Extra Virgin Olive Oil (Digital)',NULL,NULL,'published','[\"main\\/products\\/product-details-desc-1.jpg\"]',NULL,'RO-118-A1-A3',0,16,0,1,0,1,1,0,1718,1529.02,NULL,NULL,14.00,18.00,20.00,778.00,NULL,0,'2024-10-31 20:47:35','2024-10-31 20:47:35','in_stock',NULL,0,'Botble\\ACL\\Models\\User',0,NULL,'digital',NULL,NULL,0,0,0,0,NULL),(54,'Cucumber',NULL,NULL,'published','[\"main\\/products\\/product-14.jpg\"]',NULL,'HN-120-A1',0,20,0,1,0,2,1,0,1617,NULL,NULL,NULL,20.00,16.00,17.00,656.00,NULL,0,'2024-10-31 20:47:35','2024-10-31 20:47:35','in_stock',NULL,0,'Botble\\ACL\\Models\\User',0,NULL,'physical',NULL,NULL,0,0,0,0,NULL),(55,'Whole Wheat Pasta (Digital)',NULL,NULL,'published','[\"main\\/products\\/product-1.jpg\"]',NULL,'SR-182-A1',0,11,0,1,0,5,1,0,888,674.88,NULL,NULL,15.00,14.00,12.00,870.00,NULL,0,'2024-10-31 20:47:35','2024-10-31 20:47:35','in_stock',NULL,0,'Botble\\ACL\\Models\\User',0,NULL,'digital',NULL,NULL,0,0,0,0,NULL),(56,'Whole Wheat Pasta (Digital)',NULL,NULL,'published','[\"main\\/products\\/product-15.jpg\"]',NULL,'SR-182-A1-A2',0,11,0,1,0,5,1,0,888,710.4,NULL,NULL,15.00,14.00,12.00,870.00,NULL,0,'2024-10-31 20:47:35','2024-10-31 20:47:35','in_stock',NULL,0,'Botble\\ACL\\Models\\User',0,NULL,'digital',NULL,NULL,0,0,0,0,NULL),(57,'Quinoa Flour (Digital)',NULL,NULL,'published','[\"main\\/products\\/product-10.jpg\"]',NULL,'JE-125-A1',0,16,0,1,0,3,1,0,2114,1500.94,NULL,NULL,18.00,13.00,14.00,658.00,NULL,0,'2024-10-31 20:47:35','2024-10-31 20:47:35','in_stock',NULL,0,'Botble\\ACL\\Models\\User',0,NULL,'digital',NULL,NULL,0,0,0,0,NULL),(58,'Quinoa Flour (Digital)',NULL,NULL,'published','[\"main\\/products\\/product-9.jpg\"]',NULL,'JE-125-A1-A2',0,16,0,1,0,3,1,0,2114,1522.08,NULL,NULL,18.00,13.00,14.00,658.00,NULL,0,'2024-10-31 20:47:35','2024-10-31 20:47:35','in_stock',NULL,0,'Botble\\ACL\\Models\\User',0,NULL,'digital',NULL,NULL,0,0,0,0,NULL),(59,'Quinoa Flour (Digital)',NULL,NULL,'published','[\"main\\/products\\/product-1.jpg\"]',NULL,'JE-125-A1-A3',0,16,0,1,0,3,1,0,2114,1500.94,NULL,NULL,18.00,13.00,14.00,658.00,NULL,0,'2024-10-31 20:47:35','2024-10-31 20:47:35','in_stock',NULL,0,'Botble\\ACL\\Models\\User',0,NULL,'digital',NULL,NULL,0,0,0,0,NULL),(60,'Salad Dressing',NULL,NULL,'published','[\"main\\/products\\/product-13.jpg\"]',NULL,'JE-123-A1',0,19,0,1,0,5,1,0,2461,NULL,NULL,NULL,11.00,10.00,15.00,713.00,NULL,0,'2024-10-31 20:47:35','2024-10-31 20:47:35','in_stock',NULL,0,'Botble\\ACL\\Models\\User',0,NULL,'physical',NULL,NULL,0,0,0,0,NULL),(61,'Salad Dressing',NULL,NULL,'published','[\"main\\/products\\/product-12.jpg\"]',NULL,'JE-123-A1-A2',0,19,0,1,0,5,1,0,2461,NULL,NULL,NULL,11.00,10.00,15.00,713.00,NULL,0,'2024-10-31 20:47:35','2024-10-31 20:47:35','in_stock',NULL,0,'Botble\\ACL\\Models\\User',0,NULL,'physical',NULL,NULL,0,0,0,0,NULL),(62,'Almond Butter (Digital)',NULL,NULL,'published','[\"main\\/products\\/product-18.jpg\"]',NULL,'DM-176-A1',0,13,0,1,0,4,1,0,1461,1183.41,NULL,NULL,20.00,19.00,15.00,863.00,NULL,0,'2024-10-31 20:47:35','2024-10-31 20:47:35','in_stock',NULL,0,'Botble\\ACL\\Models\\User',0,NULL,'digital',NULL,NULL,0,0,0,0,NULL),(63,'Almond Butter (Digital)',NULL,NULL,'published','[\"main\\/products\\/product-6.jpg\"]',NULL,'DM-176-A1-A2',0,13,0,1,0,4,1,0,1461,1227.24,NULL,NULL,20.00,19.00,15.00,863.00,NULL,0,'2024-10-31 20:47:35','2024-10-31 20:47:35','in_stock',NULL,0,'Botble\\ACL\\Models\\User',0,NULL,'digital',NULL,NULL,0,0,0,0,NULL);

--
