--
-- Host: 127.0.0.1    Database: shofy
-- ------------------------------------------------------


--
-- Table structure for table `activations`
--

CREATE TABLE `activations` (
  `id` bigint unsigned NOT NULL AUTO_INCREMENT,
  `user_id` bigint unsigned NOT NULL,
  `code` varchar(120) COLLATE utf8mb4_unicode_ci NOT NULL,
  `completed` tinyint(1) NOT NULL DEFAULT '0',
  `completed_at` timestamp NULL DEFAULT NULL,
  `created_at` timestamp NULL DEFAULT NULL,
  `updated_at` timestamp NULL DEFAULT NULL,
  PRIMARY KEY (`id`),
  KEY `activations_user_id_index` (`user_id`)
) ENGINE=InnoDB AUTO_INCREMENT=2 DEFAULT CHARSET=utf8mb4 COLLATE=utf8mb4_unicode_ci;

--
-- Dumping data for table `activations`
--

INSERT INTO `activations` VALUES (1,1,'yUDBVhDHUsdbHw2mBg75kMLkxIuhSgES',1,'2024-10-31 20:46:47','2024-10-31 20:46:47','2024-10-31 20:46:47');

--
-- Table structure for table `admin_notifications`
--

CREATE TABLE `admin_notifications` (
  `id` bigint unsigned NOT NULL AUTO_INCREMENT,
  `title` varchar(191) COLLATE utf8mb4_unicode_ci NOT NULL,
  `action_label` varchar(191) COLLATE utf8mb4_unicode_ci DEFAULT NULL,
  `action_url` varchar(191) COLLATE utf8mb4_unicode_ci DEFAULT NULL,
  `description` varchar(400) COLLATE utf8mb4_unicode_ci DEFAULT NULL,
  `read_at` timestamp NULL DEFAULT NULL,
  `created_at` timestamp NULL DEFAULT NULL,
  `updated_at` timestamp NULL DEFAULT NULL,
  `permission` varchar(191) COLLATE utf8mb4_unicode_ci DEFAULT NULL,
  PRIMARY KEY (`id`)
) ENGINE=InnoDB DEFAULT CHARSET=utf8mb4 COLLATE=utf8mb4_unicode_ci;

--
-- Dumping data for table `admin_notifications`
--


--
-- Table structure for table `ads_translations`
--

CREATE TABLE `ads_translations` (
  `lang_code` varchar(191) COLLATE utf8mb4_unicode_ci NOT NULL,
  `ads_id` bigint unsigned NOT NULL,
  `name` varchar(191) COLLATE utf8mb4_unicode_ci DEFAULT NULL,
  `image` varchar(191) COLLATE utf8mb4_unicode_ci DEFAULT NULL,
  `url` varchar(191) COLLATE utf8mb4_unicode_ci DEFAULT NULL,
  PRIMARY KEY (`lang_code`,`ads_id`)
) ENGINE=InnoDB DEFAULT CHARSET=utf8mb4 COLLATE=utf8mb4_unicode_ci;

--
-- Dumping data for table `ads_translations`
--


--
-- Table structure for table `announcements`
--

CREATE TABLE `announcements` (
  `id` bigint unsigned NOT NULL AUTO_INCREMENT,
  `name` varchar(191) COLLATE utf8mb4_unicode_ci NOT NULL,
  `content` text COLLATE utf8mb4_unicode_ci NOT NULL,
  `has_action` tinyint(1) NOT NULL DEFAULT '0',
  `action_label` varchar(60) COLLATE utf8mb4_unicode_ci DEFAULT NULL,
  `action_url` varchar(400) COLLATE utf8mb4_unicode_ci DEFAULT NULL,
  `action_open_new_tab` tinyint(1) NOT NULL DEFAULT '0',
  `dismissible` tinyint(1) NOT NULL DEFAULT '0',
  `start_date` datetime DEFAULT NULL,
  `end_date` datetime DEFAULT NULL,
  `is_active` tinyint(1) NOT NULL DEFAULT '1',
  `created_at` timestamp NULL DEFAULT NULL,
  `updated_at` timestamp NULL DEFAULT NULL,
  PRIMARY KEY (`id`)
) ENGINE=InnoDB AUTO_INCREMENT=4 DEFAULT CHARSET=utf8mb4 COLLATE=utf8mb4_unicode_ci;

--
-- Dumping data for table `announcements`
--

INSERT INTO `announcements` VALUES (1,'Announcement 1','Enjoy free shipping on all orders over $99! Shop now and save on delivery costs.',0,NULL,NULL,0,1,'2024-11-01 03:46:56',NULL,1,'2024-10-31 20:46:56','2024-10-31 20:46:56'),(2,'Announcement 2','Need assistance? Our customer support is available 24/7 to help you with any questions or concerns.',0,NULL,NULL,0,1,'2024-11-01 03:46:56',NULL,1,'2024-10-31 20:46:56','2024-10-31 20:46:56'),(3,'Announcement 3','Shop with confidence! We offer a hassle-free 30 days return service for your peace of mind.',0,NULL,NULL,0,1,'2024-11-01 03:46:56',NULL,1,'2024-10-31 20:46:56','2024-10-31 20:46:56');

--
-- Table structure for table `announcements_translations`
--

CREATE TABLE `announcements_translations` (
  `lang_code` varchar(191) COLLATE utf8mb4_unicode_ci NOT NULL,
  `announcements_id` bigint unsigned NOT NULL,
  `content` text COLLATE utf8mb4_unicode_ci,
  PRIMARY KEY (`lang_code`,`announcements_id`)
) ENGINE=InnoDB DEFAULT CHARSET=utf8mb4 COLLATE=utf8mb4_unicode_ci;

--
-- Dumping data for table `announcements_translations`
--


--
-- Table structure for table `audit_histories`
--

CREATE TABLE `audit_histories` (
  `id` bigint unsigned NOT NULL AUTO_INCREMENT,
  `user_id` bigint unsigned NOT NULL,
  `module` varchar(60) COLLATE utf8mb4_unicode_ci NOT NULL,
  `request` longtext COLLATE utf8mb4_unicode_ci,
  `action` varchar(120) COLLATE utf8mb4_unicode_ci NOT NULL,
  `user_agent` text COLLATE utf8mb4_unicode_ci,
  `ip_address` varchar(45) COLLATE utf8mb4_unicode_ci DEFAULT NULL,
  `reference_user` bigint unsigned NOT NULL,
  `reference_id` bigint unsigned NOT NULL,
  `reference_name` varchar(191) COLLATE utf8mb4_unicode_ci NOT NULL,
  `type` varchar(20) COLLATE utf8mb4_unicode_ci NOT NULL,
  `created_at` timestamp NULL DEFAULT NULL,
  `updated_at` timestamp NULL DEFAULT NULL,
  PRIMARY KEY (`id`),
  KEY `audit_histories_user_id_index` (`user_id`),
  KEY `audit_histories_module_index` (`module`)
) ENGINE=InnoDB DEFAULT CHARSET=utf8mb4 COLLATE=utf8mb4_unicode_ci;

--
-- Dumping data for table `audit_histories`
--


--
-- Table structure for table `categories`
--

CREATE TABLE `categories` (
  `id` bigint unsigned NOT NULL AUTO_INCREMENT,
  `name` varchar(120) COLLATE utf8mb4_unicode_ci NOT NULL,
  `parent_id` bigint unsigned NOT NULL DEFAULT '0',
  `description` varchar(400) COLLATE utf8mb4_unicode_ci DEFAULT NULL,
  `status` varchar(60) COLLATE utf8mb4_unicode_ci NOT NULL DEFAULT 'published',
  `author_id` bigint unsigned DEFAULT NULL,
  `author_type` varchar(191) COLLATE utf8mb4_unicode_ci NOT NULL DEFAULT 'Botble\\ACL\\Models\\User',
  `icon` varchar(60) COLLATE utf8mb4_unicode_ci DEFAULT NULL,
  `order` int unsigned NOT NULL DEFAULT '0',
  `is_featured` tinyint NOT NULL DEFAULT '0',
  `is_default` tinyint unsigned NOT NULL DEFAULT '0',
  `created_at` timestamp NULL DEFAULT NULL,
  `updated_at` timestamp NULL DEFAULT NULL,
  PRIMARY KEY (`id`),
  KEY `categories_parent_id_index` (`parent_id`),
  KEY `categories_status_index` (`status`),
  KEY `categories_created_at_index` (`created_at`)
) ENGINE=InnoDB AUTO_INCREMENT=7 DEFAULT CHARSET=utf8mb4 COLLATE=utf8mb4_unicode_ci;

--
-- Dumping data for table `categories`
--

INSERT INTO `categories` VALUES (1,'Crisp Bread &amp; Cake',0,'Beatae enim rerum excepturi praesentium qui. Nisi voluptas dolores similique perferendis illo ipsum. Assumenda ut minima corrupti aut iure.','published',1,'Botble\\ACL\\Models\\User',NULL,0,0,0,'2024-10-31 20:46:52','2024-10-31 20:46:52'),(2,'Fashion',0,'Aut quod ut distinctio rem aut velit. Nulla libero voluptatem rerum voluptas sunt alias. Rerum repellendus impedit sit aut expedita quos.','published',1,'Botble\\ACL\\Models\\User',NULL,0,1,0,'2024-10-31 20:46:52','2024-10-31 20:46:52'),(3,'Electronic',0,'Nemo at et nostrum. Eligendi dolorum rerum fuga harum pariatur quasi quia. Recusandae nisi amet tempora error unde. Expedita odio tempora dolore omnis. Et quod est aperiam consequatur cupiditate ut.','published',1,'Botble\\ACL\\Models\\User',NULL,0,1,0,'2024-10-31 20:46:52','2024-10-31 20:46:52'),(4,'Commercial',0,'Qui aut aut totam dolores. Aspernatur minus ut molestias beatae. Dolor et voluptatem enim est voluptas nobis ex.','published',1,'Botble\\ACL\\Models\\User',NULL,0,1,0,'2024-10-31 20:46:52','2024-10-31 20:46:52'),(5,'Organic Fruits',0,'Voluptatem similique quasi et expedita. Voluptas itaque non dolorum mollitia. Odit aut molestiae nostrum nobis omnis ullam qui error.','published',1,'Botble\\ACL\\Models\\User',NULL,0,1,0,'2024-10-31 20:46:52','2024-10-31 20:46:52'),(6,'Ecological',0,'Ipsam et molestiae occaecati. Et totam corporis odio quisquam voluptas. Fuga dicta dolorem ut dolore iure hic non.','published',1,'Botble\\ACL\\Models\\User',NULL,0,1,0,'2024-10-31 20:46:52','2024-10-31 20:46:52');

--
-- Table structure for table `categories_translations`
--

CREATE TABLE `categories_translations` (
  `lang_code` varchar(20) COLLATE utf8mb4_unicode_ci NOT NULL,
  `categories_id` bigint unsigned NOT NULL,
  `name` varchar(191) COLLATE utf8mb4_unicode_ci DEFAULT NULL,
  `description` varchar(400) COLLATE utf8mb4_unicode_ci DEFAULT NULL,
  PRIMARY KEY (`lang_code`,`categories_id`)
) ENGINE=InnoDB DEFAULT CHARSET=utf8mb4 COLLATE=utf8mb4_unicode_ci;

--
-- Dumping data for table `categories_translations`
--


--
-- Table structure for table `cities`
--

CREATE TABLE `cities` (
  `id` bigint unsigned NOT NULL AUTO_INCREMENT,
  `name` varchar(120) COLLATE utf8mb4_unicode_ci NOT NULL,
  `slug` varchar(120) COLLATE utf8mb4_unicode_ci DEFAULT NULL,
  `state_id` bigint unsigned DEFAULT NULL,
  `country_id` bigint unsigned DEFAULT NULL,
  `record_id` varchar(40) COLLATE utf8mb4_unicode_ci DEFAULT NULL,
  `order` tinyint NOT NULL DEFAULT '0',
  `image` varchar(191) COLLATE utf8mb4_unicode_ci DEFAULT NULL,
  `is_default` tinyint unsigned NOT NULL DEFAULT '0',
  `status` varchar(60) COLLATE utf8mb4_unicode_ci NOT NULL DEFAULT 'published',
  `created_at` timestamp NULL DEFAULT NULL,
  `updated_at` timestamp NULL DEFAULT NULL,
  PRIMARY KEY (`id`),
  UNIQUE KEY `cities_slug_unique` (`slug`)
) ENGINE=InnoDB DEFAULT CHARSET=utf8mb4 COLLATE=utf8mb4_unicode_ci;

--
-- Dumping data for table `cities`
--


--
-- Table structure for table `cities_translations`
--

CREATE TABLE `cities_translations` (
  `lang_code` varchar(20) COLLATE utf8mb4_unicode_ci NOT NULL,
  `cities_id` bigint unsigned NOT NULL,
  `name` varchar(120) COLLATE utf8mb4_unicode_ci DEFAULT NULL,
  `slug` varchar(120) COLLATE utf8mb4_unicode_ci DEFAULT NULL,
  PRIMARY KEY (`lang_code`,`cities_id`)
) ENGINE=InnoDB DEFAULT CHARSET=utf8mb4 COLLATE=utf8mb4_unicode_ci;

--
-- Dumping data for table `cities_translations`
--


--
-- Table structure for table `contact_custom_field_options`
--

CREATE TABLE `contact_custom_field_options` (
  `id` bigint unsigned NOT NULL AUTO_INCREMENT,
  `custom_field_id` bigint unsigned NOT NULL,
  `label` varchar(191) COLLATE utf8mb4_unicode_ci DEFAULT NULL,
  `value` varchar(191) COLLATE utf8mb4_unicode_ci NOT NULL,
  `order` int NOT NULL DEFAULT '999',
  `created_at` timestamp NULL DEFAULT NULL,
  `updated_at` timestamp NULL DEFAULT NULL,
  PRIMARY KEY (`id`)
) ENGINE=InnoDB DEFAULT CHARSET=utf8mb4 COLLATE=utf8mb4_unicode_ci;

--
-- Dumping data for table `contact_custom_field_options`
--


--
-- Table structure for table `contact_custom_field_options_translations`
--

CREATE TABLE `contact_custom_field_options_translations` (
  `contact_custom_field_options_id` bigint unsigned NOT NULL,
  `lang_code` varchar(191) COLLATE utf8mb4_unicode_ci NOT NULL,
  `label` varchar(191) COLLATE utf8mb4_unicode_ci DEFAULT NULL,
  `value` varchar(191) COLLATE utf8mb4_unicode_ci DEFAULT NULL,
  PRIMARY KEY (`lang_code`,`contact_custom_field_options_id`)
) ENGINE=InnoDB DEFAULT CHARSET=utf8mb4 COLLATE=utf8mb4_unicode_ci;

--
-- Dumping data for table `contact_custom_field_options_translations`
--


--
-- Table structure for table `contact_custom_fields`
--

CREATE TABLE `contact_custom_fields` (
  `id` bigint unsigned NOT NULL AUTO_INCREMENT,
  `type` varchar(191) COLLATE utf8mb4_unicode_ci NOT NULL,
  `required` tinyint(1) NOT NULL DEFAULT '0',
  `name` varchar(191) COLLATE utf8mb4_unicode_ci NOT NULL,
  `placeholder` varchar(191) COLLATE utf8mb4_unicode_ci DEFAULT NULL,
  `order` int NOT NULL DEFAULT '999',
  `status` varchar(191) COLLATE utf8mb4_unicode_ci NOT NULL DEFAULT 'published',
  `created_at` timestamp NULL DEFAULT NULL,
  `updated_at` timestamp NULL DEFAULT NULL,
  PRIMARY KEY (`id`)
) ENGINE=InnoDB DEFAULT CHARSET=utf8mb4 COLLATE=utf8mb4_unicode_ci;

--
-- Dumping data for table `contact_custom_fields`
--


--
-- Table structure for table `contact_custom_fields_translations`
--

CREATE TABLE `contact_custom_fields_translations` (
  `contact_custom_fields_id` bigint unsigned NOT NULL,
  `lang_code` varchar(191) COLLATE utf8mb4_unicode_ci NOT NULL,
  `name` varchar(191) COLLATE utf8mb4_unicode_ci DEFAULT NULL,
  `placeholder` varchar(191) COLLATE utf8mb4_unicode_ci DEFAULT NULL,
  PRIMARY KEY (`lang_code`,`contact_custom_fields_id`)
) ENGINE=InnoDB DEFAULT CHARSET=utf8mb4 COLLATE=utf8mb4_unicode_ci;

--
-- Dumping data for table `contact_custom_fields_translations`
--


--
-- Table structure for table `contact_replies`
--

CREATE TABLE `contact_replies` (
  `id` bigint unsigned NOT NULL AUTO_INCREMENT,
  `message` longtext COLLATE utf8mb4_unicode_ci NOT NULL,
  `contact_id` bigint unsigned NOT NULL,
  `created_at` timestamp NULL DEFAULT NULL,
  `updated_at` timestamp NULL DEFAULT NULL,
  PRIMARY KEY (`id`)
) ENGINE=InnoDB DEFAULT CHARSET=utf8mb4 COLLATE=utf8mb4_unicode_ci;

--
-- Dumping data for table `contact_replies`
--


--
-- Table structure for table `contacts`
--

CREATE TABLE `contacts` (
  `id` bigint unsigned NOT NULL AUTO_INCREMENT,
  `name` varchar(60) COLLATE utf8mb4_unicode_ci NOT NULL,
  `email` varchar(60) COLLATE utf8mb4_unicode_ci DEFAULT NULL,
  `phone` varchar(60) COLLATE utf8mb4_unicode_ci DEFAULT NULL,
  `address` varchar(120) COLLATE utf8mb4_unicode_ci DEFAULT NULL,
  `subject` varchar(120) COLLATE utf8mb4_unicode_ci DEFAULT NULL,
  `content` longtext COLLATE utf8mb4_unicode_ci NOT NULL,
  `custom_fields` text COLLATE utf8mb4_unicode_ci,
  `status` varchar(60) COLLATE utf8mb4_unicode_ci NOT NULL DEFAULT 'unread',
  `created_at` timestamp NULL DEFAULT NULL,
  `updated_at` timestamp NULL DEFAULT NULL,
  PRIMARY KEY (`id`)
) ENGINE=InnoDB AUTO_INCREMENT=11 DEFAULT CHARSET=utf8mb4 COLLATE=utf8mb4_unicode_ci;

--
-- Dumping data for table `contacts`
--

INSERT INTO `contacts` VALUES (1,'Samir Maggio','berge.angelica@example.org','386-726-8514','2586 Litzy Islands\nSchusterbury, AK 07579','Et nihil consequatur eum id quo fuga.','Inventore quisquam eveniet repudiandae tenetur corporis necessitatibus omnis numquam. Incidunt est modi est aut. Porro accusantium et sunt inventore sed reiciendis. Ullam reiciendis exercitationem magnam placeat perferendis eum. Deleniti ipsa aut dolorum officia cumque. Eos praesentium doloribus sit sit neque qui minima. Sequi aut pariatur est et quidem eos. Inventore saepe quibusdam et.',NULL,'unread','2024-10-31 20:46:51','2024-10-31 20:46:51'),(2,'Prof. Eino Leffler','aliza.little@example.org','534-895-3260','465 Collins Underpass Apt. 070\nTorreystad, AL 28339-2314','Ratione est eum aut.','Sint eveniet blanditiis molestiae qui. Pariatur ut aut illo rerum architecto ut eos. Nam modi culpa molestiae nostrum nisi facilis. Est iure minima doloremque debitis sit doloribus est. Quo non consequuntur blanditiis aliquam vel aut sed. Magni qui doloremque debitis quis. Voluptatibus voluptates ipsam quisquam ut consequuntur. Modi in non occaecati enim in adipisci. Fugit eveniet dolor nesciunt aut. Harum quo et aut unde blanditiis in.',NULL,'unread','2024-10-31 20:46:51','2024-10-31 20:46:51'),(3,'Kole Friesen','linnea.zboncak@example.com','+1-646-771-1486','33319 Rippin Well Apt. 638\nWizaborough, TX 72678-8024','Ducimus molestiae tenetur enim et.','Itaque ratione amet nemo soluta atque alias. Sint sed aspernatur unde. Et non alias error sunt consequatur sunt. Tempore doloremque consequuntur officiis amet voluptatem distinctio debitis. Inventore ut autem porro et eum voluptas. Ut ut esse ipsam corporis velit corrupti. Rerum est optio neque harum quo hic. Animi quo velit ad et et cum. Quo officiis dicta cupiditate. Et eveniet animi hic autem ut est quidem dolorem. Minus accusamus a facere enim.',NULL,'read','2024-10-31 20:46:51','2024-10-31 20:46:51'),(4,'Aryanna Daniel','hermina.kirlin@example.org','+1.520.685.1729','4469 Rath Dale\nWest Maxine, CT 64510-6370','Deserunt et ut nihil nobis.','Vitae autem omnis aspernatur velit. Quibusdam commodi doloribus vel nesciunt. Quasi tenetur earum rerum voluptatem incidunt iste atque. Dicta fuga assumenda eius excepturi. Deleniti aut ea enim aliquid et. Eaque pariatur ea ut est et vitae odio eos. Vel nihil quidem deserunt maxime sunt. Debitis rerum dolorem nostrum mollitia eius pariatur soluta. Placeat quam officia quibusdam. Provident eius qui soluta qui illo autem nemo aspernatur.',NULL,'unread','2024-10-31 20:46:51','2024-10-31 20:46:51'),(5,'Prof. Rickey Okuneva V','wcruickshank@example.org','+1 (726) 918-1777','598 Stroman Groves\nNew Daijaland, MT 98015','Repellendus nostrum aut ipsum porro sunt nobis.','Et itaque sed fuga exercitationem inventore. Architecto dolores vel enim non necessitatibus. Aut similique dolorem blanditiis quod quidem aliquid et delectus. Voluptatem enim rem ut dolorum. Neque ad fugiat dolorum dolor. Vitae architecto molestiae provident ratione in delectus. Est sequi amet occaecati voluptas. Nesciunt non et tempora debitis. Eos consequuntur cumque temporibus qui beatae iure ut.',NULL,'read','2024-10-31 20:46:51','2024-10-31 20:46:51'),(6,'Dr. Horace Pfannerstill V','mohamed59@example.net','856-948-5589','51938 Krystina Expressway Apt. 033\nNorth Kalifort, NV 96671','Quos placeat sed est dignissimos.','Adipisci et similique laudantium provident quod. Et incidunt et quisquam consectetur nihil nemo quia. Sint libero quaerat eum. In delectus similique et qui repellat. Porro quo rem ipsum ipsam. Error quas nam mollitia ipsa quae nulla quibusdam. Voluptatem aliquam mollitia quam harum et hic aut. Tenetur quia eius sit voluptate ullam sint voluptas. Eaque quaerat voluptatibus quidem quo.',NULL,'read','2024-10-31 20:46:51','2024-10-31 20:46:51'),(7,'Sophia Hills I','deonte.johnston@example.com','(458) 826-0934','6451 Gillian Alley\nNew Marcelomouth, NV 69128','Vel ea aut ea rerum aut dolor ratione.','Officiis voluptatem blanditiis velit tenetur saepe culpa est in. Id quo laboriosam et et tenetur sunt unde. Voluptas voluptates quis qui. Iure commodi molestias consectetur est culpa. Libero ad et doloremque. Porro deserunt ut mollitia illo natus enim id. Et quas quidem sit pariatur aspernatur nobis. Tempora minus sed enim ipsa sed beatae amet nemo. Placeat ab autem iure. Tempora deserunt cum enim.',NULL,'read','2024-10-31 20:46:51','2024-10-31 20:46:51'),(8,'Mr. Gay Hartmann','kayli.king@example.com','+1.847.686.1017','4093 Borer Lakes\nNew Jaden, TN 27162-9885','Ut adipisci labore explicabo ipsa distinctio.','Labore commodi laboriosam id quos optio. Exercitationem omnis eveniet cum nam dolores. Quia cupiditate natus quia veritatis. Assumenda itaque dolorum temporibus. Ullam et soluta doloribus. Sed libero voluptatem deserunt at iste. In consectetur fugiat nobis non qui. Quae inventore distinctio ea sed eum asperiores. Sed accusamus architecto sint aut dolorem earum et. Sapiente alias tempora cumque facere minima error. Excepturi aperiam eos id sit cumque omnis vero.',NULL,'unread','2024-10-31 20:46:51','2024-10-31 20:46:51'),(9,'Lynn Harber','boris79@example.net','+1-757-784-1245','367 Richard Springs Apt. 972\nNorwoodshire, WI 52142','Qui ut odit omnis libero sed.','Sint atque velit eos harum placeat est. At animi sunt qui voluptatem velit exercitationem praesentium. Corporis nihil nemo illum eveniet. Id dolore non cumque deserunt esse voluptatem. Omnis aut ab et dolore ipsa at eos recusandae. Illo voluptatem facere et est maxime consequuntur.',NULL,'unread','2024-10-31 20:46:51','2024-10-31 20:46:51'),(10,'Mose Ryan','israel.zboncak@example.org','+1-952-285-3660','190 Shanny Way\nKiehnland, ME 92964-9714','Id cumque quia nemo quo maxime.','Aut quia sed consequatur accusantium. Dolorem rerum pariatur veritatis hic unde vel sit. A sed reprehenderit quia qui. Ut et perferendis quae inventore porro quasi cupiditate. Recusandae omnis hic suscipit consequatur cupiditate qui. Quia earum non delectus voluptas. Iusto ut omnis autem qui. Fugit perferendis qui delectus neque. Aut qui sed quis illo autem similique nobis.',NULL,'unread','2024-10-31 20:46:51','2024-10-31 20:46:51');

--
-- Table structure for table `countries`
--

CREATE TABLE `countries` (
  `id` bigint unsigned NOT NULL AUTO_INCREMENT,
  `name` varchar(120) COLLATE utf8mb4_unicode_ci NOT NULL,
  `nationality` varchar(120) COLLATE utf8mb4_unicode_ci DEFAULT NULL,
  `order` tinyint NOT NULL DEFAULT '0',
  `image` varchar(191) COLLATE utf8mb4_unicode_ci DEFAULT NULL,
  `is_default` tinyint unsigned NOT NULL DEFAULT '0',
  `status` varchar(60) COLLATE utf8mb4_unicode_ci NOT NULL DEFAULT 'published',
  `created_at` timestamp NULL DEFAULT NULL,
  `updated_at` timestamp NULL DEFAULT NULL,
  `code` varchar(10) COLLATE utf8mb4_unicode_ci DEFAULT NULL,
  PRIMARY KEY (`id`)
) ENGINE=InnoDB DEFAULT CHARSET=utf8mb4 COLLATE=utf8mb4_unicode_ci;

--
-- Dumping data for table `countries`
--


--
-- Table structure for table `countries_translations`
--

CREATE TABLE `countries_translations` (
  `lang_code` varchar(20) COLLATE utf8mb4_unicode_ci NOT NULL,
  `countries_id` bigint unsigned NOT NULL,
  `name` varchar(120) COLLATE utf8mb4_unicode_ci DEFAULT NULL,
  `nationality` varchar(120) COLLATE utf8mb4_unicode_ci DEFAULT NULL,
  PRIMARY KEY (`lang_code`,`countries_id`)
) ENGINE=InnoDB DEFAULT CHARSET=utf8mb4 COLLATE=utf8mb4_unicode_ci;

--
-- Dumping data for table `countries_translations`
--


--
-- Table structure for table `dashboard_widget_settings`
--

CREATE TABLE `dashboard_widget_settings` (
  `id` bigint unsigned NOT NULL AUTO_INCREMENT,
  `settings` text COLLATE utf8mb4_unicode_ci,
  `user_id` bigint unsigned NOT NULL,
  `widget_id` bigint unsigned NOT NULL,
  `order` tinyint unsigned NOT NULL DEFAULT '0',
  `status` tinyint unsigned NOT NULL DEFAULT '1',
  `created_at` timestamp NULL DEFAULT NULL,
  `updated_at` timestamp NULL DEFAULT NULL,
  PRIMARY KEY (`id`),
  KEY `dashboard_widget_settings_user_id_index` (`user_id`),
  KEY `dashboard_widget_settings_widget_id_index` (`widget_id`)
) ENGINE=InnoDB DEFAULT CHARSET=utf8mb4 COLLATE=utf8mb4_unicode_ci;

--
-- Dumping data for table `dashboard_widget_settings`
--


--
-- Table structure for table `dashboard_widgets`
--

CREATE TABLE `dashboard_widgets` (
  `id` bigint unsigned NOT NULL AUTO_INCREMENT,
  `name` varchar(120) COLLATE utf8mb4_unicode_ci NOT NULL,
  `created_at` timestamp NULL DEFAULT NULL,
  `updated_at` timestamp NULL DEFAULT NULL,
  PRIMARY KEY (`id`)
) ENGINE=InnoDB DEFAULT CHARSET=utf8mb4 COLLATE=utf8mb4_unicode_ci;

--
-- Dumping data for table `dashboard_widgets`
--


--
-- Table structure for table `ec_brands`
--

CREATE TABLE `ec_brands` (
  `id` bigint unsigned NOT NULL AUTO_INCREMENT,
  `name` varchar(191) COLLATE utf8mb4_unicode_ci NOT NULL,
  `description` mediumtext COLLATE utf8mb4_unicode_ci,
  `website` varchar(191) COLLATE utf8mb4_unicode_ci DEFAULT NULL,
  `logo` varchar(191) COLLATE utf8mb4_unicode_ci DEFAULT NULL,
  `status` varchar(60) COLLATE utf8mb4_unicode_ci NOT NULL DEFAULT 'published',
  `order` tinyint unsigned NOT NULL DEFAULT '0',
  `is_featured` tinyint unsigned NOT NULL DEFAULT '0',
  `created_at` timestamp NULL DEFAULT NULL,
  `updated_at` timestamp NULL DEFAULT NULL,
  PRIMARY KEY (`id`)
) ENGINE=InnoDB AUTO_INCREMENT=6 DEFAULT CHARSET=utf8mb4 COLLATE=utf8mb4_unicode_ci;

--
-- Dumping data for table `ec_brands`
--

INSERT INTO `ec_brands` VALUES (1,'FoodPound','New Snacks Release',NULL,'main/brands/1.png','published',0,1,'2024-10-31 20:46:47','2024-10-31 20:46:47'),(2,'iTea JSC','Happy Tea 100% Organic. From $29.9',NULL,'main/brands/2.png','published',1,1,'2024-10-31 20:46:47','2024-10-31 20:46:47'),(3,'Soda Brand','Fresh Meat Sausage. BUY 2 GET 1!',NULL,'main/brands/3.png','published',2,1,'2024-10-31 20:46:47','2024-10-31 20:46:47'),(4,'Shofy','Fresh Meat Sausage. BUY 2 GET 1!',NULL,'main/brands/4.png','published',3,1,'2024-10-31 20:46:47','2024-10-31 20:46:47'),(5,'Soda Brand','Fresh Meat Sausage. BUY 2 GET 1!',NULL,'main/brands/5.png','published',4,1,'2024-10-31 20:46:47','2024-10-31 20:46:47');

--
-- Table structure for table `ec_brands_translations`
--

CREATE TABLE `ec_brands_translations` (
  `lang_code` varchar(191) COLLATE utf8mb4_unicode_ci NOT NULL,
  `ec_brands_id` bigint unsigned NOT NULL,
  `name` varchar(191) COLLATE utf8mb4_unicode_ci DEFAULT NULL,
  `description` mediumtext COLLATE utf8mb4_unicode_ci,
  PRIMARY KEY (`lang_code`,`ec_brands_id`)
) ENGINE=InnoDB DEFAULT CHARSET=utf8mb4 COLLATE=utf8mb4_unicode_ci;

--
-- Dumping data for table `ec_brands_translations`
--


--
-- Table structure for table `ec_cart`
--

CREATE TABLE `ec_cart` (
  `identifier` varchar(60) COLLATE utf8mb4_unicode_ci NOT NULL,
  `instance` varchar(60) COLLATE utf8mb4_unicode_ci NOT NULL,
  `content` longtext COLLATE utf8mb4_unicode_ci NOT NULL,
  `created_at` timestamp NULL DEFAULT NULL,
  `updated_at` timestamp NULL DEFAULT NULL,
  PRIMARY KEY (`identifier`,`instance`)
) ENGINE=InnoDB DEFAULT CHARSET=utf8mb4 COLLATE=utf8mb4_unicode_ci;

--
-- Dumping data for table `ec_cart`
--


--
-- Table structure for table `ec_currencies`
--

CREATE TABLE `ec_currencies` (
  `id` bigint unsigned NOT NULL AUTO_INCREMENT,
  `title` varchar(191) COLLATE utf8mb4_unicode_ci NOT NULL,
  `symbol` varchar(10) COLLATE utf8mb4_unicode_ci NOT NULL,
  `is_prefix_symbol` tinyint unsigned NOT NULL DEFAULT '0',
  `decimals` tinyint unsigned DEFAULT '0',
  `order` int unsigned DEFAULT '0',
  `is_default` tinyint NOT NULL DEFAULT '0',
  `exchange_rate` double NOT NULL DEFAULT '1',
  `created_at` timestamp NULL DEFAULT NULL,
  `updated_at` timestamp NULL DEFAULT NULL,
  PRIMARY KEY (`id`)
) ENGINE=InnoDB AUTO_INCREMENT=5 DEFAULT CHARSET=utf8mb4 COLLATE=utf8mb4_unicode_ci;

--
-- Dumping data for table `ec_currencies`
--

INSERT INTO `ec_currencies` VALUES (1,'USD','$',1,2,0,1,1,'2024-10-31 20:46:47','2024-10-31 20:46:47'),(2,'EUR','€',0,2,1,0,0.84,'2024-10-31 20:46:47','2024-10-31 20:46:47'),(3,'VND','₫',0,0,2,0,23203,'2024-10-31 20:46:47','2024-10-31 20:46:47'),(4,'NGN','₦',1,2,2,0,895.52,'2024-10-31 20:46:47','2024-10-31 20:46:47');

--
-- Table structure for table `ec_customer_addresses`
--

CREATE TABLE `ec_customer_addresses` (
  `id` bigint unsigned NOT NULL AUTO_INCREMENT,
  `name` varchar(191) COLLATE utf8mb4_unicode_ci NOT NULL,
  `email` varchar(60) COLLATE utf8mb4_unicode_ci DEFAULT NULL,
  `phone` varchar(20) COLLATE utf8mb4_unicode_ci DEFAULT NULL,
  `country` varchar(120) COLLATE utf8mb4_unicode_ci DEFAULT NULL,
  `state` varchar(120) COLLATE utf8mb4_unicode_ci DEFAULT NULL,
  `city` varchar(120) COLLATE utf8mb4_unicode_ci DEFAULT NULL,
  `address` varchar(191) COLLATE utf8mb4_unicode_ci DEFAULT NULL,
  `customer_id` bigint unsigned NOT NULL,
  `is_default` tinyint unsigned NOT NULL DEFAULT '0',
  `created_at` timestamp NULL DEFAULT NULL,
  `updated_at` timestamp NULL DEFAULT NULL,
  `zip_code` varchar(20) COLLATE utf8mb4_unicode_ci DEFAULT NULL,
  PRIMARY KEY (`id`)
) ENGINE=InnoDB AUTO_INCREMENT=13 DEFAULT CHARSET=utf8mb4 COLLATE=utf8mb4_unicode_ci;

--
-- Dumping data for table `ec_customer_addresses`
--

INSERT INTO `ec_customer_addresses` VALUES (1,'Prof. Ara Runte','customer@botble.com','+15303346733','KR','Michigan','Marceloton','919 Hershel Cape Suite 829',1,1,'2024-10-31 20:46:48','2024-10-31 20:46:48','81058-4986'),(2,'Prof. Ara Runte','customer@botble.com','+14157692914','CR','California','South Darien','6085 Pouros Vista Apt. 093',1,0,'2024-10-31 20:46:48','2024-10-31 20:46:48','16767'),(3,'Lenora Harber','vendor@botble.com','+18783175300','VE','Kansas','Lake Savionhaven','19320 Ernie Flats',2,1,'2024-10-31 20:46:48','2024-10-31 20:46:48','93462'),(4,'Lenora Harber','vendor@botble.com','+15866878782','JM','Indiana','Connfort','70414 Lourdes Villages',2,0,'2024-10-31 20:46:48','2024-10-31 20:46:48','42321'),(5,'Bridgette Hayes MD','sanford.brady@example.org','+13342828298','CO','Illinois','Wittinghaven','79295 Walsh Canyon',3,1,'2024-10-31 20:46:49','2024-10-31 20:46:49','12388'),(6,'Sallie Crist','jerde.madie@example.org','+19495418968','BY','South Carolina','Baileeport','391 Boyer Ramp Apt. 315',4,1,'2024-10-31 20:46:49','2024-10-31 20:46:49','90228'),(7,'Mr. Keith Larkin','ehaag@example.com','+13157104766','BE','California','Pollichfort','479 Cummings Groves',5,1,'2024-10-31 20:46:49','2024-10-31 20:46:49','31821'),(8,'Heidi O\'Conner','jayden.dietrich@example.com','+14802969835','GF','Hawaii','Kylamouth','10325 Aylin Inlet Suite 167',6,1,'2024-10-31 20:46:50','2024-10-31 20:46:50','56772-0267'),(9,'Hank Zemlak','wgoldner@example.net','+18583274640','GW','Wyoming','Breitenbergmouth','684 Ambrose Fork Apt. 355',7,1,'2024-10-31 20:46:50','2024-10-31 20:46:50','50144-6187'),(10,'Ollie Pfeffer','daugherty.jannie@example.com','+16619501676','VU','Wyoming','Swaniawskifort','97312 Magali Stream',8,1,'2024-10-31 20:46:50','2024-10-31 20:46:50','63242-9422'),(11,'Marcelina Weber','lauretta.ebert@example.com','+19716195803','MP','Maryland','Reichertbury','23204 Myriam Lane Apt. 537',9,1,'2024-10-31 20:46:50','2024-10-31 20:46:50','53468-4804'),(12,'Dr. Darryl Hansen PhD','elwin.schoen@example.net','+15155933429','SY','Alabama','West Rebeccaland','299 Feest Inlet Apt. 603',10,1,'2024-10-31 20:46:51','2024-10-31 20:46:51','30703');

--
-- Table structure for table `ec_customer_deletion_requests`
--

CREATE TABLE `ec_customer_deletion_requests` (
  `id` bigint unsigned NOT NULL AUTO_INCREMENT,
  `customer_id` bigint unsigned NOT NULL,
  `customer_name` varchar(191) COLLATE utf8mb4_unicode_ci DEFAULT NULL,
  `customer_phone` varchar(191) COLLATE utf8mb4_unicode_ci DEFAULT NULL,
  `customer_email` varchar(191) COLLATE utf8mb4_unicode_ci DEFAULT NULL,
  `token` varchar(191) COLLATE utf8mb4_unicode_ci NOT NULL,
  `status` varchar(50) COLLATE utf8mb4_unicode_ci NOT NULL DEFAULT 'waiting_for_confirmation',
  `reason` text COLLATE utf8mb4_unicode_ci,
  `confirmed_at` datetime DEFAULT NULL,
  `created_at` timestamp NULL DEFAULT NULL,
  `updated_at` timestamp NULL DEFAULT NULL,
  PRIMARY KEY (`id`),
  UNIQUE KEY `ec_customer_deletion_requests_token_unique` (`token`)
) ENGINE=InnoDB DEFAULT CHARSET=utf8mb4 COLLATE=utf8mb4_unicode_ci;

--
-- Dumping data for table `ec_customer_deletion_requests`
--


--
-- Table structure for table `ec_customer_password_resets`
--

CREATE TABLE `ec_customer_password_resets` (
  `email` varchar(191) COLLATE utf8mb4_unicode_ci NOT NULL,
  `token` varchar(191) COLLATE utf8mb4_unicode_ci NOT NULL,
  `created_at` timestamp NULL DEFAULT NULL,
  KEY `ec_customer_password_resets_email_index` (`email`),
  KEY `ec_customer_password_resets_token_index` (`token`)
) ENGINE=InnoDB DEFAULT CHARSET=utf8mb4 COLLATE=utf8mb4_unicode_ci;

--
-- Dumping data for table `ec_customer_password_resets`
--


--
-- Table structure for table `ec_customer_recently_viewed_products`
--

CREATE TABLE `ec_customer_recently_viewed_products` (
  `id` bigint unsigned NOT NULL AUTO_INCREMENT,
  `customer_id` bigint unsigned NOT NULL,
  `product_id` bigint unsigned NOT NULL,
  PRIMARY KEY (`id`)
) ENGINE=InnoDB DEFAULT CHARSET=utf8mb4 COLLATE=utf8mb4_unicode_ci;

--
-- Dumping data for table `ec_customer_recently_viewed_products`
--


--
-- Table structure for table `ec_customer_used_coupons`
--

CREATE TABLE `ec_customer_used_coupons` (
  `discount_id` bigint unsigned NOT NULL,
  `customer_id` bigint unsigned NOT NULL,
  PRIMARY KEY (`discount_id`,`customer_id`)
) ENGINE=InnoDB DEFAULT CHARSET=utf8mb4 COLLATE=utf8mb4_unicode_ci;

--
-- Dumping data for table `ec_customer_used_coupons`
--


--
-- Table structure for table `ec_discount_customers`
--

CREATE TABLE `ec_discount_customers` (
  `discount_id` bigint unsigned NOT NULL,
  `customer_id` bigint unsigned NOT NULL,
  PRIMARY KEY (`discount_id`,`customer_id`)
) ENGINE=InnoDB DEFAULT CHARSET=utf8mb4 COLLATE=utf8mb4_unicode_ci;

--
-- Dumping data for table `ec_discount_customers`
--


--
-- Table structure for table `ec_discount_product_categories`
--

CREATE TABLE `ec_discount_product_categories` (
  `discount_id` bigint unsigned NOT NULL,
  `product_category_id` bigint unsigned NOT NULL,
  PRIMARY KEY (`discount_id`,`product_category_id`)
) ENGINE=InnoDB DEFAULT CHARSET=utf8mb4 COLLATE=utf8mb4_unicode_ci;

--
-- Dumping data for table `ec_discount_product_categories`
--


--
-- Table structure for table `ec_discount_product_collections`
--

CREATE TABLE `ec_discount_product_collections` (
  `discount_id` bigint unsigned NOT NULL,
  `product_collection_id` bigint unsigned NOT NULL,
  PRIMARY KEY (`discount_id`,`product_collection_id`)
) ENGINE=InnoDB DEFAULT CHARSET=utf8mb4 COLLATE=utf8mb4_unicode_ci;

--
-- Dumping data for table `ec_discount_product_collections`
--


--
-- Table structure for table `ec_discount_products`
--

CREATE TABLE `ec_discount_products` (
  `discount_id` bigint unsigned NOT NULL,
  `product_id` bigint unsigned NOT NULL,
  PRIMARY KEY (`discount_id`,`product_id`)
) ENGINE=InnoDB DEFAULT CHARSET=utf8mb4 COLLATE=utf8mb4_unicode_ci;

--
-- Dumping data for table `ec_discount_products`
--


--
-- Table structure for table `ec_discounts`
--

CREATE TABLE `ec_discounts` (
  `id` bigint unsigned NOT NULL AUTO_INCREMENT,
  `title` varchar(120) COLLATE utf8mb4_unicode_ci DEFAULT NULL,
  `code` varchar(20) COLLATE utf8mb4_unicode_ci DEFAULT NULL,
  `start_date` datetime DEFAULT NULL,
  `end_date` datetime DEFAULT NULL,
  `quantity` int DEFAULT NULL,
  `total_used` int unsigned NOT NULL DEFAULT '0',
  `value` double DEFAULT NULL,
  `type` varchar(60) COLLATE utf8mb4_unicode_ci DEFAULT 'coupon',
  `can_use_with_promotion` tinyint(1) NOT NULL DEFAULT '0',
  `can_use_with_flash_sale` tinyint(1) NOT NULL DEFAULT '0',
  `discount_on` varchar(20) COLLATE utf8mb4_unicode_ci DEFAULT NULL,
  `product_quantity` int unsigned DEFAULT NULL,
  `type_option` varchar(100) COLLATE utf8mb4_unicode_ci NOT NULL DEFAULT 'amount',
  `target` varchar(100) COLLATE utf8mb4_unicode_ci NOT NULL DEFAULT 'all-orders',
  `min_order_price` decimal(15,2) DEFAULT NULL,
  `apply_via_url` tinyint(1) NOT NULL DEFAULT '0',
  `display_at_checkout` tinyint(1) NOT NULL DEFAULT '0',
  `created_at` timestamp NULL DEFAULT NULL,
  `updated_at` timestamp NULL DEFAULT NULL,
  `store_id` bigint unsigned DEFAULT NULL,
  `description` varchar(400) COLLATE utf8mb4_unicode_ci DEFAULT NULL,
  PRIMARY KEY (`id`),
  UNIQUE KEY `ec_discounts_code_unique` (`code`)
) ENGINE=InnoDB AUTO_INCREMENT=11 DEFAULT CHARSET=utf8mb4 COLLATE=utf8mb4_unicode_ci;

--
-- Dumping data for table `ec_discounts`
--

INSERT INTO `ec_discounts` VALUES (1,'Discount 1','YULQKOT5EM3X','2024-10-31 03:46:52',NULL,NULL,0,401,'coupon',0,0,NULL,NULL,'amount','all-orders',NULL,0,1,'2024-10-31 20:46:52','2024-10-31 20:46:52',NULL,NULL),(2,'Discount 2','TZBRJ426LE0L','2024-10-31 03:46:52','2024-11-30 03:46:52',NULL,0,40,'coupon',0,0,NULL,NULL,'percentage','all-orders',NULL,0,1,'2024-10-31 20:46:52','2024-10-31 20:46:52',NULL,NULL),(3,'Discount 3','DGENNOWFFOXW','2024-10-31 03:46:52','2024-11-02 03:46:52',NULL,0,569,'coupon',0,0,NULL,NULL,'same-price','all-orders',NULL,0,1,'2024-10-31 20:46:52','2024-10-31 20:46:52',NULL,NULL),(4,'Discount 4','QAKTXNYIMYEZ','2024-10-31 03:46:52',NULL,NULL,0,725,'coupon',0,0,NULL,NULL,'amount','all-orders',NULL,0,1,'2024-10-31 20:46:52','2024-10-31 20:46:52',NULL,NULL),(5,'Discount 5','1TASBWFJYI92','2024-10-31 03:46:52','2024-11-28 03:46:52',NULL,0,355,'coupon',0,0,NULL,NULL,'same-price','all-orders',NULL,0,1,'2024-10-31 20:46:52','2024-10-31 20:46:52',NULL,NULL),(6,'Discount 6','319ECRO40LDD','2024-10-31 03:46:52','2024-11-08 03:46:52',NULL,0,202,'coupon',0,0,NULL,NULL,'shipping','all-orders',NULL,0,1,'2024-10-31 20:46:52','2024-10-31 20:46:52',NULL,NULL),(7,'Discount 7','6B8B8UZRRFDK','2024-10-31 03:46:52',NULL,NULL,0,487,'coupon',0,0,NULL,NULL,'same-price','all-orders',NULL,0,1,'2024-10-31 20:46:52','2024-10-31 20:46:52',NULL,NULL),(8,'Discount 8','FE78VTNEDRY4','2024-10-31 03:46:52','2024-11-21 03:46:52',NULL,0,662,'coupon',0,0,NULL,NULL,'shipping','all-orders',NULL,0,1,'2024-10-31 20:46:52','2024-10-31 20:46:52',NULL,NULL),(9,'Discount 9','EEGAYNUFPKD8','2024-10-31 03:46:52','2024-11-20 03:46:52',NULL,0,572,'coupon',0,0,NULL,NULL,'shipping','all-orders',NULL,0,1,'2024-10-31 20:46:52','2024-10-31 20:46:52',NULL,NULL),(10,'Discount 10','K1YXSUX5WQV8','2024-10-31 03:46:52',NULL,NULL,0,637,'coupon',0,0,NULL,NULL,'amount','all-orders',NULL,0,1,'2024-10-31 20:46:52','2024-10-31 20:46:52',NULL,NULL);

--
-- Table structure for table `ec_flash_sale_products`
--

CREATE TABLE `ec_flash_sale_products` (
  `flash_sale_id` bigint unsigned NOT NULL,
  `product_id` bigint unsigned NOT NULL,
  `price` double unsigned DEFAULT NULL,
  `quantity` int unsigned DEFAULT NULL,
  `sold` int unsigned NOT NULL DEFAULT '0'
) ENGINE=InnoDB DEFAULT CHARSET=utf8mb4 COLLATE=utf8mb4_unicode_ci;

--
-- Dumping data for table `ec_flash_sale_products`
--

INSERT INTO `ec_flash_sale_products` VALUES (1,1,526.5,13,3),(1,2,636.38,15,3),(1,3,51.5,6,5),(1,4,1030.5792,16,3),(1,5,1747.98,18,1),(1,6,210.22,20,2),(1,7,830,9,3),(1,8,403.55,12,5),(1,9,484.84,20,2),(1,10,585.2,19,5);

--
-- Table structure for table `ec_flash_sales`
--

CREATE TABLE `ec_flash_sales` (
  `id` bigint unsigned NOT NULL AUTO_INCREMENT,
  `name` varchar(191) COLLATE utf8mb4_unicode_ci NOT NULL,
  `end_date` datetime NOT NULL,
  `status` varchar(60) COLLATE utf8mb4_unicode_ci NOT NULL DEFAULT 'published',
  `created_at` timestamp NULL DEFAULT NULL,
  `updated_at` timestamp NULL DEFAULT NULL,
  PRIMARY KEY (`id`)
) ENGINE=InnoDB AUTO_INCREMENT=2 DEFAULT CHARSET=utf8mb4 COLLATE=utf8mb4_unicode_ci;

--
-- Dumping data for table `ec_flash_sales`
--

INSERT INTO `ec_flash_sales` VALUES (1,'Winter Sale','2024-11-30 00:00:00','published','2024-10-31 20:47:01','2024-10-31 20:47:01');

--
-- Table structure for table `ec_flash_sales_translations`
--

CREATE TABLE `ec_flash_sales_translations` (
  `lang_code` varchar(191) COLLATE utf8mb4_unicode_ci NOT NULL,
  `ec_flash_sales_id` bigint unsigned NOT NULL,
  `name` varchar(191) COLLATE utf8mb4_unicode_ci DEFAULT NULL,
  PRIMARY KEY (`lang_code`,`ec_flash_sales_id`)
) ENGINE=InnoDB DEFAULT CHARSET=utf8mb4 COLLATE=utf8mb4_unicode_ci;

--
-- Dumping data for table `ec_flash_sales_translations`
--


--
-- Table structure for table `ec_global_option_value`
--

CREATE TABLE `ec_global_option_value` (
  `id` bigint unsigned NOT NULL AUTO_INCREMENT,
  `option_id` bigint unsigned NOT NULL COMMENT 'option id',
  `option_value` tinytext COLLATE utf8mb4_unicode_ci COMMENT 'option value',
  `affect_price` double DEFAULT NULL COMMENT 'value of price of this option affect',
  `order` int NOT NULL DEFAULT '9999',
  `affect_type` tinyint NOT NULL DEFAULT '0' COMMENT '0. fixed 1. percent',
  `created_at` timestamp NULL DEFAULT NULL,
  `updated_at` timestamp NULL DEFAULT NULL,
  PRIMARY KEY (`id`)
) ENGINE=InnoDB AUTO_INCREMENT=13 DEFAULT CHARSET=utf8mb4 COLLATE=utf8mb4_unicode_ci;

--
-- Dumping data for table `ec_global_option_value`
--

INSERT INTO `ec_global_option_value` VALUES (1,1,'1 Year',0,9999,0,'2024-10-31 20:46:52','2024-10-31 20:46:52'),(2,1,'2 Year',10,9999,0,'2024-10-31 20:46:52','2024-10-31 20:46:52'),(3,1,'3 Year',20,9999,0,'2024-10-31 20:46:52','2024-10-31 20:46:52'),(4,2,'4GB',0,9999,0,'2024-10-31 20:46:52','2024-10-31 20:46:52'),(5,2,'8GB',10,9999,0,'2024-10-31 20:46:52','2024-10-31 20:46:52'),(6,2,'16GB',20,9999,0,'2024-10-31 20:46:52','2024-10-31 20:46:52'),(7,3,'Core i5',0,9999,0,'2024-10-31 20:46:52','2024-10-31 20:46:52'),(8,3,'Core i7',10,9999,0,'2024-10-31 20:46:52','2024-10-31 20:46:52'),(9,3,'Core i9',20,9999,0,'2024-10-31 20:46:52','2024-10-31 20:46:52'),(10,4,'128GB',0,9999,0,'2024-10-31 20:46:52','2024-10-31 20:46:52'),(11,4,'256GB',10,9999,0,'2024-10-31 20:46:52','2024-10-31 20:46:52'),(12,4,'512GB',20,9999,0,'2024-10-31 20:46:52','2024-10-31 20:46:52');

--
-- Table structure for table `ec_global_option_value_translations`
--

CREATE TABLE `ec_global_option_value_translations` (
  `lang_code` varchar(191) COLLATE utf8mb4_unicode_ci NOT NULL,
  `ec_global_option_value_id` bigint unsigned NOT NULL,
  `option_value` varchar(191) COLLATE utf8mb4_unicode_ci DEFAULT NULL,
  PRIMARY KEY (`lang_code`,`ec_global_option_value_id`)
) ENGINE=InnoDB DEFAULT CHARSET=utf8mb4 COLLATE=utf8mb4_unicode_ci;

--
-- Dumping data for table `ec_global_option_value_translations`
--


--
-- Table structure for table `ec_global_options`
--

CREATE TABLE `ec_global_options` (
  `id` bigint unsigned NOT NULL AUTO_INCREMENT,
  `name` varchar(191) COLLATE utf8mb4_unicode_ci NOT NULL COMMENT 'Name of options',
  `option_type` varchar(191) COLLATE utf8mb4_unicode_ci NOT NULL COMMENT 'option type',
  `required` tinyint(1) NOT NULL DEFAULT '0' COMMENT 'Checked if this option is required',
  `created_at` timestamp NULL DEFAULT NULL,
  `updated_at` timestamp NULL DEFAULT NULL,
  PRIMARY KEY (`id`)
) ENGINE=InnoDB AUTO_INCREMENT=5 DEFAULT CHARSET=utf8mb4 COLLATE=utf8mb4_unicode_ci;

--
-- Dumping data for table `ec_global_options`
--

INSERT INTO `ec_global_options` VALUES (1,'Warranty','Botble\\Ecommerce\\Option\\OptionType\\RadioButton',1,'2024-10-31 20:46:52','2024-10-31 20:46:52'),(2,'RAM','Botble\\Ecommerce\\Option\\OptionType\\RadioButton',1,'2024-10-31 20:46:52','2024-10-31 20:46:52'),(3,'CPU','Botble\\Ecommerce\\Option\\OptionType\\RadioButton',1,'2024-10-31 20:46:52','2024-10-31 20:46:52'),(4,'HDD','Botble\\Ecommerce\\Option\\OptionType\\Dropdown',0,'2024-10-31 20:46:52','2024-10-31 20:46:52');

--
-- Table structure for table `ec_global_options_translations`
--

CREATE TABLE `ec_global_options_translations` (
  `lang_code` varchar(191) COLLATE utf8mb4_unicode_ci NOT NULL,
  `ec_global_options_id` bigint unsigned NOT NULL,
  `name` varchar(191) COLLATE utf8mb4_unicode_ci DEFAULT NULL,
  PRIMARY KEY (`lang_code`,`ec_global_options_id`)
) ENGINE=InnoDB DEFAULT CHARSET=utf8mb4 COLLATE=utf8mb4_unicode_ci;

--
-- Dumping data for table `ec_global_options_translations`
--


--
-- Table structure for table `ec_grouped_products`
--

CREATE TABLE `ec_grouped_products` (
  `id` bigint unsigned NOT NULL AUTO_INCREMENT,
  `parent_product_id` bigint unsigned NOT NULL,
  `product_id` bigint unsigned NOT NULL,
  `fixed_qty` int NOT NULL DEFAULT '1',
  PRIMARY KEY (`id`)
) ENGINE=InnoDB DEFAULT CHARSET=utf8mb4 COLLATE=utf8mb4_unicode_ci;

--
-- Dumping data for table `ec_grouped_products`
--


--
-- Table structure for table `ec_invoice_items`
--

CREATE TABLE `ec_invoice_items` (
  `id` bigint unsigned NOT NULL AUTO_INCREMENT,
  `invoice_id` bigint unsigned NOT NULL,
  `reference_type` varchar(191) COLLATE utf8mb4_unicode_ci NOT NULL,
  `reference_id` bigint unsigned NOT NULL,
  `name` varchar(191) COLLATE utf8mb4_unicode_ci NOT NULL,
  `description` varchar(400) COLLATE utf8mb4_unicode_ci DEFAULT NULL,
  `image` varchar(191) COLLATE utf8mb4_unicode_ci DEFAULT NULL,
  `qty` int unsigned NOT NULL,
  `price` decimal(15,2) NOT NULL DEFAULT '0.00',
  `sub_total` decimal(15,2) unsigned NOT NULL,
  `tax_amount` decimal(15,2) unsigned NOT NULL DEFAULT '0.00',
  `discount_amount` decimal(15,2) unsigned NOT NULL DEFAULT '0.00',
  `amount` decimal(15,2) unsigned NOT NULL,
  `options` text COLLATE utf8mb4_unicode_ci,
  `created_at` timestamp NULL DEFAULT NULL,
  `updated_at` timestamp NULL DEFAULT NULL,
  PRIMARY KEY (`id`),
  KEY `ec_invoice_items_reference_type_reference_id_index` (`reference_type`,`reference_id`)
) ENGINE=InnoDB DEFAULT CHARSET=utf8mb4 COLLATE=utf8mb4_unicode_ci;

--
-- Dumping data for table `ec_invoice_items`
--


--
-- Table structure for table `ec_invoices`
--

CREATE TABLE `ec_invoices` (
  `id` bigint unsigned NOT NULL AUTO_INCREMENT,
  `reference_type` varchar(191) COLLATE utf8mb4_unicode_ci NOT NULL,
  `reference_id` bigint unsigned NOT NULL,
  `code` varchar(191) COLLATE utf8mb4_unicode_ci NOT NULL,
  `customer_name` varchar(191) COLLATE utf8mb4_unicode_ci DEFAULT NULL,
  `company_name` varchar(191) COLLATE utf8mb4_unicode_ci DEFAULT NULL,
  `company_logo` varchar(191) COLLATE utf8mb4_unicode_ci DEFAULT NULL,
  `customer_email` varchar(191) COLLATE utf8mb4_unicode_ci DEFAULT NULL,
  `customer_phone` varchar(191) COLLATE utf8mb4_unicode_ci DEFAULT NULL,
  `customer_address` varchar(191) COLLATE utf8mb4_unicode_ci DEFAULT NULL,
  `customer_tax_id` varchar(191) COLLATE utf8mb4_unicode_ci DEFAULT NULL,
  `sub_total` decimal(15,2) unsigned NOT NULL,
  `tax_amount` decimal(15,2) unsigned NOT NULL DEFAULT '0.00',
  `shipping_amount` decimal(15,2) unsigned NOT NULL DEFAULT '0.00',
  `discount_amount` decimal(15,2) unsigned NOT NULL DEFAULT '0.00',
  `shipping_option` varchar(60) COLLATE utf8mb4_unicode_ci DEFAULT NULL,
  `shipping_method` varchar(60) COLLATE utf8mb4_unicode_ci NOT NULL DEFAULT 'default',
  `coupon_code` varchar(120) COLLATE utf8mb4_unicode_ci DEFAULT NULL,
  `discount_description` varchar(191) COLLATE utf8mb4_unicode_ci DEFAULT NULL,
  `amount` decimal(15,2) unsigned NOT NULL,
  `description` text COLLATE utf8mb4_unicode_ci,
  `payment_id` bigint unsigned DEFAULT NULL,
  `status` varchar(191) COLLATE utf8mb4_unicode_ci NOT NULL DEFAULT 'pending',
  `paid_at` timestamp NULL DEFAULT NULL,
  `created_at` timestamp NULL DEFAULT NULL,
  `updated_at` timestamp NULL DEFAULT NULL,
  PRIMARY KEY (`id`),
  UNIQUE KEY `ec_invoices_code_unique` (`code`),
  KEY `ec_invoices_reference_type_reference_id_index` (`reference_type`,`reference_id`),
  KEY `ec_invoices_payment_id_index` (`payment_id`),
  KEY `ec_invoices_status_index` (`status`)
) ENGINE=InnoDB DEFAULT CHARSET=utf8mb4 COLLATE=utf8mb4_unicode_ci;

--
-- Dumping data for table `ec_invoices`
--


--
-- Table structure for table `ec_option_value`
--

CREATE TABLE `ec_option_value` (
  `id` bigint unsigned NOT NULL AUTO_INCREMENT,
  `option_id` bigint unsigned NOT NULL COMMENT 'option id',
  `option_value` tinytext COLLATE utf8mb4_unicode_ci COMMENT 'option value',
  `affect_price` double DEFAULT NULL COMMENT 'value of price of this option affect',
  `order` int NOT NULL DEFAULT '9999',
  `affect_type` tinyint NOT NULL DEFAULT '0' COMMENT '0. fixed 1. percent',
  `created_at` timestamp NULL DEFAULT NULL,
  `updated_at` timestamp NULL DEFAULT NULL,
  PRIMARY KEY (`id`)
) ENGINE=InnoDB DEFAULT CHARSET=utf8mb4 COLLATE=utf8mb4_unicode_ci;

--
-- Dumping data for table `ec_option_value`
--


--
-- Table structure for table `ec_option_value_translations`
--

CREATE TABLE `ec_option_value_translations` (
  `lang_code` varchar(191) COLLATE utf8mb4_unicode_ci NOT NULL,
  `ec_option_value_id` bigint unsigned NOT NULL,
  `option_value` varchar(191) COLLATE utf8mb4_unicode_ci DEFAULT NULL,
  PRIMARY KEY (`lang_code`,`ec_option_value_id`)
) ENGINE=InnoDB DEFAULT CHARSET=utf8mb4 COLLATE=utf8mb4_unicode_ci;

--
-- Dumping data for table `ec_option_value_translations`
--


--
-- Table structure for table `ec_options`
--

CREATE TABLE `ec_options` (
  `id` bigint unsigned NOT NULL AUTO_INCREMENT,
  `name` varchar(191) COLLATE utf8mb4_unicode_ci NOT NULL COMMENT 'Name of options',
  `option_type` varchar(191) COLLATE utf8mb4_unicode_ci DEFAULT NULL COMMENT 'option type',
  `product_id` bigint unsigned NOT NULL DEFAULT '0',
  `order` int NOT NULL DEFAULT '9999',
  `required` tinyint(1) NOT NULL DEFAULT '0' COMMENT 'Checked if this option is required',
  `created_at` timestamp NULL DEFAULT NULL,
  `updated_at` timestamp NULL DEFAULT NULL,
  PRIMARY KEY (`id`)
) ENGINE=InnoDB DEFAULT CHARSET=utf8mb4 COLLATE=utf8mb4_unicode_ci;

--
-- Dumping data for table `ec_options`
--


--
-- Table structure for table `ec_options_translations`
--

CREATE TABLE `ec_options_translations` (
  `lang_code` varchar(191) COLLATE utf8mb4_unicode_ci NOT NULL,
  `ec_options_id` bigint unsigned NOT NULL,
  `name` varchar(191) COLLATE utf8mb4_unicode_ci DEFAULT NULL,
  PRIMARY KEY (`lang_code`,`ec_options_id`)
) ENGINE=InnoDB DEFAULT CHARSET=utf8mb4 COLLATE=utf8mb4_unicode_ci;

--
-- Dumping data for table `ec_options_translations`
--


--
-- Table structure for table `ec_order_addresses`
--

CREATE TABLE `ec_order_addresses` (
  `id` bigint unsigned NOT NULL AUTO_INCREMENT,
  `name` varchar(191) COLLATE utf8mb4_unicode_ci NOT NULL,
  `phone` varchar(20) COLLATE utf8mb4_unicode_ci DEFAULT NULL,
  `email` varchar(191) COLLATE utf8mb4_unicode_ci DEFAULT NULL,
  `country` varchar(120) COLLATE utf8mb4_unicode_ci DEFAULT NULL,
  `state` varchar(120) COLLATE utf8mb4_unicode_ci DEFAULT NULL,
  `city` varchar(120) COLLATE utf8mb4_unicode_ci DEFAULT NULL,
  `address` varchar(191) COLLATE utf8mb4_unicode_ci DEFAULT NULL,
  `order_id` bigint unsigned NOT NULL,
  `zip_code` varchar(20) COLLATE utf8mb4_unicode_ci DEFAULT NULL,
  `type` varchar(60) COLLATE utf8mb4_unicode_ci NOT NULL DEFAULT 'shipping_address',
  PRIMARY KEY (`id`)
) ENGINE=InnoDB DEFAULT CHARSET=utf8mb4 COLLATE=utf8mb4_unicode_ci;

--
-- Dumping data for table `ec_order_addresses`
--


--
-- Table structure for table `ec_order_histories`
--

CREATE TABLE `ec_order_histories` (
  `id` bigint unsigned NOT NULL AUTO_INCREMENT,
  `action` varchar(120) COLLATE utf8mb4_unicode_ci NOT NULL,
  `description` varchar(400) COLLATE utf8mb4_unicode_ci DEFAULT NULL,
  `user_id` bigint unsigned DEFAULT NULL,
  `order_id` bigint unsigned NOT NULL,
  `extras` text COLLATE utf8mb4_unicode_ci,
  `created_at` timestamp NULL DEFAULT NULL,
  `updated_at` timestamp NULL DEFAULT NULL,
  PRIMARY KEY (`id`)
) ENGINE=InnoDB DEFAULT CHARSET=utf8mb4 COLLATE=utf8mb4_unicode_ci;

--
-- Dumping data for table `ec_order_histories`
--


--
-- Table structure for table `ec_order_product`
--

CREATE TABLE `ec_order_product` (
  `id` bigint unsigned NOT NULL AUTO_INCREMENT,
  `order_id` bigint unsigned NOT NULL,
  `qty` int NOT NULL,
  `price` decimal(15,2) NOT NULL,
  `tax_amount` decimal(15,2) NOT NULL,
  `options` text COLLATE utf8mb4_unicode_ci,
  `product_options` text COLLATE utf8mb4_unicode_ci COMMENT 'product option data',
  `product_id` bigint unsigned DEFAULT NULL,
  `product_name` varchar(191) COLLATE utf8mb4_unicode_ci NOT NULL,
  `product_image` varchar(191) COLLATE utf8mb4_unicode_ci DEFAULT NULL,
  `weight` double(8,2) DEFAULT '0.00',
  `restock_quantity` int unsigned DEFAULT '0',
  `created_at` timestamp NULL DEFAULT NULL,
  `updated_at` timestamp NULL DEFAULT NULL,
  `product_type` varchar(60) COLLATE utf8mb4_unicode_ci NOT NULL DEFAULT 'physical',
  `times_downloaded` int NOT NULL DEFAULT '0',
  `license_code` char(36) COLLATE utf8mb4_unicode_ci DEFAULT NULL,
  `downloaded_at` timestamp NULL DEFAULT NULL,
  PRIMARY KEY (`id`)
) ENGINE=InnoDB DEFAULT CHARSET=utf8mb4 COLLATE=utf8mb4_unicode_ci;

--
-- Dumping data for table `ec_order_product`
--


--
-- Table structure for table `ec_order_referrals`
--

CREATE TABLE `ec_order_referrals` (
  `id` bigint unsigned NOT NULL AUTO_INCREMENT,
  `ip` varchar(39) COLLATE utf8mb4_unicode_ci DEFAULT NULL,
  `landing_domain` varchar(191) COLLATE utf8mb4_unicode_ci DEFAULT NULL,
  `landing_page` varchar(191) COLLATE utf8mb4_unicode_ci DEFAULT NULL,
  `landing_params` varchar(191) COLLATE utf8mb4_unicode_ci DEFAULT NULL,
  `referral` varchar(191) COLLATE utf8mb4_unicode_ci DEFAULT NULL,
  `gclid` varchar(191) COLLATE utf8mb4_unicode_ci DEFAULT NULL,
  `fclid` varchar(191) COLLATE utf8mb4_unicode_ci DEFAULT NULL,
  `utm_source` varchar(191) COLLATE utf8mb4_unicode_ci DEFAULT NULL,
  `utm_campaign` varchar(191) COLLATE utf8mb4_unicode_ci DEFAULT NULL,
  `utm_medium` varchar(191) COLLATE utf8mb4_unicode_ci DEFAULT NULL,
  `utm_term` varchar(191) COLLATE utf8mb4_unicode_ci DEFAULT NULL,
  `utm_content` varchar(191) COLLATE utf8mb4_unicode_ci DEFAULT NULL,
  `referrer_url` text COLLATE utf8mb4_unicode_ci,
  `referrer_domain` varchar(191) COLLATE utf8mb4_unicode_ci DEFAULT NULL,
  `order_id` bigint unsigned DEFAULT NULL,
  `created_at` timestamp NULL DEFAULT NULL,
  `updated_at` timestamp NULL DEFAULT NULL,
  PRIMARY KEY (`id`),
  KEY `ec_order_referrals_order_id_index` (`order_id`)
) ENGINE=InnoDB DEFAULT CHARSET=utf8mb4 COLLATE=utf8mb4_unicode_ci;

--
-- Dumping data for table `ec_order_referrals`
--


--
-- Table structure for table `ec_order_return_histories`
--

CREATE TABLE `ec_order_return_histories` (
  `id` bigint unsigned NOT NULL AUTO_INCREMENT,
  `user_id` bigint unsigned DEFAULT NULL,
  `order_return_id` bigint unsigned NOT NULL,
  `action` varchar(191) COLLATE utf8mb4_unicode_ci NOT NULL,
  `description` varchar(400) COLLATE utf8mb4_unicode_ci DEFAULT NULL,
  `reason` varchar(191) COLLATE utf8mb4_unicode_ci DEFAULT NULL,
  `created_at` timestamp NULL DEFAULT NULL,
  `updated_at` timestamp NULL DEFAULT NULL,
  PRIMARY KEY (`id`)
) ENGINE=InnoDB DEFAULT CHARSET=utf8mb4 COLLATE=utf8mb4_unicode_ci;

--
-- Dumping data for table `ec_order_return_histories`
--


--
-- Table structure for table `ec_order_return_items`
--

CREATE TABLE `ec_order_return_items` (
  `id` bigint unsigned NOT NULL AUTO_INCREMENT,
  `order_return_id` bigint unsigned NOT NULL COMMENT 'Order return id',
  `order_product_id` bigint unsigned NOT NULL COMMENT 'Order product id',
  `product_id` bigint unsigned NOT NULL COMMENT 'Product id',
  `product_name` varchar(191) COLLATE utf8mb4_unicode_ci NOT NULL,
  `product_image` varchar(191) COLLATE utf8mb4_unicode_ci DEFAULT NULL,
  `qty` int NOT NULL COMMENT 'Quantity return',
  `price` decimal(15,2) NOT NULL COMMENT 'Price Product',
  `reason` text COLLATE utf8mb4_unicode_ci,
  `created_at` timestamp NULL DEFAULT NULL,
  `updated_at` timestamp NULL DEFAULT NULL,
  `refund_amount` decimal(12,2) DEFAULT '0.00',
  PRIMARY KEY (`id`)
) ENGINE=InnoDB DEFAULT CHARSET=utf8mb4 COLLATE=utf8mb4_unicode_ci;

--
-- Dumping data for table `ec_order_return_items`
--


--
-- Table structure for table `ec_order_returns`
--

CREATE TABLE `ec_order_returns` (
  `id` bigint unsigned NOT NULL AUTO_INCREMENT,
  `code` varchar(191) COLLATE utf8mb4_unicode_ci DEFAULT NULL,
  `order_id` bigint unsigned NOT NULL COMMENT 'Order ID',
  `store_id` bigint unsigned DEFAULT NULL COMMENT 'Store ID',
  `user_id` bigint unsigned NOT NULL COMMENT 'Customer ID',
  `reason` text COLLATE utf8mb4_unicode_ci COMMENT 'Reason return order',
  `order_status` varchar(191) COLLATE utf8mb4_unicode_ci DEFAULT NULL COMMENT 'Order current status',
  `return_status` varchar(191) COLLATE utf8mb4_unicode_ci NOT NULL COMMENT 'Return status',
  `created_at` timestamp NULL DEFAULT NULL,
  `updated_at` timestamp NULL DEFAULT NULL,
  PRIMARY KEY (`id`),
  UNIQUE KEY `ec_order_returns_code_unique` (`code`)
) ENGINE=InnoDB DEFAULT CHARSET=utf8mb4 COLLATE=utf8mb4_unicode_ci;

--
-- Dumping data for table `ec_order_returns`
--


--
-- Table structure for table `ec_order_tax_information`
--

CREATE TABLE `ec_order_tax_information` (
  `id` bigint unsigned NOT NULL AUTO_INCREMENT,
  `order_id` bigint unsigned NOT NULL,
  `company_name` varchar(120) COLLATE utf8mb4_unicode_ci NOT NULL,
  `company_address` varchar(191) COLLATE utf8mb4_unicode_ci NOT NULL,
  `company_tax_code` varchar(20) COLLATE utf8mb4_unicode_ci NOT NULL,
  `company_email` varchar(60) COLLATE utf8mb4_unicode_ci NOT NULL,
  `created_at` timestamp NULL DEFAULT NULL,
  `updated_at` timestamp NULL DEFAULT NULL,
  PRIMARY KEY (`id`),
  KEY `ec_order_tax_information_order_id_index` (`order_id`)
) ENGINE=InnoDB DEFAULT CHARSET=utf8mb4 COLLATE=utf8mb4_unicode_ci;

--
-- Dumping data for table `ec_order_tax_information`
--


--
-- Table structure for table `ec_orders`
--

CREATE TABLE `ec_orders` (
  `id` bigint unsigned NOT NULL AUTO_INCREMENT,
  `code` varchar(191) COLLATE utf8mb4_unicode_ci DEFAULT NULL,
  `user_id` bigint unsigned NOT NULL,
  `shipping_option` varchar(60) COLLATE utf8mb4_unicode_ci DEFAULT NULL,
  `shipping_method` varchar(60) COLLATE utf8mb4_unicode_ci NOT NULL DEFAULT 'default',
  `status` varchar(120) COLLATE utf8mb4_unicode_ci NOT NULL DEFAULT 'pending',
  `amount` decimal(15,2) NOT NULL,
  `tax_amount` decimal(15,2) DEFAULT NULL,
  `shipping_amount` decimal(15,2) DEFAULT NULL,
  `description` text COLLATE utf8mb4_unicode_ci,
  `coupon_code` varchar(120) COLLATE utf8mb4_unicode_ci DEFAULT NULL,
  `discount_amount` decimal(15,2) DEFAULT NULL,
  `sub_total` decimal(15,2) NOT NULL,
  `is_confirmed` tinyint(1) NOT NULL DEFAULT '0',
  `discount_description` varchar(191) COLLATE utf8mb4_unicode_ci DEFAULT NULL,
  `is_finished` tinyint(1) DEFAULT '0',
  `cancellation_reason` varchar(191) COLLATE utf8mb4_unicode_ci DEFAULT NULL,
  `cancellation_reason_description` varchar(191) COLLATE utf8mb4_unicode_ci DEFAULT NULL,
  `completed_at` timestamp NULL DEFAULT NULL,
  `token` varchar(120) COLLATE utf8mb4_unicode_ci DEFAULT NULL,
  `payment_id` bigint unsigned DEFAULT NULL,
  `created_at` timestamp NULL DEFAULT NULL,
  `updated_at` timestamp NULL DEFAULT NULL,
  `store_id` bigint unsigned DEFAULT NULL,
  `proof_file` varchar(191) COLLATE utf8mb4_unicode_ci DEFAULT NULL,
  PRIMARY KEY (`id`),
  UNIQUE KEY `ec_orders_code_unique` (`code`),
  KEY `ec_orders_user_id_status_created_at_index` (`user_id`,`status`,`created_at`)
) ENGINE=InnoDB DEFAULT CHARSET=utf8mb4 COLLATE=utf8mb4_unicode_ci;

--
-- Dumping data for table `ec_orders`
--


--
-- Table structure for table `ec_product_attribute_sets`
--

CREATE TABLE `ec_product_attribute_sets` (
  `id` bigint unsigned NOT NULL AUTO_INCREMENT,
  `title` varchar(120) COLLATE utf8mb4_unicode_ci NOT NULL,
  `slug` varchar(120) COLLATE utf8mb4_unicode_ci DEFAULT NULL,
  `display_layout` varchar(191) COLLATE utf8mb4_unicode_ci NOT NULL DEFAULT 'swatch_dropdown',
  `is_searchable` tinyint unsigned NOT NULL DEFAULT '1',
  `is_comparable` tinyint unsigned NOT NULL DEFAULT '1',
  `is_use_in_product_listing` tinyint unsigned NOT NULL DEFAULT '0',
  `status` varchar(60) COLLATE utf8mb4_unicode_ci NOT NULL DEFAULT 'published',
  `order` tinyint unsigned NOT NULL DEFAULT '0',
  `created_at` timestamp NULL DEFAULT NULL,
  `updated_at` timestamp NULL DEFAULT NULL,
  `use_image_from_product_variation` tinyint unsigned NOT NULL DEFAULT '0',
  PRIMARY KEY (`id`)
) ENGINE=InnoDB AUTO_INCREMENT=5 DEFAULT CHARSET=utf8mb4 COLLATE=utf8mb4_unicode_ci;

--
-- Dumping data for table `ec_product_attribute_sets`
--

INSERT INTO `ec_product_attribute_sets` VALUES (1,'Color','color','visual',1,1,1,'published',0,'2024-10-31 20:46:47','2024-10-31 20:46:47',0),(2,'Size','size','text',1,1,1,'published',1,'2024-10-31 20:46:47','2024-10-31 20:46:47',0),(3,'Weight','weight','text',1,1,1,'published',0,'2024-10-31 20:46:47','2024-10-31 20:46:47',0),(4,'Boxes','boxes','text',1,1,1,'published',1,'2024-10-31 20:46:47','2024-10-31 20:46:47',0);

--
-- Table structure for table `ec_product_attribute_sets_translations`
--

CREATE TABLE `ec_product_attribute_sets_translations` (
  `lang_code` varchar(191) COLLATE utf8mb4_unicode_ci NOT NULL,
  `ec_product_attribute_sets_id` bigint unsigned NOT NULL,
  `title` varchar(191) COLLATE utf8mb4_unicode_ci DEFAULT NULL,
  PRIMARY KEY (`lang_code`,`ec_product_attribute_sets_id`)
) ENGINE=InnoDB DEFAULT CHARSET=utf8mb4 COLLATE=utf8mb4_unicode_ci;

--
-- Dumping data for table `ec_product_attribute_sets_translations`
--


--
-- Table structure for table `ec_product_attributes`
--

CREATE TABLE `ec_product_attributes` (
  `id` bigint unsigned NOT NULL AUTO_INCREMENT,
  `attribute_set_id` bigint unsigned NOT NULL,
  `title` varchar(120) COLLATE utf8mb4_unicode_ci NOT NULL,
  `slug` varchar(120) COLLATE utf8mb4_unicode_ci DEFAULT NULL,
  `color` varchar(50) COLLATE utf8mb4_unicode_ci DEFAULT NULL,
  `image` varchar(191) COLLATE utf8mb4_unicode_ci DEFAULT NULL,
  `is_default` tinyint unsigned NOT NULL DEFAULT '0',
  `order` tinyint unsigned NOT NULL DEFAULT '0',
  `created_at` timestamp NULL DEFAULT NULL,
  `updated_at` timestamp NULL DEFAULT NULL,
  PRIMARY KEY (`id`),
  KEY `attribute_set_status_index` (`attribute_set_id`)
) ENGINE=InnoDB AUTO_INCREMENT=21 DEFAULT CHARSET=utf8mb4 COLLATE=utf8mb4_unicode_ci;

--
-- Dumping data for table `ec_product_attributes`
--

INSERT INTO `ec_product_attributes` VALUES (1,1,'Green','green','#5FB7D4',NULL,1,1,'2024-10-31 20:46:47','2024-10-31 20:46:47'),(2,1,'Blue','blue','#333333',NULL,0,2,'2024-10-31 20:46:47','2024-10-31 20:46:47'),(3,1,'Red','red','#DA323F',NULL,0,3,'2024-10-31 20:46:47','2024-10-31 20:46:47'),(4,1,'Black','black','#2F366C',NULL,0,4,'2024-10-31 20:46:47','2024-10-31 20:46:47'),(5,1,'Brown','brown','#87554B',NULL,0,5,'2024-10-31 20:46:47','2024-10-31 20:46:47'),(6,2,'S','s',NULL,NULL,1,1,'2024-10-31 20:46:47','2024-10-31 20:46:47'),(7,2,'M','m',NULL,NULL,0,2,'2024-10-31 20:46:47','2024-10-31 20:46:47'),(8,2,'L','l',NULL,NULL,0,3,'2024-10-31 20:46:47','2024-10-31 20:46:47'),(9,2,'XL','xl',NULL,NULL,0,4,'2024-10-31 20:46:47','2024-10-31 20:46:47'),(10,2,'XXL','xxl',NULL,NULL,0,5,'2024-10-31 20:46:47','2024-10-31 20:46:47'),(11,3,'1KG','1kg',NULL,NULL,1,1,'2024-10-31 20:46:47','2024-10-31 20:46:47'),(12,3,'2KG','2kg',NULL,NULL,0,2,'2024-10-31 20:46:47','2024-10-31 20:46:47'),(13,3,'3KG','3kg',NULL,NULL,0,3,'2024-10-31 20:46:47','2024-10-31 20:46:47'),(14,3,'4KG','4kg',NULL,NULL,0,4,'2024-10-31 20:46:47','2024-10-31 20:46:47'),(15,3,'5KG','5kg',NULL,NULL,0,5,'2024-10-31 20:46:47','2024-10-31 20:46:47'),(16,4,'1 Box','1-box',NULL,NULL,1,1,'2024-10-31 20:46:47','2024-10-31 20:46:47'),(17,4,'2 Boxes','2-boxes',NULL,NULL,0,2,'2024-10-31 20:46:47','2024-10-31 20:46:47'),(18,4,'3 Boxes','3-boxes',NULL,NULL,0,3,'2024-10-31 20:46:47','2024-10-31 20:46:47'),(19,4,'4 Boxes','4-boxes',NULL,NULL,0,4,'2024-10-31 20:46:47','2024-10-31 20:46:47'),(20,4,'5 Boxes','5-boxes',NULL,NULL,0,5,'2024-10-31 20:46:47','2024-10-31 20:46:47');

--
-- Table structure for table `ec_product_attributes_translations`
--

CREATE TABLE `ec_product_attributes_translations` (
  `lang_code` varchar(191) COLLATE utf8mb4_unicode_ci NOT NULL,
  `ec_product_attributes_id` bigint unsigned NOT NULL,
  `title` varchar(191) COLLATE utf8mb4_unicode_ci DEFAULT NULL,
  PRIMARY KEY (`lang_code`,`ec_product_attributes_id`)
) ENGINE=InnoDB DEFAULT CHARSET=utf8mb4 COLLATE=utf8mb4_unicode_ci;

--
-- Dumping data for table `ec_product_attributes_translations`
--


--
-- Table structure for table `ec_product_categories`
--

CREATE TABLE `ec_product_categories` (
  `id` bigint unsigned NOT NULL AUTO_INCREMENT,
  `name` varchar(191) COLLATE utf8mb4_unicode_ci NOT NULL,
  `parent_id` bigint unsigned NOT NULL DEFAULT '0',
  `description` mediumtext COLLATE utf8mb4_unicode_ci,
  `status` varchar(60) COLLATE utf8mb4_unicode_ci NOT NULL DEFAULT 'published',
  `order` int unsigned NOT NULL DEFAULT '0',
  `image` varchar(191) COLLATE utf8mb4_unicode_ci DEFAULT NULL,
  `is_featured` tinyint unsigned NOT NULL DEFAULT '0',
  `created_at` timestamp NULL DEFAULT NULL,
  `updated_at` timestamp NULL DEFAULT NULL,
  `icon` varchar(191) COLLATE utf8mb4_unicode_ci DEFAULT NULL,
  `icon_image` varchar(191) COLLATE utf8mb4_unicode_ci DEFAULT NULL,
  PRIMARY KEY (`id`),
  KEY `ec_product_categories_parent_id_status_created_at_index` (`parent_id`,`status`,`created_at`),
  KEY `ec_product_categories_parent_id_status_index` (`parent_id`,`status`)
) ENGINE=InnoDB AUTO_INCREMENT=20 DEFAULT CHARSET=utf8mb4 COLLATE=utf8mb4_unicode_ci;

--
-- Dumping data for table `ec_product_categories`
--

INSERT INTO `ec_product_categories` VALUES (1,'Bags',0,NULL,'published',0,'fashion/product-categories/1.jpg',1,'2024-10-31 20:46:57','2024-10-31 20:46:57',NULL,NULL),(2,'Clothing',0,NULL,'published',1,'fashion/product-categories/4.jpg',1,'2024-10-31 20:46:57','2024-10-31 20:46:57',NULL,NULL),(3,'Men\'s Clothing',2,NULL,'published',0,NULL,0,'2024-10-31 20:46:57','2024-10-31 20:46:57',NULL,NULL),(4,'T-Shirts',3,NULL,'published',0,NULL,0,'2024-10-31 20:46:57','2024-10-31 20:46:57',NULL,NULL),(5,'Jeans',3,NULL,'published',1,NULL,0,'2024-10-31 20:46:57','2024-10-31 20:46:57',NULL,NULL),(6,'Suits',3,NULL,'published',2,NULL,0,'2024-10-31 20:46:57','2024-10-31 20:46:57',NULL,NULL),(7,'Women\'s Clothing',2,NULL,'published',1,'fashion/product-categories/2.jpg',1,'2024-10-31 20:46:57','2024-10-31 20:46:57',NULL,NULL),(8,'Dresses',7,NULL,'published',0,NULL,0,'2024-10-31 20:46:57','2024-10-31 20:46:57',NULL,NULL),(9,'Blouses',7,NULL,'published',1,NULL,0,'2024-10-31 20:46:57','2024-10-31 20:46:57',NULL,NULL),(10,'Pants',7,NULL,'published',2,NULL,0,'2024-10-31 20:46:57','2024-10-31 20:46:57',NULL,NULL),(11,'Footwear',0,NULL,'published',2,'fashion/product-categories/6.jpg',1,'2024-10-31 20:46:57','2024-10-31 20:46:57',NULL,NULL),(12,'Accessories',0,NULL,'published',3,NULL,0,'2024-10-31 20:46:57','2024-10-31 20:46:57',NULL,NULL),(13,'Hats',12,NULL,'published',0,NULL,0,'2024-10-31 20:46:57','2024-10-31 20:46:57',NULL,NULL),(14,'Scarves',12,NULL,'published',1,NULL,0,'2024-10-31 20:46:57','2024-10-31 20:46:57',NULL,NULL),(15,'Jewelry',12,NULL,'published',2,NULL,0,'2024-10-31 20:46:57','2024-10-31 20:46:57',NULL,NULL),(16,'Sportswear',0,NULL,'published',4,NULL,0,'2024-10-31 20:46:57','2024-10-31 20:46:57',NULL,NULL),(17,'Activewear',16,NULL,'published',0,NULL,0,'2024-10-31 20:46:57','2024-10-31 20:46:57',NULL,NULL),(18,'Running Shoes',16,NULL,'published',1,'fashion/product-categories/3.jpg',1,'2024-10-31 20:46:57','2024-10-31 20:46:57',NULL,NULL),(19,'Outerwear',0,NULL,'published',5,'fashion/product-categories/5.jpg',1,'2024-10-31 20:46:57','2024-10-31 20:46:57',NULL,NULL);

--
-- Table structure for table `ec_product_categories_translations`
--

CREATE TABLE `ec_product_categories_translations` (
  `lang_code` varchar(191) COLLATE utf8mb4_unicode_ci NOT NULL,
  `ec_product_categories_id` bigint unsigned NOT NULL,
  `name` varchar(191) COLLATE utf8mb4_unicode_ci DEFAULT NULL,
  `description` mediumtext COLLATE utf8mb4_unicode_ci,
  PRIMARY KEY (`lang_code`,`ec_product_categories_id`)
) ENGINE=InnoDB DEFAULT CHARSET=utf8mb4 COLLATE=utf8mb4_unicode_ci;

--
-- Dumping data for table `ec_product_categories_translations`
--


--
-- Table structure for table `ec_product_categorizables`
--

CREATE TABLE `ec_product_categorizables` (
  `category_id` bigint unsigned NOT NULL,
  `reference_id` bigint unsigned NOT NULL,
  `reference_type` varchar(120) COLLATE utf8mb4_unicode_ci NOT NULL,
  PRIMARY KEY (`category_id`,`reference_id`,`reference_type`),
  KEY `ec_product_categorizables_category_id_index` (`category_id`),
  KEY `ec_product_categorizables_reference_id_index` (`reference_id`),
  KEY `ec_product_categorizables_reference_type_index` (`reference_type`)
) ENGINE=InnoDB DEFAULT CHARSET=utf8mb4 COLLATE=utf8mb4_unicode_ci;

--
-- Dumping data for table `ec_product_categorizables`
--


--
-- Table structure for table `ec_product_category_product`
--

CREATE TABLE `ec_product_category_product` (
  `category_id` bigint unsigned NOT NULL,
  `product_id` bigint unsigned NOT NULL,
  PRIMARY KEY (`product_id`,`category_id`),
  KEY `ec_product_category_product_category_id_index` (`category_id`),
  KEY `ec_product_category_product_product_id_index` (`product_id`)
) ENGINE=InnoDB DEFAULT CHARSET=utf8mb4 COLLATE=utf8mb4_unicode_ci;

--
-- Dumping data for table `ec_product_category_product`
--

INSERT INTO `ec_product_category_product` VALUES (1,3),(1,6),(1,8),(1,9),(1,11),(1,13),(1,16),(1,29),(1,35),(1,39),(1,40),(2,6),(2,8),(2,17),(2,23),(2,30),(2,34),(2,35),(2,39),(2,41),(2,43),(3,9),(3,10),(3,14),(3,16),(3,18),(3,21),(3,22),(3,24),(3,27),(3,28),(3,37),(4,2),(4,10),(4,11),(4,21),(4,22),(4,23),(4,26),(4,32),(4,33),(4,36),(4,43),(5,5),(5,13),(5,15),(5,20),(5,26),(5,31),(5,32),(5,34),(5,40),(6,2),(6,4),(6,19),(6,20),(6,22),(6,24),(6,25),(6,29),(7,3),(7,6),(7,11),(7,15),(7,27),(7,31),(7,38),(7,42),(8,3),(8,8),(8,9),(8,12),(8,14),(8,18),(8,24),(8,36),(8,37),(9,4),(9,7),(9,26),(9,32),(9,33),(10,1),(10,6),(10,9),(10,15),(10,18),(10,20),(10,23),(10,40),(11,1),(11,2),(11,7),(11,8),(11,16),(11,30),(11,36),(11,38),(12,19),(12,23),(12,25),(12,26),(12,28),(12,29),(12,33),(12,35),(12,43),(13,4),(13,10),(13,12),(13,18),(13,21),(13,41),(14,5),(14,11),(14,12),(14,19),(14,20),(14,31),(14,37),(14,43),(15,4),(15,7),(15,14),(15,16),(15,17),(15,32),(15,36),(15,39),(15,41),(15,42),(16,1),(16,10),(16,15),(16,22),(16,24),(16,25),(16,27),(16,28),(16,30),(16,31),(16,33),(16,34),(16,38),(16,42),(17,3),(17,5),(17,7),(17,13),(17,29),(17,34),(17,37),(17,41),(18,5),(18,17),(18,19),(18,25),(18,27),(18,42),(19,1),(19,2),(19,12),(19,13),(19,14),(19,17),(19,21),(19,28),(19,30),(19,35),(19,38),(19,39),(19,40);

--
-- Table structure for table `ec_product_collection_products`
--

CREATE TABLE `ec_product_collection_products` (
  `product_collection_id` bigint unsigned NOT NULL,
  `product_id` bigint unsigned NOT NULL,
  PRIMARY KEY (`product_id`,`product_collection_id`),
  KEY `ec_product_collection_products_product_collection_id_index` (`product_collection_id`),
  KEY `ec_product_collection_products_product_id_index` (`product_id`)
) ENGINE=InnoDB DEFAULT CHARSET=utf8mb4 COLLATE=utf8mb4_unicode_ci;

--
-- Dumping data for table `ec_product_collection_products`
--

INSERT INTO `ec_product_collection_products` VALUES (1,3),(1,4),(1,11),(1,19),(1,21),(1,34),(1,38),(1,39),(2,7),(2,18),(2,20),(2,22),(2,28),(2,31),(2,33),(2,36),(2,37),(2,40),(2,41),(2,43),(3,1),(3,5),(3,6),(3,8),(3,14),(3,15),(3,16),(3,23),(3,27),(3,35),(4,2),(4,9),(4,10),(4,12),(4,13),(4,17),(4,24),(4,25),(4,26),(4,29),(4,30),(4,32),(4,42);

--
-- Table structure for table `ec_product_collections`
--

CREATE TABLE `ec_product_collections` (
  `id` bigint unsigned NOT NULL AUTO_INCREMENT,
  `name` varchar(191) COLLATE utf8mb4_unicode_ci NOT NULL,
  `slug` varchar(191) COLLATE utf8mb4_unicode_ci NOT NULL,
  `description` varchar(400) COLLATE utf8mb4_unicode_ci DEFAULT NULL,
  `image` varchar(191) COLLATE utf8mb4_unicode_ci DEFAULT NULL,
  `status` varchar(60) COLLATE utf8mb4_unicode_ci NOT NULL DEFAULT 'published',
  `created_at` timestamp NULL DEFAULT NULL,
  `updated_at` timestamp NULL DEFAULT NULL,
  `is_featured` tinyint unsigned NOT NULL DEFAULT '0',
  PRIMARY KEY (`id`)
) ENGINE=InnoDB AUTO_INCREMENT=5 DEFAULT CHARSET=utf8mb4 COLLATE=utf8mb4_unicode_ci;

--
-- Dumping data for table `ec_product_collections`
--

INSERT INTO `ec_product_collections` VALUES (1,'Trendy Wardrobe Essentials','trendy-wardrobe-essentials',NULL,NULL,'published','2024-10-31 20:46:57','2024-10-31 20:46:57',0),(2,'Fashion Forward Finds','fashion-forward-finds',NULL,NULL,'published','2024-10-31 20:46:57','2024-10-31 20:46:57',0),(3,'Chic &amp; Stylish Collection','chic-stylish-collection',NULL,NULL,'published','2024-10-31 20:46:57','2024-10-31 20:46:57',0),(4,'Weekly Fashion Picks','weekly-fashion-picks',NULL,NULL,'published','2024-10-31 20:46:57','2024-10-31 20:46:57',0);

--
-- Table structure for table `ec_product_collections_translations`
--

CREATE TABLE `ec_product_collections_translations` (
  `lang_code` varchar(191) COLLATE utf8mb4_unicode_ci NOT NULL,
  `ec_product_collections_id` bigint unsigned NOT NULL,
  `name` varchar(191) COLLATE utf8mb4_unicode_ci DEFAULT NULL,
  `description` varchar(400) COLLATE utf8mb4_unicode_ci DEFAULT NULL,
  PRIMARY KEY (`lang_code`,`ec_product_collections_id`)
) ENGINE=InnoDB DEFAULT CHARSET=utf8mb4 COLLATE=utf8mb4_unicode_ci;

--
-- Dumping data for table `ec_product_collections_translations`
--


--
-- Table structure for table `ec_product_cross_sale_relations`
--

CREATE TABLE `ec_product_cross_sale_relations` (
  `from_product_id` bigint unsigned NOT NULL,
  `to_product_id` bigint unsigned NOT NULL,
  `is_variant` tinyint(1) NOT NULL DEFAULT '0',
  `price` decimal(15,2) DEFAULT '0.00',
  `price_type` varchar(191) COLLATE utf8mb4_unicode_ci NOT NULL DEFAULT 'fixed',
  `apply_to_all_variations` tinyint(1) NOT NULL DEFAULT '1',
  PRIMARY KEY (`from_product_id`,`to_product_id`),
  KEY `ec_product_cross_sale_relations_from_product_id_index` (`from_product_id`),
  KEY `ec_product_cross_sale_relations_to_product_id_index` (`to_product_id`)
) ENGINE=InnoDB DEFAULT CHARSET=utf8mb4 COLLATE=utf8mb4_unicode_ci;

--
-- Dumping data for table `ec_product_cross_sale_relations`
--

INSERT INTO `ec_product_cross_sale_relations` VALUES (1,5,0,0.00,'fixed',1),(1,11,0,0.00,'fixed',1),(1,15,0,0.00,'fixed',1),(1,18,0,0.00,'fixed',1),(1,32,0,0.00,'fixed',1),(1,35,0,0.00,'fixed',1),(1,41,0,0.00,'fixed',1),(2,3,0,0.00,'fixed',1),(2,10,0,0.00,'fixed',1),(2,11,0,0.00,'fixed',1),(2,19,0,0.00,'fixed',1),(2,26,0,0.00,'fixed',1),(2,30,0,0.00,'fixed',1),(2,32,0,0.00,'fixed',1),(3,1,0,0.00,'fixed',1),(3,20,0,0.00,'fixed',1),(3,23,0,0.00,'fixed',1),(3,33,0,0.00,'fixed',1),(3,38,0,0.00,'fixed',1),(3,40,0,0.00,'fixed',1),(3,43,0,0.00,'fixed',1),(4,2,0,0.00,'fixed',1),(4,3,0,0.00,'fixed',1),(4,12,0,0.00,'fixed',1),(4,23,0,0.00,'fixed',1),(4,27,0,0.00,'fixed',1),(4,32,0,0.00,'fixed',1),(4,36,0,0.00,'fixed',1),(5,8,0,0.00,'fixed',1),(5,12,0,0.00,'fixed',1),(5,13,0,0.00,'fixed',1),(5,18,0,0.00,'fixed',1),(5,23,0,0.00,'fixed',1),(5,30,0,0.00,'fixed',1),(5,34,0,0.00,'fixed',1),(6,1,0,0.00,'fixed',1),(6,9,0,0.00,'fixed',1),(6,17,0,0.00,'fixed',1),(6,18,0,0.00,'fixed',1),(6,25,0,0.00,'fixed',1),(6,27,0,0.00,'fixed',1),(6,28,0,0.00,'fixed',1),(7,1,0,0.00,'fixed',1),(7,8,0,0.00,'fixed',1),(7,11,0,0.00,'fixed',1),(7,14,0,0.00,'fixed',1),(7,15,0,0.00,'fixed',1),(7,24,0,0.00,'fixed',1),(7,28,0,0.00,'fixed',1),(8,9,0,0.00,'fixed',1),(8,13,0,0.00,'fixed',1),(8,25,0,0.00,'fixed',1),(8,29,0,0.00,'fixed',1),(8,33,0,0.00,'fixed',1),(8,37,0,0.00,'fixed',1),(8,39,0,0.00,'fixed',1),(9,4,0,0.00,'fixed',1),(9,11,0,0.00,'fixed',1),(9,14,0,0.00,'fixed',1),(9,21,0,0.00,'fixed',1),(9,28,0,0.00,'fixed',1),(9,30,0,0.00,'fixed',1),(9,39,0,0.00,'fixed',1),(10,3,0,0.00,'fixed',1),(10,4,0,0.00,'fixed',1),(10,5,0,0.00,'fixed',1),(10,7,0,0.00,'fixed',1),(10,32,0,0.00,'fixed',1),(10,33,0,0.00,'fixed',1),(10,39,0,0.00,'fixed',1),(11,1,0,0.00,'fixed',1),(11,14,0,0.00,'fixed',1),(11,19,0,0.00,'fixed',1),(11,27,0,0.00,'fixed',1),(11,29,0,0.00,'fixed',1),(11,39,0,0.00,'fixed',1),(12,7,0,0.00,'fixed',1),(12,8,0,0.00,'fixed',1),(12,9,0,0.00,'fixed',1),(12,19,0,0.00,'fixed',1),(12,23,0,0.00,'fixed',1),(12,31,0,0.00,'fixed',1),(12,43,0,0.00,'fixed',1),(13,12,0,0.00,'fixed',1),(13,20,0,0.00,'fixed',1),(13,21,0,0.00,'fixed',1),(13,25,0,0.00,'fixed',1),(13,32,0,0.00,'fixed',1),(13,39,0,0.00,'fixed',1),(13,41,0,0.00,'fixed',1),(14,9,0,0.00,'fixed',1),(14,12,0,0.00,'fixed',1),(14,20,0,0.00,'fixed',1),(14,24,0,0.00,'fixed',1),(14,25,0,0.00,'fixed',1),(14,27,0,0.00,'fixed',1),(14,41,0,0.00,'fixed',1),(15,9,0,0.00,'fixed',1),(15,16,0,0.00,'fixed',1),(15,23,0,0.00,'fixed',1),(15,29,0,0.00,'fixed',1),(15,30,0,0.00,'fixed',1),(15,33,0,0.00,'fixed',1),(15,35,0,0.00,'fixed',1),(16,2,0,0.00,'fixed',1),(16,14,0,0.00,'fixed',1),(16,15,0,0.00,'fixed',1),(16,17,0,0.00,'fixed',1),(16,22,0,0.00,'fixed',1),(16,29,0,0.00,'fixed',1),(16,39,0,0.00,'fixed',1),(17,9,0,0.00,'fixed',1),(17,12,0,0.00,'fixed',1),(17,21,0,0.00,'fixed',1),(17,39,0,0.00,'fixed',1),(17,40,0,0.00,'fixed',1),(17,41,0,0.00,'fixed',1),(17,42,0,0.00,'fixed',1),(18,3,0,0.00,'fixed',1),(18,15,0,0.00,'fixed',1),(18,16,0,0.00,'fixed',1),(18,21,0,0.00,'fixed',1),(18,25,0,0.00,'fixed',1),(18,26,0,0.00,'fixed',1),(19,1,0,0.00,'fixed',1),(19,10,0,0.00,'fixed',1),(19,12,0,0.00,'fixed',1),(19,17,0,0.00,'fixed',1),(19,27,0,0.00,'fixed',1),(19,36,0,0.00,'fixed',1),(19,42,0,0.00,'fixed',1),(20,8,0,0.00,'fixed',1),(20,17,0,0.00,'fixed',1),(20,23,0,0.00,'fixed',1),(20,32,0,0.00,'fixed',1),(20,36,0,0.00,'fixed',1),(20,37,0,0.00,'fixed',1),(20,40,0,0.00,'fixed',1),(21,2,0,0.00,'fixed',1),(21,3,0,0.00,'fixed',1),(21,6,0,0.00,'fixed',1),(21,10,0,0.00,'fixed',1),(21,17,0,0.00,'fixed',1),(21,24,0,0.00,'fixed',1),(21,42,0,0.00,'fixed',1),(22,5,0,0.00,'fixed',1),(22,12,0,0.00,'fixed',1),(22,20,0,0.00,'fixed',1),(22,23,0,0.00,'fixed',1),(22,32,0,0.00,'fixed',1),(22,35,0,0.00,'fixed',1),(22,37,0,0.00,'fixed',1),(23,4,0,0.00,'fixed',1),(23,7,0,0.00,'fixed',1),(23,13,0,0.00,'fixed',1),(23,17,0,0.00,'fixed',1),(23,19,0,0.00,'fixed',1),(23,39,0,0.00,'fixed',1),(23,42,0,0.00,'fixed',1),(24,2,0,0.00,'fixed',1),(24,16,0,0.00,'fixed',1),(24,20,0,0.00,'fixed',1),(24,23,0,0.00,'fixed',1),(24,31,0,0.00,'fixed',1),(24,36,0,0.00,'fixed',1),(25,1,0,0.00,'fixed',1),(25,3,0,0.00,'fixed',1),(25,22,0,0.00,'fixed',1),(25,26,0,0.00,'fixed',1),(25,33,0,0.00,'fixed',1),(25,38,0,0.00,'fixed',1),(25,41,0,0.00,'fixed',1),(26,1,0,0.00,'fixed',1),(26,2,0,0.00,'fixed',1),(26,7,0,0.00,'fixed',1),(26,17,0,0.00,'fixed',1),(26,18,0,0.00,'fixed',1),(26,23,0,0.00,'fixed',1),(26,40,0,0.00,'fixed',1),(27,1,0,0.00,'fixed',1),(27,6,0,0.00,'fixed',1),(27,17,0,0.00,'fixed',1),(27,18,0,0.00,'fixed',1),(27,21,0,0.00,'fixed',1),(27,38,0,0.00,'fixed',1),(28,6,0,0.00,'fixed',1),(28,16,0,0.00,'fixed',1),(28,17,0,0.00,'fixed',1),(28,34,0,0.00,'fixed',1),(28,37,0,0.00,'fixed',1),(29,2,0,0.00,'fixed',1),(29,5,0,0.00,'fixed',1),(29,14,0,0.00,'fixed',1),(29,15,0,0.00,'fixed',1),(29,28,0,0.00,'fixed',1),(29,35,0,0.00,'fixed',1),(29,37,0,0.00,'fixed',1),(30,1,0,0.00,'fixed',1),(30,7,0,0.00,'fixed',1),(30,11,0,0.00,'fixed',1),(30,19,0,0.00,'fixed',1),(30,25,0,0.00,'fixed',1),(30,33,0,0.00,'fixed',1),(30,39,0,0.00,'fixed',1),(31,3,0,0.00,'fixed',1),(31,27,0,0.00,'fixed',1),(31,35,0,0.00,'fixed',1),(31,37,0,0.00,'fixed',1),(31,38,0,0.00,'fixed',1),(31,39,0,0.00,'fixed',1),(31,43,0,0.00,'fixed',1),(32,5,0,0.00,'fixed',1),(32,17,0,0.00,'fixed',1),(32,21,0,0.00,'fixed',1),(32,24,0,0.00,'fixed',1),(32,27,0,0.00,'fixed',1),(32,31,0,0.00,'fixed',1),(32,41,0,0.00,'fixed',1),(33,1,0,0.00,'fixed',1),(33,19,0,0.00,'fixed',1),(33,20,0,0.00,'fixed',1),(33,24,0,0.00,'fixed',1),(33,29,0,0.00,'fixed',1),(33,31,0,0.00,'fixed',1),(33,36,0,0.00,'fixed',1),(34,12,0,0.00,'fixed',1),(34,20,0,0.00,'fixed',1),(34,21,0,0.00,'fixed',1),(34,32,0,0.00,'fixed',1),(34,35,0,0.00,'fixed',1),(34,38,0,0.00,'fixed',1),(34,39,0,0.00,'fixed',1),(35,2,0,0.00,'fixed',1),(35,3,0,0.00,'fixed',1),(35,17,0,0.00,'fixed',1),(35,23,0,0.00,'fixed',1),(35,27,0,0.00,'fixed',1),(35,31,0,0.00,'fixed',1),(35,42,0,0.00,'fixed',1),(36,1,0,0.00,'fixed',1),(36,12,0,0.00,'fixed',1),(36,14,0,0.00,'fixed',1),(36,16,0,0.00,'fixed',1),(36,31,0,0.00,'fixed',1),(36,43,0,0.00,'fixed',1),(37,1,0,0.00,'fixed',1),(37,7,0,0.00,'fixed',1),(37,18,0,0.00,'fixed',1),(37,34,0,0.00,'fixed',1),(37,39,0,0.00,'fixed',1),(38,7,0,0.00,'fixed',1),(38,18,0,0.00,'fixed',1),(38,24,0,0.00,'fixed',1),(38,25,0,0.00,'fixed',1),(38,33,0,0.00,'fixed',1),(38,35,0,0.00,'fixed',1),(39,3,0,0.00,'fixed',1),(39,7,0,0.00,'fixed',1),(39,16,0,0.00,'fixed',1),(39,18,0,0.00,'fixed',1),(39,29,0,0.00,'fixed',1),(39,40,0,0.00,'fixed',1),(39,43,0,0.00,'fixed',1),(40,5,0,0.00,'fixed',1),(40,6,0,0.00,'fixed',1),(40,7,0,0.00,'fixed',1),(40,13,0,0.00,'fixed',1),(40,22,0,0.00,'fixed',1),(40,25,0,0.00,'fixed',1),(40,29,0,0.00,'fixed',1),(41,2,0,0.00,'fixed',1),(41,5,0,0.00,'fixed',1),(41,14,0,0.00,'fixed',1),(41,20,0,0.00,'fixed',1),(41,40,0,0.00,'fixed',1),(41,42,0,0.00,'fixed',1),(42,8,0,0.00,'fixed',1),(42,30,0,0.00,'fixed',1),(42,37,0,0.00,'fixed',1),(42,39,0,0.00,'fixed',1),(42,41,0,0.00,'fixed',1),(42,43,0,0.00,'fixed',1),(43,8,0,0.00,'fixed',1),(43,17,0,0.00,'fixed',1),(43,19,0,0.00,'fixed',1),(43,27,0,0.00,'fixed',1),(43,32,0,0.00,'fixed',1),(43,36,0,0.00,'fixed',1),(43,38,0,0.00,'fixed',1);

--
-- Table structure for table `ec_product_files`
--

CREATE TABLE `ec_product_files` (
  `id` bigint unsigned NOT NULL AUTO_INCREMENT,
  `product_id` bigint unsigned DEFAULT NULL,
  `url` varchar(400) COLLATE utf8mb4_unicode_ci DEFAULT NULL,
  `extras` mediumtext COLLATE utf8mb4_unicode_ci,
  `created_at` timestamp NULL DEFAULT NULL,
  `updated_at` timestamp NULL DEFAULT NULL,
  PRIMARY KEY (`id`),
  KEY `ec_product_files_product_id_index` (`product_id`)
) ENGINE=InnoDB AUTO_INCREMENT=27 DEFAULT CHARSET=utf8mb4 COLLATE=utf8mb4_unicode_ci;

--
-- Dumping data for table `ec_product_files`
--

INSERT INTO `ec_product_files` VALUES (1,4,'ecommerce/digital-product-files/product-1.jpg','{\"filename\":\"product-1.jpg\",\"url\":\"ecommerce\\/digital-product-files\\/product-1.jpg\",\"mime_type\":\"image\\/jpeg\",\"size\":9803,\"modified\":\"2024-11-01 03:46:59\",\"name\":\"product-1\",\"extension\":\"jpg\"}','2024-10-31 20:46:59','2024-10-31 20:46:59'),(2,4,'ecommerce/digital-product-files/product-2.jpg','{\"filename\":\"product-2.jpg\",\"url\":\"ecommerce\\/digital-product-files\\/product-2.jpg\",\"mime_type\":\"image\\/jpeg\",\"size\":9803,\"modified\":\"2024-11-01 03:46:59\",\"name\":\"product-2\",\"extension\":\"jpg\"}','2024-10-31 20:46:59','2024-10-31 20:46:59'),(3,8,'ecommerce/digital-product-files/product-19.jpg','{\"filename\":\"product-19.jpg\",\"url\":\"ecommerce\\/digital-product-files\\/product-19.jpg\",\"mime_type\":\"image\\/jpeg\",\"size\":9803,\"modified\":\"2024-11-01 03:46:59\",\"name\":\"product-19\",\"extension\":\"jpg\"}','2024-10-31 20:46:59','2024-10-31 20:46:59'),(4,8,'ecommerce/digital-product-files/product-14.jpg','{\"filename\":\"product-14.jpg\",\"url\":\"ecommerce\\/digital-product-files\\/product-14.jpg\",\"mime_type\":\"image\\/jpeg\",\"size\":9803,\"modified\":\"2024-11-01 03:46:59\",\"name\":\"product-14\",\"extension\":\"jpg\"}','2024-10-31 20:46:59','2024-10-31 20:46:59'),(5,12,'ecommerce/digital-product-files/product-7.jpg','{\"filename\":\"product-7.jpg\",\"url\":\"ecommerce\\/digital-product-files\\/product-7.jpg\",\"mime_type\":\"image\\/jpeg\",\"size\":9803,\"modified\":\"2024-11-01 03:46:59\",\"name\":\"product-7\",\"extension\":\"jpg\"}','2024-10-31 20:46:59','2024-10-31 20:46:59'),(6,12,'ecommerce/digital-product-files/product-18.jpg','{\"filename\":\"product-18.jpg\",\"url\":\"ecommerce\\/digital-product-files\\/product-18.jpg\",\"mime_type\":\"image\\/jpeg\",\"size\":9803,\"modified\":\"2024-11-01 03:46:59\",\"name\":\"product-18\",\"extension\":\"jpg\"}','2024-10-31 20:46:59','2024-10-31 20:46:59'),(7,16,'ecommerce/digital-product-files/product-5.jpg','{\"filename\":\"product-5.jpg\",\"url\":\"ecommerce\\/digital-product-files\\/product-5.jpg\",\"mime_type\":\"image\\/jpeg\",\"size\":9803,\"modified\":\"2024-11-01 03:46:59\",\"name\":\"product-5\",\"extension\":\"jpg\"}','2024-10-31 20:46:59','2024-10-31 20:46:59'),(8,16,'ecommerce/digital-product-files/product-16.jpg','{\"filename\":\"product-16.jpg\",\"url\":\"ecommerce\\/digital-product-files\\/product-16.jpg\",\"mime_type\":\"image\\/jpeg\",\"size\":9803,\"modified\":\"2024-11-01 03:46:59\",\"name\":\"product-16\",\"extension\":\"jpg\"}','2024-10-31 20:46:59','2024-10-31 20:46:59'),(9,20,'ecommerce/digital-product-files/product-18.jpg','{\"filename\":\"product-18.jpg\",\"url\":\"ecommerce\\/digital-product-files\\/product-18.jpg\",\"mime_type\":\"image\\/jpeg\",\"size\":9803,\"modified\":\"2024-11-01 03:46:59\",\"name\":\"product-18\",\"extension\":\"jpg\"}','2024-10-31 20:46:59','2024-10-31 20:46:59'),(10,20,'ecommerce/digital-product-files/product-4.jpg','{\"filename\":\"product-4.jpg\",\"url\":\"ecommerce\\/digital-product-files\\/product-4.jpg\",\"mime_type\":\"image\\/jpeg\",\"size\":9803,\"modified\":\"2024-11-01 03:46:59\",\"name\":\"product-4\",\"extension\":\"jpg\"}','2024-10-31 20:46:59','2024-10-31 20:46:59'),(11,24,'ecommerce/digital-product-files/product-5.jpg','{\"filename\":\"product-5.jpg\",\"url\":\"ecommerce\\/digital-product-files\\/product-5.jpg\",\"mime_type\":\"image\\/jpeg\",\"size\":9803,\"modified\":\"2024-11-01 03:46:59\",\"name\":\"product-5\",\"extension\":\"jpg\"}','2024-10-31 20:46:59','2024-10-31 20:46:59'),(12,24,'ecommerce/digital-product-files/product-8.jpg','{\"filename\":\"product-8.jpg\",\"url\":\"ecommerce\\/digital-product-files\\/product-8.jpg\",\"mime_type\":\"image\\/jpeg\",\"size\":9803,\"modified\":\"2024-11-01 03:46:59\",\"name\":\"product-8\",\"extension\":\"jpg\"}','2024-10-31 20:46:59','2024-10-31 20:46:59'),(13,28,'ecommerce/digital-product-files/product-7.jpg','{\"filename\":\"product-7.jpg\",\"url\":\"ecommerce\\/digital-product-files\\/product-7.jpg\",\"mime_type\":\"image\\/jpeg\",\"size\":9803,\"modified\":\"2024-11-01 03:46:59\",\"name\":\"product-7\",\"extension\":\"jpg\"}','2024-10-31 20:46:59','2024-10-31 20:46:59'),(14,28,'ecommerce/digital-product-files/product-14.jpg','{\"filename\":\"product-14.jpg\",\"url\":\"ecommerce\\/digital-product-files\\/product-14.jpg\",\"mime_type\":\"image\\/jpeg\",\"size\":9803,\"modified\":\"2024-11-01 03:46:59\",\"name\":\"product-14\",\"extension\":\"jpg\"}','2024-10-31 20:46:59','2024-10-31 20:46:59'),(15,32,'ecommerce/digital-product-files/product-details-desc-2.jpg','{\"filename\":\"product-details-desc-2.jpg\",\"url\":\"ecommerce\\/digital-product-files\\/product-details-desc-2.jpg\",\"mime_type\":\"image\\/jpeg\",\"size\":9803,\"modified\":\"2024-11-01 03:46:59\",\"name\":\"product-details-desc-2\",\"extension\":\"jpg\"}','2024-10-31 20:46:59','2024-10-31 20:46:59'),(16,32,'ecommerce/digital-product-files/product-12.jpg','{\"filename\":\"product-12.jpg\",\"url\":\"ecommerce\\/digital-product-files\\/product-12.jpg\",\"mime_type\":\"image\\/jpeg\",\"size\":9803,\"modified\":\"2024-11-01 03:46:59\",\"name\":\"product-12\",\"extension\":\"jpg\"}','2024-10-31 20:46:59','2024-10-31 20:46:59'),(17,36,'ecommerce/digital-product-files/product-20.jpg','{\"filename\":\"product-20.jpg\",\"url\":\"ecommerce\\/digital-product-files\\/product-20.jpg\",\"mime_type\":\"image\\/jpeg\",\"size\":9803,\"modified\":\"2024-11-01 03:46:59\",\"name\":\"product-20\",\"extension\":\"jpg\"}','2024-10-31 20:46:59','2024-10-31 20:46:59'),(18,36,'ecommerce/digital-product-files/product-12.jpg','{\"filename\":\"product-12.jpg\",\"url\":\"ecommerce\\/digital-product-files\\/product-12.jpg\",\"mime_type\":\"image\\/jpeg\",\"size\":9803,\"modified\":\"2024-11-01 03:46:59\",\"name\":\"product-12\",\"extension\":\"jpg\"}','2024-10-31 20:46:59','2024-10-31 20:46:59'),(19,40,'ecommerce/digital-product-files/product-14.jpg','{\"filename\":\"product-14.jpg\",\"url\":\"ecommerce\\/digital-product-files\\/product-14.jpg\",\"mime_type\":\"image\\/jpeg\",\"size\":9803,\"modified\":\"2024-11-01 03:46:59\",\"name\":\"product-14\",\"extension\":\"jpg\"}','2024-10-31 20:46:59','2024-10-31 20:46:59'),(20,40,'ecommerce/digital-product-files/product-11.jpg','{\"filename\":\"product-11.jpg\",\"url\":\"ecommerce\\/digital-product-files\\/product-11.jpg\",\"mime_type\":\"image\\/jpeg\",\"size\":9803,\"modified\":\"2024-11-01 03:46:59\",\"name\":\"product-11\",\"extension\":\"jpg\"}','2024-10-31 20:46:59','2024-10-31 20:46:59'),(21,47,'ecommerce/digital-product-files/product-2.jpg','{\"filename\":\"product-2.jpg\",\"url\":\"ecommerce\\/digital-product-files\\/product-2.jpg\",\"mime_type\":\"image\\/jpeg\",\"size\":9803,\"modified\":\"2024-11-01 03:46:59\",\"name\":\"product-2\",\"extension\":\"jpg\"}','2024-10-31 20:46:59','2024-10-31 20:46:59'),(22,48,'ecommerce/digital-product-files/product-12.jpg','{\"filename\":\"product-12.jpg\",\"url\":\"ecommerce\\/digital-product-files\\/product-12.jpg\",\"mime_type\":\"image\\/jpeg\",\"size\":9803,\"modified\":\"2024-11-01 03:46:59\",\"name\":\"product-12\",\"extension\":\"jpg\"}','2024-10-31 20:46:59','2024-10-31 20:46:59'),(23,49,'ecommerce/digital-product-files/product-1.jpg','{\"filename\":\"product-1.jpg\",\"url\":\"ecommerce\\/digital-product-files\\/product-1.jpg\",\"mime_type\":\"image\\/jpeg\",\"size\":9803,\"modified\":\"2024-11-01 03:46:59\",\"name\":\"product-1\",\"extension\":\"jpg\"}','2024-10-31 20:46:59','2024-10-31 20:46:59'),(24,50,'ecommerce/digital-product-files/product-1.jpg','{\"filename\":\"product-1.jpg\",\"url\":\"ecommerce\\/digital-product-files\\/product-1.jpg\",\"mime_type\":\"image\\/jpeg\",\"size\":9803,\"modified\":\"2024-11-01 03:46:59\",\"name\":\"product-1\",\"extension\":\"jpg\"}','2024-10-31 20:46:59','2024-10-31 20:46:59'),(25,93,'ecommerce/digital-product-files/product-11.jpg','{\"filename\":\"product-11.jpg\",\"url\":\"ecommerce\\/digital-product-files\\/product-11.jpg\",\"mime_type\":\"image\\/jpeg\",\"size\":9803,\"modified\":\"2024-11-01 03:46:59\",\"name\":\"product-11\",\"extension\":\"jpg\"}','2024-10-31 20:46:59','2024-10-31 20:46:59'),(26,94,'ecommerce/digital-product-files/product-10.jpg','{\"filename\":\"product-10.jpg\",\"url\":\"ecommerce\\/digital-product-files\\/product-10.jpg\",\"mime_type\":\"image\\/jpeg\",\"size\":9803,\"modified\":\"2024-11-01 03:46:59\",\"name\":\"product-10\",\"extension\":\"jpg\"}','2024-10-31 20:46:59','2024-10-31 20:46:59');

--
-- Table structure for table `ec_product_label_products`
--

CREATE TABLE `ec_product_label_products` (
  `product_label_id` bigint unsigned NOT NULL,
  `product_id` bigint unsigned NOT NULL,
  PRIMARY KEY (`product_label_id`,`product_id`),
  KEY `ec_product_label_products_product_label_id_index` (`product_label_id`),
  KEY `ec_product_label_products_product_id_index` (`product_id`)
) ENGINE=InnoDB DEFAULT CHARSET=utf8mb4 COLLATE=utf8mb4_unicode_ci;

--
-- Dumping data for table `ec_product_label_products`
--

INSERT INTO `ec_product_label_products` VALUES (1,6),(1,9),(1,18),(1,24),(1,30),(1,36),(2,12),(2,27),(3,3),(3,15),(3,21),(3,33),(3,39),(3,42);

--
-- Table structure for table `ec_product_labels`
--

CREATE TABLE `ec_product_labels` (
  `id` bigint unsigned NOT NULL AUTO_INCREMENT,
  `name` varchar(191) COLLATE utf8mb4_unicode_ci NOT NULL,
  `color` varchar(120) COLLATE utf8mb4_unicode_ci DEFAULT NULL,
  `status` varchar(60) COLLATE utf8mb4_unicode_ci NOT NULL DEFAULT 'published',
  `created_at` timestamp NULL DEFAULT NULL,
  `updated_at` timestamp NULL DEFAULT NULL,
  PRIMARY KEY (`id`)
) ENGINE=InnoDB AUTO_INCREMENT=4 DEFAULT CHARSET=utf8mb4 COLLATE=utf8mb4_unicode_ci;

--
-- Dumping data for table `ec_product_labels`
--

INSERT INTO `ec_product_labels` VALUES (1,'Hot','#AC2200','published','2024-10-31 20:46:47','2024-10-31 20:46:47'),(2,'New','#006554','published','2024-10-31 20:46:47','2024-10-31 20:46:47'),(3,'Sale','#9A3B00','published','2024-10-31 20:46:47','2024-10-31 20:46:47');

--
-- Table structure for table `ec_product_labels_translations`
--

CREATE TABLE `ec_product_labels_translations` (
  `lang_code` varchar(191) COLLATE utf8mb4_unicode_ci NOT NULL,
  `ec_product_labels_id` bigint unsigned NOT NULL,
  `name` varchar(191) COLLATE utf8mb4_unicode_ci DEFAULT NULL,
  `description` varchar(400) COLLATE utf8mb4_unicode_ci DEFAULT NULL,
  PRIMARY KEY (`lang_code`,`ec_product_labels_id`)
) ENGINE=InnoDB DEFAULT CHARSET=utf8mb4 COLLATE=utf8mb4_unicode_ci;

--
-- Dumping data for table `ec_product_labels_translations`
--


--
-- Table structure for table `ec_product_related_relations`
--

CREATE TABLE `ec_product_related_relations` (
  `from_product_id` bigint unsigned NOT NULL,
  `to_product_id` bigint unsigned NOT NULL,
  PRIMARY KEY (`from_product_id`,`to_product_id`),
  KEY `ec_product_related_relations_from_product_id_index` (`from_product_id`),
  KEY `ec_product_related_relations_to_product_id_index` (`to_product_id`)
) ENGINE=InnoDB DEFAULT CHARSET=utf8mb4 COLLATE=utf8mb4_unicode_ci;

--
-- Dumping data for table `ec_product_related_relations`
--


--
-- Table structure for table `ec_product_specification_attribute`
--

CREATE TABLE `ec_product_specification_attribute` (
  `product_id` bigint unsigned NOT NULL,
  `attribute_id` bigint unsigned NOT NULL,
  `value` text COLLATE utf8mb4_unicode_ci,
  `hidden` tinyint(1) NOT NULL DEFAULT '0',
  `order` tinyint NOT NULL DEFAULT '0',
  PRIMARY KEY (`product_id`,`attribute_id`)
) ENGINE=InnoDB DEFAULT CHARSET=utf8mb4 COLLATE=utf8mb4_unicode_ci;

--
-- Dumping data for table `ec_product_specification_attribute`
--

INSERT INTO `ec_product_specification_attribute` VALUES (1,1,'6.85 cm',0,0),(1,2,'94.85 cm',0,0),(1,3,'8.92 cm',0,0),(1,4,'95.99 cm',0,0),(1,5,'91.39 cm',0,0),(2,1,'58.15 cm',0,0),(2,2,'83.8 cm',0,0),(2,3,'68.37 cm',0,0),(2,4,'91.8 cm',0,0),(2,5,'66.1 cm',0,0),(3,1,'78.24 cm',0,0),(3,2,'37.23 cm',0,0),(3,3,'35.58 cm',0,0),(3,4,'45.28 cm',0,0),(3,5,'60.34 cm',0,0),(4,6,'48.99 cm',0,0),(4,7,'95.97 cm',0,0),(4,8,'1920x1080',0,0),(5,6,'86.77 cm',0,0),(5,7,'91.35 cm',0,0),(5,8,'3840x2160',0,0),(6,1,'82.13 cm',0,0),(6,2,'82.49 cm',0,0),(6,3,'73.54 cm',0,0),(6,4,'63.61 cm',0,0),(6,5,'16.06 cm',0,0),(7,1,'9.15 cm',0,0),(7,2,'87.82 cm',0,0),(7,3,'6.92 cm',0,0),(7,4,'33.47 cm',0,0),(7,5,'18.69 cm',0,0),(8,6,'2.32 cm',0,0),(8,7,'27.34 cm',0,0),(8,8,'1920x1080',0,0),(9,1,'39.71 cm',0,0),(9,2,'12.06 cm',0,0),(9,3,'45.3 cm',0,0),(9,4,'78.57 cm',0,0),(9,5,'34.13 cm',0,0),(10,6,'92.32 cm',0,0),(10,7,'81.4 cm',0,0),(10,8,'3840x2160',0,0),(11,1,'8.61 cm',0,0),(11,2,'61.43 cm',0,0),(11,3,'68.99 cm',0,0),(11,4,'67.95 cm',0,0),(11,5,'47.99 cm',0,0),(12,6,'37.4 cm',0,0),(12,7,'69.62 cm',0,0),(12,8,'3840x2160',0,0),(13,1,'79.98 cm',0,0),(13,2,'93.5 cm',0,0),(13,3,'76.37 cm',0,0),(13,4,'29.32 cm',0,0),(13,5,'62.77 cm',0,0),(14,6,'3.4 cm',0,0),(14,7,'16.87 cm',0,0),(14,8,'2560x1440',0,0),(15,6,'4.35 cm',0,0),(15,7,'69.01 cm',0,0),(15,8,'2560x1440',0,0),(16,6,'53.54 cm',0,0),(16,7,'3.5 cm',0,0),(16,8,'3840x2160',0,0),(17,1,'11.33 cm',0,0),(17,2,'56.87 cm',0,0),(17,3,'12.15 cm',0,0),(17,4,'91.28 cm',0,0),(17,5,'69.07 cm',0,0),(18,6,'49.87 cm',0,0),(18,7,'34.82 cm',0,0),(18,8,'3840x2160',0,0),(19,6,'13.81 cm',0,0),(19,7,'95.56 cm',0,0),(19,8,'1920x1080',0,0),(20,1,'38.83 cm',0,0),(20,2,'33.46 cm',0,0),(20,3,'3.79 cm',0,0),(20,4,'17.09 cm',0,0),(20,5,'32.84 cm',0,0),(21,6,'92.87 cm',0,0),(21,7,'63.4 cm',0,0),(21,8,'3840x2160',0,0),(22,1,'36.66 cm',0,0),(22,2,'83.65 cm',0,0),(22,3,'78 cm',0,0),(22,4,'77.64 cm',0,0),(22,5,'96.64 cm',0,0),(23,6,'93.26 cm',0,0),(23,7,'97.13 cm',0,0),(23,8,'3840x2160',0,0),(24,6,'52.17 cm',0,0),(24,7,'55.63 cm',0,0),(24,8,'3840x2160',0,0),(25,6,'30.07 cm',0,0),(25,7,'35.73 cm',0,0),(25,8,'3840x2160',0,0),(26,6,'59.21 cm',0,0),(26,7,'93.8 cm',0,0),(26,8,'1920x1080',0,0),(27,1,'30.83 cm',0,0),(27,2,'78.12 cm',0,0),(27,3,'62.84 cm',0,0),(27,4,'94.48 cm',0,0),(27,5,'35.86 cm',0,0),(28,1,'7.38 cm',0,0),(28,2,'1.35 cm',0,0),(28,3,'41.44 cm',0,0),(28,4,'60.82 cm',0,0),(28,5,'56.18 cm',0,0),(29,6,'85.93 cm',0,0),(29,7,'40.16 cm',0,0),(29,8,'2560x1440',0,0),(30,1,'97.08 cm',0,0),(30,2,'2.84 cm',0,0),(30,3,'26.05 cm',0,0),(30,4,'51.14 cm',0,0),(30,5,'87.39 cm',0,0),(31,6,'72.96 cm',0,0),(31,7,'70.37 cm',0,0),(31,8,'1920x1080',0,0),(32,1,'11.25 cm',0,0),(32,2,'72.63 cm',0,0),(32,3,'36.08 cm',0,0),(32,4,'7.05 cm',0,0),(32,5,'96.97 cm',0,0),(33,1,'55.15 cm',0,0),(33,2,'61.05 cm',0,0),(33,3,'93.61 cm',0,0),(33,4,'98.91 cm',0,0),(33,5,'69.26 cm',0,0),(34,6,'54.51 cm',0,0),(34,7,'72.89 cm',0,0),(34,8,'1920x1080',0,0),(35,1,'87.13 cm',0,0),(35,2,'93.99 cm',0,0),(35,3,'93.43 cm',0,0),(35,4,'12.87 cm',0,0),(35,5,'16.35 cm',0,0),(36,1,'40.8 cm',0,0),(36,2,'14.42 cm',0,0),(36,3,'86.05 cm',0,0),(36,4,'8.03 cm',0,0),(36,5,'63.43 cm',0,0),(37,1,'58.12 cm',0,0),(37,2,'51.35 cm',0,0),(37,3,'58.82 cm',0,0),(37,4,'18.26 cm',0,0),(37,5,'55.37 cm',0,0),(38,6,'85.27 cm',0,0),(38,7,'80.89 cm',0,0),(38,8,'2560x1440',0,0),(39,1,'57.99 cm',0,0),(39,2,'4.72 cm',0,0),(39,3,'21.73 cm',0,0),(39,4,'93.47 cm',0,0),(39,5,'42.85 cm',0,0),(40,1,'87.4 cm',0,0),(40,2,'10.32 cm',0,0),(40,3,'16.83 cm',0,0),(40,4,'29.03 cm',0,0),(40,5,'90.36 cm',0,0),(41,6,'55.33 cm',0,0),(41,7,'39.59 cm',0,0),(41,8,'2560x1440',0,0),(42,6,'33.99 cm',0,0),(42,7,'28.39 cm',0,0),(42,8,'3840x2160',0,0),(43,1,'76.51 cm',0,0),(43,2,'89.46 cm',0,0),(43,3,'78.2 cm',0,0),(43,4,'97.15 cm',0,0),(43,5,'30.34 cm',0,0);

--
-- Table structure for table `ec_product_tag_product`
--

CREATE TABLE `ec_product_tag_product` (
  `product_id` bigint unsigned NOT NULL,
  `tag_id` bigint unsigned NOT NULL,
  PRIMARY KEY (`product_id`,`tag_id`),
  KEY `ec_product_tag_product_product_id_index` (`product_id`),
  KEY `ec_product_tag_product_tag_id_index` (`tag_id`)
) ENGINE=InnoDB DEFAULT CHARSET=utf8mb4 COLLATE=utf8mb4_unicode_ci;

--
-- Dumping data for table `ec_product_tag_product`
--

INSERT INTO `ec_product_tag_product` VALUES (1,1),(1,3),(1,5),(2,1),(2,2),(2,4),(3,1),(3,4),(3,5),(4,2),(4,4),(4,5),(5,1),(5,2),(5,5),(6,3),(6,4),(6,5),(7,2),(7,3),(7,5),(8,1),(8,3),(8,6),(9,3),(9,4),(9,6),(10,2),(10,5),(10,6),(11,2),(11,3),(11,6),(12,2),(12,5),(12,6),(13,2),(13,3),(13,4),(14,2),(14,5),(14,6),(15,1),(15,4),(15,5),(16,1),(16,4),(16,6),(17,2),(17,3),(17,4),(18,1),(18,3),(18,6),(19,3),(19,4),(19,6),(20,1),(20,4),(20,5),(21,1),(21,3),(21,4),(22,1),(22,3),(22,5),(23,1),(23,3),(23,5),(24,2),(24,4),(24,5),(25,1),(25,2),(25,5),(26,3),(26,4),(26,5),(27,1),(27,5),(27,6),(28,2),(28,3),(28,6),(29,1),(29,3),(29,4),(30,1),(30,3),(30,5),(31,1),(31,4),(31,5),(32,1),(32,3),(32,5),(33,1),(33,3),(33,6),(34,2),(34,3),(34,6),(35,2),(35,3),(35,5),(36,1),(36,3),(36,5),(37,1),(37,4),(37,5),(38,1),(38,2),(38,4),(39,3),(39,5),(39,6),(40,1),(40,2),(40,5),(41,2),(41,3),(41,4),(42,3),(42,5),(42,6),(43,3),(43,4),(43,5);

--
-- Table structure for table `ec_product_tags`
--

CREATE TABLE `ec_product_tags` (
  `id` bigint unsigned NOT NULL AUTO_INCREMENT,
  `name` varchar(120) COLLATE utf8mb4_unicode_ci NOT NULL,
  `description` varchar(400) COLLATE utf8mb4_unicode_ci DEFAULT NULL,
  `status` varchar(60) COLLATE utf8mb4_unicode_ci NOT NULL DEFAULT 'published',
  `created_at` timestamp NULL DEFAULT NULL,
  `updated_at` timestamp NULL DEFAULT NULL,
  PRIMARY KEY (`id`)
) ENGINE=InnoDB AUTO_INCREMENT=7 DEFAULT CHARSET=utf8mb4 COLLATE=utf8mb4_unicode_ci;

--
-- Dumping data for table `ec_product_tags`
--

INSERT INTO `ec_product_tags` VALUES (1,'Electronic',NULL,'published','2024-10-31 20:46:51','2024-10-31 20:46:51'),(2,'Mobile',NULL,'published','2024-10-31 20:46:51','2024-10-31 20:46:51'),(3,'Iphone',NULL,'published','2024-10-31 20:46:51','2024-10-31 20:46:51'),(4,'Printer',NULL,'published','2024-10-31 20:46:51','2024-10-31 20:46:51'),(5,'Office',NULL,'published','2024-10-31 20:46:51','2024-10-31 20:46:51'),(6,'IT',NULL,'published','2024-10-31 20:46:51','2024-10-31 20:46:51');

--
-- Table structure for table `ec_product_tags_translations`
--

CREATE TABLE `ec_product_tags_translations` (
  `lang_code` varchar(191) COLLATE utf8mb4_unicode_ci NOT NULL,
  `ec_product_tags_id` bigint unsigned NOT NULL,
  `name` varchar(191) COLLATE utf8mb4_unicode_ci DEFAULT NULL,
  PRIMARY KEY (`lang_code`,`ec_product_tags_id`)
) ENGINE=InnoDB DEFAULT CHARSET=utf8mb4 COLLATE=utf8mb4_unicode_ci;

--
-- Dumping data for table `ec_product_tags_translations`
--


--
-- Table structure for table `ec_product_up_sale_relations`
--

CREATE TABLE `ec_product_up_sale_relations` (
  `from_product_id` bigint unsigned NOT NULL,
  `to_product_id` bigint unsigned NOT NULL,
  PRIMARY KEY (`from_product_id`,`to_product_id`),
  KEY `ec_product_up_sale_relations_from_product_id_index` (`from_product_id`),
  KEY `ec_product_up_sale_relations_to_product_id_index` (`to_product_id`)
) ENGINE=InnoDB DEFAULT CHARSET=utf8mb4 COLLATE=utf8mb4_unicode_ci;

--
-- Dumping data for table `ec_product_up_sale_relations`
--


--
-- Table structure for table `ec_product_variation_items`
--

CREATE TABLE `ec_product_variation_items` (
  `id` bigint unsigned NOT NULL AUTO_INCREMENT,
  `attribute_id` bigint unsigned NOT NULL,
  `variation_id` bigint unsigned NOT NULL,
  PRIMARY KEY (`id`),
  UNIQUE KEY `ec_product_variation_items_attribute_id_variation_id_unique` (`attribute_id`,`variation_id`),
  KEY `attribute_variation_index` (`attribute_id`,`variation_id`)
) ENGINE=InnoDB AUTO_INCREMENT=115 DEFAULT CHARSET=utf8mb4 COLLATE=utf8mb4_unicode_ci;

--
-- Dumping data for table `ec_product_variation_items`
--

INSERT INTO `ec_product_variation_items` VALUES (1,1,1),(37,1,19),(39,1,20),(45,1,23),(49,1,25),(51,1,26),(53,1,27),(3,2,2),(5,2,3),(7,2,4),(11,2,6),(17,2,9),(21,2,11),(27,2,14),(29,2,15),(35,2,18),(41,3,21),(43,3,22),(9,4,5),(13,4,7),(23,4,12),(33,4,17),(47,4,24),(15,5,8),(19,5,10),(25,5,13),(31,5,16),(4,6,2),(14,6,7),(22,6,11),(38,6,19),(46,6,23),(12,7,6),(34,7,17),(40,7,20),(42,7,21),(48,7,24),(52,7,26),(16,8,8),(26,8,13),(32,8,16),(36,8,18),(10,9,5),(20,9,10),(2,10,1),(6,10,3),(8,10,4),(18,10,9),(24,10,12),(28,10,14),(30,10,15),(44,10,22),(50,10,25),(54,10,27),(63,11,32),(95,11,48),(99,11,50),(109,11,55),(61,12,31),(65,12,33),(69,12,35),(73,12,37),(87,12,44),(91,12,46),(97,12,49),(103,12,52),(105,12,53),(107,12,54),(67,13,34),(79,13,40),(85,13,43),(101,13,51),(55,14,28),(57,14,29),(59,14,30),(71,14,36),(81,14,41),(89,14,45),(93,14,47),(113,14,57),(75,15,38),(77,15,39),(83,15,42),(111,15,56),(56,16,28),(74,16,37),(82,16,41),(98,16,49),(102,16,51),(104,16,52),(110,16,55),(60,17,30),(62,17,31),(66,17,33),(68,17,34),(70,17,35),(76,17,38),(78,17,39),(86,17,43),(94,17,47),(106,17,53),(64,18,32),(72,18,36),(80,18,40),(90,18,45),(100,18,50),(108,18,54),(84,19,42),(92,19,46),(96,19,48),(112,19,56),(114,19,57),(58,20,29),(88,20,44);

--
-- Table structure for table `ec_product_variations`
--

CREATE TABLE `ec_product_variations` (
  `id` bigint unsigned NOT NULL AUTO_INCREMENT,
  `product_id` bigint unsigned DEFAULT NULL,
  `configurable_product_id` bigint unsigned NOT NULL,
  `is_default` tinyint NOT NULL DEFAULT '0',
  PRIMARY KEY (`id`),
  UNIQUE KEY `ec_product_variations_product_id_configurable_product_id_unique` (`product_id`,`configurable_product_id`),
  KEY `configurable_product_index` (`product_id`,`configurable_product_id`)
) ENGINE=InnoDB AUTO_INCREMENT=58 DEFAULT CHARSET=utf8mb4 COLLATE=utf8mb4_unicode_ci;

--
-- Dumping data for table `ec_product_variations`
--

INSERT INTO `ec_product_variations` VALUES (1,44,2,1),(2,45,2,0),(3,46,2,0),(4,47,4,1),(5,48,4,0),(6,49,4,0),(7,50,4,0),(8,51,5,1),(9,52,5,0),(10,53,6,1),(11,54,6,0),(12,55,10,1),(13,56,10,0),(14,57,11,1),(15,58,13,1),(16,59,13,0),(17,60,13,0),(18,61,14,1),(19,62,14,0),(20,63,14,0),(21,64,14,0),(22,65,15,1),(23,66,15,0),(24,67,15,0),(25,68,17,1),(26,69,17,0),(27,70,18,1),(28,71,22,1),(29,72,23,1),(30,73,23,0),(31,74,25,1),(32,75,25,0),(33,76,25,0),(34,77,25,0),(35,78,27,1),(36,79,27,0),(37,80,29,1),(38,81,29,0),(39,82,35,1),(40,83,35,0),(41,84,35,0),(42,85,35,0),(43,86,35,0),(44,87,37,1),(45,88,37,0),(46,89,39,1),(47,90,39,0),(48,91,39,0),(49,92,39,0),(50,93,40,1),(51,94,40,0),(52,95,42,1),(53,96,42,0),(54,97,42,0),(55,98,43,1),(56,99,43,0),(57,100,43,0);

--
-- Table structure for table `ec_product_views`
--

CREATE TABLE `ec_product_views` (
  `id` bigint unsigned NOT NULL AUTO_INCREMENT,
  `product_id` bigint unsigned NOT NULL,
  `views` int NOT NULL DEFAULT '1',
  `date` date NOT NULL DEFAULT '2024-11-01',
  PRIMARY KEY (`id`),
  UNIQUE KEY `ec_product_views_product_id_date_unique` (`product_id`,`date`),
  KEY `ec_product_views_product_id_index` (`product_id`)
) ENGINE=InnoDB DEFAULT CHARSET=utf8mb4 COLLATE=utf8mb4_unicode_ci;

--
-- Dumping data for table `ec_product_views`
--


--
-- Table structure for table `ec_product_with_attribute_set`
--

CREATE TABLE `ec_product_with_attribute_set` (
  `attribute_set_id` bigint unsigned NOT NULL,
  `product_id` bigint unsigned NOT NULL,
  `order` tinyint unsigned NOT NULL DEFAULT '0',
  PRIMARY KEY (`product_id`,`attribute_set_id`)
) ENGINE=InnoDB DEFAULT CHARSET=utf8mb4 COLLATE=utf8mb4_unicode_ci;

--
-- Dumping data for table `ec_product_with_attribute_set`
--

INSERT INTO `ec_product_with_attribute_set` VALUES (1,2,0),(2,2,0),(1,4,0),(2,4,0),(1,5,0),(2,5,0),(1,6,0),(2,6,0),(1,10,0),(2,10,0),(1,11,0),(2,11,0),(1,13,0),(2,13,0),(1,14,0),(2,14,0),(1,15,0),(2,15,0),(1,17,0),(2,17,0),(1,18,0),(2,18,0),(3,22,0),(4,22,0),(3,23,0),(4,23,0),(3,25,0),(4,25,0),(3,27,0),(4,27,0),(3,29,0),(4,29,0),(3,35,0),(4,35,0),(3,37,0),(4,37,0),(3,39,0),(4,39,0),(3,40,0),(4,40,0),(3,42,0),(4,42,0),(3,43,0),(4,43,0);

--
-- Table structure for table `ec_products`
--

CREATE TABLE `ec_products` (
  `id` bigint unsigned NOT NULL AUTO_INCREMENT,
  `name` varchar(191) COLLATE utf8mb4_unicode_ci NOT NULL,
  `description` text COLLATE utf8mb4_unicode_ci,
  `content` longtext COLLATE utf8mb4_unicode_ci,
  `status` varchar(60) COLLATE utf8mb4_unicode_ci NOT NULL DEFAULT 'published',
  `images` text COLLATE utf8mb4_unicode_ci,
  `video_media` text COLLATE utf8mb4_unicode_ci,
  `sku` varchar(191) COLLATE utf8mb4_unicode_ci DEFAULT NULL,
  `order` int unsigned NOT NULL DEFAULT '0',
  `quantity` int unsigned DEFAULT NULL,
  `allow_checkout_when_out_of_stock` tinyint unsigned NOT NULL DEFAULT '0',
  `with_storehouse_management` tinyint unsigned NOT NULL DEFAULT '0',
  `is_featured` tinyint unsigned NOT NULL DEFAULT '0',
  `brand_id` bigint unsigned DEFAULT NULL,
  `is_variation` tinyint NOT NULL DEFAULT '0',
  `sale_type` tinyint NOT NULL DEFAULT '0',
  `price` double unsigned DEFAULT NULL,
  `sale_price` double unsigned DEFAULT NULL,
  `start_date` timestamp NULL DEFAULT NULL,
  `end_date` timestamp NULL DEFAULT NULL,
  `length` double(8,2) DEFAULT NULL,
  `wide` double(8,2) DEFAULT NULL,
  `height` double(8,2) DEFAULT NULL,
  `weight` double(8,2) DEFAULT NULL,
  `tax_id` bigint unsigned DEFAULT NULL,
  `views` bigint NOT NULL DEFAULT '0',
  `created_at` timestamp NULL DEFAULT NULL,
  `updated_at` timestamp NULL DEFAULT NULL,
  `stock_status` varchar(191) COLLATE utf8mb4_unicode_ci DEFAULT 'in_stock',
  `store_id` bigint unsigned DEFAULT NULL,
  `created_by_id` bigint unsigned DEFAULT '0',
  `created_by_type` varchar(191) COLLATE utf8mb4_unicode_ci NOT NULL DEFAULT 'Botble\\ACL\\Models\\User',
  `approved_by` bigint unsigned DEFAULT '0',
  `image` varchar(191) COLLATE utf8mb4_unicode_ci DEFAULT NULL,
  `product_type` varchar(60) COLLATE utf8mb4_unicode_ci DEFAULT 'physical',
  `barcode` varchar(50) COLLATE utf8mb4_unicode_ci DEFAULT NULL,
  `cost_per_item` double DEFAULT NULL,
  `generate_license_code` tinyint(1) NOT NULL DEFAULT '0',
  `minimum_order_quantity` int unsigned DEFAULT '0',
  `maximum_order_quantity` int unsigned DEFAULT '0',
  `notify_attachment_updated` tinyint(1) NOT NULL DEFAULT '0',
  `specification_table_id` bigint unsigned DEFAULT NULL,
  PRIMARY KEY (`id`),
  KEY `ec_products_brand_id_status_is_variation_created_at_index` (`brand_id`,`status`,`is_variation`,`created_at`),
  KEY `sale_type_index` (`sale_type`),
  KEY `start_date_index` (`start_date`),
  KEY `end_date_index` (`end_date`),
  KEY `sale_price_index` (`sale_price`),
  KEY `is_variation_index` (`is_variation`),
  KEY `ec_products_sku_index` (`sku`)
) ENGINE=InnoDB AUTO_INCREMENT=101 DEFAULT CHARSET=utf8mb4 COLLATE=utf8mb4_unicode_ci;

--
-- Dumping data for table `ec_products`
--

INSERT INTO `ec_products` VALUES (1,'Vintage Denim Jacket','Achieve a polished look with this tailored wool blazer, designed for a flattering fit and versatile enough for both work and casual outings.','<div class=\"row justify-content-center\">\n    <div class=\"col-xl-10\">\n        <div class=\"tp-product-details-desc-item pb-105\">\n            <div class=\"row\">\n                <div class=\"col-lg-6\">\n                    <div class=\"pt-25\">\n                        <span>Women\'s Floral Dress</span>\n                        <h3 class=\"tp-product-details-desc-title\">Elegance Redefined</h3>\n                        <p>\n                            Embrace timeless elegance with our exquisite women\'s floral dress. Crafted from luxurious fabrics and adorned with delicate floral patterns, this dress exudes grace and sophistication. Whether attending a garden party or a formal event, you\'ll make a stunning impression in this captivating ensemble.\n                        </p>\n                    </div>\n                    <div>\n                        <h3 class=\"tp-product-details-desc-title\">Flawless Fit and Comfort</h3>\n                        <p>\n                            Designed for both style and comfort, our floral dress features a tailored silhouette that flatters every figure. The soft, breathable fabric ensures all-day comfort, while the fitted bodice and flowing skirt create a graceful silhouette. Feel confident and poised with every step you take.\n                        </p>\n                    </div>\n                </div>\n                <div class=\"col-lg-6\">\n                    <div class=\"tp-product-details-desc-thumb\">\n                        <img src=\"/storage/fashion/products/product-1.png\" alt=\"Women\'s Floral Dress\">\n                    </div>\n                </div>\n            </div>\n        </div>\n        <div class=\"tp-product-details-desc-item pb-75\">\n            <div class=\"row\">\n                <div class=\"col-lg-7\">\n                    <div class=\"tp-product-details-desc-thumb\">\n                        <img src=\"/storage/fashion/products/product-2.png\" alt=\"Back View of Floral Dress\">\n                    </div>\n                </div>\n\n                <div class=\"col-lg-5 order-first order-lg-last\">\n                    <div class=\"des-content-2 pl-40\">\n                        <h3 class=\"tp-product-details-desc-title\">\n                            Versatile Style\n                        </h3>\n                        <p>\n                            Transition effortlessly from day to night with our versatile floral dress. Pair it with sandals and a sunhat for a chic daytime look, or dress it up with heels and statement jewelry for an evening soirée. However you style it, you\'ll radiate confidence and charm.\n                        </p>\n                    </div>\n                </div>\n            </div>\n        </div>\n        <div class=\"tp-product-details-desc-item\">\n            <div class=\"row\">\n                <div class=\"col-xl-12\">\n                    <div class=\"tp-product-details-desc-banner text-center m-img\">\n                        <h3 class=\"tp-product-details-desc-banner-title tp-product-details-desc-title\">Quality Craftsmanship</h3>\n                        <img src=\"/storage/fashion/products/product-3.png\" alt=\"Fashion Atelier\">\n                    </div>\n                </div>\n            </div>\n        </div>\n    </div>\n</div>\n','published','[\"main\\/products\\/product-18.jpg\",\"main\\/products\\/product-details-desc-3.jpg\",\"main\\/products\\/product-11.jpg\"]','[[{\"key\":\"file\",\"value\":null},{\"key\":\"url\",\"value\":\"https:\\/\\/www.youtube.com\\/watch?v=6JYIGclVQdw\"},{\"key\":\"thumbnail\",\"value\":\"main\\/video\\/2.jpg\"}]]','PO-155',0,13,0,1,0,4,0,0,1965,650,NULL,NULL,18.00,20.00,16.00,860.00,NULL,76351,'2024-10-31 20:46:58','2024-10-31 20:46:59','in_stock',6,0,'Botble\\ACL\\Models\\User',0,NULL,'physical',NULL,NULL,0,0,0,0,1),(2,'Floral Maxi Dress','Stay cozy and chic in this knit turtleneck sweater, featuring a ribbed texture and a timeless design. Perfect for chilly days and nights.','<div class=\"row justify-content-center\">\n    <div class=\"col-xl-10\">\n        <div class=\"tp-product-details-desc-item pb-105\">\n            <div class=\"row\">\n                <div class=\"col-lg-6\">\n                    <div class=\"pt-25\">\n                        <span>Women\'s Floral Dress</span>\n                        <h3 class=\"tp-product-details-desc-title\">Elegance Redefined</h3>\n                        <p>\n                            Embrace timeless elegance with our exquisite women\'s floral dress. Crafted from luxurious fabrics and adorned with delicate floral patterns, this dress exudes grace and sophistication. Whether attending a garden party or a formal event, you\'ll make a stunning impression in this captivating ensemble.\n                        </p>\n                    </div>\n                    <div>\n                        <h3 class=\"tp-product-details-desc-title\">Flawless Fit and Comfort</h3>\n                        <p>\n                            Designed for both style and comfort, our floral dress features a tailored silhouette that flatters every figure. The soft, breathable fabric ensures all-day comfort, while the fitted bodice and flowing skirt create a graceful silhouette. Feel confident and poised with every step you take.\n                        </p>\n                    </div>\n                </div>\n                <div class=\"col-lg-6\">\n                    <div class=\"tp-product-details-desc-thumb\">\n                        <img src=\"/storage/fashion/products/product-1.png\" alt=\"Women\'s Floral Dress\">\n                    </div>\n                </div>\n            </div>\n        </div>\n        <div class=\"tp-product-details-desc-item pb-75\">\n            <div class=\"row\">\n                <div class=\"col-lg-7\">\n                    <div class=\"tp-product-details-desc-thumb\">\n                        <img src=\"/storage/fashion/products/product-2.png\" alt=\"Back View of Floral Dress\">\n                    </div>\n                </div>\n\n                <div class=\"col-lg-5 order-first order-lg-last\">\n                    <div class=\"des-content-2 pl-40\">\n                        <h3 class=\"tp-product-details-desc-title\">\n                            Versatile Style\n                        </h3>\n                        <p>\n                            Transition effortlessly from day to night with our versatile floral dress. Pair it with sandals and a sunhat for a chic daytime look, or dress it up with heels and statement jewelry for an evening soirée. However you style it, you\'ll radiate confidence and charm.\n                        </p>\n                    </div>\n                </div>\n            </div>\n        </div>\n        <div class=\"tp-product-details-desc-item\">\n            <div class=\"row\">\n                <div class=\"col-xl-12\">\n                    <div class=\"tp-product-details-desc-banner text-center m-img\">\n                        <h3 class=\"tp-product-details-desc-banner-title tp-product-details-desc-title\">Quality Craftsmanship</h3>\n                        <img src=\"/storage/fashion/products/product-3.png\" alt=\"Fashion Atelier\">\n                    </div>\n                </div>\n            </div>\n        </div>\n    </div>\n</div>\n','published','[\"main\\/products\\/product-4.jpg\",\"main\\/products\\/product-13.jpg\",\"main\\/products\\/product-14.jpg\",\"main\\/products\\/product-9.jpg\"]','[]','3N-152-A1',0,17,0,1,0,5,0,0,1354,NULL,NULL,NULL,18.00,17.00,19.00,795.00,NULL,188853,'2024-10-31 20:46:58','2024-10-31 20:46:59','in_stock',4,0,'Botble\\ACL\\Models\\User',0,NULL,'physical',NULL,NULL,0,0,0,0,1),(3,'Leather Ankle Boots','Make a statement in this floral maxi dress, perfect for summer events or a casual day out. The flowy silhouette and vibrant print will turn heads wherever you go.','<div class=\"row justify-content-center\">\n    <div class=\"col-xl-10\">\n        <div class=\"tp-product-details-desc-item pb-105\">\n            <div class=\"row\">\n                <div class=\"col-lg-6\">\n                    <div class=\"pt-25\">\n                        <span>Women\'s Floral Dress</span>\n                        <h3 class=\"tp-product-details-desc-title\">Elegance Redefined</h3>\n                        <p>\n                            Embrace timeless elegance with our exquisite women\'s floral dress. Crafted from luxurious fabrics and adorned with delicate floral patterns, this dress exudes grace and sophistication. Whether attending a garden party or a formal event, you\'ll make a stunning impression in this captivating ensemble.\n                        </p>\n                    </div>\n                    <div>\n                        <h3 class=\"tp-product-details-desc-title\">Flawless Fit and Comfort</h3>\n                        <p>\n                            Designed for both style and comfort, our floral dress features a tailored silhouette that flatters every figure. The soft, breathable fabric ensures all-day comfort, while the fitted bodice and flowing skirt create a graceful silhouette. Feel confident and poised with every step you take.\n                        </p>\n                    </div>\n                </div>\n                <div class=\"col-lg-6\">\n                    <div class=\"tp-product-details-desc-thumb\">\n                        <img src=\"/storage/fashion/products/product-1.png\" alt=\"Women\'s Floral Dress\">\n                    </div>\n                </div>\n            </div>\n        </div>\n        <div class=\"tp-product-details-desc-item pb-75\">\n            <div class=\"row\">\n                <div class=\"col-lg-7\">\n                    <div class=\"tp-product-details-desc-thumb\">\n                        <img src=\"/storage/fashion/products/product-2.png\" alt=\"Back View of Floral Dress\">\n                    </div>\n                </div>\n\n                <div class=\"col-lg-5 order-first order-lg-last\">\n                    <div class=\"des-content-2 pl-40\">\n                        <h3 class=\"tp-product-details-desc-title\">\n                            Versatile Style\n                        </h3>\n                        <p>\n                            Transition effortlessly from day to night with our versatile floral dress. Pair it with sandals and a sunhat for a chic daytime look, or dress it up with heels and statement jewelry for an evening soirée. However you style it, you\'ll radiate confidence and charm.\n                        </p>\n                    </div>\n                </div>\n            </div>\n        </div>\n        <div class=\"tp-product-details-desc-item\">\n            <div class=\"row\">\n                <div class=\"col-xl-12\">\n                    <div class=\"tp-product-details-desc-banner text-center m-img\">\n                        <h3 class=\"tp-product-details-desc-banner-title tp-product-details-desc-title\">Quality Craftsmanship</h3>\n                        <img src=\"/storage/fashion/products/product-3.png\" alt=\"Fashion Atelier\">\n                    </div>\n                </div>\n            </div>\n        </div>\n    </div>\n</div>\n','published','[\"main\\/products\\/product-19.jpg\",\"main\\/products\\/product-18.jpg\",\"main\\/products\\/product-11.jpg\"]','[[{\"key\":\"file\",\"value\":null},{\"key\":\"url\",\"value\":\"https:\\/\\/www.youtube.com\\/watch?v=6JYIGclVQdw\"},{\"key\":\"thumbnail\",\"value\":\"main\\/video\\/1.jpg\"}]]','MI-151',0,16,0,1,0,2,0,0,1060,103,NULL,NULL,12.00,13.00,17.00,565.00,NULL,61131,'2024-10-31 20:46:58','2024-10-31 20:46:59','in_stock',2,0,'Botble\\ACL\\Models\\User',0,NULL,'physical',NULL,NULL,0,0,0,0,1),(4,'Knit Turtleneck Sweater (Digital)','Stay cozy and chic in this knit turtleneck sweater, featuring a ribbed texture and a timeless design. Perfect for chilly days and nights.','<div class=\"row justify-content-center\">\n    <div class=\"col-xl-10\">\n        <div class=\"tp-product-details-desc-item pb-105\">\n            <div class=\"row\">\n                <div class=\"col-lg-6\">\n                    <div class=\"pt-25\">\n                        <span>Women\'s Floral Dress</span>\n                        <h3 class=\"tp-product-details-desc-title\">Elegance Redefined</h3>\n                        <p>\n                            Embrace timeless elegance with our exquisite women\'s floral dress. Crafted from luxurious fabrics and adorned with delicate floral patterns, this dress exudes grace and sophistication. Whether attending a garden party or a formal event, you\'ll make a stunning impression in this captivating ensemble.\n                        </p>\n                    </div>\n                    <div>\n                        <h3 class=\"tp-product-details-desc-title\">Flawless Fit and Comfort</h3>\n                        <p>\n                            Designed for both style and comfort, our floral dress features a tailored silhouette that flatters every figure. The soft, breathable fabric ensures all-day comfort, while the fitted bodice and flowing skirt create a graceful silhouette. Feel confident and poised with every step you take.\n                        </p>\n                    </div>\n                </div>\n                <div class=\"col-lg-6\">\n                    <div class=\"tp-product-details-desc-thumb\">\n                        <img src=\"/storage/fashion/products/product-1.png\" alt=\"Women\'s Floral Dress\">\n                    </div>\n                </div>\n            </div>\n        </div>\n        <div class=\"tp-product-details-desc-item pb-75\">\n            <div class=\"row\">\n                <div class=\"col-lg-7\">\n                    <div class=\"tp-product-details-desc-thumb\">\n                        <img src=\"/storage/fashion/products/product-2.png\" alt=\"Back View of Floral Dress\">\n                    </div>\n                </div>\n\n                <div class=\"col-lg-5 order-first order-lg-last\">\n                    <div class=\"des-content-2 pl-40\">\n                        <h3 class=\"tp-product-details-desc-title\">\n                            Versatile Style\n                        </h3>\n                        <p>\n                            Transition effortlessly from day to night with our versatile floral dress. Pair it with sandals and a sunhat for a chic daytime look, or dress it up with heels and statement jewelry for an evening soirée. However you style it, you\'ll radiate confidence and charm.\n                        </p>\n                    </div>\n                </div>\n            </div>\n        </div>\n        <div class=\"tp-product-details-desc-item\">\n            <div class=\"row\">\n                <div class=\"col-xl-12\">\n                    <div class=\"tp-product-details-desc-banner text-center m-img\">\n                        <h3 class=\"tp-product-details-desc-banner-title tp-product-details-desc-title\">Quality Craftsmanship</h3>\n                        <img src=\"/storage/fashion/products/product-3.png\" alt=\"Fashion Atelier\">\n                    </div>\n                </div>\n            </div>\n        </div>\n    </div>\n</div>\n','published','[\"main\\/products\\/product-1.jpg\",\"main\\/products\\/product-2.jpg\",\"main\\/products\\/product-12.jpg\"]','[[{\"key\":\"file\",\"value\":\"main\\/video\\/video-1.mp4\"},{\"key\":\"url\",\"value\":null},{\"key\":\"thumbnail\",\"value\":\"main\\/video\\/1.jpg\"}]]','CZ-101-A1',0,13,0,1,0,5,0,0,1728,1226.88,NULL,NULL,14.00,12.00,20.00,845.00,NULL,188573,'2024-10-31 20:46:58','2024-10-31 20:46:59','in_stock',2,0,'Botble\\ACL\\Models\\User',0,NULL,'digital',NULL,NULL,0,0,0,0,2),(5,'Classic Aviator Sunglasses','Make a statement in this floral maxi dress, perfect for summer events or a casual day out. The flowy silhouette and vibrant print will turn heads wherever you go.','<div class=\"row justify-content-center\">\n    <div class=\"col-xl-10\">\n        <div class=\"tp-product-details-desc-item pb-105\">\n            <div class=\"row\">\n                <div class=\"col-lg-6\">\n                    <div class=\"pt-25\">\n                        <span>Women\'s Floral Dress</span>\n                        <h3 class=\"tp-product-details-desc-title\">Elegance Redefined</h3>\n                        <p>\n                            Embrace timeless elegance with our exquisite women\'s floral dress. Crafted from luxurious fabrics and adorned with delicate floral patterns, this dress exudes grace and sophistication. Whether attending a garden party or a formal event, you\'ll make a stunning impression in this captivating ensemble.\n                        </p>\n                    </div>\n                    <div>\n                        <h3 class=\"tp-product-details-desc-title\">Flawless Fit and Comfort</h3>\n                        <p>\n                            Designed for both style and comfort, our floral dress features a tailored silhouette that flatters every figure. The soft, breathable fabric ensures all-day comfort, while the fitted bodice and flowing skirt create a graceful silhouette. Feel confident and poised with every step you take.\n                        </p>\n                    </div>\n                </div>\n                <div class=\"col-lg-6\">\n                    <div class=\"tp-product-details-desc-thumb\">\n                        <img src=\"/storage/fashion/products/product-1.png\" alt=\"Women\'s Floral Dress\">\n                    </div>\n                </div>\n            </div>\n        </div>\n        <div class=\"tp-product-details-desc-item pb-75\">\n            <div class=\"row\">\n                <div class=\"col-lg-7\">\n                    <div class=\"tp-product-details-desc-thumb\">\n                        <img src=\"/storage/fashion/products/product-2.png\" alt=\"Back View of Floral Dress\">\n                    </div>\n                </div>\n\n                <div class=\"col-lg-5 order-first order-lg-last\">\n                    <div class=\"des-content-2 pl-40\">\n                        <h3 class=\"tp-product-details-desc-title\">\n                            Versatile Style\n                        </h3>\n                        <p>\n                            Transition effortlessly from day to night with our versatile floral dress. Pair it with sandals and a sunhat for a chic daytime look, or dress it up with heels and statement jewelry for an evening soirée. However you style it, you\'ll radiate confidence and charm.\n                        </p>\n                    </div>\n                </div>\n            </div>\n        </div>\n        <div class=\"tp-product-details-desc-item\">\n            <div class=\"row\">\n                <div class=\"col-xl-12\">\n                    <div class=\"tp-product-details-desc-banner text-center m-img\">\n                        <h3 class=\"tp-product-details-desc-banner-title tp-product-details-desc-title\">Quality Craftsmanship</h3>\n                        <img src=\"/storage/fashion/products/product-3.png\" alt=\"Fashion Atelier\">\n                    </div>\n                </div>\n            </div>\n        </div>\n    </div>\n</div>\n','published','[\"main\\/products\\/product-5.jpg\",\"main\\/products\\/product-19.jpg\",\"main\\/products\\/product-13.jpg\",\"main\\/products\\/product-1.jpg\",\"main\\/products\\/product-8.jpg\",\"main\\/products\\/product-4.jpg\"]','[[{\"key\":\"file\",\"value\":\"main\\/video\\/video-1.mp4\"},{\"key\":\"url\",\"value\":null},{\"key\":\"thumbnail\",\"value\":\"main\\/video\\/1.jpg\"}]]','5P-195-A1',0,18,0,1,0,5,0,0,2158,NULL,NULL,NULL,13.00,17.00,11.00,756.00,NULL,190436,'2024-10-31 20:46:58','2024-10-31 20:46:59','in_stock',6,0,'Botble\\ACL\\Models\\User',0,NULL,'physical',NULL,NULL,0,0,0,0,2),(6,'Tailored Wool Blazer','Add a pop of color to your outfit with this silk scarf adorned with a geometric print. Wrap it around your neck or tie it to your handbag for a stylish touch.','<div class=\"row justify-content-center\">\n    <div class=\"col-xl-10\">\n        <div class=\"tp-product-details-desc-item pb-105\">\n            <div class=\"row\">\n                <div class=\"col-lg-6\">\n                    <div class=\"pt-25\">\n                        <span>Women\'s Floral Dress</span>\n                        <h3 class=\"tp-product-details-desc-title\">Elegance Redefined</h3>\n                        <p>\n                            Embrace timeless elegance with our exquisite women\'s floral dress. Crafted from luxurious fabrics and adorned with delicate floral patterns, this dress exudes grace and sophistication. Whether attending a garden party or a formal event, you\'ll make a stunning impression in this captivating ensemble.\n                        </p>\n                    </div>\n                    <div>\n                        <h3 class=\"tp-product-details-desc-title\">Flawless Fit and Comfort</h3>\n                        <p>\n                            Designed for both style and comfort, our floral dress features a tailored silhouette that flatters every figure. The soft, breathable fabric ensures all-day comfort, while the fitted bodice and flowing skirt create a graceful silhouette. Feel confident and poised with every step you take.\n                        </p>\n                    </div>\n                </div>\n                <div class=\"col-lg-6\">\n                    <div class=\"tp-product-details-desc-thumb\">\n                        <img src=\"/storage/fashion/products/product-1.png\" alt=\"Women\'s Floral Dress\">\n                    </div>\n                </div>\n            </div>\n        </div>\n        <div class=\"tp-product-details-desc-item pb-75\">\n            <div class=\"row\">\n                <div class=\"col-lg-7\">\n                    <div class=\"tp-product-details-desc-thumb\">\n                        <img src=\"/storage/fashion/products/product-2.png\" alt=\"Back View of Floral Dress\">\n                    </div>\n                </div>\n\n                <div class=\"col-lg-5 order-first order-lg-last\">\n                    <div class=\"des-content-2 pl-40\">\n                        <h3 class=\"tp-product-details-desc-title\">\n                            Versatile Style\n                        </h3>\n                        <p>\n                            Transition effortlessly from day to night with our versatile floral dress. Pair it with sandals and a sunhat for a chic daytime look, or dress it up with heels and statement jewelry for an evening soirée. However you style it, you\'ll radiate confidence and charm.\n                        </p>\n                    </div>\n                </div>\n            </div>\n        </div>\n        <div class=\"tp-product-details-desc-item\">\n            <div class=\"row\">\n                <div class=\"col-xl-12\">\n                    <div class=\"tp-product-details-desc-banner text-center m-img\">\n                        <h3 class=\"tp-product-details-desc-banner-title tp-product-details-desc-title\">Quality Craftsmanship</h3>\n                        <img src=\"/storage/fashion/products/product-3.png\" alt=\"Fashion Atelier\">\n                    </div>\n                </div>\n            </div>\n        </div>\n    </div>\n</div>\n','published','[\"main\\/products\\/product-6.jpg\",\"main\\/products\\/product-8.jpg\",\"main\\/products\\/product-5.jpg\"]','[[{\"key\":\"file\",\"value\":\"main\\/video\\/video-1.mp4\"},{\"key\":\"url\",\"value\":null},{\"key\":\"thumbnail\",\"value\":\"main\\/video\\/1.jpg\"}]]','SW-142-A1',0,14,0,1,0,2,0,0,457,NULL,NULL,NULL,14.00,19.00,15.00,900.00,NULL,48974,'2024-10-31 20:46:58','2024-10-31 20:46:59','in_stock',5,0,'Botble\\ACL\\Models\\User',0,NULL,'physical',NULL,NULL,0,0,0,0,1),(7,'Bohemian Fringe Handbag','Make a statement in this floral maxi dress, perfect for summer events or a casual day out. The flowy silhouette and vibrant print will turn heads wherever you go.','<div class=\"row justify-content-center\">\n    <div class=\"col-xl-10\">\n        <div class=\"tp-product-details-desc-item pb-105\">\n            <div class=\"row\">\n                <div class=\"col-lg-6\">\n                    <div class=\"pt-25\">\n                        <span>Women\'s Floral Dress</span>\n                        <h3 class=\"tp-product-details-desc-title\">Elegance Redefined</h3>\n                        <p>\n                            Embrace timeless elegance with our exquisite women\'s floral dress. Crafted from luxurious fabrics and adorned with delicate floral patterns, this dress exudes grace and sophistication. Whether attending a garden party or a formal event, you\'ll make a stunning impression in this captivating ensemble.\n                        </p>\n                    </div>\n                    <div>\n                        <h3 class=\"tp-product-details-desc-title\">Flawless Fit and Comfort</h3>\n                        <p>\n                            Designed for both style and comfort, our floral dress features a tailored silhouette that flatters every figure. The soft, breathable fabric ensures all-day comfort, while the fitted bodice and flowing skirt create a graceful silhouette. Feel confident and poised with every step you take.\n                        </p>\n                    </div>\n                </div>\n                <div class=\"col-lg-6\">\n                    <div class=\"tp-product-details-desc-thumb\">\n                        <img src=\"/storage/fashion/products/product-1.png\" alt=\"Women\'s Floral Dress\">\n                    </div>\n                </div>\n            </div>\n        </div>\n        <div class=\"tp-product-details-desc-item pb-75\">\n            <div class=\"row\">\n                <div class=\"col-lg-7\">\n                    <div class=\"tp-product-details-desc-thumb\">\n                        <img src=\"/storage/fashion/products/product-2.png\" alt=\"Back View of Floral Dress\">\n                    </div>\n                </div>\n\n                <div class=\"col-lg-5 order-first order-lg-last\">\n                    <div class=\"des-content-2 pl-40\">\n                        <h3 class=\"tp-product-details-desc-title\">\n                            Versatile Style\n                        </h3>\n                        <p>\n                            Transition effortlessly from day to night with our versatile floral dress. Pair it with sandals and a sunhat for a chic daytime look, or dress it up with heels and statement jewelry for an evening soirée. However you style it, you\'ll radiate confidence and charm.\n                        </p>\n                    </div>\n                </div>\n            </div>\n        </div>\n        <div class=\"tp-product-details-desc-item\">\n            <div class=\"row\">\n                <div class=\"col-xl-12\">\n                    <div class=\"tp-product-details-desc-banner text-center m-img\">\n                        <h3 class=\"tp-product-details-desc-banner-title tp-product-details-desc-title\">Quality Craftsmanship</h3>\n                        <img src=\"/storage/fashion/products/product-3.png\" alt=\"Fashion Atelier\">\n                    </div>\n                </div>\n            </div>\n        </div>\n    </div>\n</div>\n','published','[\"main\\/products\\/product-10.jpg\",\"main\\/products\\/product-20.jpg\",\"main\\/products\\/product-6.jpg\",\"main\\/products\\/product-16.jpg\",\"main\\/products\\/product-9.jpg\",\"main\\/products\\/product-details-desc-3.jpg\"]','[[{\"key\":\"file\",\"value\":null},{\"key\":\"url\",\"value\":\"https:\\/\\/www.youtube.com\\/watch?v=6JYIGclVQdw\"},{\"key\":\"thumbnail\",\"value\":\"main\\/video\\/2.jpg\"}]]','TM-109',0,14,0,1,0,1,0,0,2280,1660,NULL,NULL,11.00,20.00,11.00,827.00,NULL,120519,'2024-10-31 20:46:58','2024-10-31 20:46:59','in_stock',4,0,'Botble\\ACL\\Models\\User',0,NULL,'physical',NULL,NULL,0,0,0,0,1),(8,'Silk Scarf with Geometric Print (Digital)','Top off your look with this chic fedora hat, crafted with a classic silhouette and a timeless appeal. A must-have accessory for any fashion-forward wardrobe.','<div class=\"row justify-content-center\">\n    <div class=\"col-xl-10\">\n        <div class=\"tp-product-details-desc-item pb-105\">\n            <div class=\"row\">\n                <div class=\"col-lg-6\">\n                    <div class=\"pt-25\">\n                        <span>Women\'s Floral Dress</span>\n                        <h3 class=\"tp-product-details-desc-title\">Elegance Redefined</h3>\n                        <p>\n                            Embrace timeless elegance with our exquisite women\'s floral dress. Crafted from luxurious fabrics and adorned with delicate floral patterns, this dress exudes grace and sophistication. Whether attending a garden party or a formal event, you\'ll make a stunning impression in this captivating ensemble.\n                        </p>\n                    </div>\n                    <div>\n                        <h3 class=\"tp-product-details-desc-title\">Flawless Fit and Comfort</h3>\n                        <p>\n                            Designed for both style and comfort, our floral dress features a tailored silhouette that flatters every figure. The soft, breathable fabric ensures all-day comfort, while the fitted bodice and flowing skirt create a graceful silhouette. Feel confident and poised with every step you take.\n                        </p>\n                    </div>\n                </div>\n                <div class=\"col-lg-6\">\n                    <div class=\"tp-product-details-desc-thumb\">\n                        <img src=\"/storage/fashion/products/product-1.png\" alt=\"Women\'s Floral Dress\">\n                    </div>\n                </div>\n            </div>\n        </div>\n        <div class=\"tp-product-details-desc-item pb-75\">\n            <div class=\"row\">\n                <div class=\"col-lg-7\">\n                    <div class=\"tp-product-details-desc-thumb\">\n                        <img src=\"/storage/fashion/products/product-2.png\" alt=\"Back View of Floral Dress\">\n                    </div>\n                </div>\n\n                <div class=\"col-lg-5 order-first order-lg-last\">\n                    <div class=\"des-content-2 pl-40\">\n                        <h3 class=\"tp-product-details-desc-title\">\n                            Versatile Style\n                        </h3>\n                        <p>\n                            Transition effortlessly from day to night with our versatile floral dress. Pair it with sandals and a sunhat for a chic daytime look, or dress it up with heels and statement jewelry for an evening soirée. However you style it, you\'ll radiate confidence and charm.\n                        </p>\n                    </div>\n                </div>\n            </div>\n        </div>\n        <div class=\"tp-product-details-desc-item\">\n            <div class=\"row\">\n                <div class=\"col-xl-12\">\n                    <div class=\"tp-product-details-desc-banner text-center m-img\">\n                        <h3 class=\"tp-product-details-desc-banner-title tp-product-details-desc-title\">Quality Craftsmanship</h3>\n                        <img src=\"/storage/fashion/products/product-3.png\" alt=\"Fashion Atelier\">\n                    </div>\n                </div>\n            </div>\n        </div>\n    </div>\n</div>\n','published','[\"main\\/products\\/product-19.jpg\",\"main\\/products\\/product-14.jpg\",\"main\\/products\\/product-6.jpg\",\"main\\/products\\/product-10.jpg\",\"main\\/products\\/product-8.jpg\",\"main\\/products\\/product-16.jpg\",\"main\\/products\\/product-18.jpg\"]','[[{\"key\":\"file\",\"value\":null},{\"key\":\"url\",\"value\":\"https:\\/\\/www.youtube.com\\/watch?v=6JYIGclVQdw\"},{\"key\":\"thumbnail\",\"value\":\"main\\/video\\/1.jpg\"}]]','GN-121',0,16,0,1,0,1,0,0,1544,1153,NULL,NULL,16.00,20.00,10.00,756.00,NULL,170010,'2024-10-31 20:46:58','2024-10-31 20:46:59','in_stock',8,0,'Botble\\ACL\\Models\\User',0,NULL,'digital',NULL,NULL,0,0,0,0,2),(9,'High-Waisted Wide Leg Trousers','Top off your look with this chic fedora hat, crafted with a classic silhouette and a timeless appeal. A must-have accessory for any fashion-forward wardrobe.','<div class=\"row justify-content-center\">\n    <div class=\"col-xl-10\">\n        <div class=\"tp-product-details-desc-item pb-105\">\n            <div class=\"row\">\n                <div class=\"col-lg-6\">\n                    <div class=\"pt-25\">\n                        <span>Women\'s Floral Dress</span>\n                        <h3 class=\"tp-product-details-desc-title\">Elegance Redefined</h3>\n                        <p>\n                            Embrace timeless elegance with our exquisite women\'s floral dress. Crafted from luxurious fabrics and adorned with delicate floral patterns, this dress exudes grace and sophistication. Whether attending a garden party or a formal event, you\'ll make a stunning impression in this captivating ensemble.\n                        </p>\n                    </div>\n                    <div>\n                        <h3 class=\"tp-product-details-desc-title\">Flawless Fit and Comfort</h3>\n                        <p>\n                            Designed for both style and comfort, our floral dress features a tailored silhouette that flatters every figure. The soft, breathable fabric ensures all-day comfort, while the fitted bodice and flowing skirt create a graceful silhouette. Feel confident and poised with every step you take.\n                        </p>\n                    </div>\n                </div>\n                <div class=\"col-lg-6\">\n                    <div class=\"tp-product-details-desc-thumb\">\n                        <img src=\"/storage/fashion/products/product-1.png\" alt=\"Women\'s Floral Dress\">\n                    </div>\n                </div>\n            </div>\n        </div>\n        <div class=\"tp-product-details-desc-item pb-75\">\n            <div class=\"row\">\n                <div class=\"col-lg-7\">\n                    <div class=\"tp-product-details-desc-thumb\">\n                        <img src=\"/storage/fashion/products/product-2.png\" alt=\"Back View of Floral Dress\">\n                    </div>\n                </div>\n\n                <div class=\"col-lg-5 order-first order-lg-last\">\n                    <div class=\"des-content-2 pl-40\">\n                        <h3 class=\"tp-product-details-desc-title\">\n                            Versatile Style\n                        </h3>\n                        <p>\n                            Transition effortlessly from day to night with our versatile floral dress. Pair it with sandals and a sunhat for a chic daytime look, or dress it up with heels and statement jewelry for an evening soirée. However you style it, you\'ll radiate confidence and charm.\n                        </p>\n                    </div>\n                </div>\n            </div>\n        </div>\n        <div class=\"tp-product-details-desc-item\">\n            <div class=\"row\">\n                <div class=\"col-xl-12\">\n                    <div class=\"tp-product-details-desc-banner text-center m-img\">\n                        <h3 class=\"tp-product-details-desc-banner-title tp-product-details-desc-title\">Quality Craftsmanship</h3>\n                        <img src=\"/storage/fashion/products/product-3.png\" alt=\"Fashion Atelier\">\n                    </div>\n                </div>\n            </div>\n        </div>\n    </div>\n</div>\n','published','[\"main\\/products\\/product-18.jpg\",\"main\\/products\\/product-19.jpg\",\"main\\/products\\/product-7.jpg\",\"main\\/products\\/product-12.jpg\"]','[[{\"key\":\"file\",\"value\":\"main\\/video\\/video-2.mp4\"},{\"key\":\"url\",\"value\":null},{\"key\":\"thumbnail\",\"value\":\"main\\/video\\/2.jpg\"}]]','QJ-177',0,14,0,1,0,3,0,0,1919,713,NULL,NULL,17.00,17.00,12.00,755.00,NULL,97751,'2024-10-31 20:46:58','2024-10-31 20:46:59','in_stock',8,0,'Botble\\ACL\\Models\\User',0,NULL,'physical',NULL,NULL,0,0,0,0,1),(10,'Embroidered Boho Blouse','Step out in style with these leather ankle boots, crafted with a sleek design and comfortable block heel. Versatile enough to pair with both dresses and jeans.','<div class=\"row justify-content-center\">\n    <div class=\"col-xl-10\">\n        <div class=\"tp-product-details-desc-item pb-105\">\n            <div class=\"row\">\n                <div class=\"col-lg-6\">\n                    <div class=\"pt-25\">\n                        <span>Women\'s Floral Dress</span>\n                        <h3 class=\"tp-product-details-desc-title\">Elegance Redefined</h3>\n                        <p>\n                            Embrace timeless elegance with our exquisite women\'s floral dress. Crafted from luxurious fabrics and adorned with delicate floral patterns, this dress exudes grace and sophistication. Whether attending a garden party or a formal event, you\'ll make a stunning impression in this captivating ensemble.\n                        </p>\n                    </div>\n                    <div>\n                        <h3 class=\"tp-product-details-desc-title\">Flawless Fit and Comfort</h3>\n                        <p>\n                            Designed for both style and comfort, our floral dress features a tailored silhouette that flatters every figure. The soft, breathable fabric ensures all-day comfort, while the fitted bodice and flowing skirt create a graceful silhouette. Feel confident and poised with every step you take.\n                        </p>\n                    </div>\n                </div>\n                <div class=\"col-lg-6\">\n                    <div class=\"tp-product-details-desc-thumb\">\n                        <img src=\"/storage/fashion/products/product-1.png\" alt=\"Women\'s Floral Dress\">\n                    </div>\n                </div>\n            </div>\n        </div>\n        <div class=\"tp-product-details-desc-item pb-75\">\n            <div class=\"row\">\n                <div class=\"col-lg-7\">\n                    <div class=\"tp-product-details-desc-thumb\">\n                        <img src=\"/storage/fashion/products/product-2.png\" alt=\"Back View of Floral Dress\">\n                    </div>\n                </div>\n\n                <div class=\"col-lg-5 order-first order-lg-last\">\n                    <div class=\"des-content-2 pl-40\">\n                        <h3 class=\"tp-product-details-desc-title\">\n                            Versatile Style\n                        </h3>\n                        <p>\n                            Transition effortlessly from day to night with our versatile floral dress. Pair it with sandals and a sunhat for a chic daytime look, or dress it up with heels and statement jewelry for an evening soirée. However you style it, you\'ll radiate confidence and charm.\n                        </p>\n                    </div>\n                </div>\n            </div>\n        </div>\n        <div class=\"tp-product-details-desc-item\">\n            <div class=\"row\">\n                <div class=\"col-xl-12\">\n                    <div class=\"tp-product-details-desc-banner text-center m-img\">\n                        <h3 class=\"tp-product-details-desc-banner-title tp-product-details-desc-title\">Quality Craftsmanship</h3>\n                        <img src=\"/storage/fashion/products/product-3.png\" alt=\"Fashion Atelier\">\n                    </div>\n                </div>\n            </div>\n        </div>\n    </div>\n</div>\n','published','[\"main\\/products\\/product-3.jpg\",\"main\\/products\\/product-details-desc-2.jpg\",\"main\\/products\\/product-18.jpg\"]','[[{\"key\":\"file\",\"value\":\"main\\/video\\/video-1.mp4\"},{\"key\":\"url\",\"value\":null},{\"key\":\"thumbnail\",\"value\":\"main\\/video\\/1.jpg\"}]]','2P-118-A1',0,14,0,1,0,5,0,0,1463,NULL,NULL,NULL,11.00,12.00,19.00,813.00,NULL,174057,'2024-10-31 20:46:58','2024-10-31 20:46:59','in_stock',5,0,'Botble\\ACL\\Models\\User',0,NULL,'physical',NULL,NULL,0,0,0,0,2),(11,'Statement Chunky Necklace','Add a pop of color to your outfit with this silk scarf adorned with a geometric print. Wrap it around your neck or tie it to your handbag for a stylish touch.','<div class=\"row justify-content-center\">\n    <div class=\"col-xl-10\">\n        <div class=\"tp-product-details-desc-item pb-105\">\n            <div class=\"row\">\n                <div class=\"col-lg-6\">\n                    <div class=\"pt-25\">\n                        <span>Women\'s Floral Dress</span>\n                        <h3 class=\"tp-product-details-desc-title\">Elegance Redefined</h3>\n                        <p>\n                            Embrace timeless elegance with our exquisite women\'s floral dress. Crafted from luxurious fabrics and adorned with delicate floral patterns, this dress exudes grace and sophistication. Whether attending a garden party or a formal event, you\'ll make a stunning impression in this captivating ensemble.\n                        </p>\n                    </div>\n                    <div>\n                        <h3 class=\"tp-product-details-desc-title\">Flawless Fit and Comfort</h3>\n                        <p>\n                            Designed for both style and comfort, our floral dress features a tailored silhouette that flatters every figure. The soft, breathable fabric ensures all-day comfort, while the fitted bodice and flowing skirt create a graceful silhouette. Feel confident and poised with every step you take.\n                        </p>\n                    </div>\n                </div>\n                <div class=\"col-lg-6\">\n                    <div class=\"tp-product-details-desc-thumb\">\n                        <img src=\"/storage/fashion/products/product-1.png\" alt=\"Women\'s Floral Dress\">\n                    </div>\n                </div>\n            </div>\n        </div>\n        <div class=\"tp-product-details-desc-item pb-75\">\n            <div class=\"row\">\n                <div class=\"col-lg-7\">\n                    <div class=\"tp-product-details-desc-thumb\">\n                        <img src=\"/storage/fashion/products/product-2.png\" alt=\"Back View of Floral Dress\">\n                    </div>\n                </div>\n\n                <div class=\"col-lg-5 order-first order-lg-last\">\n                    <div class=\"des-content-2 pl-40\">\n                        <h3 class=\"tp-product-details-desc-title\">\n                            Versatile Style\n                        </h3>\n                        <p>\n                            Transition effortlessly from day to night with our versatile floral dress. Pair it with sandals and a sunhat for a chic daytime look, or dress it up with heels and statement jewelry for an evening soirée. However you style it, you\'ll radiate confidence and charm.\n                        </p>\n                    </div>\n                </div>\n            </div>\n        </div>\n        <div class=\"tp-product-details-desc-item\">\n            <div class=\"row\">\n                <div class=\"col-xl-12\">\n                    <div class=\"tp-product-details-desc-banner text-center m-img\">\n                        <h3 class=\"tp-product-details-desc-banner-title tp-product-details-desc-title\">Quality Craftsmanship</h3>\n                        <img src=\"/storage/fashion/products/product-3.png\" alt=\"Fashion Atelier\">\n                    </div>\n                </div>\n            </div>\n        </div>\n    </div>\n</div>\n','published','[\"main\\/products\\/product-14.jpg\",\"main\\/products\\/product-4.jpg\",\"main\\/products\\/product-8.jpg\",\"main\\/products\\/product-9.jpg\"]','[[{\"key\":\"file\",\"value\":\"main\\/video\\/video-1.mp4\"},{\"key\":\"url\",\"value\":null},{\"key\":\"thumbnail\",\"value\":\"main\\/video\\/1.jpg\"}]]','DX-119-A1',0,19,0,1,0,4,0,0,291,NULL,NULL,NULL,14.00,12.00,15.00,856.00,NULL,175821,'2024-10-31 20:46:58','2024-10-31 20:46:59','in_stock',2,0,'Botble\\ACL\\Models\\User',0,NULL,'physical',NULL,NULL,0,0,0,0,1),(12,'Chic Fedora Hat (Digital)','Top off your look with this chic fedora hat, crafted with a classic silhouette and a timeless appeal. A must-have accessory for any fashion-forward wardrobe.','<div class=\"row justify-content-center\">\n    <div class=\"col-xl-10\">\n        <div class=\"tp-product-details-desc-item pb-105\">\n            <div class=\"row\">\n                <div class=\"col-lg-6\">\n                    <div class=\"pt-25\">\n                        <span>Women\'s Floral Dress</span>\n                        <h3 class=\"tp-product-details-desc-title\">Elegance Redefined</h3>\n                        <p>\n                            Embrace timeless elegance with our exquisite women\'s floral dress. Crafted from luxurious fabrics and adorned with delicate floral patterns, this dress exudes grace and sophistication. Whether attending a garden party or a formal event, you\'ll make a stunning impression in this captivating ensemble.\n                        </p>\n                    </div>\n                    <div>\n                        <h3 class=\"tp-product-details-desc-title\">Flawless Fit and Comfort</h3>\n                        <p>\n                            Designed for both style and comfort, our floral dress features a tailored silhouette that flatters every figure. The soft, breathable fabric ensures all-day comfort, while the fitted bodice and flowing skirt create a graceful silhouette. Feel confident and poised with every step you take.\n                        </p>\n                    </div>\n                </div>\n                <div class=\"col-lg-6\">\n                    <div class=\"tp-product-details-desc-thumb\">\n                        <img src=\"/storage/fashion/products/product-1.png\" alt=\"Women\'s Floral Dress\">\n                    </div>\n                </div>\n            </div>\n        </div>\n        <div class=\"tp-product-details-desc-item pb-75\">\n            <div class=\"row\">\n                <div class=\"col-lg-7\">\n                    <div class=\"tp-product-details-desc-thumb\">\n                        <img src=\"/storage/fashion/products/product-2.png\" alt=\"Back View of Floral Dress\">\n                    </div>\n                </div>\n\n                <div class=\"col-lg-5 order-first order-lg-last\">\n                    <div class=\"des-content-2 pl-40\">\n                        <h3 class=\"tp-product-details-desc-title\">\n                            Versatile Style\n                        </h3>\n                        <p>\n                            Transition effortlessly from day to night with our versatile floral dress. Pair it with sandals and a sunhat for a chic daytime look, or dress it up with heels and statement jewelry for an evening soirée. However you style it, you\'ll radiate confidence and charm.\n                        </p>\n                    </div>\n                </div>\n            </div>\n        </div>\n        <div class=\"tp-product-details-desc-item\">\n            <div class=\"row\">\n                <div class=\"col-xl-12\">\n                    <div class=\"tp-product-details-desc-banner text-center m-img\">\n                        <h3 class=\"tp-product-details-desc-banner-title tp-product-details-desc-title\">Quality Craftsmanship</h3>\n                        <img src=\"/storage/fashion/products/product-3.png\" alt=\"Fashion Atelier\">\n                    </div>\n                </div>\n            </div>\n        </div>\n    </div>\n</div>\n','published','[\"main\\/products\\/product-7.jpg\",\"main\\/products\\/product-18.jpg\",\"main\\/products\\/product-8.jpg\",\"main\\/products\\/product-1.jpg\",\"main\\/products\\/product-5.jpg\",\"main\\/products\\/product-12.jpg\",\"main\\/products\\/product-17.jpg\",\"main\\/products\\/product-14.jpg\"]','[[{\"key\":\"file\",\"value\":\"main\\/video\\/video-2.mp4\"},{\"key\":\"url\",\"value\":null},{\"key\":\"thumbnail\",\"value\":\"main\\/video\\/2.jpg\"}]]','XC-143',0,14,0,1,1,1,0,0,1997,1811,NULL,NULL,10.00,14.00,17.00,573.00,NULL,116585,'2024-10-31 20:46:58','2024-10-31 20:46:59','in_stock',1,0,'Botble\\ACL\\Models\\User',0,NULL,'digital',NULL,NULL,0,0,0,0,2),(13,'Strappy Block Heel Sandals','Stay cozy and chic in this knit turtleneck sweater, featuring a ribbed texture and a timeless design. Perfect for chilly days and nights.','<div class=\"row justify-content-center\">\n    <div class=\"col-xl-10\">\n        <div class=\"tp-product-details-desc-item pb-105\">\n            <div class=\"row\">\n                <div class=\"col-lg-6\">\n                    <div class=\"pt-25\">\n                        <span>Women\'s Floral Dress</span>\n                        <h3 class=\"tp-product-details-desc-title\">Elegance Redefined</h3>\n                        <p>\n                            Embrace timeless elegance with our exquisite women\'s floral dress. Crafted from luxurious fabrics and adorned with delicate floral patterns, this dress exudes grace and sophistication. Whether attending a garden party or a formal event, you\'ll make a stunning impression in this captivating ensemble.\n                        </p>\n                    </div>\n                    <div>\n                        <h3 class=\"tp-product-details-desc-title\">Flawless Fit and Comfort</h3>\n                        <p>\n                            Designed for both style and comfort, our floral dress features a tailored silhouette that flatters every figure. The soft, breathable fabric ensures all-day comfort, while the fitted bodice and flowing skirt create a graceful silhouette. Feel confident and poised with every step you take.\n                        </p>\n                    </div>\n                </div>\n                <div class=\"col-lg-6\">\n                    <div class=\"tp-product-details-desc-thumb\">\n                        <img src=\"/storage/fashion/products/product-1.png\" alt=\"Women\'s Floral Dress\">\n                    </div>\n                </div>\n            </div>\n        </div>\n        <div class=\"tp-product-details-desc-item pb-75\">\n            <div class=\"row\">\n                <div class=\"col-lg-7\">\n                    <div class=\"tp-product-details-desc-thumb\">\n                        <img src=\"/storage/fashion/products/product-2.png\" alt=\"Back View of Floral Dress\">\n                    </div>\n                </div>\n\n                <div class=\"col-lg-5 order-first order-lg-last\">\n                    <div class=\"des-content-2 pl-40\">\n                        <h3 class=\"tp-product-details-desc-title\">\n                            Versatile Style\n                        </h3>\n                        <p>\n                            Transition effortlessly from day to night with our versatile floral dress. Pair it with sandals and a sunhat for a chic daytime look, or dress it up with heels and statement jewelry for an evening soirée. However you style it, you\'ll radiate confidence and charm.\n                        </p>\n                    </div>\n                </div>\n            </div>\n        </div>\n        <div class=\"tp-product-details-desc-item\">\n            <div class=\"row\">\n                <div class=\"col-xl-12\">\n                    <div class=\"tp-product-details-desc-banner text-center m-img\">\n                        <h3 class=\"tp-product-details-desc-banner-title tp-product-details-desc-title\">Quality Craftsmanship</h3>\n                        <img src=\"/storage/fashion/products/product-3.png\" alt=\"Fashion Atelier\">\n                    </div>\n                </div>\n            </div>\n        </div>\n    </div>\n</div>\n','published','[\"main\\/products\\/product-10.jpg\",\"main\\/products\\/product-15.jpg\",\"main\\/products\\/product-details-desc-2.jpg\",\"main\\/products\\/product-19.jpg\"]','[[{\"key\":\"file\",\"value\":\"main\\/video\\/video-2.mp4\"},{\"key\":\"url\",\"value\":null},{\"key\":\"thumbnail\",\"value\":\"main\\/video\\/2.jpg\"}]]','JC-115-A1',0,20,0,1,1,5,0,0,752,NULL,NULL,NULL,15.00,15.00,16.00,603.00,NULL,144801,'2024-10-31 20:46:58','2024-10-31 20:46:59','in_stock',3,0,'Botble\\ACL\\Models\\User',0,NULL,'physical',NULL,NULL,0,0,0,0,1),(14,'Velvet Evening Gown','Make a bold statement with this chunky necklace, designed to add a touch of glamour to any outfit. The perfect accessory for a night out.','<div class=\"row justify-content-center\">\n    <div class=\"col-xl-10\">\n        <div class=\"tp-product-details-desc-item pb-105\">\n            <div class=\"row\">\n                <div class=\"col-lg-6\">\n                    <div class=\"pt-25\">\n                        <span>Women\'s Floral Dress</span>\n                        <h3 class=\"tp-product-details-desc-title\">Elegance Redefined</h3>\n                        <p>\n                            Embrace timeless elegance with our exquisite women\'s floral dress. Crafted from luxurious fabrics and adorned with delicate floral patterns, this dress exudes grace and sophistication. Whether attending a garden party or a formal event, you\'ll make a stunning impression in this captivating ensemble.\n                        </p>\n                    </div>\n                    <div>\n                        <h3 class=\"tp-product-details-desc-title\">Flawless Fit and Comfort</h3>\n                        <p>\n                            Designed for both style and comfort, our floral dress features a tailored silhouette that flatters every figure. The soft, breathable fabric ensures all-day comfort, while the fitted bodice and flowing skirt create a graceful silhouette. Feel confident and poised with every step you take.\n                        </p>\n                    </div>\n                </div>\n                <div class=\"col-lg-6\">\n                    <div class=\"tp-product-details-desc-thumb\">\n                        <img src=\"/storage/fashion/products/product-1.png\" alt=\"Women\'s Floral Dress\">\n                    </div>\n                </div>\n            </div>\n        </div>\n        <div class=\"tp-product-details-desc-item pb-75\">\n            <div class=\"row\">\n                <div class=\"col-lg-7\">\n                    <div class=\"tp-product-details-desc-thumb\">\n                        <img src=\"/storage/fashion/products/product-2.png\" alt=\"Back View of Floral Dress\">\n                    </div>\n                </div>\n\n                <div class=\"col-lg-5 order-first order-lg-last\">\n                    <div class=\"des-content-2 pl-40\">\n                        <h3 class=\"tp-product-details-desc-title\">\n                            Versatile Style\n                        </h3>\n                        <p>\n                            Transition effortlessly from day to night with our versatile floral dress. Pair it with sandals and a sunhat for a chic daytime look, or dress it up with heels and statement jewelry for an evening soirée. However you style it, you\'ll radiate confidence and charm.\n                        </p>\n                    </div>\n                </div>\n            </div>\n        </div>\n        <div class=\"tp-product-details-desc-item\">\n            <div class=\"row\">\n                <div class=\"col-xl-12\">\n                    <div class=\"tp-product-details-desc-banner text-center m-img\">\n                        <h3 class=\"tp-product-details-desc-banner-title tp-product-details-desc-title\">Quality Craftsmanship</h3>\n                        <img src=\"/storage/fashion/products/product-3.png\" alt=\"Fashion Atelier\">\n                    </div>\n                </div>\n            </div>\n        </div>\n    </div>\n</div>\n','published','[\"main\\/products\\/product-10.jpg\",\"main\\/products\\/product-7.jpg\",\"main\\/products\\/product-15.jpg\",\"main\\/products\\/product-5.jpg\",\"main\\/products\\/product-20.jpg\"]','[]','TY-200-A1',0,15,0,1,1,2,0,0,2313,NULL,NULL,NULL,16.00,20.00,10.00,694.00,NULL,9291,'2024-10-31 20:46:58','2024-10-31 20:47:00','in_stock',3,0,'Botble\\ACL\\Models\\User',0,NULL,'physical',NULL,NULL,0,0,0,0,2),(15,'Quilted Crossbody Bag','Stay on trend with these high-waisted wide-leg trousers, combining comfort and sophistication. Pair them with heels for a refined look.','<div class=\"row justify-content-center\">\n    <div class=\"col-xl-10\">\n        <div class=\"tp-product-details-desc-item pb-105\">\n            <div class=\"row\">\n                <div class=\"col-lg-6\">\n                    <div class=\"pt-25\">\n                        <span>Women\'s Floral Dress</span>\n                        <h3 class=\"tp-product-details-desc-title\">Elegance Redefined</h3>\n                        <p>\n                            Embrace timeless elegance with our exquisite women\'s floral dress. Crafted from luxurious fabrics and adorned with delicate floral patterns, this dress exudes grace and sophistication. Whether attending a garden party or a formal event, you\'ll make a stunning impression in this captivating ensemble.\n                        </p>\n                    </div>\n                    <div>\n                        <h3 class=\"tp-product-details-desc-title\">Flawless Fit and Comfort</h3>\n                        <p>\n                            Designed for both style and comfort, our floral dress features a tailored silhouette that flatters every figure. The soft, breathable fabric ensures all-day comfort, while the fitted bodice and flowing skirt create a graceful silhouette. Feel confident and poised with every step you take.\n                        </p>\n                    </div>\n                </div>\n                <div class=\"col-lg-6\">\n                    <div class=\"tp-product-details-desc-thumb\">\n                        <img src=\"/storage/fashion/products/product-1.png\" alt=\"Women\'s Floral Dress\">\n                    </div>\n                </div>\n            </div>\n        </div>\n        <div class=\"tp-product-details-desc-item pb-75\">\n            <div class=\"row\">\n                <div class=\"col-lg-7\">\n                    <div class=\"tp-product-details-desc-thumb\">\n                        <img src=\"/storage/fashion/products/product-2.png\" alt=\"Back View of Floral Dress\">\n                    </div>\n                </div>\n\n                <div class=\"col-lg-5 order-first order-lg-last\">\n                    <div class=\"des-content-2 pl-40\">\n                        <h3 class=\"tp-product-details-desc-title\">\n                            Versatile Style\n                        </h3>\n                        <p>\n                            Transition effortlessly from day to night with our versatile floral dress. Pair it with sandals and a sunhat for a chic daytime look, or dress it up with heels and statement jewelry for an evening soirée. However you style it, you\'ll radiate confidence and charm.\n                        </p>\n                    </div>\n                </div>\n            </div>\n        </div>\n        <div class=\"tp-product-details-desc-item\">\n            <div class=\"row\">\n                <div class=\"col-xl-12\">\n                    <div class=\"tp-product-details-desc-banner text-center m-img\">\n                        <h3 class=\"tp-product-details-desc-banner-title tp-product-details-desc-title\">Quality Craftsmanship</h3>\n                        <img src=\"/storage/fashion/products/product-3.png\" alt=\"Fashion Atelier\">\n                    </div>\n                </div>\n            </div>\n        </div>\n    </div>\n</div>\n','published','[\"main\\/products\\/product-14.jpg\",\"main\\/products\\/product-6.jpg\",\"main\\/products\\/product-10.jpg\",\"main\\/products\\/product-7.jpg\"]','[[{\"key\":\"file\",\"value\":\"main\\/video\\/video-1.mp4\"},{\"key\":\"url\",\"value\":null},{\"key\":\"thumbnail\",\"value\":\"main\\/video\\/1.jpg\"}]]','EJ-174-A1',0,17,0,1,1,1,0,0,1500,NULL,NULL,NULL,11.00,14.00,14.00,628.00,NULL,199999,'2024-10-31 20:46:58','2024-10-31 20:47:00','in_stock',1,0,'Botble\\ACL\\Models\\User',0,NULL,'physical',NULL,NULL,0,0,0,0,2),(16,'Distressed Skinny Jeans (Digital)','Embrace bohemian vibes with this embroidered boho blouse, featuring intricate stitching and a relaxed fit. Perfect for a casual day with a touch of style.','<div class=\"row justify-content-center\">\n    <div class=\"col-xl-10\">\n        <div class=\"tp-product-details-desc-item pb-105\">\n            <div class=\"row\">\n                <div class=\"col-lg-6\">\n                    <div class=\"pt-25\">\n                        <span>Women\'s Floral Dress</span>\n                        <h3 class=\"tp-product-details-desc-title\">Elegance Redefined</h3>\n                        <p>\n                            Embrace timeless elegance with our exquisite women\'s floral dress. Crafted from luxurious fabrics and adorned with delicate floral patterns, this dress exudes grace and sophistication. Whether attending a garden party or a formal event, you\'ll make a stunning impression in this captivating ensemble.\n                        </p>\n                    </div>\n                    <div>\n                        <h3 class=\"tp-product-details-desc-title\">Flawless Fit and Comfort</h3>\n                        <p>\n                            Designed for both style and comfort, our floral dress features a tailored silhouette that flatters every figure. The soft, breathable fabric ensures all-day comfort, while the fitted bodice and flowing skirt create a graceful silhouette. Feel confident and poised with every step you take.\n                        </p>\n                    </div>\n                </div>\n                <div class=\"col-lg-6\">\n                    <div class=\"tp-product-details-desc-thumb\">\n                        <img src=\"/storage/fashion/products/product-1.png\" alt=\"Women\'s Floral Dress\">\n                    </div>\n                </div>\n            </div>\n        </div>\n        <div class=\"tp-product-details-desc-item pb-75\">\n            <div class=\"row\">\n                <div class=\"col-lg-7\">\n                    <div class=\"tp-product-details-desc-thumb\">\n                        <img src=\"/storage/fashion/products/product-2.png\" alt=\"Back View of Floral Dress\">\n                    </div>\n                </div>\n\n                <div class=\"col-lg-5 order-first order-lg-last\">\n                    <div class=\"des-content-2 pl-40\">\n                        <h3 class=\"tp-product-details-desc-title\">\n                            Versatile Style\n                        </h3>\n                        <p>\n                            Transition effortlessly from day to night with our versatile floral dress. Pair it with sandals and a sunhat for a chic daytime look, or dress it up with heels and statement jewelry for an evening soirée. However you style it, you\'ll radiate confidence and charm.\n                        </p>\n                    </div>\n                </div>\n            </div>\n        </div>\n        <div class=\"tp-product-details-desc-item\">\n            <div class=\"row\">\n                <div class=\"col-xl-12\">\n                    <div class=\"tp-product-details-desc-banner text-center m-img\">\n                        <h3 class=\"tp-product-details-desc-banner-title tp-product-details-desc-title\">Quality Craftsmanship</h3>\n                        <img src=\"/storage/fashion/products/product-3.png\" alt=\"Fashion Atelier\">\n                    </div>\n                </div>\n            </div>\n        </div>\n    </div>\n</div>\n','published','[\"main\\/products\\/product-5.jpg\",\"main\\/products\\/product-16.jpg\",\"main\\/products\\/product-12.jpg\"]','[]','25-182',0,12,0,1,0,4,0,0,967,546,NULL,NULL,18.00,13.00,14.00,675.00,NULL,78074,'2024-10-31 20:46:58','2024-10-31 20:47:00','in_stock',4,0,'Botble\\ACL\\Models\\User',0,NULL,'digital',NULL,NULL,0,0,0,0,2),(17,'Lace-Up Combat Boots','Accessorize with this bohemian fringe handbag, featuring intricate details and enough space for your essentials. The perfect boho-chic addition to your collection.','<div class=\"row justify-content-center\">\n    <div class=\"col-xl-10\">\n        <div class=\"tp-product-details-desc-item pb-105\">\n            <div class=\"row\">\n                <div class=\"col-lg-6\">\n                    <div class=\"pt-25\">\n                        <span>Women\'s Floral Dress</span>\n                        <h3 class=\"tp-product-details-desc-title\">Elegance Redefined</h3>\n                        <p>\n                            Embrace timeless elegance with our exquisite women\'s floral dress. Crafted from luxurious fabrics and adorned with delicate floral patterns, this dress exudes grace and sophistication. Whether attending a garden party or a formal event, you\'ll make a stunning impression in this captivating ensemble.\n                        </p>\n                    </div>\n                    <div>\n                        <h3 class=\"tp-product-details-desc-title\">Flawless Fit and Comfort</h3>\n                        <p>\n                            Designed for both style and comfort, our floral dress features a tailored silhouette that flatters every figure. The soft, breathable fabric ensures all-day comfort, while the fitted bodice and flowing skirt create a graceful silhouette. Feel confident and poised with every step you take.\n                        </p>\n                    </div>\n                </div>\n                <div class=\"col-lg-6\">\n                    <div class=\"tp-product-details-desc-thumb\">\n                        <img src=\"/storage/fashion/products/product-1.png\" alt=\"Women\'s Floral Dress\">\n                    </div>\n                </div>\n            </div>\n        </div>\n        <div class=\"tp-product-details-desc-item pb-75\">\n            <div class=\"row\">\n                <div class=\"col-lg-7\">\n                    <div class=\"tp-product-details-desc-thumb\">\n                        <img src=\"/storage/fashion/products/product-2.png\" alt=\"Back View of Floral Dress\">\n                    </div>\n                </div>\n\n                <div class=\"col-lg-5 order-first order-lg-last\">\n                    <div class=\"des-content-2 pl-40\">\n                        <h3 class=\"tp-product-details-desc-title\">\n                            Versatile Style\n                        </h3>\n                        <p>\n                            Transition effortlessly from day to night with our versatile floral dress. Pair it with sandals and a sunhat for a chic daytime look, or dress it up with heels and statement jewelry for an evening soirée. However you style it, you\'ll radiate confidence and charm.\n                        </p>\n                    </div>\n                </div>\n            </div>\n        </div>\n        <div class=\"tp-product-details-desc-item\">\n            <div class=\"row\">\n                <div class=\"col-xl-12\">\n                    <div class=\"tp-product-details-desc-banner text-center m-img\">\n                        <h3 class=\"tp-product-details-desc-banner-title tp-product-details-desc-title\">Quality Craftsmanship</h3>\n                        <img src=\"/storage/fashion/products/product-3.png\" alt=\"Fashion Atelier\">\n                    </div>\n                </div>\n            </div>\n        </div>\n    </div>\n</div>\n','published','[\"main\\/products\\/product-18.jpg\",\"main\\/products\\/product-9.jpg\",\"main\\/products\\/product-7.jpg\"]','[[{\"key\":\"file\",\"value\":\"main\\/video\\/video-1.mp4\"},{\"key\":\"url\",\"value\":null},{\"key\":\"thumbnail\",\"value\":\"main\\/video\\/1.jpg\"}]]','JJ-106-A1',0,14,0,1,0,5,0,0,349,NULL,NULL,NULL,10.00,19.00,14.00,749.00,NULL,17830,'2024-10-31 20:46:58','2024-10-31 20:47:00','in_stock',8,0,'Botble\\ACL\\Models\\User',0,NULL,'physical',NULL,NULL,0,0,0,0,1),(18,'Cotton Striped T-Shirt Dress','Make a statement in this floral maxi dress, perfect for summer events or a casual day out. The flowy silhouette and vibrant print will turn heads wherever you go.','<div class=\"row justify-content-center\">\n    <div class=\"col-xl-10\">\n        <div class=\"tp-product-details-desc-item pb-105\">\n            <div class=\"row\">\n                <div class=\"col-lg-6\">\n                    <div class=\"pt-25\">\n                        <span>Women\'s Floral Dress</span>\n                        <h3 class=\"tp-product-details-desc-title\">Elegance Redefined</h3>\n                        <p>\n                            Embrace timeless elegance with our exquisite women\'s floral dress. Crafted from luxurious fabrics and adorned with delicate floral patterns, this dress exudes grace and sophistication. Whether attending a garden party or a formal event, you\'ll make a stunning impression in this captivating ensemble.\n                        </p>\n                    </div>\n                    <div>\n                        <h3 class=\"tp-product-details-desc-title\">Flawless Fit and Comfort</h3>\n                        <p>\n                            Designed for both style and comfort, our floral dress features a tailored silhouette that flatters every figure. The soft, breathable fabric ensures all-day comfort, while the fitted bodice and flowing skirt create a graceful silhouette. Feel confident and poised with every step you take.\n                        </p>\n                    </div>\n                </div>\n                <div class=\"col-lg-6\">\n                    <div class=\"tp-product-details-desc-thumb\">\n                        <img src=\"/storage/fashion/products/product-1.png\" alt=\"Women\'s Floral Dress\">\n                    </div>\n                </div>\n            </div>\n        </div>\n        <div class=\"tp-product-details-desc-item pb-75\">\n            <div class=\"row\">\n                <div class=\"col-lg-7\">\n                    <div class=\"tp-product-details-desc-thumb\">\n                        <img src=\"/storage/fashion/products/product-2.png\" alt=\"Back View of Floral Dress\">\n                    </div>\n                </div>\n\n                <div class=\"col-lg-5 order-first order-lg-last\">\n                    <div class=\"des-content-2 pl-40\">\n                        <h3 class=\"tp-product-details-desc-title\">\n                            Versatile Style\n                        </h3>\n                        <p>\n                            Transition effortlessly from day to night with our versatile floral dress. Pair it with sandals and a sunhat for a chic daytime look, or dress it up with heels and statement jewelry for an evening soirée. However you style it, you\'ll radiate confidence and charm.\n                        </p>\n                    </div>\n                </div>\n            </div>\n        </div>\n        <div class=\"tp-product-details-desc-item\">\n            <div class=\"row\">\n                <div class=\"col-xl-12\">\n                    <div class=\"tp-product-details-desc-banner text-center m-img\">\n                        <h3 class=\"tp-product-details-desc-banner-title tp-product-details-desc-title\">Quality Craftsmanship</h3>\n                        <img src=\"/storage/fashion/products/product-3.png\" alt=\"Fashion Atelier\">\n                    </div>\n                </div>\n            </div>\n        </div>\n    </div>\n</div>\n','published','[\"main\\/products\\/product-7.jpg\",\"main\\/products\\/product-details-desc-2.jpg\",\"main\\/products\\/product-17.jpg\",\"main\\/products\\/product-11.jpg\"]','[[{\"key\":\"file\",\"value\":\"main\\/video\\/video-1.mp4\"},{\"key\":\"url\",\"value\":null},{\"key\":\"thumbnail\",\"value\":\"main\\/video\\/1.jpg\"}]]','AE-121-A1',0,17,0,1,1,3,0,0,2104,NULL,NULL,NULL,11.00,19.00,15.00,739.00,NULL,20084,'2024-10-31 20:46:58','2024-10-31 20:47:00','in_stock',7,0,'Botble\\ACL\\Models\\User',0,NULL,'physical',NULL,NULL,0,0,0,0,2),(19,'Printed Palazzo Pants','Stay cozy and chic in this knit turtleneck sweater, featuring a ribbed texture and a timeless design. Perfect for chilly days and nights.','<div class=\"row justify-content-center\">\n    <div class=\"col-xl-10\">\n        <div class=\"tp-product-details-desc-item pb-105\">\n            <div class=\"row\">\n                <div class=\"col-lg-6\">\n                    <div class=\"pt-25\">\n                        <span>Women\'s Floral Dress</span>\n                        <h3 class=\"tp-product-details-desc-title\">Elegance Redefined</h3>\n                        <p>\n                            Embrace timeless elegance with our exquisite women\'s floral dress. Crafted from luxurious fabrics and adorned with delicate floral patterns, this dress exudes grace and sophistication. Whether attending a garden party or a formal event, you\'ll make a stunning impression in this captivating ensemble.\n                        </p>\n                    </div>\n                    <div>\n                        <h3 class=\"tp-product-details-desc-title\">Flawless Fit and Comfort</h3>\n                        <p>\n                            Designed for both style and comfort, our floral dress features a tailored silhouette that flatters every figure. The soft, breathable fabric ensures all-day comfort, while the fitted bodice and flowing skirt create a graceful silhouette. Feel confident and poised with every step you take.\n                        </p>\n                    </div>\n                </div>\n                <div class=\"col-lg-6\">\n                    <div class=\"tp-product-details-desc-thumb\">\n                        <img src=\"/storage/fashion/products/product-1.png\" alt=\"Women\'s Floral Dress\">\n                    </div>\n                </div>\n            </div>\n        </div>\n        <div class=\"tp-product-details-desc-item pb-75\">\n            <div class=\"row\">\n                <div class=\"col-lg-7\">\n                    <div class=\"tp-product-details-desc-thumb\">\n                        <img src=\"/storage/fashion/products/product-2.png\" alt=\"Back View of Floral Dress\">\n                    </div>\n                </div>\n\n                <div class=\"col-lg-5 order-first order-lg-last\">\n                    <div class=\"des-content-2 pl-40\">\n                        <h3 class=\"tp-product-details-desc-title\">\n                            Versatile Style\n                        </h3>\n                        <p>\n                            Transition effortlessly from day to night with our versatile floral dress. Pair it with sandals and a sunhat for a chic daytime look, or dress it up with heels and statement jewelry for an evening soirée. However you style it, you\'ll radiate confidence and charm.\n                        </p>\n                    </div>\n                </div>\n            </div>\n        </div>\n        <div class=\"tp-product-details-desc-item\">\n            <div class=\"row\">\n                <div class=\"col-xl-12\">\n                    <div class=\"tp-product-details-desc-banner text-center m-img\">\n                        <h3 class=\"tp-product-details-desc-banner-title tp-product-details-desc-title\">Quality Craftsmanship</h3>\n                        <img src=\"/storage/fashion/products/product-3.png\" alt=\"Fashion Atelier\">\n                    </div>\n                </div>\n            </div>\n        </div>\n    </div>\n</div>\n','published','[\"main\\/products\\/product-18.jpg\",\"main\\/products\\/product-4.jpg\",\"main\\/products\\/product-3.jpg\",\"main\\/products\\/product-5.jpg\",\"main\\/products\\/product-1.jpg\",\"main\\/products\\/product-9.jpg\"]','[[{\"key\":\"file\",\"value\":null},{\"key\":\"url\",\"value\":\"https:\\/\\/www.youtube.com\\/watch?v=6JYIGclVQdw\"},{\"key\":\"thumbnail\",\"value\":\"main\\/video\\/1.jpg\"}]]','WD-184',0,10,0,1,0,2,0,0,1426,505,NULL,NULL,18.00,15.00,12.00,569.00,NULL,58567,'2024-10-31 20:46:58','2024-10-31 20:47:00','in_stock',3,0,'Botble\\ACL\\Models\\User',0,NULL,'physical',NULL,NULL,0,0,0,0,2),(20,'Structured Satchel Bag (Digital)','Top off your look with this chic fedora hat, crafted with a classic silhouette and a timeless appeal. A must-have accessory for any fashion-forward wardrobe.','<div class=\"row justify-content-center\">\n    <div class=\"col-xl-10\">\n        <div class=\"tp-product-details-desc-item pb-105\">\n            <div class=\"row\">\n                <div class=\"col-lg-6\">\n                    <div class=\"pt-25\">\n                        <span>Women\'s Floral Dress</span>\n                        <h3 class=\"tp-product-details-desc-title\">Elegance Redefined</h3>\n                        <p>\n                            Embrace timeless elegance with our exquisite women\'s floral dress. Crafted from luxurious fabrics and adorned with delicate floral patterns, this dress exudes grace and sophistication. Whether attending a garden party or a formal event, you\'ll make a stunning impression in this captivating ensemble.\n                        </p>\n                    </div>\n                    <div>\n                        <h3 class=\"tp-product-details-desc-title\">Flawless Fit and Comfort</h3>\n                        <p>\n                            Designed for both style and comfort, our floral dress features a tailored silhouette that flatters every figure. The soft, breathable fabric ensures all-day comfort, while the fitted bodice and flowing skirt create a graceful silhouette. Feel confident and poised with every step you take.\n                        </p>\n                    </div>\n                </div>\n                <div class=\"col-lg-6\">\n                    <div class=\"tp-product-details-desc-thumb\">\n                        <img src=\"/storage/fashion/products/product-1.png\" alt=\"Women\'s Floral Dress\">\n                    </div>\n                </div>\n            </div>\n        </div>\n        <div class=\"tp-product-details-desc-item pb-75\">\n            <div class=\"row\">\n                <div class=\"col-lg-7\">\n                    <div class=\"tp-product-details-desc-thumb\">\n                        <img src=\"/storage/fashion/products/product-2.png\" alt=\"Back View of Floral Dress\">\n                    </div>\n                </div>\n\n                <div class=\"col-lg-5 order-first order-lg-last\">\n                    <div class=\"des-content-2 pl-40\">\n                        <h3 class=\"tp-product-details-desc-title\">\n                            Versatile Style\n                        </h3>\n                        <p>\n                            Transition effortlessly from day to night with our versatile floral dress. Pair it with sandals and a sunhat for a chic daytime look, or dress it up with heels and statement jewelry for an evening soirée. However you style it, you\'ll radiate confidence and charm.\n                        </p>\n                    </div>\n                </div>\n            </div>\n        </div>\n        <div class=\"tp-product-details-desc-item\">\n            <div class=\"row\">\n                <div class=\"col-xl-12\">\n                    <div class=\"tp-product-details-desc-banner text-center m-img\">\n                        <h3 class=\"tp-product-details-desc-banner-title tp-product-details-desc-title\">Quality Craftsmanship</h3>\n                        <img src=\"/storage/fashion/products/product-3.png\" alt=\"Fashion Atelier\">\n                    </div>\n                </div>\n            </div>\n        </div>\n    </div>\n</div>\n','published','[\"main\\/products\\/product-18.jpg\",\"main\\/products\\/product-4.jpg\",\"main\\/products\\/product-details-desc-2.jpg\",\"main\\/products\\/product-11.jpg\",\"main\\/products\\/product-5.jpg\",\"main\\/products\\/product-20.jpg\"]','[[{\"key\":\"file\",\"value\":null},{\"key\":\"url\",\"value\":\"https:\\/\\/www.youtube.com\\/watch?v=6JYIGclVQdw\"},{\"key\":\"thumbnail\",\"value\":\"main\\/video\\/2.jpg\"}]]','Z8-144',0,18,0,1,1,5,0,0,420,315,NULL,NULL,17.00,13.00,19.00,724.00,NULL,3548,'2024-10-31 20:46:58','2024-10-31 20:47:00','in_stock',1,0,'Botble\\ACL\\Models\\User',0,NULL,'digital',NULL,NULL,0,0,0,0,1),(21,'Off-Shoulder Ruffle Top','Make a bold statement with this chunky necklace, designed to add a touch of glamour to any outfit. The perfect accessory for a night out.','<div class=\"row justify-content-center\">\n    <div class=\"col-xl-10\">\n        <div class=\"tp-product-details-desc-item pb-105\">\n            <div class=\"row\">\n                <div class=\"col-lg-6\">\n                    <div class=\"pt-25\">\n                        <span>Women\'s Floral Dress</span>\n                        <h3 class=\"tp-product-details-desc-title\">Elegance Redefined</h3>\n                        <p>\n                            Embrace timeless elegance with our exquisite women\'s floral dress. Crafted from luxurious fabrics and adorned with delicate floral patterns, this dress exudes grace and sophistication. Whether attending a garden party or a formal event, you\'ll make a stunning impression in this captivating ensemble.\n                        </p>\n                    </div>\n                    <div>\n                        <h3 class=\"tp-product-details-desc-title\">Flawless Fit and Comfort</h3>\n                        <p>\n                            Designed for both style and comfort, our floral dress features a tailored silhouette that flatters every figure. The soft, breathable fabric ensures all-day comfort, while the fitted bodice and flowing skirt create a graceful silhouette. Feel confident and poised with every step you take.\n                        </p>\n                    </div>\n                </div>\n                <div class=\"col-lg-6\">\n                    <div class=\"tp-product-details-desc-thumb\">\n                        <img src=\"/storage/fashion/products/product-1.png\" alt=\"Women\'s Floral Dress\">\n                    </div>\n                </div>\n            </div>\n        </div>\n        <div class=\"tp-product-details-desc-item pb-75\">\n            <div class=\"row\">\n                <div class=\"col-lg-7\">\n                    <div class=\"tp-product-details-desc-thumb\">\n                        <img src=\"/storage/fashion/products/product-2.png\" alt=\"Back View of Floral Dress\">\n                    </div>\n                </div>\n\n                <div class=\"col-lg-5 order-first order-lg-last\">\n                    <div class=\"des-content-2 pl-40\">\n                        <h3 class=\"tp-product-details-desc-title\">\n                            Versatile Style\n                        </h3>\n                        <p>\n                            Transition effortlessly from day to night with our versatile floral dress. Pair it with sandals and a sunhat for a chic daytime look, or dress it up with heels and statement jewelry for an evening soirée. However you style it, you\'ll radiate confidence and charm.\n                        </p>\n                    </div>\n                </div>\n            </div>\n        </div>\n        <div class=\"tp-product-details-desc-item\">\n            <div class=\"row\">\n                <div class=\"col-xl-12\">\n                    <div class=\"tp-product-details-desc-banner text-center m-img\">\n                        <h3 class=\"tp-product-details-desc-banner-title tp-product-details-desc-title\">Quality Craftsmanship</h3>\n                        <img src=\"/storage/fashion/products/product-3.png\" alt=\"Fashion Atelier\">\n                    </div>\n                </div>\n            </div>\n        </div>\n    </div>\n</div>\n','published','[\"main\\/products\\/product-20.jpg\",\"main\\/products\\/product-4.jpg\",\"main\\/products\\/product-details-desc-2.jpg\",\"main\\/products\\/product-17.jpg\",\"main\\/products\\/product-details-desc-1.jpg\"]','[]','N8-154',0,10,0,1,1,5,0,0,508,37,NULL,NULL,12.00,15.00,15.00,534.00,NULL,144526,'2024-10-31 20:46:58','2024-10-31 20:47:00','in_stock',2,0,'Botble\\ACL\\Models\\User',0,NULL,'physical',NULL,NULL,0,0,0,0,2),(22,'Suede Pointed-Toe Pumps','Add a pop of color to your outfit with this silk scarf adorned with a geometric print. Wrap it around your neck or tie it to your handbag for a stylish touch.','<div class=\"row justify-content-center\">\n    <div class=\"col-xl-10\">\n        <div class=\"tp-product-details-desc-item pb-105\">\n            <div class=\"row\">\n                <div class=\"col-lg-6\">\n                    <div class=\"pt-25\">\n                        <span>Women\'s Floral Dress</span>\n                        <h3 class=\"tp-product-details-desc-title\">Elegance Redefined</h3>\n                        <p>\n                            Embrace timeless elegance with our exquisite women\'s floral dress. Crafted from luxurious fabrics and adorned with delicate floral patterns, this dress exudes grace and sophistication. Whether attending a garden party or a formal event, you\'ll make a stunning impression in this captivating ensemble.\n                        </p>\n                    </div>\n                    <div>\n                        <h3 class=\"tp-product-details-desc-title\">Flawless Fit and Comfort</h3>\n                        <p>\n                            Designed for both style and comfort, our floral dress features a tailored silhouette that flatters every figure. The soft, breathable fabric ensures all-day comfort, while the fitted bodice and flowing skirt create a graceful silhouette. Feel confident and poised with every step you take.\n                        </p>\n                    </div>\n                </div>\n                <div class=\"col-lg-6\">\n                    <div class=\"tp-product-details-desc-thumb\">\n                        <img src=\"/storage/fashion/products/product-1.png\" alt=\"Women\'s Floral Dress\">\n                    </div>\n                </div>\n            </div>\n        </div>\n        <div class=\"tp-product-details-desc-item pb-75\">\n            <div class=\"row\">\n                <div class=\"col-lg-7\">\n                    <div class=\"tp-product-details-desc-thumb\">\n                        <img src=\"/storage/fashion/products/product-2.png\" alt=\"Back View of Floral Dress\">\n                    </div>\n                </div>\n\n                <div class=\"col-lg-5 order-first order-lg-last\">\n                    <div class=\"des-content-2 pl-40\">\n                        <h3 class=\"tp-product-details-desc-title\">\n                            Versatile Style\n                        </h3>\n                        <p>\n                            Transition effortlessly from day to night with our versatile floral dress. Pair it with sandals and a sunhat for a chic daytime look, or dress it up with heels and statement jewelry for an evening soirée. However you style it, you\'ll radiate confidence and charm.\n                        </p>\n                    </div>\n                </div>\n            </div>\n        </div>\n        <div class=\"tp-product-details-desc-item\">\n            <div class=\"row\">\n                <div class=\"col-xl-12\">\n                    <div class=\"tp-product-details-desc-banner text-center m-img\">\n                        <h3 class=\"tp-product-details-desc-banner-title tp-product-details-desc-title\">Quality Craftsmanship</h3>\n                        <img src=\"/storage/fashion/products/product-3.png\" alt=\"Fashion Atelier\">\n                    </div>\n                </div>\n            </div>\n        </div>\n    </div>\n</div>\n','published','[\"main\\/products\\/product-13.jpg\",\"main\\/products\\/product-3.jpg\",\"main\\/products\\/product-1.jpg\"]','[]','Z9-172-A1',0,10,0,1,1,3,0,0,1833,NULL,NULL,NULL,13.00,20.00,20.00,622.00,NULL,57436,'2024-10-31 20:46:58','2024-10-31 20:47:00','in_stock',8,0,'Botble\\ACL\\Models\\User',0,NULL,'physical',NULL,NULL,0,0,0,0,1),(23,'Cropped Cable Knit Sweater','Achieve a polished look with this tailored wool blazer, designed for a flattering fit and versatile enough for both work and casual outings.','<div class=\"row justify-content-center\">\n    <div class=\"col-xl-10\">\n        <div class=\"tp-product-details-desc-item pb-105\">\n            <div class=\"row\">\n                <div class=\"col-lg-6\">\n                    <div class=\"pt-25\">\n                        <span>Women\'s Floral Dress</span>\n                        <h3 class=\"tp-product-details-desc-title\">Elegance Redefined</h3>\n                        <p>\n                            Embrace timeless elegance with our exquisite women\'s floral dress. Crafted from luxurious fabrics and adorned with delicate floral patterns, this dress exudes grace and sophistication. Whether attending a garden party or a formal event, you\'ll make a stunning impression in this captivating ensemble.\n                        </p>\n                    </div>\n                    <div>\n                        <h3 class=\"tp-product-details-desc-title\">Flawless Fit and Comfort</h3>\n                        <p>\n                            Designed for both style and comfort, our floral dress features a tailored silhouette that flatters every figure. The soft, breathable fabric ensures all-day comfort, while the fitted bodice and flowing skirt create a graceful silhouette. Feel confident and poised with every step you take.\n                        </p>\n                    </div>\n                </div>\n                <div class=\"col-lg-6\">\n                    <div class=\"tp-product-details-desc-thumb\">\n                        <img src=\"/storage/fashion/products/product-1.png\" alt=\"Women\'s Floral Dress\">\n                    </div>\n                </div>\n            </div>\n        </div>\n        <div class=\"tp-product-details-desc-item pb-75\">\n            <div class=\"row\">\n                <div class=\"col-lg-7\">\n                    <div class=\"tp-product-details-desc-thumb\">\n                        <img src=\"/storage/fashion/products/product-2.png\" alt=\"Back View of Floral Dress\">\n                    </div>\n                </div>\n\n                <div class=\"col-lg-5 order-first order-lg-last\">\n                    <div class=\"des-content-2 pl-40\">\n                        <h3 class=\"tp-product-details-desc-title\">\n                            Versatile Style\n                        </h3>\n                        <p>\n                            Transition effortlessly from day to night with our versatile floral dress. Pair it with sandals and a sunhat for a chic daytime look, or dress it up with heels and statement jewelry for an evening soirée. However you style it, you\'ll radiate confidence and charm.\n                        </p>\n                    </div>\n                </div>\n            </div>\n        </div>\n        <div class=\"tp-product-details-desc-item\">\n            <div class=\"row\">\n                <div class=\"col-xl-12\">\n                    <div class=\"tp-product-details-desc-banner text-center m-img\">\n                        <h3 class=\"tp-product-details-desc-banner-title tp-product-details-desc-title\">Quality Craftsmanship</h3>\n                        <img src=\"/storage/fashion/products/product-3.png\" alt=\"Fashion Atelier\">\n                    </div>\n                </div>\n            </div>\n        </div>\n    </div>\n</div>\n','published','[\"main\\/products\\/product-19.jpg\",\"main\\/products\\/product-details-desc-2.jpg\",\"main\\/products\\/product-details-desc-1.jpg\"]','[[{\"key\":\"file\",\"value\":null},{\"key\":\"url\",\"value\":\"https:\\/\\/www.youtube.com\\/watch?v=6JYIGclVQdw\"},{\"key\":\"thumbnail\",\"value\":\"main\\/video\\/1.jpg\"}]]','3F-100-A1',0,15,0,1,1,5,0,0,456,NULL,NULL,NULL,16.00,10.00,10.00,649.00,NULL,72796,'2024-10-31 20:46:58','2024-10-31 20:47:00','in_stock',2,0,'Botble\\ACL\\Models\\User',0,NULL,'physical',NULL,NULL,0,0,0,0,2),(24,'Athleisure Jogger Pants (Digital)','Complete your look with these classic aviator sunglasses, offering a touch of timeless glamour and UV protection for your eyes.','<div class=\"row justify-content-center\">\n    <div class=\"col-xl-10\">\n        <div class=\"tp-product-details-desc-item pb-105\">\n            <div class=\"row\">\n                <div class=\"col-lg-6\">\n                    <div class=\"pt-25\">\n                        <span>Women\'s Floral Dress</span>\n                        <h3 class=\"tp-product-details-desc-title\">Elegance Redefined</h3>\n                        <p>\n                            Embrace timeless elegance with our exquisite women\'s floral dress. Crafted from luxurious fabrics and adorned with delicate floral patterns, this dress exudes grace and sophistication. Whether attending a garden party or a formal event, you\'ll make a stunning impression in this captivating ensemble.\n                        </p>\n                    </div>\n                    <div>\n                        <h3 class=\"tp-product-details-desc-title\">Flawless Fit and Comfort</h3>\n                        <p>\n                            Designed for both style and comfort, our floral dress features a tailored silhouette that flatters every figure. The soft, breathable fabric ensures all-day comfort, while the fitted bodice and flowing skirt create a graceful silhouette. Feel confident and poised with every step you take.\n                        </p>\n                    </div>\n                </div>\n                <div class=\"col-lg-6\">\n                    <div class=\"tp-product-details-desc-thumb\">\n                        <img src=\"/storage/fashion/products/product-1.png\" alt=\"Women\'s Floral Dress\">\n                    </div>\n                </div>\n            </div>\n        </div>\n        <div class=\"tp-product-details-desc-item pb-75\">\n            <div class=\"row\">\n                <div class=\"col-lg-7\">\n                    <div class=\"tp-product-details-desc-thumb\">\n                        <img src=\"/storage/fashion/products/product-2.png\" alt=\"Back View of Floral Dress\">\n                    </div>\n                </div>\n\n                <div class=\"col-lg-5 order-first order-lg-last\">\n                    <div class=\"des-content-2 pl-40\">\n                        <h3 class=\"tp-product-details-desc-title\">\n                            Versatile Style\n                        </h3>\n                        <p>\n                            Transition effortlessly from day to night with our versatile floral dress. Pair it with sandals and a sunhat for a chic daytime look, or dress it up with heels and statement jewelry for an evening soirée. However you style it, you\'ll radiate confidence and charm.\n                        </p>\n                    </div>\n                </div>\n            </div>\n        </div>\n        <div class=\"tp-product-details-desc-item\">\n            <div class=\"row\">\n                <div class=\"col-xl-12\">\n                    <div class=\"tp-product-details-desc-banner text-center m-img\">\n                        <h3 class=\"tp-product-details-desc-banner-title tp-product-details-desc-title\">Quality Craftsmanship</h3>\n                        <img src=\"/storage/fashion/products/product-3.png\" alt=\"Fashion Atelier\">\n                    </div>\n                </div>\n            </div>\n        </div>\n    </div>\n</div>\n','published','[\"main\\/products\\/product-5.jpg\",\"main\\/products\\/product-8.jpg\",\"main\\/products\\/product-details-desc-3.jpg\",\"main\\/products\\/product-20.jpg\",\"main\\/products\\/product-details-desc-2.jpg\",\"main\\/products\\/product-13.jpg\",\"main\\/products\\/product-9.jpg\",\"main\\/products\\/product-17.jpg\"]','[[{\"key\":\"file\",\"value\":null},{\"key\":\"url\",\"value\":\"https:\\/\\/www.youtube.com\\/watch?v=6JYIGclVQdw\"},{\"key\":\"thumbnail\",\"value\":\"main\\/video\\/1.jpg\"}]]','PB-114',0,18,0,1,0,1,0,0,1240,1119,NULL,NULL,15.00,17.00,16.00,615.00,NULL,150922,'2024-10-31 20:46:58','2024-10-31 20:47:00','in_stock',5,0,'Botble\\ACL\\Models\\User',0,NULL,'digital',NULL,NULL,0,0,0,0,2),(25,'Leopard Print Midi Skirt','Achieve a polished look with this tailored wool blazer, designed for a flattering fit and versatile enough for both work and casual outings.','<div class=\"row justify-content-center\">\n    <div class=\"col-xl-10\">\n        <div class=\"tp-product-details-desc-item pb-105\">\n            <div class=\"row\">\n                <div class=\"col-lg-6\">\n                    <div class=\"pt-25\">\n                        <span>Women\'s Floral Dress</span>\n                        <h3 class=\"tp-product-details-desc-title\">Elegance Redefined</h3>\n                        <p>\n                            Embrace timeless elegance with our exquisite women\'s floral dress. Crafted from luxurious fabrics and adorned with delicate floral patterns, this dress exudes grace and sophistication. Whether attending a garden party or a formal event, you\'ll make a stunning impression in this captivating ensemble.\n                        </p>\n                    </div>\n                    <div>\n                        <h3 class=\"tp-product-details-desc-title\">Flawless Fit and Comfort</h3>\n                        <p>\n                            Designed for both style and comfort, our floral dress features a tailored silhouette that flatters every figure. The soft, breathable fabric ensures all-day comfort, while the fitted bodice and flowing skirt create a graceful silhouette. Feel confident and poised with every step you take.\n                        </p>\n                    </div>\n                </div>\n                <div class=\"col-lg-6\">\n                    <div class=\"tp-product-details-desc-thumb\">\n                        <img src=\"/storage/fashion/products/product-1.png\" alt=\"Women\'s Floral Dress\">\n                    </div>\n                </div>\n            </div>\n        </div>\n        <div class=\"tp-product-details-desc-item pb-75\">\n            <div class=\"row\">\n                <div class=\"col-lg-7\">\n                    <div class=\"tp-product-details-desc-thumb\">\n                        <img src=\"/storage/fashion/products/product-2.png\" alt=\"Back View of Floral Dress\">\n                    </div>\n                </div>\n\n                <div class=\"col-lg-5 order-first order-lg-last\">\n                    <div class=\"des-content-2 pl-40\">\n                        <h3 class=\"tp-product-details-desc-title\">\n                            Versatile Style\n                        </h3>\n                        <p>\n                            Transition effortlessly from day to night with our versatile floral dress. Pair it with sandals and a sunhat for a chic daytime look, or dress it up with heels and statement jewelry for an evening soirée. However you style it, you\'ll radiate confidence and charm.\n                        </p>\n                    </div>\n                </div>\n            </div>\n        </div>\n        <div class=\"tp-product-details-desc-item\">\n            <div class=\"row\">\n                <div class=\"col-xl-12\">\n                    <div class=\"tp-product-details-desc-banner text-center m-img\">\n                        <h3 class=\"tp-product-details-desc-banner-title tp-product-details-desc-title\">Quality Craftsmanship</h3>\n                        <img src=\"/storage/fashion/products/product-3.png\" alt=\"Fashion Atelier\">\n                    </div>\n                </div>\n            </div>\n        </div>\n    </div>\n</div>\n','published','[\"main\\/products\\/product-16.jpg\",\"main\\/products\\/product-7.jpg\",\"main\\/products\\/product-details-desc-2.jpg\",\"main\\/products\\/product-3.jpg\",\"main\\/products\\/product-4.jpg\",\"main\\/products\\/product-20.jpg\"]','[[{\"key\":\"file\",\"value\":null},{\"key\":\"url\",\"value\":\"https:\\/\\/www.youtube.com\\/watch?v=6JYIGclVQdw\"},{\"key\":\"thumbnail\",\"value\":\"main\\/video\\/1.jpg\"}]]','JR-197-A1',0,11,0,1,0,3,0,0,701,NULL,NULL,NULL,16.00,13.00,20.00,739.00,NULL,129013,'2024-10-31 20:46:58','2024-10-31 20:47:00','in_stock',5,0,'Botble\\ACL\\Models\\User',0,NULL,'physical',NULL,NULL,0,0,0,0,2),(26,'Retro Cat-Eye Sunglasses','Embrace bohemian vibes with this embroidered boho blouse, featuring intricate stitching and a relaxed fit. Perfect for a casual day with a touch of style.','<div class=\"row justify-content-center\">\n    <div class=\"col-xl-10\">\n        <div class=\"tp-product-details-desc-item pb-105\">\n            <div class=\"row\">\n                <div class=\"col-lg-6\">\n                    <div class=\"pt-25\">\n                        <span>Women\'s Floral Dress</span>\n                        <h3 class=\"tp-product-details-desc-title\">Elegance Redefined</h3>\n                        <p>\n                            Embrace timeless elegance with our exquisite women\'s floral dress. Crafted from luxurious fabrics and adorned with delicate floral patterns, this dress exudes grace and sophistication. Whether attending a garden party or a formal event, you\'ll make a stunning impression in this captivating ensemble.\n                        </p>\n                    </div>\n                    <div>\n                        <h3 class=\"tp-product-details-desc-title\">Flawless Fit and Comfort</h3>\n                        <p>\n                            Designed for both style and comfort, our floral dress features a tailored silhouette that flatters every figure. The soft, breathable fabric ensures all-day comfort, while the fitted bodice and flowing skirt create a graceful silhouette. Feel confident and poised with every step you take.\n                        </p>\n                    </div>\n                </div>\n                <div class=\"col-lg-6\">\n                    <div class=\"tp-product-details-desc-thumb\">\n                        <img src=\"/storage/fashion/products/product-1.png\" alt=\"Women\'s Floral Dress\">\n                    </div>\n                </div>\n            </div>\n        </div>\n        <div class=\"tp-product-details-desc-item pb-75\">\n            <div class=\"row\">\n                <div class=\"col-lg-7\">\n                    <div class=\"tp-product-details-desc-thumb\">\n                        <img src=\"/storage/fashion/products/product-2.png\" alt=\"Back View of Floral Dress\">\n                    </div>\n                </div>\n\n                <div class=\"col-lg-5 order-first order-lg-last\">\n                    <div class=\"des-content-2 pl-40\">\n                        <h3 class=\"tp-product-details-desc-title\">\n                            Versatile Style\n                        </h3>\n                        <p>\n                            Transition effortlessly from day to night with our versatile floral dress. Pair it with sandals and a sunhat for a chic daytime look, or dress it up with heels and statement jewelry for an evening soirée. However you style it, you\'ll radiate confidence and charm.\n                        </p>\n                    </div>\n                </div>\n            </div>\n        </div>\n        <div class=\"tp-product-details-desc-item\">\n            <div class=\"row\">\n                <div class=\"col-xl-12\">\n                    <div class=\"tp-product-details-desc-banner text-center m-img\">\n                        <h3 class=\"tp-product-details-desc-banner-title tp-product-details-desc-title\">Quality Craftsmanship</h3>\n                        <img src=\"/storage/fashion/products/product-3.png\" alt=\"Fashion Atelier\">\n                    </div>\n                </div>\n            </div>\n        </div>\n    </div>\n</div>\n','published','[\"main\\/products\\/product-15.jpg\",\"main\\/products\\/product-8.jpg\",\"main\\/products\\/product-3.jpg\",\"main\\/products\\/product-12.jpg\",\"main\\/products\\/product-6.jpg\",\"main\\/products\\/product-4.jpg\",\"main\\/products\\/product-details-desc-1.jpg\",\"main\\/products\\/product-9.jpg\"]','[[{\"key\":\"file\",\"value\":null},{\"key\":\"url\",\"value\":\"https:\\/\\/www.youtube.com\\/watch?v=6JYIGclVQdw\"},{\"key\":\"thumbnail\",\"value\":\"main\\/video\\/1.jpg\"}]]','Z6-171',0,13,0,1,1,4,0,0,1066,189,NULL,NULL,16.00,15.00,14.00,868.00,NULL,43742,'2024-10-31 20:46:58','2024-10-31 20:47:00','in_stock',6,0,'Botble\\ACL\\Models\\User',0,NULL,'physical',NULL,NULL,0,0,0,0,2),(27,'Faux Fur Trimmed Coat','Achieve a polished look with this tailored wool blazer, designed for a flattering fit and versatile enough for both work and casual outings.','<div class=\"row justify-content-center\">\n    <div class=\"col-xl-10\">\n        <div class=\"tp-product-details-desc-item pb-105\">\n            <div class=\"row\">\n                <div class=\"col-lg-6\">\n                    <div class=\"pt-25\">\n                        <span>Women\'s Floral Dress</span>\n                        <h3 class=\"tp-product-details-desc-title\">Elegance Redefined</h3>\n                        <p>\n                            Embrace timeless elegance with our exquisite women\'s floral dress. Crafted from luxurious fabrics and adorned with delicate floral patterns, this dress exudes grace and sophistication. Whether attending a garden party or a formal event, you\'ll make a stunning impression in this captivating ensemble.\n                        </p>\n                    </div>\n                    <div>\n                        <h3 class=\"tp-product-details-desc-title\">Flawless Fit and Comfort</h3>\n                        <p>\n                            Designed for both style and comfort, our floral dress features a tailored silhouette that flatters every figure. The soft, breathable fabric ensures all-day comfort, while the fitted bodice and flowing skirt create a graceful silhouette. Feel confident and poised with every step you take.\n                        </p>\n                    </div>\n                </div>\n                <div class=\"col-lg-6\">\n                    <div class=\"tp-product-details-desc-thumb\">\n                        <img src=\"/storage/fashion/products/product-1.png\" alt=\"Women\'s Floral Dress\">\n                    </div>\n                </div>\n            </div>\n        </div>\n        <div class=\"tp-product-details-desc-item pb-75\">\n            <div class=\"row\">\n                <div class=\"col-lg-7\">\n                    <div class=\"tp-product-details-desc-thumb\">\n                        <img src=\"/storage/fashion/products/product-2.png\" alt=\"Back View of Floral Dress\">\n                    </div>\n                </div>\n\n                <div class=\"col-lg-5 order-first order-lg-last\">\n                    <div class=\"des-content-2 pl-40\">\n                        <h3 class=\"tp-product-details-desc-title\">\n                            Versatile Style\n                        </h3>\n                        <p>\n                            Transition effortlessly from day to night with our versatile floral dress. Pair it with sandals and a sunhat for a chic daytime look, or dress it up with heels and statement jewelry for an evening soirée. However you style it, you\'ll radiate confidence and charm.\n                        </p>\n                    </div>\n                </div>\n            </div>\n        </div>\n        <div class=\"tp-product-details-desc-item\">\n            <div class=\"row\">\n                <div class=\"col-xl-12\">\n                    <div class=\"tp-product-details-desc-banner text-center m-img\">\n                        <h3 class=\"tp-product-details-desc-banner-title tp-product-details-desc-title\">Quality Craftsmanship</h3>\n                        <img src=\"/storage/fashion/products/product-3.png\" alt=\"Fashion Atelier\">\n                    </div>\n                </div>\n            </div>\n        </div>\n    </div>\n</div>\n','published','[\"main\\/products\\/product-11.jpg\",\"main\\/products\\/product-2.jpg\",\"main\\/products\\/product-16.jpg\"]','[[{\"key\":\"file\",\"value\":\"main\\/video\\/video-1.mp4\"},{\"key\":\"url\",\"value\":null},{\"key\":\"thumbnail\",\"value\":\"main\\/video\\/1.jpg\"}]]','LA-156-A1',0,10,0,1,1,4,0,0,1064,NULL,NULL,NULL,19.00,14.00,16.00,693.00,NULL,170144,'2024-10-31 20:46:58','2024-10-31 20:47:00','in_stock',7,0,'Botble\\ACL\\Models\\User',0,NULL,'physical',NULL,NULL,0,0,0,0,1),(28,'Boho Fringed Kimono (Digital)','Make a statement in this floral maxi dress, perfect for summer events or a casual day out. The flowy silhouette and vibrant print will turn heads wherever you go.','<div class=\"row justify-content-center\">\n    <div class=\"col-xl-10\">\n        <div class=\"tp-product-details-desc-item pb-105\">\n            <div class=\"row\">\n                <div class=\"col-lg-6\">\n                    <div class=\"pt-25\">\n                        <span>Women\'s Floral Dress</span>\n                        <h3 class=\"tp-product-details-desc-title\">Elegance Redefined</h3>\n                        <p>\n                            Embrace timeless elegance with our exquisite women\'s floral dress. Crafted from luxurious fabrics and adorned with delicate floral patterns, this dress exudes grace and sophistication. Whether attending a garden party or a formal event, you\'ll make a stunning impression in this captivating ensemble.\n                        </p>\n                    </div>\n                    <div>\n                        <h3 class=\"tp-product-details-desc-title\">Flawless Fit and Comfort</h3>\n                        <p>\n                            Designed for both style and comfort, our floral dress features a tailored silhouette that flatters every figure. The soft, breathable fabric ensures all-day comfort, while the fitted bodice and flowing skirt create a graceful silhouette. Feel confident and poised with every step you take.\n                        </p>\n                    </div>\n                </div>\n                <div class=\"col-lg-6\">\n                    <div class=\"tp-product-details-desc-thumb\">\n                        <img src=\"/storage/fashion/products/product-1.png\" alt=\"Women\'s Floral Dress\">\n                    </div>\n                </div>\n            </div>\n        </div>\n        <div class=\"tp-product-details-desc-item pb-75\">\n            <div class=\"row\">\n                <div class=\"col-lg-7\">\n                    <div class=\"tp-product-details-desc-thumb\">\n                        <img src=\"/storage/fashion/products/product-2.png\" alt=\"Back View of Floral Dress\">\n                    </div>\n                </div>\n\n                <div class=\"col-lg-5 order-first order-lg-last\">\n                    <div class=\"des-content-2 pl-40\">\n                        <h3 class=\"tp-product-details-desc-title\">\n                            Versatile Style\n                        </h3>\n                        <p>\n                            Transition effortlessly from day to night with our versatile floral dress. Pair it with sandals and a sunhat for a chic daytime look, or dress it up with heels and statement jewelry for an evening soirée. However you style it, you\'ll radiate confidence and charm.\n                        </p>\n                    </div>\n                </div>\n            </div>\n        </div>\n        <div class=\"tp-product-details-desc-item\">\n            <div class=\"row\">\n                <div class=\"col-xl-12\">\n                    <div class=\"tp-product-details-desc-banner text-center m-img\">\n                        <h3 class=\"tp-product-details-desc-banner-title tp-product-details-desc-title\">Quality Craftsmanship</h3>\n                        <img src=\"/storage/fashion/products/product-3.png\" alt=\"Fashion Atelier\">\n                    </div>\n                </div>\n            </div>\n        </div>\n    </div>\n</div>\n','published','[\"main\\/products\\/product-7.jpg\",\"main\\/products\\/product-14.jpg\",\"main\\/products\\/product-details-desc-2.jpg\"]','[]','38-109',0,19,0,1,1,4,0,0,1277,125,NULL,NULL,20.00,12.00,10.00,536.00,NULL,167366,'2024-10-31 20:46:58','2024-10-31 20:47:00','in_stock',7,0,'Botble\\ACL\\Models\\User',0,NULL,'digital',NULL,NULL,0,0,0,0,1),(29,'Ruffled Wrap Dress','Add a pop of color to your outfit with this silk scarf adorned with a geometric print. Wrap it around your neck or tie it to your handbag for a stylish touch.','<div class=\"row justify-content-center\">\n    <div class=\"col-xl-10\">\n        <div class=\"tp-product-details-desc-item pb-105\">\n            <div class=\"row\">\n                <div class=\"col-lg-6\">\n                    <div class=\"pt-25\">\n                        <span>Women\'s Floral Dress</span>\n                        <h3 class=\"tp-product-details-desc-title\">Elegance Redefined</h3>\n                        <p>\n                            Embrace timeless elegance with our exquisite women\'s floral dress. Crafted from luxurious fabrics and adorned with delicate floral patterns, this dress exudes grace and sophistication. Whether attending a garden party or a formal event, you\'ll make a stunning impression in this captivating ensemble.\n                        </p>\n                    </div>\n                    <div>\n                        <h3 class=\"tp-product-details-desc-title\">Flawless Fit and Comfort</h3>\n                        <p>\n                            Designed for both style and comfort, our floral dress features a tailored silhouette that flatters every figure. The soft, breathable fabric ensures all-day comfort, while the fitted bodice and flowing skirt create a graceful silhouette. Feel confident and poised with every step you take.\n                        </p>\n                    </div>\n                </div>\n                <div class=\"col-lg-6\">\n                    <div class=\"tp-product-details-desc-thumb\">\n                        <img src=\"/storage/fashion/products/product-1.png\" alt=\"Women\'s Floral Dress\">\n                    </div>\n                </div>\n            </div>\n        </div>\n        <div class=\"tp-product-details-desc-item pb-75\">\n            <div class=\"row\">\n                <div class=\"col-lg-7\">\n                    <div class=\"tp-product-details-desc-thumb\">\n                        <img src=\"/storage/fashion/products/product-2.png\" alt=\"Back View of Floral Dress\">\n                    </div>\n                </div>\n\n                <div class=\"col-lg-5 order-first order-lg-last\">\n                    <div class=\"des-content-2 pl-40\">\n                        <h3 class=\"tp-product-details-desc-title\">\n                            Versatile Style\n                        </h3>\n                        <p>\n                            Transition effortlessly from day to night with our versatile floral dress. Pair it with sandals and a sunhat for a chic daytime look, or dress it up with heels and statement jewelry for an evening soirée. However you style it, you\'ll radiate confidence and charm.\n                        </p>\n                    </div>\n                </div>\n            </div>\n        </div>\n        <div class=\"tp-product-details-desc-item\">\n            <div class=\"row\">\n                <div class=\"col-xl-12\">\n                    <div class=\"tp-product-details-desc-banner text-center m-img\">\n                        <h3 class=\"tp-product-details-desc-banner-title tp-product-details-desc-title\">Quality Craftsmanship</h3>\n                        <img src=\"/storage/fashion/products/product-3.png\" alt=\"Fashion Atelier\">\n                    </div>\n                </div>\n            </div>\n        </div>\n    </div>\n</div>\n','published','[\"main\\/products\\/product-4.jpg\",\"main\\/products\\/product-13.jpg\",\"main\\/products\\/product-2.jpg\",\"main\\/products\\/product-details-desc-3.jpg\",\"main\\/products\\/product-details-desc-2.jpg\",\"main\\/products\\/product-14.jpg\",\"main\\/products\\/product-12.jpg\"]','[[{\"key\":\"file\",\"value\":\"main\\/video\\/video-1.mp4\"},{\"key\":\"url\",\"value\":null},{\"key\":\"thumbnail\",\"value\":\"main\\/video\\/1.jpg\"}]]','VN-169-A1',0,19,0,1,1,4,0,0,2297,NULL,NULL,NULL,10.00,14.00,18.00,518.00,NULL,4615,'2024-10-31 20:46:58','2024-10-31 20:47:00','in_stock',1,0,'Botble\\ACL\\Models\\User',0,NULL,'physical',NULL,NULL,0,0,0,0,2),(30,'Beaded Evening Clutch','Add a pop of color to your outfit with this silk scarf adorned with a geometric print. Wrap it around your neck or tie it to your handbag for a stylish touch.','<div class=\"row justify-content-center\">\n    <div class=\"col-xl-10\">\n        <div class=\"tp-product-details-desc-item pb-105\">\n            <div class=\"row\">\n                <div class=\"col-lg-6\">\n                    <div class=\"pt-25\">\n                        <span>Women\'s Floral Dress</span>\n                        <h3 class=\"tp-product-details-desc-title\">Elegance Redefined</h3>\n                        <p>\n                            Embrace timeless elegance with our exquisite women\'s floral dress. Crafted from luxurious fabrics and adorned with delicate floral patterns, this dress exudes grace and sophistication. Whether attending a garden party or a formal event, you\'ll make a stunning impression in this captivating ensemble.\n                        </p>\n                    </div>\n                    <div>\n                        <h3 class=\"tp-product-details-desc-title\">Flawless Fit and Comfort</h3>\n                        <p>\n                            Designed for both style and comfort, our floral dress features a tailored silhouette that flatters every figure. The soft, breathable fabric ensures all-day comfort, while the fitted bodice and flowing skirt create a graceful silhouette. Feel confident and poised with every step you take.\n                        </p>\n                    </div>\n                </div>\n                <div class=\"col-lg-6\">\n                    <div class=\"tp-product-details-desc-thumb\">\n                        <img src=\"/storage/fashion/products/product-1.png\" alt=\"Women\'s Floral Dress\">\n                    </div>\n                </div>\n            </div>\n        </div>\n        <div class=\"tp-product-details-desc-item pb-75\">\n            <div class=\"row\">\n                <div class=\"col-lg-7\">\n                    <div class=\"tp-product-details-desc-thumb\">\n                        <img src=\"/storage/fashion/products/product-2.png\" alt=\"Back View of Floral Dress\">\n                    </div>\n                </div>\n\n                <div class=\"col-lg-5 order-first order-lg-last\">\n                    <div class=\"des-content-2 pl-40\">\n                        <h3 class=\"tp-product-details-desc-title\">\n                            Versatile Style\n                        </h3>\n                        <p>\n                            Transition effortlessly from day to night with our versatile floral dress. Pair it with sandals and a sunhat for a chic daytime look, or dress it up with heels and statement jewelry for an evening soirée. However you style it, you\'ll radiate confidence and charm.\n                        </p>\n                    </div>\n                </div>\n            </div>\n        </div>\n        <div class=\"tp-product-details-desc-item\">\n            <div class=\"row\">\n                <div class=\"col-xl-12\">\n                    <div class=\"tp-product-details-desc-banner text-center m-img\">\n                        <h3 class=\"tp-product-details-desc-banner-title tp-product-details-desc-title\">Quality Craftsmanship</h3>\n                        <img src=\"/storage/fashion/products/product-3.png\" alt=\"Fashion Atelier\">\n                    </div>\n                </div>\n            </div>\n        </div>\n    </div>\n</div>\n','published','[\"main\\/products\\/product-9.jpg\",\"main\\/products\\/product-18.jpg\",\"main\\/products\\/product-14.jpg\"]','[]','UO-116',0,10,0,1,1,5,0,0,1273,877,NULL,NULL,17.00,10.00,15.00,767.00,NULL,163306,'2024-10-31 20:46:58','2024-10-31 20:47:00','in_stock',2,0,'Botble\\ACL\\Models\\User',0,NULL,'physical',NULL,NULL,0,0,0,0,1),(31,'Wide Brim Floppy Hat','Accessorize with this bohemian fringe handbag, featuring intricate details and enough space for your essentials. The perfect boho-chic addition to your collection.','<div class=\"row justify-content-center\">\n    <div class=\"col-xl-10\">\n        <div class=\"tp-product-details-desc-item pb-105\">\n            <div class=\"row\">\n                <div class=\"col-lg-6\">\n                    <div class=\"pt-25\">\n                        <span>Women\'s Floral Dress</span>\n                        <h3 class=\"tp-product-details-desc-title\">Elegance Redefined</h3>\n                        <p>\n                            Embrace timeless elegance with our exquisite women\'s floral dress. Crafted from luxurious fabrics and adorned with delicate floral patterns, this dress exudes grace and sophistication. Whether attending a garden party or a formal event, you\'ll make a stunning impression in this captivating ensemble.\n                        </p>\n                    </div>\n                    <div>\n                        <h3 class=\"tp-product-details-desc-title\">Flawless Fit and Comfort</h3>\n                        <p>\n                            Designed for both style and comfort, our floral dress features a tailored silhouette that flatters every figure. The soft, breathable fabric ensures all-day comfort, while the fitted bodice and flowing skirt create a graceful silhouette. Feel confident and poised with every step you take.\n                        </p>\n                    </div>\n                </div>\n                <div class=\"col-lg-6\">\n                    <div class=\"tp-product-details-desc-thumb\">\n                        <img src=\"/storage/fashion/products/product-1.png\" alt=\"Women\'s Floral Dress\">\n                    </div>\n                </div>\n            </div>\n        </div>\n        <div class=\"tp-product-details-desc-item pb-75\">\n            <div class=\"row\">\n                <div class=\"col-lg-7\">\n                    <div class=\"tp-product-details-desc-thumb\">\n                        <img src=\"/storage/fashion/products/product-2.png\" alt=\"Back View of Floral Dress\">\n                    </div>\n                </div>\n\n                <div class=\"col-lg-5 order-first order-lg-last\">\n                    <div class=\"des-content-2 pl-40\">\n                        <h3 class=\"tp-product-details-desc-title\">\n                            Versatile Style\n                        </h3>\n                        <p>\n                            Transition effortlessly from day to night with our versatile floral dress. Pair it with sandals and a sunhat for a chic daytime look, or dress it up with heels and statement jewelry for an evening soirée. However you style it, you\'ll radiate confidence and charm.\n                        </p>\n                    </div>\n                </div>\n            </div>\n        </div>\n        <div class=\"tp-product-details-desc-item\">\n            <div class=\"row\">\n                <div class=\"col-xl-12\">\n                    <div class=\"tp-product-details-desc-banner text-center m-img\">\n                        <h3 class=\"tp-product-details-desc-banner-title tp-product-details-desc-title\">Quality Craftsmanship</h3>\n                        <img src=\"/storage/fashion/products/product-3.png\" alt=\"Fashion Atelier\">\n                    </div>\n                </div>\n            </div>\n        </div>\n    </div>\n</div>\n','published','[\"main\\/products\\/product-details-desc-2.jpg\",\"main\\/products\\/product-10.jpg\",\"main\\/products\\/product-14.jpg\",\"main\\/products\\/product-19.jpg\",\"main\\/products\\/product-16.jpg\",\"main\\/products\\/product-11.jpg\"]','[[{\"key\":\"file\",\"value\":null},{\"key\":\"url\",\"value\":\"https:\\/\\/www.youtube.com\\/watch?v=6JYIGclVQdw\"},{\"key\":\"thumbnail\",\"value\":\"main\\/video\\/1.jpg\"}]]','5A-133',0,10,0,1,1,3,0,0,871,492,NULL,NULL,19.00,11.00,14.00,627.00,NULL,132260,'2024-10-31 20:46:58','2024-10-31 20:47:00','in_stock',4,0,'Botble\\ACL\\Models\\User',0,NULL,'physical',NULL,NULL,0,0,0,0,2),(32,'Denim Overall Jumpsuit (Digital)','Elevate your street style with this vintage denim jacket, featuring distressed detailing and a relaxed fit for a laid-back vibe.','<div class=\"row justify-content-center\">\n    <div class=\"col-xl-10\">\n        <div class=\"tp-product-details-desc-item pb-105\">\n            <div class=\"row\">\n                <div class=\"col-lg-6\">\n                    <div class=\"pt-25\">\n                        <span>Women\'s Floral Dress</span>\n                        <h3 class=\"tp-product-details-desc-title\">Elegance Redefined</h3>\n                        <p>\n                            Embrace timeless elegance with our exquisite women\'s floral dress. Crafted from luxurious fabrics and adorned with delicate floral patterns, this dress exudes grace and sophistication. Whether attending a garden party or a formal event, you\'ll make a stunning impression in this captivating ensemble.\n                        </p>\n                    </div>\n                    <div>\n                        <h3 class=\"tp-product-details-desc-title\">Flawless Fit and Comfort</h3>\n                        <p>\n                            Designed for both style and comfort, our floral dress features a tailored silhouette that flatters every figure. The soft, breathable fabric ensures all-day comfort, while the fitted bodice and flowing skirt create a graceful silhouette. Feel confident and poised with every step you take.\n                        </p>\n                    </div>\n                </div>\n                <div class=\"col-lg-6\">\n                    <div class=\"tp-product-details-desc-thumb\">\n                        <img src=\"/storage/fashion/products/product-1.png\" alt=\"Women\'s Floral Dress\">\n                    </div>\n                </div>\n            </div>\n        </div>\n        <div class=\"tp-product-details-desc-item pb-75\">\n            <div class=\"row\">\n                <div class=\"col-lg-7\">\n                    <div class=\"tp-product-details-desc-thumb\">\n                        <img src=\"/storage/fashion/products/product-2.png\" alt=\"Back View of Floral Dress\">\n                    </div>\n                </div>\n\n                <div class=\"col-lg-5 order-first order-lg-last\">\n                    <div class=\"des-content-2 pl-40\">\n                        <h3 class=\"tp-product-details-desc-title\">\n                            Versatile Style\n                        </h3>\n                        <p>\n                            Transition effortlessly from day to night with our versatile floral dress. Pair it with sandals and a sunhat for a chic daytime look, or dress it up with heels and statement jewelry for an evening soirée. However you style it, you\'ll radiate confidence and charm.\n                        </p>\n                    </div>\n                </div>\n            </div>\n        </div>\n        <div class=\"tp-product-details-desc-item\">\n            <div class=\"row\">\n                <div class=\"col-xl-12\">\n                    <div class=\"tp-product-details-desc-banner text-center m-img\">\n                        <h3 class=\"tp-product-details-desc-banner-title tp-product-details-desc-title\">Quality Craftsmanship</h3>\n                        <img src=\"/storage/fashion/products/product-3.png\" alt=\"Fashion Atelier\">\n                    </div>\n                </div>\n            </div>\n        </div>\n    </div>\n</div>\n','published','[\"main\\/products\\/product-details-desc-2.jpg\",\"main\\/products\\/product-12.jpg\",\"main\\/products\\/product-13.jpg\",\"main\\/products\\/product-11.jpg\",\"main\\/products\\/product-10.jpg\",\"main\\/products\\/product-1.jpg\"]','[[{\"key\":\"file\",\"value\":\"main\\/video\\/video-2.mp4\"},{\"key\":\"url\",\"value\":null},{\"key\":\"thumbnail\",\"value\":\"main\\/video\\/2.jpg\"}]]','PH-198',0,10,0,1,1,2,0,0,2316,541,NULL,NULL,13.00,11.00,19.00,831.00,NULL,122399,'2024-10-31 20:46:58','2024-10-31 20:47:00','in_stock',7,0,'Botble\\ACL\\Models\\User',0,NULL,'digital',NULL,NULL,0,0,0,0,1),(33,'Embellished Ballet Flats','Stay on trend with these high-waisted wide-leg trousers, combining comfort and sophistication. Pair them with heels for a refined look.','<div class=\"row justify-content-center\">\n    <div class=\"col-xl-10\">\n        <div class=\"tp-product-details-desc-item pb-105\">\n            <div class=\"row\">\n                <div class=\"col-lg-6\">\n                    <div class=\"pt-25\">\n                        <span>Women\'s Floral Dress</span>\n                        <h3 class=\"tp-product-details-desc-title\">Elegance Redefined</h3>\n                        <p>\n                            Embrace timeless elegance with our exquisite women\'s floral dress. Crafted from luxurious fabrics and adorned with delicate floral patterns, this dress exudes grace and sophistication. Whether attending a garden party or a formal event, you\'ll make a stunning impression in this captivating ensemble.\n                        </p>\n                    </div>\n                    <div>\n                        <h3 class=\"tp-product-details-desc-title\">Flawless Fit and Comfort</h3>\n                        <p>\n                            Designed for both style and comfort, our floral dress features a tailored silhouette that flatters every figure. The soft, breathable fabric ensures all-day comfort, while the fitted bodice and flowing skirt create a graceful silhouette. Feel confident and poised with every step you take.\n                        </p>\n                    </div>\n                </div>\n                <div class=\"col-lg-6\">\n                    <div class=\"tp-product-details-desc-thumb\">\n                        <img src=\"/storage/fashion/products/product-1.png\" alt=\"Women\'s Floral Dress\">\n                    </div>\n                </div>\n            </div>\n        </div>\n        <div class=\"tp-product-details-desc-item pb-75\">\n            <div class=\"row\">\n                <div class=\"col-lg-7\">\n                    <div class=\"tp-product-details-desc-thumb\">\n                        <img src=\"/storage/fashion/products/product-2.png\" alt=\"Back View of Floral Dress\">\n                    </div>\n                </div>\n\n                <div class=\"col-lg-5 order-first order-lg-last\">\n                    <div class=\"des-content-2 pl-40\">\n                        <h3 class=\"tp-product-details-desc-title\">\n                            Versatile Style\n                        </h3>\n                        <p>\n                            Transition effortlessly from day to night with our versatile floral dress. Pair it with sandals and a sunhat for a chic daytime look, or dress it up with heels and statement jewelry for an evening soirée. However you style it, you\'ll radiate confidence and charm.\n                        </p>\n                    </div>\n                </div>\n            </div>\n        </div>\n        <div class=\"tp-product-details-desc-item\">\n            <div class=\"row\">\n                <div class=\"col-xl-12\">\n                    <div class=\"tp-product-details-desc-banner text-center m-img\">\n                        <h3 class=\"tp-product-details-desc-banner-title tp-product-details-desc-title\">Quality Craftsmanship</h3>\n                        <img src=\"/storage/fashion/products/product-3.png\" alt=\"Fashion Atelier\">\n                    </div>\n                </div>\n            </div>\n        </div>\n    </div>\n</div>\n','published','[\"main\\/products\\/product-16.jpg\",\"main\\/products\\/product-3.jpg\",\"main\\/products\\/product-12.jpg\",\"main\\/products\\/product-details-desc-2.jpg\",\"main\\/products\\/product-14.jpg\",\"main\\/products\\/product-2.jpg\",\"main\\/products\\/product-19.jpg\",\"main\\/products\\/product-5.jpg\"]','[]','XL-114',0,13,0,1,1,4,0,0,2367,392,NULL,NULL,14.00,19.00,18.00,569.00,NULL,20504,'2024-10-31 20:46:58','2024-10-31 20:47:00','in_stock',5,0,'Botble\\ACL\\Models\\User',0,NULL,'physical',NULL,NULL,0,0,0,0,1),(34,'Pleated Midi Skirt','Stay on trend with these high-waisted wide-leg trousers, combining comfort and sophistication. Pair them with heels for a refined look.','<div class=\"row justify-content-center\">\n    <div class=\"col-xl-10\">\n        <div class=\"tp-product-details-desc-item pb-105\">\n            <div class=\"row\">\n                <div class=\"col-lg-6\">\n                    <div class=\"pt-25\">\n                        <span>Women\'s Floral Dress</span>\n                        <h3 class=\"tp-product-details-desc-title\">Elegance Redefined</h3>\n                        <p>\n                            Embrace timeless elegance with our exquisite women\'s floral dress. Crafted from luxurious fabrics and adorned with delicate floral patterns, this dress exudes grace and sophistication. Whether attending a garden party or a formal event, you\'ll make a stunning impression in this captivating ensemble.\n                        </p>\n                    </div>\n                    <div>\n                        <h3 class=\"tp-product-details-desc-title\">Flawless Fit and Comfort</h3>\n                        <p>\n                            Designed for both style and comfort, our floral dress features a tailored silhouette that flatters every figure. The soft, breathable fabric ensures all-day comfort, while the fitted bodice and flowing skirt create a graceful silhouette. Feel confident and poised with every step you take.\n                        </p>\n                    </div>\n                </div>\n                <div class=\"col-lg-6\">\n                    <div class=\"tp-product-details-desc-thumb\">\n                        <img src=\"/storage/fashion/products/product-1.png\" alt=\"Women\'s Floral Dress\">\n                    </div>\n                </div>\n            </div>\n        </div>\n        <div class=\"tp-product-details-desc-item pb-75\">\n            <div class=\"row\">\n                <div class=\"col-lg-7\">\n                    <div class=\"tp-product-details-desc-thumb\">\n                        <img src=\"/storage/fashion/products/product-2.png\" alt=\"Back View of Floral Dress\">\n                    </div>\n                </div>\n\n                <div class=\"col-lg-5 order-first order-lg-last\">\n                    <div class=\"des-content-2 pl-40\">\n                        <h3 class=\"tp-product-details-desc-title\">\n                            Versatile Style\n                        </h3>\n                        <p>\n                            Transition effortlessly from day to night with our versatile floral dress. Pair it with sandals and a sunhat for a chic daytime look, or dress it up with heels and statement jewelry for an evening soirée. However you style it, you\'ll radiate confidence and charm.\n                        </p>\n                    </div>\n                </div>\n            </div>\n        </div>\n        <div class=\"tp-product-details-desc-item\">\n            <div class=\"row\">\n                <div class=\"col-xl-12\">\n                    <div class=\"tp-product-details-desc-banner text-center m-img\">\n                        <h3 class=\"tp-product-details-desc-banner-title tp-product-details-desc-title\">Quality Craftsmanship</h3>\n                        <img src=\"/storage/fashion/products/product-3.png\" alt=\"Fashion Atelier\">\n                    </div>\n                </div>\n            </div>\n        </div>\n    </div>\n</div>\n','published','[\"main\\/products\\/product-13.jpg\",\"main\\/products\\/product-14.jpg\",\"main\\/products\\/product-17.jpg\",\"main\\/products\\/product-9.jpg\",\"main\\/products\\/product-3.jpg\"]','[[{\"key\":\"file\",\"value\":\"main\\/video\\/video-1.mp4\"},{\"key\":\"url\",\"value\":null},{\"key\":\"thumbnail\",\"value\":\"main\\/video\\/1.jpg\"}]]','FP-111',0,17,0,1,1,3,0,0,2285,449,NULL,NULL,15.00,14.00,16.00,711.00,NULL,172128,'2024-10-31 20:46:58','2024-10-31 20:47:00','in_stock',3,0,'Botble\\ACL\\Models\\User',0,NULL,'physical',NULL,NULL,0,0,0,0,2),(35,'Velour Tracksuit Set','Stay cozy and chic in this knit turtleneck sweater, featuring a ribbed texture and a timeless design. Perfect for chilly days and nights.','<div class=\"row justify-content-center\">\n    <div class=\"col-xl-10\">\n        <div class=\"tp-product-details-desc-item pb-105\">\n            <div class=\"row\">\n                <div class=\"col-lg-6\">\n                    <div class=\"pt-25\">\n                        <span>Women\'s Floral Dress</span>\n                        <h3 class=\"tp-product-details-desc-title\">Elegance Redefined</h3>\n                        <p>\n                            Embrace timeless elegance with our exquisite women\'s floral dress. Crafted from luxurious fabrics and adorned with delicate floral patterns, this dress exudes grace and sophistication. Whether attending a garden party or a formal event, you\'ll make a stunning impression in this captivating ensemble.\n                        </p>\n                    </div>\n                    <div>\n                        <h3 class=\"tp-product-details-desc-title\">Flawless Fit and Comfort</h3>\n                        <p>\n                            Designed for both style and comfort, our floral dress features a tailored silhouette that flatters every figure. The soft, breathable fabric ensures all-day comfort, while the fitted bodice and flowing skirt create a graceful silhouette. Feel confident and poised with every step you take.\n                        </p>\n                    </div>\n                </div>\n                <div class=\"col-lg-6\">\n                    <div class=\"tp-product-details-desc-thumb\">\n                        <img src=\"/storage/fashion/products/product-1.png\" alt=\"Women\'s Floral Dress\">\n                    </div>\n                </div>\n            </div>\n        </div>\n        <div class=\"tp-product-details-desc-item pb-75\">\n            <div class=\"row\">\n                <div class=\"col-lg-7\">\n                    <div class=\"tp-product-details-desc-thumb\">\n                        <img src=\"/storage/fashion/products/product-2.png\" alt=\"Back View of Floral Dress\">\n                    </div>\n                </div>\n\n                <div class=\"col-lg-5 order-first order-lg-last\">\n                    <div class=\"des-content-2 pl-40\">\n                        <h3 class=\"tp-product-details-desc-title\">\n                            Versatile Style\n                        </h3>\n                        <p>\n                            Transition effortlessly from day to night with our versatile floral dress. Pair it with sandals and a sunhat for a chic daytime look, or dress it up with heels and statement jewelry for an evening soirée. However you style it, you\'ll radiate confidence and charm.\n                        </p>\n                    </div>\n                </div>\n            </div>\n        </div>\n        <div class=\"tp-product-details-desc-item\">\n            <div class=\"row\">\n                <div class=\"col-xl-12\">\n                    <div class=\"tp-product-details-desc-banner text-center m-img\">\n                        <h3 class=\"tp-product-details-desc-banner-title tp-product-details-desc-title\">Quality Craftsmanship</h3>\n                        <img src=\"/storage/fashion/products/product-3.png\" alt=\"Fashion Atelier\">\n                    </div>\n                </div>\n            </div>\n        </div>\n    </div>\n</div>\n','published','[\"main\\/products\\/product-2.jpg\",\"main\\/products\\/product-8.jpg\",\"main\\/products\\/product-7.jpg\"]','[[{\"key\":\"file\",\"value\":\"main\\/video\\/video-1.mp4\"},{\"key\":\"url\",\"value\":null},{\"key\":\"thumbnail\",\"value\":\"main\\/video\\/1.jpg\"}]]','55-138-A1',0,16,0,1,0,5,0,0,2054,NULL,NULL,NULL,13.00,16.00,17.00,897.00,NULL,41515,'2024-10-31 20:46:58','2024-10-31 20:47:00','in_stock',3,0,'Botble\\ACL\\Models\\User',0,NULL,'physical',NULL,NULL,0,0,0,0,1),(36,'Geometric Patterned Cardigan (Digital)','Top off your look with this chic fedora hat, crafted with a classic silhouette and a timeless appeal. A must-have accessory for any fashion-forward wardrobe.','<div class=\"row justify-content-center\">\n    <div class=\"col-xl-10\">\n        <div class=\"tp-product-details-desc-item pb-105\">\n            <div class=\"row\">\n                <div class=\"col-lg-6\">\n                    <div class=\"pt-25\">\n                        <span>Women\'s Floral Dress</span>\n                        <h3 class=\"tp-product-details-desc-title\">Elegance Redefined</h3>\n                        <p>\n                            Embrace timeless elegance with our exquisite women\'s floral dress. Crafted from luxurious fabrics and adorned with delicate floral patterns, this dress exudes grace and sophistication. Whether attending a garden party or a formal event, you\'ll make a stunning impression in this captivating ensemble.\n                        </p>\n                    </div>\n                    <div>\n                        <h3 class=\"tp-product-details-desc-title\">Flawless Fit and Comfort</h3>\n                        <p>\n                            Designed for both style and comfort, our floral dress features a tailored silhouette that flatters every figure. The soft, breathable fabric ensures all-day comfort, while the fitted bodice and flowing skirt create a graceful silhouette. Feel confident and poised with every step you take.\n                        </p>\n                    </div>\n                </div>\n                <div class=\"col-lg-6\">\n                    <div class=\"tp-product-details-desc-thumb\">\n                        <img src=\"/storage/fashion/products/product-1.png\" alt=\"Women\'s Floral Dress\">\n                    </div>\n                </div>\n            </div>\n        </div>\n        <div class=\"tp-product-details-desc-item pb-75\">\n            <div class=\"row\">\n                <div class=\"col-lg-7\">\n                    <div class=\"tp-product-details-desc-thumb\">\n                        <img src=\"/storage/fashion/products/product-2.png\" alt=\"Back View of Floral Dress\">\n                    </div>\n                </div>\n\n                <div class=\"col-lg-5 order-first order-lg-last\">\n                    <div class=\"des-content-2 pl-40\">\n                        <h3 class=\"tp-product-details-desc-title\">\n                            Versatile Style\n                        </h3>\n                        <p>\n                            Transition effortlessly from day to night with our versatile floral dress. Pair it with sandals and a sunhat for a chic daytime look, or dress it up with heels and statement jewelry for an evening soirée. However you style it, you\'ll radiate confidence and charm.\n                        </p>\n                    </div>\n                </div>\n            </div>\n        </div>\n        <div class=\"tp-product-details-desc-item\">\n            <div class=\"row\">\n                <div class=\"col-xl-12\">\n                    <div class=\"tp-product-details-desc-banner text-center m-img\">\n                        <h3 class=\"tp-product-details-desc-banner-title tp-product-details-desc-title\">Quality Craftsmanship</h3>\n                        <img src=\"/storage/fashion/products/product-3.png\" alt=\"Fashion Atelier\">\n                    </div>\n                </div>\n            </div>\n        </div>\n    </div>\n</div>\n','published','[\"main\\/products\\/product-20.jpg\",\"main\\/products\\/product-12.jpg\",\"main\\/products\\/product-11.jpg\",\"main\\/products\\/product-4.jpg\",\"main\\/products\\/product-details-desc-1.jpg\",\"main\\/products\\/product-10.jpg\",\"main\\/products\\/product-1.jpg\"]','[[{\"key\":\"file\",\"value\":\"main\\/video\\/video-2.mp4\"},{\"key\":\"url\",\"value\":null},{\"key\":\"thumbnail\",\"value\":\"main\\/video\\/2.jpg\"}]]','L6-173',0,16,0,1,1,1,0,0,824,288,NULL,NULL,18.00,19.00,14.00,637.00,NULL,77967,'2024-10-31 20:46:58','2024-10-31 20:47:00','in_stock',1,0,'Botble\\ACL\\Models\\User',0,NULL,'digital',NULL,NULL,0,0,0,0,1),(37,'Buckle Detail Ankle Booties','Complete your look with these classic aviator sunglasses, offering a touch of timeless glamour and UV protection for your eyes.','<div class=\"row justify-content-center\">\n    <div class=\"col-xl-10\">\n        <div class=\"tp-product-details-desc-item pb-105\">\n            <div class=\"row\">\n                <div class=\"col-lg-6\">\n                    <div class=\"pt-25\">\n                        <span>Women\'s Floral Dress</span>\n                        <h3 class=\"tp-product-details-desc-title\">Elegance Redefined</h3>\n                        <p>\n                            Embrace timeless elegance with our exquisite women\'s floral dress. Crafted from luxurious fabrics and adorned with delicate floral patterns, this dress exudes grace and sophistication. Whether attending a garden party or a formal event, you\'ll make a stunning impression in this captivating ensemble.\n                        </p>\n                    </div>\n                    <div>\n                        <h3 class=\"tp-product-details-desc-title\">Flawless Fit and Comfort</h3>\n                        <p>\n                            Designed for both style and comfort, our floral dress features a tailored silhouette that flatters every figure. The soft, breathable fabric ensures all-day comfort, while the fitted bodice and flowing skirt create a graceful silhouette. Feel confident and poised with every step you take.\n                        </p>\n                    </div>\n                </div>\n                <div class=\"col-lg-6\">\n                    <div class=\"tp-product-details-desc-thumb\">\n                        <img src=\"/storage/fashion/products/product-1.png\" alt=\"Women\'s Floral Dress\">\n                    </div>\n                </div>\n            </div>\n        </div>\n        <div class=\"tp-product-details-desc-item pb-75\">\n            <div class=\"row\">\n                <div class=\"col-lg-7\">\n                    <div class=\"tp-product-details-desc-thumb\">\n                        <img src=\"/storage/fashion/products/product-2.png\" alt=\"Back View of Floral Dress\">\n                    </div>\n                </div>\n\n                <div class=\"col-lg-5 order-first order-lg-last\">\n                    <div class=\"des-content-2 pl-40\">\n                        <h3 class=\"tp-product-details-desc-title\">\n                            Versatile Style\n                        </h3>\n                        <p>\n                            Transition effortlessly from day to night with our versatile floral dress. Pair it with sandals and a sunhat for a chic daytime look, or dress it up with heels and statement jewelry for an evening soirée. However you style it, you\'ll radiate confidence and charm.\n                        </p>\n                    </div>\n                </div>\n            </div>\n        </div>\n        <div class=\"tp-product-details-desc-item\">\n            <div class=\"row\">\n                <div class=\"col-xl-12\">\n                    <div class=\"tp-product-details-desc-banner text-center m-img\">\n                        <h3 class=\"tp-product-details-desc-banner-title tp-product-details-desc-title\">Quality Craftsmanship</h3>\n                        <img src=\"/storage/fashion/products/product-3.png\" alt=\"Fashion Atelier\">\n                    </div>\n                </div>\n            </div>\n        </div>\n    </div>\n</div>\n','published','[\"main\\/products\\/product-14.jpg\",\"main\\/products\\/product-12.jpg\",\"main\\/products\\/product-15.jpg\",\"main\\/products\\/product-18.jpg\",\"main\\/products\\/product-4.jpg\",\"main\\/products\\/product-details-desc-1.jpg\"]','[]','Y5-134-A1',0,15,0,1,0,2,0,0,1196,NULL,NULL,NULL,12.00,19.00,16.00,819.00,NULL,191055,'2024-10-31 20:46:58','2024-10-31 20:47:00','in_stock',5,0,'Botble\\ACL\\Models\\User',0,NULL,'physical',NULL,NULL,0,0,0,0,1),(38,'Embroidered Bomber Jacket','Stay on trend with these high-waisted wide-leg trousers, combining comfort and sophistication. Pair them with heels for a refined look.','<div class=\"row justify-content-center\">\n    <div class=\"col-xl-10\">\n        <div class=\"tp-product-details-desc-item pb-105\">\n            <div class=\"row\">\n                <div class=\"col-lg-6\">\n                    <div class=\"pt-25\">\n                        <span>Women\'s Floral Dress</span>\n                        <h3 class=\"tp-product-details-desc-title\">Elegance Redefined</h3>\n                        <p>\n                            Embrace timeless elegance with our exquisite women\'s floral dress. Crafted from luxurious fabrics and adorned with delicate floral patterns, this dress exudes grace and sophistication. Whether attending a garden party or a formal event, you\'ll make a stunning impression in this captivating ensemble.\n                        </p>\n                    </div>\n                    <div>\n                        <h3 class=\"tp-product-details-desc-title\">Flawless Fit and Comfort</h3>\n                        <p>\n                            Designed for both style and comfort, our floral dress features a tailored silhouette that flatters every figure. The soft, breathable fabric ensures all-day comfort, while the fitted bodice and flowing skirt create a graceful silhouette. Feel confident and poised with every step you take.\n                        </p>\n                    </div>\n                </div>\n                <div class=\"col-lg-6\">\n                    <div class=\"tp-product-details-desc-thumb\">\n                        <img src=\"/storage/fashion/products/product-1.png\" alt=\"Women\'s Floral Dress\">\n                    </div>\n                </div>\n            </div>\n        </div>\n        <div class=\"tp-product-details-desc-item pb-75\">\n            <div class=\"row\">\n                <div class=\"col-lg-7\">\n                    <div class=\"tp-product-details-desc-thumb\">\n                        <img src=\"/storage/fashion/products/product-2.png\" alt=\"Back View of Floral Dress\">\n                    </div>\n                </div>\n\n                <div class=\"col-lg-5 order-first order-lg-last\">\n                    <div class=\"des-content-2 pl-40\">\n                        <h3 class=\"tp-product-details-desc-title\">\n                            Versatile Style\n                        </h3>\n                        <p>\n                            Transition effortlessly from day to night with our versatile floral dress. Pair it with sandals and a sunhat for a chic daytime look, or dress it up with heels and statement jewelry for an evening soirée. However you style it, you\'ll radiate confidence and charm.\n                        </p>\n                    </div>\n                </div>\n            </div>\n        </div>\n        <div class=\"tp-product-details-desc-item\">\n            <div class=\"row\">\n                <div class=\"col-xl-12\">\n                    <div class=\"tp-product-details-desc-banner text-center m-img\">\n                        <h3 class=\"tp-product-details-desc-banner-title tp-product-details-desc-title\">Quality Craftsmanship</h3>\n                        <img src=\"/storage/fashion/products/product-3.png\" alt=\"Fashion Atelier\">\n                    </div>\n                </div>\n            </div>\n        </div>\n    </div>\n</div>\n','published','[\"main\\/products\\/product-5.jpg\",\"main\\/products\\/product-9.jpg\",\"main\\/products\\/product-13.jpg\",\"main\\/products\\/product-2.jpg\",\"main\\/products\\/product-6.jpg\",\"main\\/products\\/product-details-desc-1.jpg\",\"main\\/products\\/product-14.jpg\",\"main\\/products\\/product-3.jpg\"]','[[{\"key\":\"file\",\"value\":\"main\\/video\\/video-2.mp4\"},{\"key\":\"url\",\"value\":null},{\"key\":\"thumbnail\",\"value\":\"main\\/video\\/2.jpg\"}]]','5R-176',0,16,0,1,1,3,0,0,470,420,NULL,NULL,18.00,17.00,14.00,519.00,NULL,71320,'2024-10-31 20:46:58','2024-10-31 20:47:00','in_stock',3,0,'Botble\\ACL\\Models\\User',0,NULL,'physical',NULL,NULL,0,0,0,0,2),(39,'Cowl Neck Knit Poncho','Make a bold statement with this chunky necklace, designed to add a touch of glamour to any outfit. The perfect accessory for a night out.','<div class=\"row justify-content-center\">\n    <div class=\"col-xl-10\">\n        <div class=\"tp-product-details-desc-item pb-105\">\n            <div class=\"row\">\n                <div class=\"col-lg-6\">\n                    <div class=\"pt-25\">\n                        <span>Women\'s Floral Dress</span>\n                        <h3 class=\"tp-product-details-desc-title\">Elegance Redefined</h3>\n                        <p>\n                            Embrace timeless elegance with our exquisite women\'s floral dress. Crafted from luxurious fabrics and adorned with delicate floral patterns, this dress exudes grace and sophistication. Whether attending a garden party or a formal event, you\'ll make a stunning impression in this captivating ensemble.\n                        </p>\n                    </div>\n                    <div>\n                        <h3 class=\"tp-product-details-desc-title\">Flawless Fit and Comfort</h3>\n                        <p>\n                            Designed for both style and comfort, our floral dress features a tailored silhouette that flatters every figure. The soft, breathable fabric ensures all-day comfort, while the fitted bodice and flowing skirt create a graceful silhouette. Feel confident and poised with every step you take.\n                        </p>\n                    </div>\n                </div>\n                <div class=\"col-lg-6\">\n                    <div class=\"tp-product-details-desc-thumb\">\n                        <img src=\"/storage/fashion/products/product-1.png\" alt=\"Women\'s Floral Dress\">\n                    </div>\n                </div>\n            </div>\n        </div>\n        <div class=\"tp-product-details-desc-item pb-75\">\n            <div class=\"row\">\n                <div class=\"col-lg-7\">\n                    <div class=\"tp-product-details-desc-thumb\">\n                        <img src=\"/storage/fashion/products/product-2.png\" alt=\"Back View of Floral Dress\">\n                    </div>\n                </div>\n\n                <div class=\"col-lg-5 order-first order-lg-last\">\n                    <div class=\"des-content-2 pl-40\">\n                        <h3 class=\"tp-product-details-desc-title\">\n                            Versatile Style\n                        </h3>\n                        <p>\n                            Transition effortlessly from day to night with our versatile floral dress. Pair it with sandals and a sunhat for a chic daytime look, or dress it up with heels and statement jewelry for an evening soirée. However you style it, you\'ll radiate confidence and charm.\n                        </p>\n                    </div>\n                </div>\n            </div>\n        </div>\n        <div class=\"tp-product-details-desc-item\">\n            <div class=\"row\">\n                <div class=\"col-xl-12\">\n                    <div class=\"tp-product-details-desc-banner text-center m-img\">\n                        <h3 class=\"tp-product-details-desc-banner-title tp-product-details-desc-title\">Quality Craftsmanship</h3>\n                        <img src=\"/storage/fashion/products/product-3.png\" alt=\"Fashion Atelier\">\n                    </div>\n                </div>\n            </div>\n        </div>\n    </div>\n</div>\n','published','[\"main\\/products\\/product-details-desc-2.jpg\",\"main\\/products\\/product-16.jpg\",\"main\\/products\\/product-2.jpg\",\"main\\/products\\/product-10.jpg\",\"main\\/products\\/product-details-desc-3.jpg\"]','[[{\"key\":\"file\",\"value\":null},{\"key\":\"url\",\"value\":\"https:\\/\\/www.youtube.com\\/watch?v=6JYIGclVQdw\"},{\"key\":\"thumbnail\",\"value\":\"main\\/video\\/2.jpg\"}]]','QC-197-A1',0,15,0,1,1,2,0,0,1498,NULL,NULL,NULL,19.00,15.00,11.00,868.00,NULL,166684,'2024-10-31 20:46:58','2024-10-31 20:47:00','in_stock',8,0,'Botble\\ACL\\Models\\User',0,NULL,'physical',NULL,NULL,0,0,0,0,1),(40,'Chunky Knit Infinity Scarf (Digital)','Make a bold statement with this chunky necklace, designed to add a touch of glamour to any outfit. The perfect accessory for a night out.','<div class=\"row justify-content-center\">\n    <div class=\"col-xl-10\">\n        <div class=\"tp-product-details-desc-item pb-105\">\n            <div class=\"row\">\n                <div class=\"col-lg-6\">\n                    <div class=\"pt-25\">\n                        <span>Women\'s Floral Dress</span>\n                        <h3 class=\"tp-product-details-desc-title\">Elegance Redefined</h3>\n                        <p>\n                            Embrace timeless elegance with our exquisite women\'s floral dress. Crafted from luxurious fabrics and adorned with delicate floral patterns, this dress exudes grace and sophistication. Whether attending a garden party or a formal event, you\'ll make a stunning impression in this captivating ensemble.\n                        </p>\n                    </div>\n                    <div>\n                        <h3 class=\"tp-product-details-desc-title\">Flawless Fit and Comfort</h3>\n                        <p>\n                            Designed for both style and comfort, our floral dress features a tailored silhouette that flatters every figure. The soft, breathable fabric ensures all-day comfort, while the fitted bodice and flowing skirt create a graceful silhouette. Feel confident and poised with every step you take.\n                        </p>\n                    </div>\n                </div>\n                <div class=\"col-lg-6\">\n                    <div class=\"tp-product-details-desc-thumb\">\n                        <img src=\"/storage/fashion/products/product-1.png\" alt=\"Women\'s Floral Dress\">\n                    </div>\n                </div>\n            </div>\n        </div>\n        <div class=\"tp-product-details-desc-item pb-75\">\n            <div class=\"row\">\n                <div class=\"col-lg-7\">\n                    <div class=\"tp-product-details-desc-thumb\">\n                        <img src=\"/storage/fashion/products/product-2.png\" alt=\"Back View of Floral Dress\">\n                    </div>\n                </div>\n\n                <div class=\"col-lg-5 order-first order-lg-last\">\n                    <div class=\"des-content-2 pl-40\">\n                        <h3 class=\"tp-product-details-desc-title\">\n                            Versatile Style\n                        </h3>\n                        <p>\n                            Transition effortlessly from day to night with our versatile floral dress. Pair it with sandals and a sunhat for a chic daytime look, or dress it up with heels and statement jewelry for an evening soirée. However you style it, you\'ll radiate confidence and charm.\n                        </p>\n                    </div>\n                </div>\n            </div>\n        </div>\n        <div class=\"tp-product-details-desc-item\">\n            <div class=\"row\">\n                <div class=\"col-xl-12\">\n                    <div class=\"tp-product-details-desc-banner text-center m-img\">\n                        <h3 class=\"tp-product-details-desc-banner-title tp-product-details-desc-title\">Quality Craftsmanship</h3>\n                        <img src=\"/storage/fashion/products/product-3.png\" alt=\"Fashion Atelier\">\n                    </div>\n                </div>\n            </div>\n        </div>\n    </div>\n</div>\n','published','[\"main\\/products\\/product-14.jpg\",\"main\\/products\\/product-11.jpg\",\"main\\/products\\/product-10.jpg\",\"main\\/products\\/product-15.jpg\",\"main\\/products\\/product-details-desc-2.jpg\"]','[[{\"key\":\"file\",\"value\":null},{\"key\":\"url\",\"value\":\"https:\\/\\/www.youtube.com\\/watch?v=6JYIGclVQdw\"},{\"key\":\"thumbnail\",\"value\":\"main\\/video\\/1.jpg\"}]]','JA-147-A1',0,12,0,1,0,4,0,0,1607,1253.46,NULL,NULL,19.00,11.00,16.00,733.00,NULL,91107,'2024-10-31 20:46:58','2024-10-31 20:47:00','in_stock',6,0,'Botble\\ACL\\Models\\User',0,NULL,'digital',NULL,NULL,0,0,0,0,1),(41,'Retro High-Top Sneakers','Add a pop of color to your outfit with this silk scarf adorned with a geometric print. Wrap it around your neck or tie it to your handbag for a stylish touch.','<div class=\"row justify-content-center\">\n    <div class=\"col-xl-10\">\n        <div class=\"tp-product-details-desc-item pb-105\">\n            <div class=\"row\">\n                <div class=\"col-lg-6\">\n                    <div class=\"pt-25\">\n                        <span>Women\'s Floral Dress</span>\n                        <h3 class=\"tp-product-details-desc-title\">Elegance Redefined</h3>\n                        <p>\n                            Embrace timeless elegance with our exquisite women\'s floral dress. Crafted from luxurious fabrics and adorned with delicate floral patterns, this dress exudes grace and sophistication. Whether attending a garden party or a formal event, you\'ll make a stunning impression in this captivating ensemble.\n                        </p>\n                    </div>\n                    <div>\n                        <h3 class=\"tp-product-details-desc-title\">Flawless Fit and Comfort</h3>\n                        <p>\n                            Designed for both style and comfort, our floral dress features a tailored silhouette that flatters every figure. The soft, breathable fabric ensures all-day comfort, while the fitted bodice and flowing skirt create a graceful silhouette. Feel confident and poised with every step you take.\n                        </p>\n                    </div>\n                </div>\n                <div class=\"col-lg-6\">\n                    <div class=\"tp-product-details-desc-thumb\">\n                        <img src=\"/storage/fashion/products/product-1.png\" alt=\"Women\'s Floral Dress\">\n                    </div>\n                </div>\n            </div>\n        </div>\n        <div class=\"tp-product-details-desc-item pb-75\">\n            <div class=\"row\">\n                <div class=\"col-lg-7\">\n                    <div class=\"tp-product-details-desc-thumb\">\n                        <img src=\"/storage/fashion/products/product-2.png\" alt=\"Back View of Floral Dress\">\n                    </div>\n                </div>\n\n                <div class=\"col-lg-5 order-first order-lg-last\">\n                    <div class=\"des-content-2 pl-40\">\n                        <h3 class=\"tp-product-details-desc-title\">\n                            Versatile Style\n                        </h3>\n                        <p>\n                            Transition effortlessly from day to night with our versatile floral dress. Pair it with sandals and a sunhat for a chic daytime look, or dress it up with heels and statement jewelry for an evening soirée. However you style it, you\'ll radiate confidence and charm.\n                        </p>\n                    </div>\n                </div>\n            </div>\n        </div>\n        <div class=\"tp-product-details-desc-item\">\n            <div class=\"row\">\n                <div class=\"col-xl-12\">\n                    <div class=\"tp-product-details-desc-banner text-center m-img\">\n                        <h3 class=\"tp-product-details-desc-banner-title tp-product-details-desc-title\">Quality Craftsmanship</h3>\n                        <img src=\"/storage/fashion/products/product-3.png\" alt=\"Fashion Atelier\">\n                    </div>\n                </div>\n            </div>\n        </div>\n    </div>\n</div>\n','published','[\"main\\/products\\/product-details-desc-3.jpg\",\"main\\/products\\/product-1.jpg\",\"main\\/products\\/product-9.jpg\",\"main\\/products\\/product-14.jpg\",\"main\\/products\\/product-12.jpg\"]','[[{\"key\":\"file\",\"value\":\"main\\/video\\/video-1.mp4\"},{\"key\":\"url\",\"value\":null},{\"key\":\"thumbnail\",\"value\":\"main\\/video\\/1.jpg\"}]]','XZ-177',0,10,0,1,0,4,0,0,651,408,NULL,NULL,16.00,17.00,20.00,546.00,NULL,23416,'2024-10-31 20:46:58','2024-10-31 20:47:00','in_stock',8,0,'Botble\\ACL\\Models\\User',0,NULL,'physical',NULL,NULL,0,0,0,0,2),(42,'Faux Leather Leggings','Top off your look with this chic fedora hat, crafted with a classic silhouette and a timeless appeal. A must-have accessory for any fashion-forward wardrobe.','<div class=\"row justify-content-center\">\n    <div class=\"col-xl-10\">\n        <div class=\"tp-product-details-desc-item pb-105\">\n            <div class=\"row\">\n                <div class=\"col-lg-6\">\n                    <div class=\"pt-25\">\n                        <span>Women\'s Floral Dress</span>\n                        <h3 class=\"tp-product-details-desc-title\">Elegance Redefined</h3>\n                        <p>\n                            Embrace timeless elegance with our exquisite women\'s floral dress. Crafted from luxurious fabrics and adorned with delicate floral patterns, this dress exudes grace and sophistication. Whether attending a garden party or a formal event, you\'ll make a stunning impression in this captivating ensemble.\n                        </p>\n                    </div>\n                    <div>\n                        <h3 class=\"tp-product-details-desc-title\">Flawless Fit and Comfort</h3>\n                        <p>\n                            Designed for both style and comfort, our floral dress features a tailored silhouette that flatters every figure. The soft, breathable fabric ensures all-day comfort, while the fitted bodice and flowing skirt create a graceful silhouette. Feel confident and poised with every step you take.\n                        </p>\n                    </div>\n                </div>\n                <div class=\"col-lg-6\">\n                    <div class=\"tp-product-details-desc-thumb\">\n                        <img src=\"/storage/fashion/products/product-1.png\" alt=\"Women\'s Floral Dress\">\n                    </div>\n                </div>\n            </div>\n        </div>\n        <div class=\"tp-product-details-desc-item pb-75\">\n            <div class=\"row\">\n                <div class=\"col-lg-7\">\n                    <div class=\"tp-product-details-desc-thumb\">\n                        <img src=\"/storage/fashion/products/product-2.png\" alt=\"Back View of Floral Dress\">\n                    </div>\n                </div>\n\n                <div class=\"col-lg-5 order-first order-lg-last\">\n                    <div class=\"des-content-2 pl-40\">\n                        <h3 class=\"tp-product-details-desc-title\">\n                            Versatile Style\n                        </h3>\n                        <p>\n                            Transition effortlessly from day to night with our versatile floral dress. Pair it with sandals and a sunhat for a chic daytime look, or dress it up with heels and statement jewelry for an evening soirée. However you style it, you\'ll radiate confidence and charm.\n                        </p>\n                    </div>\n                </div>\n            </div>\n        </div>\n        <div class=\"tp-product-details-desc-item\">\n            <div class=\"row\">\n                <div class=\"col-xl-12\">\n                    <div class=\"tp-product-details-desc-banner text-center m-img\">\n                        <h3 class=\"tp-product-details-desc-banner-title tp-product-details-desc-title\">Quality Craftsmanship</h3>\n                        <img src=\"/storage/fashion/products/product-3.png\" alt=\"Fashion Atelier\">\n                    </div>\n                </div>\n            </div>\n        </div>\n    </div>\n</div>\n','published','[\"main\\/products\\/product-20.jpg\",\"main\\/products\\/product-17.jpg\",\"main\\/products\\/product-details-desc-2.jpg\",\"main\\/products\\/product-15.jpg\",\"main\\/products\\/product-10.jpg\"]','[[{\"key\":\"file\",\"value\":\"main\\/video\\/video-2.mp4\"},{\"key\":\"url\",\"value\":null},{\"key\":\"thumbnail\",\"value\":\"main\\/video\\/2.jpg\"}]]','6U-133-A1',0,20,0,1,1,2,0,0,485,NULL,NULL,NULL,14.00,19.00,14.00,848.00,NULL,75709,'2024-10-31 20:46:58','2024-10-31 20:47:00','in_stock',1,0,'Botble\\ACL\\Models\\User',0,NULL,'physical',NULL,NULL,0,0,0,0,2),(43,'Metallic Pleated Maxi Skirt','Complete your look with these classic aviator sunglasses, offering a touch of timeless glamour and UV protection for your eyes.','<div class=\"row justify-content-center\">\n    <div class=\"col-xl-10\">\n        <div class=\"tp-product-details-desc-item pb-105\">\n            <div class=\"row\">\n                <div class=\"col-lg-6\">\n                    <div class=\"pt-25\">\n                        <span>Women\'s Floral Dress</span>\n                        <h3 class=\"tp-product-details-desc-title\">Elegance Redefined</h3>\n                        <p>\n                            Embrace timeless elegance with our exquisite women\'s floral dress. Crafted from luxurious fabrics and adorned with delicate floral patterns, this dress exudes grace and sophistication. Whether attending a garden party or a formal event, you\'ll make a stunning impression in this captivating ensemble.\n                        </p>\n                    </div>\n                    <div>\n                        <h3 class=\"tp-product-details-desc-title\">Flawless Fit and Comfort</h3>\n                        <p>\n                            Designed for both style and comfort, our floral dress features a tailored silhouette that flatters every figure. The soft, breathable fabric ensures all-day comfort, while the fitted bodice and flowing skirt create a graceful silhouette. Feel confident and poised with every step you take.\n                        </p>\n                    </div>\n                </div>\n                <div class=\"col-lg-6\">\n                    <div class=\"tp-product-details-desc-thumb\">\n                        <img src=\"/storage/fashion/products/product-1.png\" alt=\"Women\'s Floral Dress\">\n                    </div>\n                </div>\n            </div>\n        </div>\n        <div class=\"tp-product-details-desc-item pb-75\">\n            <div class=\"row\">\n                <div class=\"col-lg-7\">\n                    <div class=\"tp-product-details-desc-thumb\">\n                        <img src=\"/storage/fashion/products/product-2.png\" alt=\"Back View of Floral Dress\">\n                    </div>\n                </div>\n\n                <div class=\"col-lg-5 order-first order-lg-last\">\n                    <div class=\"des-content-2 pl-40\">\n                        <h3 class=\"tp-product-details-desc-title\">\n                            Versatile Style\n                        </h3>\n                        <p>\n                            Transition effortlessly from day to night with our versatile floral dress. Pair it with sandals and a sunhat for a chic daytime look, or dress it up with heels and statement jewelry for an evening soirée. However you style it, you\'ll radiate confidence and charm.\n                        </p>\n                    </div>\n                </div>\n            </div>\n        </div>\n        <div class=\"tp-product-details-desc-item\">\n            <div class=\"row\">\n                <div class=\"col-xl-12\">\n                    <div class=\"tp-product-details-desc-banner text-center m-img\">\n                        <h3 class=\"tp-product-details-desc-banner-title tp-product-details-desc-title\">Quality Craftsmanship</h3>\n                        <img src=\"/storage/fashion/products/product-3.png\" alt=\"Fashion Atelier\">\n                    </div>\n                </div>\n            </div>\n        </div>\n    </div>\n</div>\n','published','[\"main\\/products\\/product-details-desc-1.jpg\",\"main\\/products\\/product-12.jpg\",\"main\\/products\\/product-16.jpg\",\"main\\/products\\/product-14.jpg\",\"main\\/products\\/product-11.jpg\",\"main\\/products\\/product-10.jpg\",\"main\\/products\\/product-7.jpg\",\"main\\/products\\/product-13.jpg\"]','[[{\"key\":\"file\",\"value\":\"main\\/video\\/video-1.mp4\"},{\"key\":\"url\",\"value\":null},{\"key\":\"thumbnail\",\"value\":\"main\\/video\\/1.jpg\"}]]','YE-178-A1',0,16,0,1,1,5,0,0,904,NULL,NULL,NULL,14.00,15.00,20.00,555.00,NULL,45115,'2024-10-31 20:46:58','2024-10-31 20:47:00','in_stock',3,0,'Botble\\ACL\\Models\\User',0,NULL,'physical',NULL,NULL,0,0,0,0,1),(44,'Floral Maxi Dress',NULL,NULL,'published','[\"main\\/products\\/product-13.jpg\"]',NULL,'3N-152-A1',0,17,0,1,0,5,1,0,1354,NULL,NULL,NULL,18.00,17.00,19.00,795.00,NULL,0,'2024-10-31 20:46:58','2024-10-31 20:46:59','in_stock',NULL,0,'Botble\\ACL\\Models\\User',0,NULL,'physical',NULL,NULL,0,0,0,0,NULL),(45,'Floral Maxi Dress',NULL,NULL,'published','[\"main\\/products\\/product-14.jpg\"]',NULL,'3N-152-A1-A2',0,17,0,1,0,5,1,0,1354,NULL,NULL,NULL,18.00,17.00,19.00,795.00,NULL,0,'2024-10-31 20:46:58','2024-10-31 20:46:59','in_stock',NULL,0,'Botble\\ACL\\Models\\User',0,NULL,'physical',NULL,NULL,0,0,0,0,NULL),(46,'Floral Maxi Dress',NULL,NULL,'published','[\"main\\/products\\/product-9.jpg\"]',NULL,'3N-152-A1-A3',0,17,0,1,0,5,1,0,1354,NULL,NULL,NULL,18.00,17.00,19.00,795.00,NULL,0,'2024-10-31 20:46:59','2024-10-31 20:46:59','in_stock',NULL,0,'Botble\\ACL\\Models\\User',0,NULL,'physical',NULL,NULL,0,0,0,0,NULL),(47,'Knit Turtleneck Sweater (Digital)',NULL,NULL,'published','[\"main\\/products\\/product-2.jpg\"]',NULL,'CZ-101-A1',0,13,0,1,0,5,1,0,1728,1226.88,NULL,NULL,14.00,12.00,20.00,845.00,NULL,0,'2024-10-31 20:46:59','2024-10-31 20:46:59','in_stock',NULL,0,'Botble\\ACL\\Models\\User',0,NULL,'digital',NULL,NULL,0,0,0,0,NULL),(48,'Knit Turtleneck Sweater (Digital)',NULL,NULL,'published','[\"main\\/products\\/product-12.jpg\"]',NULL,'CZ-101-A1-A2',0,13,0,1,0,5,1,0,1728,1520.64,NULL,NULL,14.00,12.00,20.00,845.00,NULL,0,'2024-10-31 20:46:59','2024-10-31 20:46:59','in_stock',NULL,0,'Botble\\ACL\\Models\\User',0,NULL,'digital',NULL,NULL,0,0,0,0,NULL),(49,'Knit Turtleneck Sweater (Digital)',NULL,NULL,'published','[\"main\\/products\\/product-1.jpg\"]',NULL,'CZ-101-A1-A3',0,13,0,1,0,5,1,0,1728,1382.4,NULL,NULL,14.00,12.00,20.00,845.00,NULL,0,'2024-10-31 20:46:59','2024-10-31 20:46:59','in_stock',NULL,0,'Botble\\ACL\\Models\\User',0,NULL,'digital',NULL,NULL,0,0,0,0,NULL),(50,'Knit Turtleneck Sweater (Digital)',NULL,NULL,'published','[\"main\\/products\\/product-1.jpg\"]',NULL,'CZ-101-A1-A4',0,13,0,1,0,5,1,0,1728,1296,NULL,NULL,14.00,12.00,20.00,845.00,NULL,0,'2024-10-31 20:46:59','2024-10-31 20:46:59','in_stock',NULL,0,'Botble\\ACL\\Models\\User',0,NULL,'digital',NULL,NULL,0,0,0,0,NULL),(51,'Classic Aviator Sunglasses',NULL,NULL,'published','[\"main\\/products\\/product-19.jpg\"]',NULL,'5P-195-A1',0,18,0,1,0,5,1,0,2158,NULL,NULL,NULL,13.00,17.00,11.00,756.00,NULL,0,'2024-10-31 20:46:59','2024-10-31 20:46:59','in_stock',NULL,0,'Botble\\ACL\\Models\\User',0,NULL,'physical',NULL,NULL,0,0,0,0,NULL),(52,'Classic Aviator Sunglasses',NULL,NULL,'published','[\"main\\/products\\/product-13.jpg\"]',NULL,'5P-195-A1-A2',0,18,0,1,0,5,1,0,2158,NULL,NULL,NULL,13.00,17.00,11.00,756.00,NULL,0,'2024-10-31 20:46:59','2024-10-31 20:46:59','in_stock',NULL,0,'Botble\\ACL\\Models\\User',0,NULL,'physical',NULL,NULL,0,0,0,0,NULL),(53,'Tailored Wool Blazer',NULL,NULL,'published','[\"main\\/products\\/product-8.jpg\"]',NULL,'SW-142-A1',0,14,0,1,0,2,1,0,457,NULL,NULL,NULL,14.00,19.00,15.00,900.00,NULL,0,'2024-10-31 20:46:59','2024-10-31 20:46:59','in_stock',NULL,0,'Botble\\ACL\\Models\\User',0,NULL,'physical',NULL,NULL,0,0,0,0,NULL),(54,'Tailored Wool Blazer',NULL,NULL,'published','[\"main\\/products\\/product-5.jpg\"]',NULL,'SW-142-A1-A2',0,14,0,1,0,2,1,0,457,NULL,NULL,NULL,14.00,19.00,15.00,900.00,NULL,0,'2024-10-31 20:46:59','2024-10-31 20:46:59','in_stock',NULL,0,'Botble\\ACL\\Models\\User',0,NULL,'physical',NULL,NULL,0,0,0,0,NULL),(55,'Embroidered Boho Blouse',NULL,NULL,'published','[\"main\\/products\\/product-details-desc-2.jpg\"]',NULL,'2P-118-A1',0,14,0,1,0,5,1,0,1463,NULL,NULL,NULL,11.00,12.00,19.00,813.00,NULL,0,'2024-10-31 20:46:59','2024-10-31 20:46:59','in_stock',NULL,0,'Botble\\ACL\\Models\\User',0,NULL,'physical',NULL,NULL,0,0,0,0,NULL),(56,'Embroidered Boho Blouse',NULL,NULL,'published','[\"main\\/products\\/product-18.jpg\"]',NULL,'2P-118-A1-A2',0,14,0,1,0,5,1,0,1463,NULL,NULL,NULL,11.00,12.00,19.00,813.00,NULL,0,'2024-10-31 20:46:59','2024-10-31 20:46:59','in_stock',NULL,0,'Botble\\ACL\\Models\\User',0,NULL,'physical',NULL,NULL,0,0,0,0,NULL),(57,'Statement Chunky Necklace',NULL,NULL,'published','[\"main\\/products\\/product-4.jpg\"]',NULL,'DX-119-A1',0,19,0,1,0,4,1,0,291,NULL,NULL,NULL,14.00,12.00,15.00,856.00,NULL,0,'2024-10-31 20:46:59','2024-10-31 20:46:59','in_stock',NULL,0,'Botble\\ACL\\Models\\User',0,NULL,'physical',NULL,NULL,0,0,0,0,NULL),(58,'Strappy Block Heel Sandals',NULL,NULL,'published','[\"main\\/products\\/product-15.jpg\"]',NULL,'JC-115-A1',0,20,0,1,0,5,1,0,752,NULL,NULL,NULL,15.00,15.00,16.00,603.00,NULL,0,'2024-10-31 20:46:59','2024-10-31 20:46:59','in_stock',NULL,0,'Botble\\ACL\\Models\\User',0,NULL,'physical',NULL,NULL,0,0,0,0,NULL),(59,'Strappy Block Heel Sandals',NULL,NULL,'published','[\"main\\/products\\/product-details-desc-2.jpg\"]',NULL,'JC-115-A1-A2',0,20,0,1,0,5,1,0,752,NULL,NULL,NULL,15.00,15.00,16.00,603.00,NULL,0,'2024-10-31 20:46:59','2024-10-31 20:46:59','in_stock',NULL,0,'Botble\\ACL\\Models\\User',0,NULL,'physical',NULL,NULL,0,0,0,0,NULL),(60,'Strappy Block Heel Sandals',NULL,NULL,'published','[\"main\\/products\\/product-19.jpg\"]',NULL,'JC-115-A1-A3',0,20,0,1,0,5,1,0,752,NULL,NULL,NULL,15.00,15.00,16.00,603.00,NULL,0,'2024-10-31 20:46:59','2024-10-31 20:46:59','in_stock',NULL,0,'Botble\\ACL\\Models\\User',0,NULL,'physical',NULL,NULL,0,0,0,0,NULL),(61,'Velvet Evening Gown',NULL,NULL,'published','[\"main\\/products\\/product-7.jpg\"]',NULL,'TY-200-A1',0,15,0,1,0,2,1,0,2313,NULL,NULL,NULL,16.00,20.00,10.00,694.00,NULL,0,'2024-10-31 20:46:59','2024-10-31 20:47:00','in_stock',NULL,0,'Botble\\ACL\\Models\\User',0,NULL,'physical',NULL,NULL,0,0,0,0,NULL),(62,'Velvet Evening Gown',NULL,NULL,'published','[\"main\\/products\\/product-15.jpg\"]',NULL,'TY-200-A1-A2',0,15,0,1,0,2,1,0,2313,NULL,NULL,NULL,16.00,20.00,10.00,694.00,NULL,0,'2024-10-31 20:46:59','2024-10-31 20:47:00','in_stock',NULL,0,'Botble\\ACL\\Models\\User',0,NULL,'physical',NULL,NULL,0,0,0,0,NULL),(63,'Velvet Evening Gown',NULL,NULL,'published','[\"main\\/products\\/product-5.jpg\"]',NULL,'TY-200-A1-A3',0,15,0,1,0,2,1,0,2313,NULL,NULL,NULL,16.00,20.00,10.00,694.00,NULL,0,'2024-10-31 20:46:59','2024-10-31 20:47:00','in_stock',NULL,0,'Botble\\ACL\\Models\\User',0,NULL,'physical',NULL,NULL,0,0,0,0,NULL),(64,'Velvet Evening Gown',NULL,NULL,'published','[\"main\\/products\\/product-20.jpg\"]',NULL,'TY-200-A1-A4',0,15,0,1,0,2,1,0,2313,NULL,NULL,NULL,16.00,20.00,10.00,694.00,NULL,0,'2024-10-31 20:46:59','2024-10-31 20:47:00','in_stock',NULL,0,'Botble\\ACL\\Models\\User',0,NULL,'physical',NULL,NULL,0,0,0,0,NULL),(65,'Quilted Crossbody Bag',NULL,NULL,'published','[\"main\\/products\\/product-6.jpg\"]',NULL,'EJ-174-A1',0,17,0,1,0,1,1,0,1500,NULL,NULL,NULL,11.00,14.00,14.00,628.00,NULL,0,'2024-10-31 20:46:59','2024-10-31 20:47:00','in_stock',NULL,0,'Botble\\ACL\\Models\\User',0,NULL,'physical',NULL,NULL,0,0,0,0,NULL),(66,'Quilted Crossbody Bag',NULL,NULL,'published','[\"main\\/products\\/product-10.jpg\"]',NULL,'EJ-174-A1-A2',0,17,0,1,0,1,1,0,1500,NULL,NULL,NULL,11.00,14.00,14.00,628.00,NULL,0,'2024-10-31 20:46:59','2024-10-31 20:47:00','in_stock',NULL,0,'Botble\\ACL\\Models\\User',0,NULL,'physical',NULL,NULL,0,0,0,0,NULL),(67,'Quilted Crossbody Bag',NULL,NULL,'published','[\"main\\/products\\/product-7.jpg\"]',NULL,'EJ-174-A1-A3',0,17,0,1,0,1,1,0,1500,NULL,NULL,NULL,11.00,14.00,14.00,628.00,NULL,0,'2024-10-31 20:46:59','2024-10-31 20:47:00','in_stock',NULL,0,'Botble\\ACL\\Models\\User',0,NULL,'physical',NULL,NULL,0,0,0,0,NULL),(68,'Lace-Up Combat Boots',NULL,NULL,'published','[\"main\\/products\\/product-9.jpg\"]',NULL,'JJ-106-A1',0,14,0,1,0,5,1,0,349,NULL,NULL,NULL,10.00,19.00,14.00,749.00,NULL,0,'2024-10-31 20:46:59','2024-10-31 20:47:00','in_stock',NULL,0,'Botble\\ACL\\Models\\User',0,NULL,'physical',NULL,NULL,0,0,0,0,NULL),(69,'Lace-Up Combat Boots',NULL,NULL,'published','[\"main\\/products\\/product-7.jpg\"]',NULL,'JJ-106-A1-A2',0,14,0,1,0,5,1,0,349,NULL,NULL,NULL,10.00,19.00,14.00,749.00,NULL,0,'2024-10-31 20:46:59','2024-10-31 20:47:00','in_stock',NULL,0,'Botble\\ACL\\Models\\User',0,NULL,'physical',NULL,NULL,0,0,0,0,NULL),(70,'Cotton Striped T-Shirt Dress',NULL,NULL,'published','[\"main\\/products\\/product-details-desc-2.jpg\"]',NULL,'AE-121-A1',0,17,0,1,0,3,1,0,2104,NULL,NULL,NULL,11.00,19.00,15.00,739.00,NULL,0,'2024-10-31 20:46:59','2024-10-31 20:47:00','in_stock',NULL,0,'Botble\\ACL\\Models\\User',0,NULL,'physical',NULL,NULL,0,0,0,0,NULL),(71,'Suede Pointed-Toe Pumps',NULL,NULL,'published','[\"main\\/products\\/product-3.jpg\"]',NULL,'Z9-172-A1',0,10,0,1,0,3,1,0,1833,NULL,NULL,NULL,13.00,20.00,20.00,622.00,NULL,0,'2024-10-31 20:46:59','2024-10-31 20:47:00','in_stock',NULL,0,'Botble\\ACL\\Models\\User',0,NULL,'physical',NULL,NULL,0,0,0,0,NULL),(72,'Cropped Cable Knit Sweater',NULL,NULL,'published','[\"main\\/products\\/product-details-desc-2.jpg\"]',NULL,'3F-100-A1',0,15,0,1,0,5,1,0,456,NULL,NULL,NULL,16.00,10.00,10.00,649.00,NULL,0,'2024-10-31 20:46:59','2024-10-31 20:47:00','in_stock',NULL,0,'Botble\\ACL\\Models\\User',0,NULL,'physical',NULL,NULL,0,0,0,0,NULL),(73,'Cropped Cable Knit Sweater',NULL,NULL,'published','[\"main\\/products\\/product-details-desc-1.jpg\"]',NULL,'3F-100-A1-A2',0,15,0,1,0,5,1,0,456,NULL,NULL,NULL,16.00,10.00,10.00,649.00,NULL,0,'2024-10-31 20:46:59','2024-10-31 20:47:00','in_stock',NULL,0,'Botble\\ACL\\Models\\User',0,NULL,'physical',NULL,NULL,0,0,0,0,NULL),(74,'Leopard Print Midi Skirt',NULL,NULL,'published','[\"main\\/products\\/product-7.jpg\"]',NULL,'JR-197-A1',0,11,0,1,0,3,1,0,701,NULL,NULL,NULL,16.00,13.00,20.00,739.00,NULL,0,'2024-10-31 20:46:59','2024-10-31 20:47:00','in_stock',NULL,0,'Botble\\ACL\\Models\\User',0,NULL,'physical',NULL,NULL,0,0,0,0,NULL),(75,'Leopard Print Midi Skirt',NULL,NULL,'published','[\"main\\/products\\/product-details-desc-2.jpg\"]',NULL,'JR-197-A1-A2',0,11,0,1,0,3,1,0,701,NULL,NULL,NULL,16.00,13.00,20.00,739.00,NULL,0,'2024-10-31 20:46:59','2024-10-31 20:47:00','in_stock',NULL,0,'Botble\\ACL\\Models\\User',0,NULL,'physical',NULL,NULL,0,0,0,0,NULL),(76,'Leopard Print Midi Skirt',NULL,NULL,'published','[\"main\\/products\\/product-3.jpg\"]',NULL,'JR-197-A1-A3',0,11,0,1,0,3,1,0,701,NULL,NULL,NULL,16.00,13.00,20.00,739.00,NULL,0,'2024-10-31 20:46:59','2024-10-31 20:47:00','in_stock',NULL,0,'Botble\\ACL\\Models\\User',0,NULL,'physical',NULL,NULL,0,0,0,0,NULL),(77,'Leopard Print Midi Skirt',NULL,NULL,'published','[\"main\\/products\\/product-4.jpg\"]',NULL,'JR-197-A1-A4',0,11,0,1,0,3,1,0,701,NULL,NULL,NULL,16.00,13.00,20.00,739.00,NULL,0,'2024-10-31 20:46:59','2024-10-31 20:47:00','in_stock',NULL,0,'Botble\\ACL\\Models\\User',0,NULL,'physical',NULL,NULL,0,0,0,0,NULL),(78,'Faux Fur Trimmed Coat',NULL,NULL,'published','[\"main\\/products\\/product-2.jpg\"]',NULL,'LA-156-A1',0,10,0,1,0,4,1,0,1064,NULL,NULL,NULL,19.00,14.00,16.00,693.00,NULL,0,'2024-10-31 20:46:59','2024-10-31 20:47:00','in_stock',NULL,0,'Botble\\ACL\\Models\\User',0,NULL,'physical',NULL,NULL,0,0,0,0,NULL),(79,'Faux Fur Trimmed Coat',NULL,NULL,'published','[\"main\\/products\\/product-16.jpg\"]',NULL,'LA-156-A1-A2',0,10,0,1,0,4,1,0,1064,NULL,NULL,NULL,19.00,14.00,16.00,693.00,NULL,0,'2024-10-31 20:46:59','2024-10-31 20:47:00','in_stock',NULL,0,'Botble\\ACL\\Models\\User',0,NULL,'physical',NULL,NULL,0,0,0,0,NULL),(80,'Ruffled Wrap Dress',NULL,NULL,'published','[\"main\\/products\\/product-13.jpg\"]',NULL,'VN-169-A1',0,19,0,1,0,4,1,0,2297,NULL,NULL,NULL,10.00,14.00,18.00,518.00,NULL,0,'2024-10-31 20:46:59','2024-10-31 20:47:00','in_stock',NULL,0,'Botble\\ACL\\Models\\User',0,NULL,'physical',NULL,NULL,0,0,0,0,NULL),(81,'Ruffled Wrap Dress',NULL,NULL,'published','[\"main\\/products\\/product-2.jpg\"]',NULL,'VN-169-A1-A2',0,19,0,1,0,4,1,0,2297,NULL,NULL,NULL,10.00,14.00,18.00,518.00,NULL,0,'2024-10-31 20:46:59','2024-10-31 20:47:00','in_stock',NULL,0,'Botble\\ACL\\Models\\User',0,NULL,'physical',NULL,NULL,0,0,0,0,NULL),(82,'Velour Tracksuit Set',NULL,NULL,'published','[\"main\\/products\\/product-8.jpg\"]',NULL,'55-138-A1',0,16,0,1,0,5,1,0,2054,NULL,NULL,NULL,13.00,16.00,17.00,897.00,NULL,0,'2024-10-31 20:46:59','2024-10-31 20:47:00','in_stock',NULL,0,'Botble\\ACL\\Models\\User',0,NULL,'physical',NULL,NULL,0,0,0,0,NULL),(83,'Velour Tracksuit Set',NULL,NULL,'published','[\"main\\/products\\/product-7.jpg\"]',NULL,'55-138-A1-A2',0,16,0,1,0,5,1,0,2054,NULL,NULL,NULL,13.00,16.00,17.00,897.00,NULL,0,'2024-10-31 20:46:59','2024-10-31 20:47:00','in_stock',NULL,0,'Botble\\ACL\\Models\\User',0,NULL,'physical',NULL,NULL,0,0,0,0,NULL),(84,'Velour Tracksuit Set',NULL,NULL,'published','[\"main\\/products\\/product-2.jpg\"]',NULL,'55-138-A1-A3',0,16,0,1,0,5,1,0,2054,NULL,NULL,NULL,13.00,16.00,17.00,897.00,NULL,0,'2024-10-31 20:46:59','2024-10-31 20:47:00','in_stock',NULL,0,'Botble\\ACL\\Models\\User',0,NULL,'physical',NULL,NULL,0,0,0,0,NULL),(85,'Velour Tracksuit Set',NULL,NULL,'published','[\"main\\/products\\/product-2.jpg\"]',NULL,'55-138-A1-A4',0,16,0,1,0,5,1,0,2054,NULL,NULL,NULL,13.00,16.00,17.00,897.00,NULL,0,'2024-10-31 20:46:59','2024-10-31 20:47:00','in_stock',NULL,0,'Botble\\ACL\\Models\\User',0,NULL,'physical',NULL,NULL,0,0,0,0,NULL),(86,'Velour Tracksuit Set',NULL,NULL,'published','[\"main\\/products\\/product-2.jpg\"]',NULL,'55-138-A1-A5',0,16,0,1,0,5,1,0,2054,NULL,NULL,NULL,13.00,16.00,17.00,897.00,NULL,0,'2024-10-31 20:46:59','2024-10-31 20:47:00','in_stock',NULL,0,'Botble\\ACL\\Models\\User',0,NULL,'physical',NULL,NULL,0,0,0,0,NULL),(87,'Buckle Detail Ankle Booties',NULL,NULL,'published','[\"main\\/products\\/product-12.jpg\"]',NULL,'Y5-134-A1',0,15,0,1,0,2,1,0,1196,NULL,NULL,NULL,12.00,19.00,16.00,819.00,NULL,0,'2024-10-31 20:46:59','2024-10-31 20:47:00','in_stock',NULL,0,'Botble\\ACL\\Models\\User',0,NULL,'physical',NULL,NULL,0,0,0,0,NULL),(88,'Buckle Detail Ankle Booties',NULL,NULL,'published','[\"main\\/products\\/product-15.jpg\"]',NULL,'Y5-134-A1-A2',0,15,0,1,0,2,1,0,1196,NULL,NULL,NULL,12.00,19.00,16.00,819.00,NULL,0,'2024-10-31 20:46:59','2024-10-31 20:47:00','in_stock',NULL,0,'Botble\\ACL\\Models\\User',0,NULL,'physical',NULL,NULL,0,0,0,0,NULL),(89,'Cowl Neck Knit Poncho',NULL,NULL,'published','[\"main\\/products\\/product-16.jpg\"]',NULL,'QC-197-A1',0,15,0,1,0,2,1,0,1498,NULL,NULL,NULL,19.00,15.00,11.00,868.00,NULL,0,'2024-10-31 20:46:59','2024-10-31 20:47:00','in_stock',NULL,0,'Botble\\ACL\\Models\\User',0,NULL,'physical',NULL,NULL,0,0,0,0,NULL),(90,'Cowl Neck Knit Poncho',NULL,NULL,'published','[\"main\\/products\\/product-2.jpg\"]',NULL,'QC-197-A1-A2',0,15,0,1,0,2,1,0,1498,NULL,NULL,NULL,19.00,15.00,11.00,868.00,NULL,0,'2024-10-31 20:46:59','2024-10-31 20:47:00','in_stock',NULL,0,'Botble\\ACL\\Models\\User',0,NULL,'physical',NULL,NULL,0,0,0,0,NULL),(91,'Cowl Neck Knit Poncho',NULL,NULL,'published','[\"main\\/products\\/product-10.jpg\"]',NULL,'QC-197-A1-A3',0,15,0,1,0,2,1,0,1498,NULL,NULL,NULL,19.00,15.00,11.00,868.00,NULL,0,'2024-10-31 20:46:59','2024-10-31 20:47:00','in_stock',NULL,0,'Botble\\ACL\\Models\\User',0,NULL,'physical',NULL,NULL,0,0,0,0,NULL),(92,'Cowl Neck Knit Poncho',NULL,NULL,'published','[\"main\\/products\\/product-details-desc-3.jpg\"]',NULL,'QC-197-A1-A4',0,15,0,1,0,2,1,0,1498,NULL,NULL,NULL,19.00,15.00,11.00,868.00,NULL,0,'2024-10-31 20:46:59','2024-10-31 20:47:00','in_stock',NULL,0,'Botble\\ACL\\Models\\User',0,NULL,'physical',NULL,NULL,0,0,0,0,NULL),(93,'Chunky Knit Infinity Scarf (Digital)',NULL,NULL,'published','[\"main\\/products\\/product-11.jpg\"]',NULL,'JA-147-A1',0,12,0,1,0,4,1,0,1607,1253.46,NULL,NULL,19.00,11.00,16.00,733.00,NULL,0,'2024-10-31 20:46:59','2024-10-31 20:47:00','in_stock',NULL,0,'Botble\\ACL\\Models\\User',0,NULL,'digital',NULL,NULL,0,0,0,0,NULL),(94,'Chunky Knit Infinity Scarf (Digital)',NULL,NULL,'published','[\"main\\/products\\/product-10.jpg\"]',NULL,'JA-147-A1-A2',0,12,0,1,0,4,1,0,1607,1221.32,NULL,NULL,19.00,11.00,16.00,733.00,NULL,0,'2024-10-31 20:46:59','2024-10-31 20:47:00','in_stock',NULL,0,'Botble\\ACL\\Models\\User',0,NULL,'digital',NULL,NULL,0,0,0,0,NULL),(95,'Faux Leather Leggings',NULL,NULL,'published','[\"main\\/products\\/product-17.jpg\"]',NULL,'6U-133-A1',0,20,0,1,0,2,1,0,485,NULL,NULL,NULL,14.00,19.00,14.00,848.00,NULL,0,'2024-10-31 20:46:59','2024-10-31 20:47:00','in_stock',NULL,0,'Botble\\ACL\\Models\\User',0,NULL,'physical',NULL,NULL,0,0,0,0,NULL),(96,'Faux Leather Leggings',NULL,NULL,'published','[\"main\\/products\\/product-details-desc-2.jpg\"]',NULL,'6U-133-A1-A2',0,20,0,1,0,2,1,0,485,NULL,NULL,NULL,14.00,19.00,14.00,848.00,NULL,0,'2024-10-31 20:46:59','2024-10-31 20:47:00','in_stock',NULL,0,'Botble\\ACL\\Models\\User',0,NULL,'physical',NULL,NULL,0,0,0,0,NULL),(97,'Faux Leather Leggings',NULL,NULL,'published','[\"main\\/products\\/product-15.jpg\"]',NULL,'6U-133-A1-A3',0,20,0,1,0,2,1,0,485,NULL,NULL,NULL,14.00,19.00,14.00,848.00,NULL,0,'2024-10-31 20:46:59','2024-10-31 20:47:00','in_stock',NULL,0,'Botble\\ACL\\Models\\User',0,NULL,'physical',NULL,NULL,0,0,0,0,NULL),(98,'Metallic Pleated Maxi Skirt',NULL,NULL,'published','[\"main\\/products\\/product-12.jpg\"]',NULL,'YE-178-A1',0,16,0,1,0,5,1,0,904,NULL,NULL,NULL,14.00,15.00,20.00,555.00,NULL,0,'2024-10-31 20:46:59','2024-10-31 20:47:00','in_stock',NULL,0,'Botble\\ACL\\Models\\User',0,NULL,'physical',NULL,NULL,0,0,0,0,NULL),(99,'Metallic Pleated Maxi Skirt',NULL,NULL,'published','[\"main\\/products\\/product-16.jpg\"]',NULL,'YE-178-A1-A2',0,16,0,1,0,5,1,0,904,NULL,NULL,NULL,14.00,15.00,20.00,555.00,NULL,0,'2024-10-31 20:46:59','2024-10-31 20:47:00','in_stock',NULL,0,'Botble\\ACL\\Models\\User',0,NULL,'physical',NULL,NULL,0,0,0,0,NULL),(100,'Metallic Pleated Maxi Skirt',NULL,NULL,'published','[\"main\\/products\\/product-14.jpg\"]',NULL,'YE-178-A1-A3',0,16,0,1,0,5,1,0,904,NULL,NULL,NULL,14.00,15.00,20.00,555.00,NULL,0,'2024-10-31 20:46:59','2024-10-31 20:47:00','in_stock',NULL,0,'Botble\\ACL\\Models\\User',0,NULL,'physical',NULL,NULL,0,0,0,0,NULL);

--
