--
-- Host: 127.0.0.1    Database: shofy
-- ------------------------------------------------------


--
-- Table structure for table `activations`
--

CREATE TABLE `activations` (
  `id` bigint unsigned NOT NULL AUTO_INCREMENT,
  `user_id` bigint unsigned NOT NULL,
  `code` varchar(120) COLLATE utf8mb4_unicode_ci NOT NULL,
  `completed` tinyint(1) NOT NULL DEFAULT '0',
  `completed_at` timestamp NULL DEFAULT NULL,
  `created_at` timestamp NULL DEFAULT NULL,
  `updated_at` timestamp NULL DEFAULT NULL,
  PRIMARY KEY (`id`),
  KEY `activations_user_id_index` (`user_id`)
) ENGINE=InnoDB AUTO_INCREMENT=2 DEFAULT CHARSET=utf8mb4 COLLATE=utf8mb4_unicode_ci;

--
-- Dumping data for table `activations`
--

INSERT INTO `activations` VALUES (1,1,'iwBtdC7utCDKZilR83RoQwZ5ZJ4tDWI8',1,'2024-10-31 20:47:08','2024-10-31 20:47:08','2024-10-31 20:47:08');

--
-- Table structure for table `admin_notifications`
--

CREATE TABLE `admin_notifications` (
  `id` bigint unsigned NOT NULL AUTO_INCREMENT,
  `title` varchar(191) COLLATE utf8mb4_unicode_ci NOT NULL,
  `action_label` varchar(191) COLLATE utf8mb4_unicode_ci DEFAULT NULL,
  `action_url` varchar(191) COLLATE utf8mb4_unicode_ci DEFAULT NULL,
  `description` varchar(400) COLLATE utf8mb4_unicode_ci DEFAULT NULL,
  `read_at` timestamp NULL DEFAULT NULL,
  `created_at` timestamp NULL DEFAULT NULL,
  `updated_at` timestamp NULL DEFAULT NULL,
  `permission` varchar(191) COLLATE utf8mb4_unicode_ci DEFAULT NULL,
  PRIMARY KEY (`id`)
) ENGINE=InnoDB DEFAULT CHARSET=utf8mb4 COLLATE=utf8mb4_unicode_ci;

--
-- Dumping data for table `admin_notifications`
--


--
-- Table structure for table `ads`
--

CREATE TABLE `ads` (
  `id` bigint unsigned NOT NULL AUTO_INCREMENT,
  `name` varchar(191) COLLATE utf8mb4_unicode_ci NOT NULL,
  `expired_at` datetime DEFAULT NULL,
  `location` varchar(120) COLLATE utf8mb4_unicode_ci DEFAULT NULL,
  `key` varchar(120) COLLATE utf8mb4_unicode_ci NOT NULL,
  `image` varchar(191) COLLATE utf8mb4_unicode_ci DEFAULT NULL,
  `url` varchar(191) COLLATE utf8mb4_unicode_ci DEFAULT NULL,
  `clicked` bigint NOT NULL DEFAULT '0',
  `order` int DEFAULT '0',
  `status` varchar(60) COLLATE utf8mb4_unicode_ci NOT NULL DEFAULT 'published',
  `created_at` timestamp NULL DEFAULT NULL,
  `updated_at` timestamp NULL DEFAULT NULL,
  `open_in_new_tab` tinyint(1) NOT NULL DEFAULT '1',
  `tablet_image` varchar(191) COLLATE utf8mb4_unicode_ci DEFAULT NULL,
  `mobile_image` varchar(191) COLLATE utf8mb4_unicode_ci DEFAULT NULL,
  `ads_type` varchar(191) COLLATE utf8mb4_unicode_ci DEFAULT NULL,
  `google_adsense_slot_id` varchar(191) COLLATE utf8mb4_unicode_ci DEFAULT NULL,
  PRIMARY KEY (`id`),
  UNIQUE KEY `ads_key_unique` (`key`)
) ENGINE=InnoDB DEFAULT CHARSET=utf8mb4 COLLATE=utf8mb4_unicode_ci;

--
-- Dumping data for table `ads`
--


--
-- Table structure for table `ads_translations`
--

CREATE TABLE `ads_translations` (
  `lang_code` varchar(191) COLLATE utf8mb4_unicode_ci NOT NULL,
  `ads_id` bigint unsigned NOT NULL,
  `name` varchar(191) COLLATE utf8mb4_unicode_ci DEFAULT NULL,
  `image` varchar(191) COLLATE utf8mb4_unicode_ci DEFAULT NULL,
  `url` varchar(191) COLLATE utf8mb4_unicode_ci DEFAULT NULL,
  PRIMARY KEY (`lang_code`,`ads_id`)
) ENGINE=InnoDB DEFAULT CHARSET=utf8mb4 COLLATE=utf8mb4_unicode_ci;

--
-- Dumping data for table `ads_translations`
--


--
-- Table structure for table `announcements`
--

CREATE TABLE `announcements` (
  `id` bigint unsigned NOT NULL AUTO_INCREMENT,
  `name` varchar(191) COLLATE utf8mb4_unicode_ci NOT NULL,
  `content` text COLLATE utf8mb4_unicode_ci NOT NULL,
  `has_action` tinyint(1) NOT NULL DEFAULT '0',
  `action_label` varchar(60) COLLATE utf8mb4_unicode_ci DEFAULT NULL,
  `action_url` varchar(400) COLLATE utf8mb4_unicode_ci DEFAULT NULL,
  `action_open_new_tab` tinyint(1) NOT NULL DEFAULT '0',
  `dismissible` tinyint(1) NOT NULL DEFAULT '0',
  `start_date` datetime DEFAULT NULL,
  `end_date` datetime DEFAULT NULL,
  `is_active` tinyint(1) NOT NULL DEFAULT '1',
  `created_at` timestamp NULL DEFAULT NULL,
  `updated_at` timestamp NULL DEFAULT NULL,
  PRIMARY KEY (`id`)
) ENGINE=InnoDB AUTO_INCREMENT=4 DEFAULT CHARSET=utf8mb4 COLLATE=utf8mb4_unicode_ci;

--
-- Dumping data for table `announcements`
--

INSERT INTO `announcements` VALUES (1,'Announcement 1','Enjoy free shipping on all orders over $99! Shop now and save on delivery costs.',0,NULL,NULL,0,1,'2024-11-01 03:47:16',NULL,1,'2024-10-31 20:47:16','2024-10-31 20:47:16'),(2,'Announcement 2','Need assistance? Our customer support is available 24/7 to help you with any questions or concerns.',0,NULL,NULL,0,1,'2024-11-01 03:47:16',NULL,1,'2024-10-31 20:47:16','2024-10-31 20:47:16'),(3,'Announcement 3','Shop with confidence! We offer a hassle-free 30 days return service for your peace of mind.',0,NULL,NULL,0,1,'2024-11-01 03:47:16',NULL,1,'2024-10-31 20:47:16','2024-10-31 20:47:16');

--
-- Table structure for table `announcements_translations`
--

CREATE TABLE `announcements_translations` (
  `lang_code` varchar(191) COLLATE utf8mb4_unicode_ci NOT NULL,
  `announcements_id` bigint unsigned NOT NULL,
  `content` text COLLATE utf8mb4_unicode_ci,
  PRIMARY KEY (`lang_code`,`announcements_id`)
) ENGINE=InnoDB DEFAULT CHARSET=utf8mb4 COLLATE=utf8mb4_unicode_ci;

--
-- Dumping data for table `announcements_translations`
--


--
-- Table structure for table `audit_histories`
--

CREATE TABLE `audit_histories` (
  `id` bigint unsigned NOT NULL AUTO_INCREMENT,
  `user_id` bigint unsigned NOT NULL,
  `module` varchar(60) COLLATE utf8mb4_unicode_ci NOT NULL,
  `request` longtext COLLATE utf8mb4_unicode_ci,
  `action` varchar(120) COLLATE utf8mb4_unicode_ci NOT NULL,
  `user_agent` text COLLATE utf8mb4_unicode_ci,
  `ip_address` varchar(45) COLLATE utf8mb4_unicode_ci DEFAULT NULL,
  `reference_user` bigint unsigned NOT NULL,
  `reference_id` bigint unsigned NOT NULL,
  `reference_name` varchar(191) COLLATE utf8mb4_unicode_ci NOT NULL,
  `type` varchar(20) COLLATE utf8mb4_unicode_ci NOT NULL,
  `created_at` timestamp NULL DEFAULT NULL,
  `updated_at` timestamp NULL DEFAULT NULL,
  PRIMARY KEY (`id`),
  KEY `audit_histories_user_id_index` (`user_id`),
  KEY `audit_histories_module_index` (`module`)
) ENGINE=InnoDB DEFAULT CHARSET=utf8mb4 COLLATE=utf8mb4_unicode_ci;

--
-- Dumping data for table `audit_histories`
--


--
-- Table structure for table `categories`
--

CREATE TABLE `categories` (
  `id` bigint unsigned NOT NULL AUTO_INCREMENT,
  `name` varchar(120) COLLATE utf8mb4_unicode_ci NOT NULL,
  `parent_id` bigint unsigned NOT NULL DEFAULT '0',
  `description` varchar(400) COLLATE utf8mb4_unicode_ci DEFAULT NULL,
  `status` varchar(60) COLLATE utf8mb4_unicode_ci NOT NULL DEFAULT 'published',
  `author_id` bigint unsigned DEFAULT NULL,
  `author_type` varchar(191) COLLATE utf8mb4_unicode_ci NOT NULL DEFAULT 'Botble\\ACL\\Models\\User',
  `icon` varchar(60) COLLATE utf8mb4_unicode_ci DEFAULT NULL,
  `order` int unsigned NOT NULL DEFAULT '0',
  `is_featured` tinyint NOT NULL DEFAULT '0',
  `is_default` tinyint unsigned NOT NULL DEFAULT '0',
  `created_at` timestamp NULL DEFAULT NULL,
  `updated_at` timestamp NULL DEFAULT NULL,
  PRIMARY KEY (`id`),
  KEY `categories_parent_id_index` (`parent_id`),
  KEY `categories_status_index` (`status`),
  KEY `categories_created_at_index` (`created_at`)
) ENGINE=InnoDB AUTO_INCREMENT=7 DEFAULT CHARSET=utf8mb4 COLLATE=utf8mb4_unicode_ci;

--
-- Dumping data for table `categories`
--

INSERT INTO `categories` VALUES (1,'Crisp Bread &amp; Cake',0,'Et nemo dolor ut velit. Vel quos temporibus ea pariatur aut commodi. Et rerum ipsa odio voluptates qui dolor. Quasi ab assumenda quas voluptas asperiores. Et vel facilis odit omnis sunt.','published',1,'Botble\\ACL\\Models\\User',NULL,0,0,0,'2024-10-31 20:47:13','2024-10-31 20:47:13'),(2,'Fashion',0,'Totam et porro fugit esse culpa non. Sed molestias unde magni. Sit aut iste iusto rerum sit minima aspernatur quo. Expedita voluptatem quia dolorem labore quia qui rerum.','published',1,'Botble\\ACL\\Models\\User',NULL,0,1,0,'2024-10-31 20:47:13','2024-10-31 20:47:13'),(3,'Electronic',0,'Et magni accusantium aut adipisci ad itaque. Vel quia aspernatur quos id cumque ipsum. Voluptatem reprehenderit autem totam in velit rerum qui eaque. Quos nulla mollitia quia porro modi.','published',1,'Botble\\ACL\\Models\\User',NULL,0,1,0,'2024-10-31 20:47:13','2024-10-31 20:47:13'),(4,'Commercial',0,'Ducimus consequatur et corrupti et voluptatibus. Molestiae laboriosam ipsa aut perferendis dolorum vero. Fugiat cupiditate maxime corporis.','published',1,'Botble\\ACL\\Models\\User',NULL,0,1,0,'2024-10-31 20:47:13','2024-10-31 20:47:13'),(5,'Organic Fruits',0,'Molestias perferendis explicabo nesciunt pariatur saepe est. Quo magnam quasi quaerat consequatur amet soluta. Dicta aut voluptas dicta accusamus sed explicabo est.','published',1,'Botble\\ACL\\Models\\User',NULL,0,1,0,'2024-10-31 20:47:13','2024-10-31 20:47:13'),(6,'Ecological',0,'Expedita quo ut qui. Rerum perspiciatis ut sint omnis quos quo et. Ut molestiae ab sed sunt magnam aut qui. Voluptatem sint voluptatibus debitis ipsa impedit nam.','published',1,'Botble\\ACL\\Models\\User',NULL,0,1,0,'2024-10-31 20:47:13','2024-10-31 20:47:13');

--
-- Table structure for table `categories_translations`
--

CREATE TABLE `categories_translations` (
  `lang_code` varchar(20) COLLATE utf8mb4_unicode_ci NOT NULL,
  `categories_id` bigint unsigned NOT NULL,
  `name` varchar(191) COLLATE utf8mb4_unicode_ci DEFAULT NULL,
  `description` varchar(400) COLLATE utf8mb4_unicode_ci DEFAULT NULL,
  PRIMARY KEY (`lang_code`,`categories_id`)
) ENGINE=InnoDB DEFAULT CHARSET=utf8mb4 COLLATE=utf8mb4_unicode_ci;

--
-- Dumping data for table `categories_translations`
--


--
-- Table structure for table `cities`
--

CREATE TABLE `cities` (
  `id` bigint unsigned NOT NULL AUTO_INCREMENT,
  `name` varchar(120) COLLATE utf8mb4_unicode_ci NOT NULL,
  `slug` varchar(120) COLLATE utf8mb4_unicode_ci DEFAULT NULL,
  `state_id` bigint unsigned DEFAULT NULL,
  `country_id` bigint unsigned DEFAULT NULL,
  `record_id` varchar(40) COLLATE utf8mb4_unicode_ci DEFAULT NULL,
  `order` tinyint NOT NULL DEFAULT '0',
  `image` varchar(191) COLLATE utf8mb4_unicode_ci DEFAULT NULL,
  `is_default` tinyint unsigned NOT NULL DEFAULT '0',
  `status` varchar(60) COLLATE utf8mb4_unicode_ci NOT NULL DEFAULT 'published',
  `created_at` timestamp NULL DEFAULT NULL,
  `updated_at` timestamp NULL DEFAULT NULL,
  PRIMARY KEY (`id`),
  UNIQUE KEY `cities_slug_unique` (`slug`)
) ENGINE=InnoDB DEFAULT CHARSET=utf8mb4 COLLATE=utf8mb4_unicode_ci;

--
-- Dumping data for table `cities`
--


--
-- Table structure for table `cities_translations`
--

CREATE TABLE `cities_translations` (
  `lang_code` varchar(20) COLLATE utf8mb4_unicode_ci NOT NULL,
  `cities_id` bigint unsigned NOT NULL,
  `name` varchar(120) COLLATE utf8mb4_unicode_ci DEFAULT NULL,
  `slug` varchar(120) COLLATE utf8mb4_unicode_ci DEFAULT NULL,
  PRIMARY KEY (`lang_code`,`cities_id`)
) ENGINE=InnoDB DEFAULT CHARSET=utf8mb4 COLLATE=utf8mb4_unicode_ci;

--
-- Dumping data for table `cities_translations`
--


--
-- Table structure for table `contact_custom_field_options`
--

CREATE TABLE `contact_custom_field_options` (
  `id` bigint unsigned NOT NULL AUTO_INCREMENT,
  `custom_field_id` bigint unsigned NOT NULL,
  `label` varchar(191) COLLATE utf8mb4_unicode_ci DEFAULT NULL,
  `value` varchar(191) COLLATE utf8mb4_unicode_ci NOT NULL,
  `order` int NOT NULL DEFAULT '999',
  `created_at` timestamp NULL DEFAULT NULL,
  `updated_at` timestamp NULL DEFAULT NULL,
  PRIMARY KEY (`id`)
) ENGINE=InnoDB DEFAULT CHARSET=utf8mb4 COLLATE=utf8mb4_unicode_ci;

--
-- Dumping data for table `contact_custom_field_options`
--


--
-- Table structure for table `contact_custom_field_options_translations`
--

CREATE TABLE `contact_custom_field_options_translations` (
  `contact_custom_field_options_id` bigint unsigned NOT NULL,
  `lang_code` varchar(191) COLLATE utf8mb4_unicode_ci NOT NULL,
  `label` varchar(191) COLLATE utf8mb4_unicode_ci DEFAULT NULL,
  `value` varchar(191) COLLATE utf8mb4_unicode_ci DEFAULT NULL,
  PRIMARY KEY (`lang_code`,`contact_custom_field_options_id`)
) ENGINE=InnoDB DEFAULT CHARSET=utf8mb4 COLLATE=utf8mb4_unicode_ci;

--
-- Dumping data for table `contact_custom_field_options_translations`
--


--
-- Table structure for table `contact_custom_fields`
--

CREATE TABLE `contact_custom_fields` (
  `id` bigint unsigned NOT NULL AUTO_INCREMENT,
  `type` varchar(191) COLLATE utf8mb4_unicode_ci NOT NULL,
  `required` tinyint(1) NOT NULL DEFAULT '0',
  `name` varchar(191) COLLATE utf8mb4_unicode_ci NOT NULL,
  `placeholder` varchar(191) COLLATE utf8mb4_unicode_ci DEFAULT NULL,
  `order` int NOT NULL DEFAULT '999',
  `status` varchar(191) COLLATE utf8mb4_unicode_ci NOT NULL DEFAULT 'published',
  `created_at` timestamp NULL DEFAULT NULL,
  `updated_at` timestamp NULL DEFAULT NULL,
  PRIMARY KEY (`id`)
) ENGINE=InnoDB DEFAULT CHARSET=utf8mb4 COLLATE=utf8mb4_unicode_ci;

--
-- Dumping data for table `contact_custom_fields`
--


--
-- Table structure for table `contact_custom_fields_translations`
--

CREATE TABLE `contact_custom_fields_translations` (
  `contact_custom_fields_id` bigint unsigned NOT NULL,
  `lang_code` varchar(191) COLLATE utf8mb4_unicode_ci NOT NULL,
  `name` varchar(191) COLLATE utf8mb4_unicode_ci DEFAULT NULL,
  `placeholder` varchar(191) COLLATE utf8mb4_unicode_ci DEFAULT NULL,
  PRIMARY KEY (`lang_code`,`contact_custom_fields_id`)
) ENGINE=InnoDB DEFAULT CHARSET=utf8mb4 COLLATE=utf8mb4_unicode_ci;

--
-- Dumping data for table `contact_custom_fields_translations`
--


--
-- Table structure for table `contact_replies`
--

CREATE TABLE `contact_replies` (
  `id` bigint unsigned NOT NULL AUTO_INCREMENT,
  `message` longtext COLLATE utf8mb4_unicode_ci NOT NULL,
  `contact_id` bigint unsigned NOT NULL,
  `created_at` timestamp NULL DEFAULT NULL,
  `updated_at` timestamp NULL DEFAULT NULL,
  PRIMARY KEY (`id`)
) ENGINE=InnoDB DEFAULT CHARSET=utf8mb4 COLLATE=utf8mb4_unicode_ci;

--
-- Dumping data for table `contact_replies`
--


--
-- Table structure for table `contacts`
--

CREATE TABLE `contacts` (
  `id` bigint unsigned NOT NULL AUTO_INCREMENT,
  `name` varchar(60) COLLATE utf8mb4_unicode_ci NOT NULL,
  `email` varchar(60) COLLATE utf8mb4_unicode_ci DEFAULT NULL,
  `phone` varchar(60) COLLATE utf8mb4_unicode_ci DEFAULT NULL,
  `address` varchar(120) COLLATE utf8mb4_unicode_ci DEFAULT NULL,
  `subject` varchar(120) COLLATE utf8mb4_unicode_ci DEFAULT NULL,
  `content` longtext COLLATE utf8mb4_unicode_ci NOT NULL,
  `custom_fields` text COLLATE utf8mb4_unicode_ci,
  `status` varchar(60) COLLATE utf8mb4_unicode_ci NOT NULL DEFAULT 'unread',
  `created_at` timestamp NULL DEFAULT NULL,
  `updated_at` timestamp NULL DEFAULT NULL,
  PRIMARY KEY (`id`)
) ENGINE=InnoDB AUTO_INCREMENT=11 DEFAULT CHARSET=utf8mb4 COLLATE=utf8mb4_unicode_ci;

--
-- Dumping data for table `contacts`
--

INSERT INTO `contacts` VALUES (1,'Prof. Tyrel Schneider','rashad85@example.org','+1 (414) 650-8680','67706 Retta Branch\nGersonview, TN 19196-1147','Inventore quae eveniet quia commodi quis autem.','Repellat nulla a vel dolor et pariatur. Mollitia adipisci aut doloribus deserunt ex aut. Ut id incidunt aspernatur et debitis voluptatibus ex aut. Aliquid dicta consectetur molestiae fuga ullam. Ipsum harum optio ea id. Reprehenderit reiciendis quibusdam soluta repellendus. Sunt eos harum velit possimus. Quasi vitae rem eveniet doloribus. Error nihil excepturi vitae dignissimos rem. Aut est tenetur repudiandae.',NULL,'read','2024-10-31 20:47:12','2024-10-31 20:47:12'),(2,'Francis Kris','rvandervort@example.com','757-477-2495','347 Gibson Expressway Apt. 334\nWest Spencerport, SD 34799','Aut nemo et excepturi error.','Facilis temporibus atque enim dolorem. Vel a velit quas dolore aut. Facere qui facilis eos accusamus in minus. Placeat eos est officia fugiat autem voluptatibus. Nostrum cupiditate iure dolorem nam et. Cum dolor vel laudantium ratione nisi nisi rem quia. Sed minima cupiditate iste non. Eius laboriosam minus amet voluptates nam unde ut et. Saepe assumenda aperiam aut error doloremque laudantium tempore. Veritatis tempore nulla quia amet. Assumenda aliquam id et beatae molestiae ut omnis.',NULL,'unread','2024-10-31 20:47:12','2024-10-31 20:47:12'),(3,'Aida Hand','fay.dell@example.com','949-715-6854','49767 Lupe Plain Apt. 946\nLake Brycenbury, TN 60303','Neque eum praesentium sunt eveniet neque ut.','Assumenda eum ut quas quo praesentium dignissimos assumenda eum. Tenetur quos dolores quis architecto consequatur consequatur rerum. Laudantium quae ullam deserunt qui assumenda ad a. Recusandae optio consequuntur laboriosam velit maiores consequatur. Praesentium quidem maxime commodi molestiae quasi aliquam similique perferendis. Quis sint accusamus hic et ut. Ut omnis itaque id dicta. Recusandae aut aut vel exercitationem.',NULL,'unread','2024-10-31 20:47:12','2024-10-31 20:47:12'),(4,'Jaylen Stroman DDS','magdalena.bailey@example.org','+12484692028','680 Valerie Island Suite 197\nHermistonside, NC 36881-3695','Iusto accusamus quo odio eos.','Impedit facere et eius ratione consequatur accusamus. Dolor qui adipisci ipsa similique eos. Eius tempora ad aut perferendis soluta porro. Ea libero vel quos numquam corporis. Aut et quidem tempore dolores occaecati. Beatae ea aut molestiae ipsa culpa amet id. Fugiat recusandae non esse perferendis maxime quos. Aut provident id sit illo sit ut. Libero hic facere voluptatibus.',NULL,'unread','2024-10-31 20:47:12','2024-10-31 20:47:12'),(5,'Maximilian Boehm','jovany.gottlieb@example.com','380-401-6069','26450 German Grove Apt. 117\nJuliebury, AZ 05856','Iste asperiores debitis quam voluptatem quod.','Consequatur accusantium sint sed ipsum dolorem est. Quidem ad provident illum tempore impedit odit vitae. Odio deserunt autem sequi in nam. Aperiam consectetur fugit est. Quas ea non fuga veritatis. Laboriosam aut molestiae et voluptatum. Qui sint nihil nostrum aut occaecati quis eligendi. Dicta praesentium dignissimos perferendis sint odit consequatur expedita dolorem. Sint eos aperiam minima aut.',NULL,'read','2024-10-31 20:47:12','2024-10-31 20:47:12'),(6,'Cydney Zieme','tre16@example.org','+1 (828) 912-9073','1701 Giovanni Trace Apt. 204\nEast Brandyn, TX 47963','Quasi non vero ea eligendi et.','Repellat pariatur commodi aut voluptas. Eveniet repellat ipsam adipisci ut. Inventore blanditiis ut mollitia. Ab maxime numquam nesciunt magni saepe. Deleniti ad ratione voluptas assumenda recusandae laudantium. Quos voluptates sed quidem delectus nostrum nihil. Tempora illum rerum saepe. Voluptatum cumque unde qui vel. Et dolore rerum exercitationem quae voluptate deleniti. Necessitatibus maiores debitis veritatis ducimus animi nihil adipisci. Expedita omnis quibusdam voluptas occaecati.',NULL,'read','2024-10-31 20:47:12','2024-10-31 20:47:12'),(7,'Prof. Garfield Larkin','lehner.burdette@example.com','(803) 916-3431','928 Leonel Roads Suite 908\nKreigermouth, IL 99360','Incidunt accusamus quo animi.','Et est ipsam totam aut odio. Assumenda tempore aut sint delectus. Reiciendis quisquam eos ut recusandae. Minima veritatis vero vero molestiae exercitationem voluptatum vel. Minima cum voluptatem facilis porro eum quis. Possimus fugit ut quo distinctio voluptatem. Ex voluptatem quis corrupti sint. Repudiandae incidunt laboriosam fugiat quasi et ullam laborum. Praesentium fuga occaecati rerum adipisci modi. Quo labore atque aspernatur. Minima cumque accusantium non blanditiis totam debitis.',NULL,'read','2024-10-31 20:47:12','2024-10-31 20:47:12'),(8,'Garnet Wunsch','lois.schaden@example.org','1-352-349-9988','6522 Gleichner Underpass Apt. 742\nWest Diana, MS 18679-8075','In officiis blanditiis voluptatem ut neque aut.','Corrupti officia sed vero. Natus perspiciatis saepe deserunt officiis et. Et quo id ullam enim. In soluta quae eligendi voluptatibus illo facilis voluptate. Ut quod dolor et in libero velit in. Voluptas ipsa amet nobis odio. Et id eum repellat eaque ullam. Est consequatur harum fuga rerum aperiam. Earum similique eum blanditiis. Sint est minima reiciendis eos culpa quo. Maiores qui nisi praesentium impedit.',NULL,'read','2024-10-31 20:47:12','2024-10-31 20:47:12'),(9,'Neoma Feest','ttromp@example.com','+16468572991','16240 Earnestine Valleys Apt. 903\nAnnabellport, IA 79117','Nihil harum soluta incidunt eum.','Dolor quis ut doloribus in. Dolores commodi dolores est qui eius omnis nesciunt. Et animi beatae rerum placeat. Id eveniet accusantium nisi quod. Et fugiat ducimus tempora eveniet. Sunt enim magni voluptas in deserunt nemo beatae. Magni commodi in qui harum et. Maxime sit modi officia magnam temporibus deleniti earum. Et occaecati et impedit. Quis est molestiae quam sapiente aut atque. Quis doloremque ullam qui id rerum asperiores. Exercitationem aliquam numquam sed eum facilis.',NULL,'read','2024-10-31 20:47:12','2024-10-31 20:47:12'),(10,'Timmy Boyle','curt35@example.org','+18456444582','788 Camila Avenue\nRoselynchester, IL 92370','Pariatur ad vitae qui quas mollitia.','Enim tenetur ut repudiandae cupiditate. Ut occaecati tenetur omnis nihil. Et laboriosam maiores nulla et veritatis autem. Assumenda expedita rem eaque ut omnis earum. Numquam qui aliquid porro unde accusantium id. Vero qui delectus non itaque quasi nobis ut. Sunt beatae consequatur molestias. Hic aliquid corporis aut consectetur qui.',NULL,'read','2024-10-31 20:47:12','2024-10-31 20:47:12');

--
-- Table structure for table `countries`
--

CREATE TABLE `countries` (
  `id` bigint unsigned NOT NULL AUTO_INCREMENT,
  `name` varchar(120) COLLATE utf8mb4_unicode_ci NOT NULL,
  `nationality` varchar(120) COLLATE utf8mb4_unicode_ci DEFAULT NULL,
  `order` tinyint NOT NULL DEFAULT '0',
  `image` varchar(191) COLLATE utf8mb4_unicode_ci DEFAULT NULL,
  `is_default` tinyint unsigned NOT NULL DEFAULT '0',
  `status` varchar(60) COLLATE utf8mb4_unicode_ci NOT NULL DEFAULT 'published',
  `created_at` timestamp NULL DEFAULT NULL,
  `updated_at` timestamp NULL DEFAULT NULL,
  `code` varchar(10) COLLATE utf8mb4_unicode_ci DEFAULT NULL,
  PRIMARY KEY (`id`)
) ENGINE=InnoDB DEFAULT CHARSET=utf8mb4 COLLATE=utf8mb4_unicode_ci;

--
-- Dumping data for table `countries`
--


--
-- Table structure for table `countries_translations`
--

CREATE TABLE `countries_translations` (
  `lang_code` varchar(20) COLLATE utf8mb4_unicode_ci NOT NULL,
  `countries_id` bigint unsigned NOT NULL,
  `name` varchar(120) COLLATE utf8mb4_unicode_ci DEFAULT NULL,
  `nationality` varchar(120) COLLATE utf8mb4_unicode_ci DEFAULT NULL,
  PRIMARY KEY (`lang_code`,`countries_id`)
) ENGINE=InnoDB DEFAULT CHARSET=utf8mb4 COLLATE=utf8mb4_unicode_ci;

--
-- Dumping data for table `countries_translations`
--


--
-- Table structure for table `dashboard_widget_settings`
--

CREATE TABLE `dashboard_widget_settings` (
  `id` bigint unsigned NOT NULL AUTO_INCREMENT,
  `settings` text COLLATE utf8mb4_unicode_ci,
  `user_id` bigint unsigned NOT NULL,
  `widget_id` bigint unsigned NOT NULL,
  `order` tinyint unsigned NOT NULL DEFAULT '0',
  `status` tinyint unsigned NOT NULL DEFAULT '1',
  `created_at` timestamp NULL DEFAULT NULL,
  `updated_at` timestamp NULL DEFAULT NULL,
  PRIMARY KEY (`id`),
  KEY `dashboard_widget_settings_user_id_index` (`user_id`),
  KEY `dashboard_widget_settings_widget_id_index` (`widget_id`)
) ENGINE=InnoDB DEFAULT CHARSET=utf8mb4 COLLATE=utf8mb4_unicode_ci;

--
-- Dumping data for table `dashboard_widget_settings`
--


--
-- Table structure for table `dashboard_widgets`
--

CREATE TABLE `dashboard_widgets` (
  `id` bigint unsigned NOT NULL AUTO_INCREMENT,
  `name` varchar(120) COLLATE utf8mb4_unicode_ci NOT NULL,
  `created_at` timestamp NULL DEFAULT NULL,
  `updated_at` timestamp NULL DEFAULT NULL,
  PRIMARY KEY (`id`)
) ENGINE=InnoDB DEFAULT CHARSET=utf8mb4 COLLATE=utf8mb4_unicode_ci;

--
-- Dumping data for table `dashboard_widgets`
--


--
-- Table structure for table `ec_brands`
--

CREATE TABLE `ec_brands` (
  `id` bigint unsigned NOT NULL AUTO_INCREMENT,
  `name` varchar(191) COLLATE utf8mb4_unicode_ci NOT NULL,
  `description` mediumtext COLLATE utf8mb4_unicode_ci,
  `website` varchar(191) COLLATE utf8mb4_unicode_ci DEFAULT NULL,
  `logo` varchar(191) COLLATE utf8mb4_unicode_ci DEFAULT NULL,
  `status` varchar(60) COLLATE utf8mb4_unicode_ci NOT NULL DEFAULT 'published',
  `order` tinyint unsigned NOT NULL DEFAULT '0',
  `is_featured` tinyint unsigned NOT NULL DEFAULT '0',
  `created_at` timestamp NULL DEFAULT NULL,
  `updated_at` timestamp NULL DEFAULT NULL,
  PRIMARY KEY (`id`)
) ENGINE=InnoDB AUTO_INCREMENT=6 DEFAULT CHARSET=utf8mb4 COLLATE=utf8mb4_unicode_ci;

--
-- Dumping data for table `ec_brands`
--

INSERT INTO `ec_brands` VALUES (1,'FoodPound','New Snacks Release',NULL,'main/brands/1.png','published',0,1,'2024-10-31 20:47:08','2024-10-31 20:47:08'),(2,'iTea JSC','Happy Tea 100% Organic. From $29.9',NULL,'main/brands/2.png','published',1,1,'2024-10-31 20:47:08','2024-10-31 20:47:08'),(3,'Soda Brand','Fresh Meat Sausage. BUY 2 GET 1!',NULL,'main/brands/3.png','published',2,1,'2024-10-31 20:47:08','2024-10-31 20:47:08'),(4,'Shofy','Fresh Meat Sausage. BUY 2 GET 1!',NULL,'main/brands/4.png','published',3,1,'2024-10-31 20:47:08','2024-10-31 20:47:08'),(5,'Soda Brand','Fresh Meat Sausage. BUY 2 GET 1!',NULL,'main/brands/5.png','published',4,1,'2024-10-31 20:47:08','2024-10-31 20:47:08');

--
-- Table structure for table `ec_brands_translations`
--

CREATE TABLE `ec_brands_translations` (
  `lang_code` varchar(191) COLLATE utf8mb4_unicode_ci NOT NULL,
  `ec_brands_id` bigint unsigned NOT NULL,
  `name` varchar(191) COLLATE utf8mb4_unicode_ci DEFAULT NULL,
  `description` mediumtext COLLATE utf8mb4_unicode_ci,
  PRIMARY KEY (`lang_code`,`ec_brands_id`)
) ENGINE=InnoDB DEFAULT CHARSET=utf8mb4 COLLATE=utf8mb4_unicode_ci;

--
-- Dumping data for table `ec_brands_translations`
--


--
-- Table structure for table `ec_cart`
--

CREATE TABLE `ec_cart` (
  `identifier` varchar(60) COLLATE utf8mb4_unicode_ci NOT NULL,
  `instance` varchar(60) COLLATE utf8mb4_unicode_ci NOT NULL,
  `content` longtext COLLATE utf8mb4_unicode_ci NOT NULL,
  `created_at` timestamp NULL DEFAULT NULL,
  `updated_at` timestamp NULL DEFAULT NULL,
  PRIMARY KEY (`identifier`,`instance`)
) ENGINE=InnoDB DEFAULT CHARSET=utf8mb4 COLLATE=utf8mb4_unicode_ci;

--
-- Dumping data for table `ec_cart`
--


--
-- Table structure for table `ec_currencies`
--

CREATE TABLE `ec_currencies` (
  `id` bigint unsigned NOT NULL AUTO_INCREMENT,
  `title` varchar(191) COLLATE utf8mb4_unicode_ci NOT NULL,
  `symbol` varchar(10) COLLATE utf8mb4_unicode_ci NOT NULL,
  `is_prefix_symbol` tinyint unsigned NOT NULL DEFAULT '0',
  `decimals` tinyint unsigned DEFAULT '0',
  `order` int unsigned DEFAULT '0',
  `is_default` tinyint NOT NULL DEFAULT '0',
  `exchange_rate` double NOT NULL DEFAULT '1',
  `created_at` timestamp NULL DEFAULT NULL,
  `updated_at` timestamp NULL DEFAULT NULL,
  PRIMARY KEY (`id`)
) ENGINE=InnoDB AUTO_INCREMENT=5 DEFAULT CHARSET=utf8mb4 COLLATE=utf8mb4_unicode_ci;

--
-- Dumping data for table `ec_currencies`
--

INSERT INTO `ec_currencies` VALUES (1,'USD','$',1,2,0,1,1,'2024-10-31 20:47:08','2024-10-31 20:47:08'),(2,'EUR','€',0,2,1,0,0.84,'2024-10-31 20:47:08','2024-10-31 20:47:08'),(3,'VND','₫',0,0,2,0,23203,'2024-10-31 20:47:08','2024-10-31 20:47:08'),(4,'NGN','₦',1,2,2,0,895.52,'2024-10-31 20:47:08','2024-10-31 20:47:08');

--
-- Table structure for table `ec_customer_addresses`
--

CREATE TABLE `ec_customer_addresses` (
  `id` bigint unsigned NOT NULL AUTO_INCREMENT,
  `name` varchar(191) COLLATE utf8mb4_unicode_ci NOT NULL,
  `email` varchar(60) COLLATE utf8mb4_unicode_ci DEFAULT NULL,
  `phone` varchar(20) COLLATE utf8mb4_unicode_ci DEFAULT NULL,
  `country` varchar(120) COLLATE utf8mb4_unicode_ci DEFAULT NULL,
  `state` varchar(120) COLLATE utf8mb4_unicode_ci DEFAULT NULL,
  `city` varchar(120) COLLATE utf8mb4_unicode_ci DEFAULT NULL,
  `address` varchar(191) COLLATE utf8mb4_unicode_ci DEFAULT NULL,
  `customer_id` bigint unsigned NOT NULL,
  `is_default` tinyint unsigned NOT NULL DEFAULT '0',
  `created_at` timestamp NULL DEFAULT NULL,
  `updated_at` timestamp NULL DEFAULT NULL,
  `zip_code` varchar(20) COLLATE utf8mb4_unicode_ci DEFAULT NULL,
  PRIMARY KEY (`id`)
) ENGINE=InnoDB AUTO_INCREMENT=13 DEFAULT CHARSET=utf8mb4 COLLATE=utf8mb4_unicode_ci;

--
-- Dumping data for table `ec_customer_addresses`
--

INSERT INTO `ec_customer_addresses` VALUES (1,'Randi Conn','customer@botble.com','+19384876142','UY','Tennessee','Pascaleborough','76511 Mante Mountains',1,1,'2024-10-31 20:47:09','2024-10-31 20:47:09','54912-1582'),(2,'Randi Conn','customer@botble.com','+19784729004','NC','South Carolina','Tillmanside','819 Esteban Squares',1,0,'2024-10-31 20:47:09','2024-10-31 20:47:09','99905-3435'),(3,'Virgil Borer','vendor@botble.com','+15868483593','RS','Kentucky','West Leora','6431 Sanford Curve',2,1,'2024-10-31 20:47:10','2024-10-31 20:47:10','56514'),(4,'Virgil Borer','vendor@botble.com','+13349730807','BR','North Dakota','New Candelario','90102 Effertz Flat',2,0,'2024-10-31 20:47:10','2024-10-31 20:47:10','18641'),(5,'Augusta Beer','bosco.arvel@example.net','+19284453382','KW','Indiana','New Paxton','683 Rae Rue Apt. 224',3,1,'2024-10-31 20:47:10','2024-10-31 20:47:10','32175'),(6,'Ms. River McCullough','khansen@example.com','+17658218645','UA','Louisiana','Roweshire','87171 Cormier Plaza',4,1,'2024-10-31 20:47:10','2024-10-31 20:47:10','41235'),(7,'Lia Nikolaus','dickens.kelton@example.com','+19067235378','MN','Alabama','New Vernice','951 Fadel Harbors',5,1,'2024-10-31 20:47:10','2024-10-31 20:47:10','81748'),(8,'Dr. Hayley Herzog MD','hintz.rollin@example.net','+15862100205','CR','Nebraska','West Jesusview','336 Madison Junctions',6,1,'2024-10-31 20:47:11','2024-10-31 20:47:11','04700'),(9,'Katrina Schumm','yorn@example.com','+12722244247','TR','Louisiana','New Christianhaven','9249 Romaine Stream Apt. 909',7,1,'2024-10-31 20:47:11','2024-10-31 20:47:11','63468'),(10,'Dr. Rosella Grimes','bonita39@example.net','+14848810194','DE','Arizona','East Dorthybury','482 Sean Path Apt. 859',8,1,'2024-10-31 20:47:11','2024-10-31 20:47:11','28337-1672'),(11,'Deon Reilly II','kimberly83@example.com','+15758529638','PF','West Virginia','Rozellaview','4559 Block Spur',9,1,'2024-10-31 20:47:11','2024-10-31 20:47:11','79630'),(12,'Kattie Jones','hegmann.webster@example.com','+18285441827','BS','Oklahoma','Marleystad','979 Lang Extension',10,1,'2024-10-31 20:47:12','2024-10-31 20:47:12','87529-1363');

--
-- Table structure for table `ec_customer_deletion_requests`
--

CREATE TABLE `ec_customer_deletion_requests` (
  `id` bigint unsigned NOT NULL AUTO_INCREMENT,
  `customer_id` bigint unsigned NOT NULL,
  `customer_name` varchar(191) COLLATE utf8mb4_unicode_ci DEFAULT NULL,
  `customer_phone` varchar(191) COLLATE utf8mb4_unicode_ci DEFAULT NULL,
  `customer_email` varchar(191) COLLATE utf8mb4_unicode_ci DEFAULT NULL,
  `token` varchar(191) COLLATE utf8mb4_unicode_ci NOT NULL,
  `status` varchar(50) COLLATE utf8mb4_unicode_ci NOT NULL DEFAULT 'waiting_for_confirmation',
  `reason` text COLLATE utf8mb4_unicode_ci,
  `confirmed_at` datetime DEFAULT NULL,
  `created_at` timestamp NULL DEFAULT NULL,
  `updated_at` timestamp NULL DEFAULT NULL,
  PRIMARY KEY (`id`),
  UNIQUE KEY `ec_customer_deletion_requests_token_unique` (`token`)
) ENGINE=InnoDB DEFAULT CHARSET=utf8mb4 COLLATE=utf8mb4_unicode_ci;

--
-- Dumping data for table `ec_customer_deletion_requests`
--


--
-- Table structure for table `ec_customer_password_resets`
--

CREATE TABLE `ec_customer_password_resets` (
  `email` varchar(191) COLLATE utf8mb4_unicode_ci NOT NULL,
  `token` varchar(191) COLLATE utf8mb4_unicode_ci NOT NULL,
  `created_at` timestamp NULL DEFAULT NULL,
  KEY `ec_customer_password_resets_email_index` (`email`),
  KEY `ec_customer_password_resets_token_index` (`token`)
) ENGINE=InnoDB DEFAULT CHARSET=utf8mb4 COLLATE=utf8mb4_unicode_ci;

--
-- Dumping data for table `ec_customer_password_resets`
--


--
-- Table structure for table `ec_customer_recently_viewed_products`
--

CREATE TABLE `ec_customer_recently_viewed_products` (
  `id` bigint unsigned NOT NULL AUTO_INCREMENT,
  `customer_id` bigint unsigned NOT NULL,
  `product_id` bigint unsigned NOT NULL,
  PRIMARY KEY (`id`)
) ENGINE=InnoDB DEFAULT CHARSET=utf8mb4 COLLATE=utf8mb4_unicode_ci;

--
-- Dumping data for table `ec_customer_recently_viewed_products`
--


--
-- Table structure for table `ec_customer_used_coupons`
--

CREATE TABLE `ec_customer_used_coupons` (
  `discount_id` bigint unsigned NOT NULL,
  `customer_id` bigint unsigned NOT NULL,
  PRIMARY KEY (`discount_id`,`customer_id`)
) ENGINE=InnoDB DEFAULT CHARSET=utf8mb4 COLLATE=utf8mb4_unicode_ci;

--
-- Dumping data for table `ec_customer_used_coupons`
--


--
-- Table structure for table `ec_discount_customers`
--

CREATE TABLE `ec_discount_customers` (
  `discount_id` bigint unsigned NOT NULL,
  `customer_id` bigint unsigned NOT NULL,
  PRIMARY KEY (`discount_id`,`customer_id`)
) ENGINE=InnoDB DEFAULT CHARSET=utf8mb4 COLLATE=utf8mb4_unicode_ci;

--
-- Dumping data for table `ec_discount_customers`
--


--
-- Table structure for table `ec_discount_product_categories`
--

CREATE TABLE `ec_discount_product_categories` (
  `discount_id` bigint unsigned NOT NULL,
  `product_category_id` bigint unsigned NOT NULL,
  PRIMARY KEY (`discount_id`,`product_category_id`)
) ENGINE=InnoDB DEFAULT CHARSET=utf8mb4 COLLATE=utf8mb4_unicode_ci;

--
-- Dumping data for table `ec_discount_product_categories`
--


--
-- Table structure for table `ec_discount_product_collections`
--

CREATE TABLE `ec_discount_product_collections` (
  `discount_id` bigint unsigned NOT NULL,
  `product_collection_id` bigint unsigned NOT NULL,
  PRIMARY KEY (`discount_id`,`product_collection_id`)
) ENGINE=InnoDB DEFAULT CHARSET=utf8mb4 COLLATE=utf8mb4_unicode_ci;

--
-- Dumping data for table `ec_discount_product_collections`
--


--
-- Table structure for table `ec_discount_products`
--

CREATE TABLE `ec_discount_products` (
  `discount_id` bigint unsigned NOT NULL,
  `product_id` bigint unsigned NOT NULL,
  PRIMARY KEY (`discount_id`,`product_id`)
) ENGINE=InnoDB DEFAULT CHARSET=utf8mb4 COLLATE=utf8mb4_unicode_ci;

--
-- Dumping data for table `ec_discount_products`
--


--
-- Table structure for table `ec_discounts`
--

CREATE TABLE `ec_discounts` (
  `id` bigint unsigned NOT NULL AUTO_INCREMENT,
  `title` varchar(120) COLLATE utf8mb4_unicode_ci DEFAULT NULL,
  `code` varchar(20) COLLATE utf8mb4_unicode_ci DEFAULT NULL,
  `start_date` datetime DEFAULT NULL,
  `end_date` datetime DEFAULT NULL,
  `quantity` int DEFAULT NULL,
  `total_used` int unsigned NOT NULL DEFAULT '0',
  `value` double DEFAULT NULL,
  `type` varchar(60) COLLATE utf8mb4_unicode_ci DEFAULT 'coupon',
  `can_use_with_promotion` tinyint(1) NOT NULL DEFAULT '0',
  `can_use_with_flash_sale` tinyint(1) NOT NULL DEFAULT '0',
  `discount_on` varchar(20) COLLATE utf8mb4_unicode_ci DEFAULT NULL,
  `product_quantity` int unsigned DEFAULT NULL,
  `type_option` varchar(100) COLLATE utf8mb4_unicode_ci NOT NULL DEFAULT 'amount',
  `target` varchar(100) COLLATE utf8mb4_unicode_ci NOT NULL DEFAULT 'all-orders',
  `min_order_price` decimal(15,2) DEFAULT NULL,
  `apply_via_url` tinyint(1) NOT NULL DEFAULT '0',
  `display_at_checkout` tinyint(1) NOT NULL DEFAULT '0',
  `created_at` timestamp NULL DEFAULT NULL,
  `updated_at` timestamp NULL DEFAULT NULL,
  `store_id` bigint unsigned DEFAULT NULL,
  `description` varchar(400) COLLATE utf8mb4_unicode_ci DEFAULT NULL,
  PRIMARY KEY (`id`),
  UNIQUE KEY `ec_discounts_code_unique` (`code`)
) ENGINE=InnoDB AUTO_INCREMENT=11 DEFAULT CHARSET=utf8mb4 COLLATE=utf8mb4_unicode_ci;

--
-- Dumping data for table `ec_discounts`
--

INSERT INTO `ec_discounts` VALUES (1,'Discount 1','CIVFD7YSE8RX','2024-10-31 03:47:13','2024-11-08 03:47:13',NULL,0,47,'coupon',0,0,NULL,NULL,'amount','all-orders',NULL,0,1,'2024-10-31 20:47:13','2024-10-31 20:47:13',NULL,NULL),(2,'Discount 2','XDONQGGE2R44','2024-10-31 03:47:13',NULL,NULL,0,326,'coupon',0,0,NULL,NULL,'amount','all-orders',NULL,0,1,'2024-10-31 20:47:13','2024-10-31 20:47:13',NULL,NULL),(3,'Discount 3','XV8FEBURTGSL','2024-10-31 03:47:13',NULL,NULL,0,102,'coupon',0,0,NULL,NULL,'amount','all-orders',NULL,0,1,'2024-10-31 20:47:13','2024-10-31 20:47:13',NULL,NULL),(4,'Discount 4','JRAMNZEUMDPB','2024-10-31 03:47:13',NULL,NULL,0,174,'coupon',0,0,NULL,NULL,'shipping','all-orders',NULL,0,1,'2024-10-31 20:47:13','2024-10-31 20:47:13',NULL,NULL),(5,'Discount 5','YAEWOXYADGAN','2024-10-31 03:47:13',NULL,NULL,0,345,'coupon',0,0,NULL,NULL,'shipping','all-orders',NULL,0,1,'2024-10-31 20:47:13','2024-10-31 20:47:13',NULL,NULL),(6,'Discount 6','UYU6JLKDBZAO','2024-10-31 03:47:13',NULL,NULL,0,11,'coupon',0,0,NULL,NULL,'percentage','all-orders',NULL,0,1,'2024-10-31 20:47:13','2024-10-31 20:47:13',NULL,NULL),(7,'Discount 7','0ZOWYUN4CZDB','2024-10-31 03:47:13','2024-11-08 03:47:13',NULL,0,40,'coupon',0,0,NULL,NULL,'same-price','all-orders',NULL,0,1,'2024-10-31 20:47:13','2024-10-31 20:47:13',NULL,NULL),(8,'Discount 8','EDBL972MPBOX','2024-10-31 03:47:13','2024-11-04 03:47:13',NULL,0,929,'coupon',0,0,NULL,NULL,'same-price','all-orders',NULL,0,1,'2024-10-31 20:47:13','2024-10-31 20:47:13',NULL,NULL),(9,'Discount 9','0GFDZJLSRGTZ','2024-10-31 03:47:13',NULL,NULL,0,693,'coupon',0,0,NULL,NULL,'amount','all-orders',NULL,0,1,'2024-10-31 20:47:13','2024-10-31 20:47:13',NULL,NULL),(10,'Discount 10','XOGQ35JEPAEG','2024-10-31 03:47:13',NULL,NULL,0,361,'coupon',0,0,NULL,NULL,'amount','all-orders',NULL,0,1,'2024-10-31 20:47:13','2024-10-31 20:47:13',NULL,NULL);

--
-- Table structure for table `ec_flash_sale_products`
--

CREATE TABLE `ec_flash_sale_products` (
  `flash_sale_id` bigint unsigned NOT NULL,
  `product_id` bigint unsigned NOT NULL,
  `price` double unsigned DEFAULT NULL,
  `quantity` int unsigned DEFAULT NULL,
  `sold` int unsigned NOT NULL DEFAULT '0'
) ENGINE=InnoDB DEFAULT CHARSET=utf8mb4 COLLATE=utf8mb4_unicode_ci;

--
-- Dumping data for table `ec_flash_sale_products`
--

INSERT INTO `ec_flash_sale_products` VALUES (1,1,586.92,8,5),(1,2,67.86,13,1),(1,3,503.48,19,2),(1,4,708.1452,7,5),(1,5,803.4,13,1),(1,6,100.98,16,3),(1,7,1243.38,17,1),(1,8,885.7728,14,1),(1,9,263.64,8,1),(1,10,1364.3,14,1);

--
-- Table structure for table `ec_flash_sales`
--

CREATE TABLE `ec_flash_sales` (
  `id` bigint unsigned NOT NULL AUTO_INCREMENT,
  `name` varchar(191) COLLATE utf8mb4_unicode_ci NOT NULL,
  `end_date` datetime NOT NULL,
  `status` varchar(60) COLLATE utf8mb4_unicode_ci NOT NULL DEFAULT 'published',
  `created_at` timestamp NULL DEFAULT NULL,
  `updated_at` timestamp NULL DEFAULT NULL,
  PRIMARY KEY (`id`)
) ENGINE=InnoDB AUTO_INCREMENT=2 DEFAULT CHARSET=utf8mb4 COLLATE=utf8mb4_unicode_ci;

--
-- Dumping data for table `ec_flash_sales`
--

INSERT INTO `ec_flash_sales` VALUES (1,'Winter Sale','2024-11-17 00:00:00','published','2024-10-31 20:47:18','2024-10-31 20:47:18');

--
-- Table structure for table `ec_flash_sales_translations`
--

CREATE TABLE `ec_flash_sales_translations` (
  `lang_code` varchar(191) COLLATE utf8mb4_unicode_ci NOT NULL,
  `ec_flash_sales_id` bigint unsigned NOT NULL,
  `name` varchar(191) COLLATE utf8mb4_unicode_ci DEFAULT NULL,
  PRIMARY KEY (`lang_code`,`ec_flash_sales_id`)
) ENGINE=InnoDB DEFAULT CHARSET=utf8mb4 COLLATE=utf8mb4_unicode_ci;

--
-- Dumping data for table `ec_flash_sales_translations`
--


--
-- Table structure for table `ec_global_option_value`
--

CREATE TABLE `ec_global_option_value` (
  `id` bigint unsigned NOT NULL AUTO_INCREMENT,
  `option_id` bigint unsigned NOT NULL COMMENT 'option id',
  `option_value` tinytext COLLATE utf8mb4_unicode_ci COMMENT 'option value',
  `affect_price` double DEFAULT NULL COMMENT 'value of price of this option affect',
  `order` int NOT NULL DEFAULT '9999',
  `affect_type` tinyint NOT NULL DEFAULT '0' COMMENT '0. fixed 1. percent',
  `created_at` timestamp NULL DEFAULT NULL,
  `updated_at` timestamp NULL DEFAULT NULL,
  PRIMARY KEY (`id`)
) ENGINE=InnoDB AUTO_INCREMENT=13 DEFAULT CHARSET=utf8mb4 COLLATE=utf8mb4_unicode_ci;

--
-- Dumping data for table `ec_global_option_value`
--

INSERT INTO `ec_global_option_value` VALUES (1,1,'1 Year',0,9999,0,'2024-10-31 20:47:13','2024-10-31 20:47:13'),(2,1,'2 Year',10,9999,0,'2024-10-31 20:47:13','2024-10-31 20:47:13'),(3,1,'3 Year',20,9999,0,'2024-10-31 20:47:13','2024-10-31 20:47:13'),(4,2,'4GB',0,9999,0,'2024-10-31 20:47:13','2024-10-31 20:47:13'),(5,2,'8GB',10,9999,0,'2024-10-31 20:47:13','2024-10-31 20:47:13'),(6,2,'16GB',20,9999,0,'2024-10-31 20:47:13','2024-10-31 20:47:13'),(7,3,'Core i5',0,9999,0,'2024-10-31 20:47:13','2024-10-31 20:47:13'),(8,3,'Core i7',10,9999,0,'2024-10-31 20:47:13','2024-10-31 20:47:13'),(9,3,'Core i9',20,9999,0,'2024-10-31 20:47:13','2024-10-31 20:47:13'),(10,4,'128GB',0,9999,0,'2024-10-31 20:47:13','2024-10-31 20:47:13'),(11,4,'256GB',10,9999,0,'2024-10-31 20:47:13','2024-10-31 20:47:13'),(12,4,'512GB',20,9999,0,'2024-10-31 20:47:13','2024-10-31 20:47:13');

--
-- Table structure for table `ec_global_option_value_translations`
--

CREATE TABLE `ec_global_option_value_translations` (
  `lang_code` varchar(191) COLLATE utf8mb4_unicode_ci NOT NULL,
  `ec_global_option_value_id` bigint unsigned NOT NULL,
  `option_value` varchar(191) COLLATE utf8mb4_unicode_ci DEFAULT NULL,
  PRIMARY KEY (`lang_code`,`ec_global_option_value_id`)
) ENGINE=InnoDB DEFAULT CHARSET=utf8mb4 COLLATE=utf8mb4_unicode_ci;

--
-- Dumping data for table `ec_global_option_value_translations`
--


--
-- Table structure for table `ec_global_options`
--

CREATE TABLE `ec_global_options` (
  `id` bigint unsigned NOT NULL AUTO_INCREMENT,
  `name` varchar(191) COLLATE utf8mb4_unicode_ci NOT NULL COMMENT 'Name of options',
  `option_type` varchar(191) COLLATE utf8mb4_unicode_ci NOT NULL COMMENT 'option type',
  `required` tinyint(1) NOT NULL DEFAULT '0' COMMENT 'Checked if this option is required',
  `created_at` timestamp NULL DEFAULT NULL,
  `updated_at` timestamp NULL DEFAULT NULL,
  PRIMARY KEY (`id`)
) ENGINE=InnoDB AUTO_INCREMENT=5 DEFAULT CHARSET=utf8mb4 COLLATE=utf8mb4_unicode_ci;

--
-- Dumping data for table `ec_global_options`
--

INSERT INTO `ec_global_options` VALUES (1,'Warranty','Botble\\Ecommerce\\Option\\OptionType\\RadioButton',1,'2024-10-31 20:47:13','2024-10-31 20:47:13'),(2,'RAM','Botble\\Ecommerce\\Option\\OptionType\\RadioButton',1,'2024-10-31 20:47:13','2024-10-31 20:47:13'),(3,'CPU','Botble\\Ecommerce\\Option\\OptionType\\RadioButton',1,'2024-10-31 20:47:13','2024-10-31 20:47:13'),(4,'HDD','Botble\\Ecommerce\\Option\\OptionType\\Dropdown',0,'2024-10-31 20:47:13','2024-10-31 20:47:13');

--
-- Table structure for table `ec_global_options_translations`
--

CREATE TABLE `ec_global_options_translations` (
  `lang_code` varchar(191) COLLATE utf8mb4_unicode_ci NOT NULL,
  `ec_global_options_id` bigint unsigned NOT NULL,
  `name` varchar(191) COLLATE utf8mb4_unicode_ci DEFAULT NULL,
  PRIMARY KEY (`lang_code`,`ec_global_options_id`)
) ENGINE=InnoDB DEFAULT CHARSET=utf8mb4 COLLATE=utf8mb4_unicode_ci;

--
-- Dumping data for table `ec_global_options_translations`
--


--
-- Table structure for table `ec_grouped_products`
--

CREATE TABLE `ec_grouped_products` (
  `id` bigint unsigned NOT NULL AUTO_INCREMENT,
  `parent_product_id` bigint unsigned NOT NULL,
  `product_id` bigint unsigned NOT NULL,
  `fixed_qty` int NOT NULL DEFAULT '1',
  PRIMARY KEY (`id`)
) ENGINE=InnoDB DEFAULT CHARSET=utf8mb4 COLLATE=utf8mb4_unicode_ci;

--
-- Dumping data for table `ec_grouped_products`
--


--
-- Table structure for table `ec_invoice_items`
--

CREATE TABLE `ec_invoice_items` (
  `id` bigint unsigned NOT NULL AUTO_INCREMENT,
  `invoice_id` bigint unsigned NOT NULL,
  `reference_type` varchar(191) COLLATE utf8mb4_unicode_ci NOT NULL,
  `reference_id` bigint unsigned NOT NULL,
  `name` varchar(191) COLLATE utf8mb4_unicode_ci NOT NULL,
  `description` varchar(400) COLLATE utf8mb4_unicode_ci DEFAULT NULL,
  `image` varchar(191) COLLATE utf8mb4_unicode_ci DEFAULT NULL,
  `qty` int unsigned NOT NULL,
  `price` decimal(15,2) NOT NULL DEFAULT '0.00',
  `sub_total` decimal(15,2) unsigned NOT NULL,
  `tax_amount` decimal(15,2) unsigned NOT NULL DEFAULT '0.00',
  `discount_amount` decimal(15,2) unsigned NOT NULL DEFAULT '0.00',
  `amount` decimal(15,2) unsigned NOT NULL,
  `options` text COLLATE utf8mb4_unicode_ci,
  `created_at` timestamp NULL DEFAULT NULL,
  `updated_at` timestamp NULL DEFAULT NULL,
  PRIMARY KEY (`id`),
  KEY `ec_invoice_items_reference_type_reference_id_index` (`reference_type`,`reference_id`)
) ENGINE=InnoDB DEFAULT CHARSET=utf8mb4 COLLATE=utf8mb4_unicode_ci;

--
-- Dumping data for table `ec_invoice_items`
--


--
-- Table structure for table `ec_invoices`
--

CREATE TABLE `ec_invoices` (
  `id` bigint unsigned NOT NULL AUTO_INCREMENT,
  `reference_type` varchar(191) COLLATE utf8mb4_unicode_ci NOT NULL,
  `reference_id` bigint unsigned NOT NULL,
  `code` varchar(191) COLLATE utf8mb4_unicode_ci NOT NULL,
  `customer_name` varchar(191) COLLATE utf8mb4_unicode_ci DEFAULT NULL,
  `company_name` varchar(191) COLLATE utf8mb4_unicode_ci DEFAULT NULL,
  `company_logo` varchar(191) COLLATE utf8mb4_unicode_ci DEFAULT NULL,
  `customer_email` varchar(191) COLLATE utf8mb4_unicode_ci DEFAULT NULL,
  `customer_phone` varchar(191) COLLATE utf8mb4_unicode_ci DEFAULT NULL,
  `customer_address` varchar(191) COLLATE utf8mb4_unicode_ci DEFAULT NULL,
  `customer_tax_id` varchar(191) COLLATE utf8mb4_unicode_ci DEFAULT NULL,
  `sub_total` decimal(15,2) unsigned NOT NULL,
  `tax_amount` decimal(15,2) unsigned NOT NULL DEFAULT '0.00',
  `shipping_amount` decimal(15,2) unsigned NOT NULL DEFAULT '0.00',
  `discount_amount` decimal(15,2) unsigned NOT NULL DEFAULT '0.00',
  `shipping_option` varchar(60) COLLATE utf8mb4_unicode_ci DEFAULT NULL,
  `shipping_method` varchar(60) COLLATE utf8mb4_unicode_ci NOT NULL DEFAULT 'default',
  `coupon_code` varchar(120) COLLATE utf8mb4_unicode_ci DEFAULT NULL,
  `discount_description` varchar(191) COLLATE utf8mb4_unicode_ci DEFAULT NULL,
  `amount` decimal(15,2) unsigned NOT NULL,
  `description` text COLLATE utf8mb4_unicode_ci,
  `payment_id` bigint unsigned DEFAULT NULL,
  `status` varchar(191) COLLATE utf8mb4_unicode_ci NOT NULL DEFAULT 'pending',
  `paid_at` timestamp NULL DEFAULT NULL,
  `created_at` timestamp NULL DEFAULT NULL,
  `updated_at` timestamp NULL DEFAULT NULL,
  PRIMARY KEY (`id`),
  UNIQUE KEY `ec_invoices_code_unique` (`code`),
  KEY `ec_invoices_reference_type_reference_id_index` (`reference_type`,`reference_id`),
  KEY `ec_invoices_payment_id_index` (`payment_id`),
  KEY `ec_invoices_status_index` (`status`)
) ENGINE=InnoDB DEFAULT CHARSET=utf8mb4 COLLATE=utf8mb4_unicode_ci;

--
-- Dumping data for table `ec_invoices`
--


--
-- Table structure for table `ec_option_value`
--

CREATE TABLE `ec_option_value` (
  `id` bigint unsigned NOT NULL AUTO_INCREMENT,
  `option_id` bigint unsigned NOT NULL COMMENT 'option id',
  `option_value` tinytext COLLATE utf8mb4_unicode_ci COMMENT 'option value',
  `affect_price` double DEFAULT NULL COMMENT 'value of price of this option affect',
  `order` int NOT NULL DEFAULT '9999',
  `affect_type` tinyint NOT NULL DEFAULT '0' COMMENT '0. fixed 1. percent',
  `created_at` timestamp NULL DEFAULT NULL,
  `updated_at` timestamp NULL DEFAULT NULL,
  PRIMARY KEY (`id`)
) ENGINE=InnoDB DEFAULT CHARSET=utf8mb4 COLLATE=utf8mb4_unicode_ci;

--
-- Dumping data for table `ec_option_value`
--


--
-- Table structure for table `ec_option_value_translations`
--

CREATE TABLE `ec_option_value_translations` (
  `lang_code` varchar(191) COLLATE utf8mb4_unicode_ci NOT NULL,
  `ec_option_value_id` bigint unsigned NOT NULL,
  `option_value` varchar(191) COLLATE utf8mb4_unicode_ci DEFAULT NULL,
  PRIMARY KEY (`lang_code`,`ec_option_value_id`)
) ENGINE=InnoDB DEFAULT CHARSET=utf8mb4 COLLATE=utf8mb4_unicode_ci;

--
-- Dumping data for table `ec_option_value_translations`
--


--
-- Table structure for table `ec_options`
--

CREATE TABLE `ec_options` (
  `id` bigint unsigned NOT NULL AUTO_INCREMENT,
  `name` varchar(191) COLLATE utf8mb4_unicode_ci NOT NULL COMMENT 'Name of options',
  `option_type` varchar(191) COLLATE utf8mb4_unicode_ci DEFAULT NULL COMMENT 'option type',
  `product_id` bigint unsigned NOT NULL DEFAULT '0',
  `order` int NOT NULL DEFAULT '9999',
  `required` tinyint(1) NOT NULL DEFAULT '0' COMMENT 'Checked if this option is required',
  `created_at` timestamp NULL DEFAULT NULL,
  `updated_at` timestamp NULL DEFAULT NULL,
  PRIMARY KEY (`id`)
) ENGINE=InnoDB DEFAULT CHARSET=utf8mb4 COLLATE=utf8mb4_unicode_ci;

--
-- Dumping data for table `ec_options`
--


--
-- Table structure for table `ec_options_translations`
--

CREATE TABLE `ec_options_translations` (
  `lang_code` varchar(191) COLLATE utf8mb4_unicode_ci NOT NULL,
  `ec_options_id` bigint unsigned NOT NULL,
  `name` varchar(191) COLLATE utf8mb4_unicode_ci DEFAULT NULL,
  PRIMARY KEY (`lang_code`,`ec_options_id`)
) ENGINE=InnoDB DEFAULT CHARSET=utf8mb4 COLLATE=utf8mb4_unicode_ci;

--
-- Dumping data for table `ec_options_translations`
--


--
-- Table structure for table `ec_order_addresses`
--

CREATE TABLE `ec_order_addresses` (
  `id` bigint unsigned NOT NULL AUTO_INCREMENT,
  `name` varchar(191) COLLATE utf8mb4_unicode_ci NOT NULL,
  `phone` varchar(20) COLLATE utf8mb4_unicode_ci DEFAULT NULL,
  `email` varchar(191) COLLATE utf8mb4_unicode_ci DEFAULT NULL,
  `country` varchar(120) COLLATE utf8mb4_unicode_ci DEFAULT NULL,
  `state` varchar(120) COLLATE utf8mb4_unicode_ci DEFAULT NULL,
  `city` varchar(120) COLLATE utf8mb4_unicode_ci DEFAULT NULL,
  `address` varchar(191) COLLATE utf8mb4_unicode_ci DEFAULT NULL,
  `order_id` bigint unsigned NOT NULL,
  `zip_code` varchar(20) COLLATE utf8mb4_unicode_ci DEFAULT NULL,
  `type` varchar(60) COLLATE utf8mb4_unicode_ci NOT NULL DEFAULT 'shipping_address',
  PRIMARY KEY (`id`)
) ENGINE=InnoDB DEFAULT CHARSET=utf8mb4 COLLATE=utf8mb4_unicode_ci;

--
-- Dumping data for table `ec_order_addresses`
--


--
-- Table structure for table `ec_order_histories`
--

CREATE TABLE `ec_order_histories` (
  `id` bigint unsigned NOT NULL AUTO_INCREMENT,
  `action` varchar(120) COLLATE utf8mb4_unicode_ci NOT NULL,
  `description` varchar(400) COLLATE utf8mb4_unicode_ci DEFAULT NULL,
  `user_id` bigint unsigned DEFAULT NULL,
  `order_id` bigint unsigned NOT NULL,
  `extras` text COLLATE utf8mb4_unicode_ci,
  `created_at` timestamp NULL DEFAULT NULL,
  `updated_at` timestamp NULL DEFAULT NULL,
  PRIMARY KEY (`id`)
) ENGINE=InnoDB DEFAULT CHARSET=utf8mb4 COLLATE=utf8mb4_unicode_ci;

--
-- Dumping data for table `ec_order_histories`
--


--
-- Table structure for table `ec_order_product`
--

CREATE TABLE `ec_order_product` (
  `id` bigint unsigned NOT NULL AUTO_INCREMENT,
  `order_id` bigint unsigned NOT NULL,
  `qty` int NOT NULL,
  `price` decimal(15,2) NOT NULL,
  `tax_amount` decimal(15,2) NOT NULL,
  `options` text COLLATE utf8mb4_unicode_ci,
  `product_options` text COLLATE utf8mb4_unicode_ci COMMENT 'product option data',
  `product_id` bigint unsigned DEFAULT NULL,
  `product_name` varchar(191) COLLATE utf8mb4_unicode_ci NOT NULL,
  `product_image` varchar(191) COLLATE utf8mb4_unicode_ci DEFAULT NULL,
  `weight` double(8,2) DEFAULT '0.00',
  `restock_quantity` int unsigned DEFAULT '0',
  `created_at` timestamp NULL DEFAULT NULL,
  `updated_at` timestamp NULL DEFAULT NULL,
  `product_type` varchar(60) COLLATE utf8mb4_unicode_ci NOT NULL DEFAULT 'physical',
  `times_downloaded` int NOT NULL DEFAULT '0',
  `license_code` char(36) COLLATE utf8mb4_unicode_ci DEFAULT NULL,
  `downloaded_at` timestamp NULL DEFAULT NULL,
  PRIMARY KEY (`id`)
) ENGINE=InnoDB DEFAULT CHARSET=utf8mb4 COLLATE=utf8mb4_unicode_ci;

--
-- Dumping data for table `ec_order_product`
--


--
-- Table structure for table `ec_order_referrals`
--

CREATE TABLE `ec_order_referrals` (
  `id` bigint unsigned NOT NULL AUTO_INCREMENT,
  `ip` varchar(39) COLLATE utf8mb4_unicode_ci DEFAULT NULL,
  `landing_domain` varchar(191) COLLATE utf8mb4_unicode_ci DEFAULT NULL,
  `landing_page` varchar(191) COLLATE utf8mb4_unicode_ci DEFAULT NULL,
  `landing_params` varchar(191) COLLATE utf8mb4_unicode_ci DEFAULT NULL,
  `referral` varchar(191) COLLATE utf8mb4_unicode_ci DEFAULT NULL,
  `gclid` varchar(191) COLLATE utf8mb4_unicode_ci DEFAULT NULL,
  `fclid` varchar(191) COLLATE utf8mb4_unicode_ci DEFAULT NULL,
  `utm_source` varchar(191) COLLATE utf8mb4_unicode_ci DEFAULT NULL,
  `utm_campaign` varchar(191) COLLATE utf8mb4_unicode_ci DEFAULT NULL,
  `utm_medium` varchar(191) COLLATE utf8mb4_unicode_ci DEFAULT NULL,
  `utm_term` varchar(191) COLLATE utf8mb4_unicode_ci DEFAULT NULL,
  `utm_content` varchar(191) COLLATE utf8mb4_unicode_ci DEFAULT NULL,
  `referrer_url` text COLLATE utf8mb4_unicode_ci,
  `referrer_domain` varchar(191) COLLATE utf8mb4_unicode_ci DEFAULT NULL,
  `order_id` bigint unsigned DEFAULT NULL,
  `created_at` timestamp NULL DEFAULT NULL,
  `updated_at` timestamp NULL DEFAULT NULL,
  PRIMARY KEY (`id`),
  KEY `ec_order_referrals_order_id_index` (`order_id`)
) ENGINE=InnoDB DEFAULT CHARSET=utf8mb4 COLLATE=utf8mb4_unicode_ci;

--
-- Dumping data for table `ec_order_referrals`
--


--
-- Table structure for table `ec_order_return_histories`
--

CREATE TABLE `ec_order_return_histories` (
  `id` bigint unsigned NOT NULL AUTO_INCREMENT,
  `user_id` bigint unsigned DEFAULT NULL,
  `order_return_id` bigint unsigned NOT NULL,
  `action` varchar(191) COLLATE utf8mb4_unicode_ci NOT NULL,
  `description` varchar(400) COLLATE utf8mb4_unicode_ci DEFAULT NULL,
  `reason` varchar(191) COLLATE utf8mb4_unicode_ci DEFAULT NULL,
  `created_at` timestamp NULL DEFAULT NULL,
  `updated_at` timestamp NULL DEFAULT NULL,
  PRIMARY KEY (`id`)
) ENGINE=InnoDB DEFAULT CHARSET=utf8mb4 COLLATE=utf8mb4_unicode_ci;

--
-- Dumping data for table `ec_order_return_histories`
--


--
-- Table structure for table `ec_order_return_items`
--

CREATE TABLE `ec_order_return_items` (
  `id` bigint unsigned NOT NULL AUTO_INCREMENT,
  `order_return_id` bigint unsigned NOT NULL COMMENT 'Order return id',
  `order_product_id` bigint unsigned NOT NULL COMMENT 'Order product id',
  `product_id` bigint unsigned NOT NULL COMMENT 'Product id',
  `product_name` varchar(191) COLLATE utf8mb4_unicode_ci NOT NULL,
  `product_image` varchar(191) COLLATE utf8mb4_unicode_ci DEFAULT NULL,
  `qty` int NOT NULL COMMENT 'Quantity return',
  `price` decimal(15,2) NOT NULL COMMENT 'Price Product',
  `reason` text COLLATE utf8mb4_unicode_ci,
  `created_at` timestamp NULL DEFAULT NULL,
  `updated_at` timestamp NULL DEFAULT NULL,
  `refund_amount` decimal(12,2) DEFAULT '0.00',
  PRIMARY KEY (`id`)
) ENGINE=InnoDB DEFAULT CHARSET=utf8mb4 COLLATE=utf8mb4_unicode_ci;

--
-- Dumping data for table `ec_order_return_items`
--


--
-- Table structure for table `ec_order_returns`
--

CREATE TABLE `ec_order_returns` (
  `id` bigint unsigned NOT NULL AUTO_INCREMENT,
  `code` varchar(191) COLLATE utf8mb4_unicode_ci DEFAULT NULL,
  `order_id` bigint unsigned NOT NULL COMMENT 'Order ID',
  `store_id` bigint unsigned DEFAULT NULL COMMENT 'Store ID',
  `user_id` bigint unsigned NOT NULL COMMENT 'Customer ID',
  `reason` text COLLATE utf8mb4_unicode_ci COMMENT 'Reason return order',
  `order_status` varchar(191) COLLATE utf8mb4_unicode_ci DEFAULT NULL COMMENT 'Order current status',
  `return_status` varchar(191) COLLATE utf8mb4_unicode_ci NOT NULL COMMENT 'Return status',
  `created_at` timestamp NULL DEFAULT NULL,
  `updated_at` timestamp NULL DEFAULT NULL,
  PRIMARY KEY (`id`),
  UNIQUE KEY `ec_order_returns_code_unique` (`code`)
) ENGINE=InnoDB DEFAULT CHARSET=utf8mb4 COLLATE=utf8mb4_unicode_ci;

--
-- Dumping data for table `ec_order_returns`
--


--
-- Table structure for table `ec_order_tax_information`
--

CREATE TABLE `ec_order_tax_information` (
  `id` bigint unsigned NOT NULL AUTO_INCREMENT,
  `order_id` bigint unsigned NOT NULL,
  `company_name` varchar(120) COLLATE utf8mb4_unicode_ci NOT NULL,
  `company_address` varchar(191) COLLATE utf8mb4_unicode_ci NOT NULL,
  `company_tax_code` varchar(20) COLLATE utf8mb4_unicode_ci NOT NULL,
  `company_email` varchar(60) COLLATE utf8mb4_unicode_ci NOT NULL,
  `created_at` timestamp NULL DEFAULT NULL,
  `updated_at` timestamp NULL DEFAULT NULL,
  PRIMARY KEY (`id`),
  KEY `ec_order_tax_information_order_id_index` (`order_id`)
) ENGINE=InnoDB DEFAULT CHARSET=utf8mb4 COLLATE=utf8mb4_unicode_ci;

--
-- Dumping data for table `ec_order_tax_information`
--


--
-- Table structure for table `ec_orders`
--

CREATE TABLE `ec_orders` (
  `id` bigint unsigned NOT NULL AUTO_INCREMENT,
  `code` varchar(191) COLLATE utf8mb4_unicode_ci DEFAULT NULL,
  `user_id` bigint unsigned NOT NULL,
  `shipping_option` varchar(60) COLLATE utf8mb4_unicode_ci DEFAULT NULL,
  `shipping_method` varchar(60) COLLATE utf8mb4_unicode_ci NOT NULL DEFAULT 'default',
  `status` varchar(120) COLLATE utf8mb4_unicode_ci NOT NULL DEFAULT 'pending',
  `amount` decimal(15,2) NOT NULL,
  `tax_amount` decimal(15,2) DEFAULT NULL,
  `shipping_amount` decimal(15,2) DEFAULT NULL,
  `description` text COLLATE utf8mb4_unicode_ci,
  `coupon_code` varchar(120) COLLATE utf8mb4_unicode_ci DEFAULT NULL,
  `discount_amount` decimal(15,2) DEFAULT NULL,
  `sub_total` decimal(15,2) NOT NULL,
  `is_confirmed` tinyint(1) NOT NULL DEFAULT '0',
  `discount_description` varchar(191) COLLATE utf8mb4_unicode_ci DEFAULT NULL,
  `is_finished` tinyint(1) DEFAULT '0',
  `cancellation_reason` varchar(191) COLLATE utf8mb4_unicode_ci DEFAULT NULL,
  `cancellation_reason_description` varchar(191) COLLATE utf8mb4_unicode_ci DEFAULT NULL,
  `completed_at` timestamp NULL DEFAULT NULL,
  `token` varchar(120) COLLATE utf8mb4_unicode_ci DEFAULT NULL,
  `payment_id` bigint unsigned DEFAULT NULL,
  `created_at` timestamp NULL DEFAULT NULL,
  `updated_at` timestamp NULL DEFAULT NULL,
  `store_id` bigint unsigned DEFAULT NULL,
  `proof_file` varchar(191) COLLATE utf8mb4_unicode_ci DEFAULT NULL,
  PRIMARY KEY (`id`),
  UNIQUE KEY `ec_orders_code_unique` (`code`),
  KEY `ec_orders_user_id_status_created_at_index` (`user_id`,`status`,`created_at`)
) ENGINE=InnoDB DEFAULT CHARSET=utf8mb4 COLLATE=utf8mb4_unicode_ci;

--
-- Dumping data for table `ec_orders`
--


--
-- Table structure for table `ec_product_attribute_sets`
--

CREATE TABLE `ec_product_attribute_sets` (
  `id` bigint unsigned NOT NULL AUTO_INCREMENT,
  `title` varchar(120) COLLATE utf8mb4_unicode_ci NOT NULL,
  `slug` varchar(120) COLLATE utf8mb4_unicode_ci DEFAULT NULL,
  `display_layout` varchar(191) COLLATE utf8mb4_unicode_ci NOT NULL DEFAULT 'swatch_dropdown',
  `is_searchable` tinyint unsigned NOT NULL DEFAULT '1',
  `is_comparable` tinyint unsigned NOT NULL DEFAULT '1',
  `is_use_in_product_listing` tinyint unsigned NOT NULL DEFAULT '0',
  `status` varchar(60) COLLATE utf8mb4_unicode_ci NOT NULL DEFAULT 'published',
  `order` tinyint unsigned NOT NULL DEFAULT '0',
  `created_at` timestamp NULL DEFAULT NULL,
  `updated_at` timestamp NULL DEFAULT NULL,
  `use_image_from_product_variation` tinyint unsigned NOT NULL DEFAULT '0',
  PRIMARY KEY (`id`)
) ENGINE=InnoDB AUTO_INCREMENT=5 DEFAULT CHARSET=utf8mb4 COLLATE=utf8mb4_unicode_ci;

--
-- Dumping data for table `ec_product_attribute_sets`
--

INSERT INTO `ec_product_attribute_sets` VALUES (1,'Color','color','visual',1,1,1,'published',0,'2024-10-31 20:47:09','2024-10-31 20:47:09',0),(2,'Size','size','text',1,1,1,'published',1,'2024-10-31 20:47:09','2024-10-31 20:47:09',0),(3,'Weight','weight','text',1,1,1,'published',0,'2024-10-31 20:47:09','2024-10-31 20:47:09',0),(4,'Boxes','boxes','text',1,1,1,'published',1,'2024-10-31 20:47:09','2024-10-31 20:47:09',0);

--
-- Table structure for table `ec_product_attribute_sets_translations`
--

CREATE TABLE `ec_product_attribute_sets_translations` (
  `lang_code` varchar(191) COLLATE utf8mb4_unicode_ci NOT NULL,
  `ec_product_attribute_sets_id` bigint unsigned NOT NULL,
  `title` varchar(191) COLLATE utf8mb4_unicode_ci DEFAULT NULL,
  PRIMARY KEY (`lang_code`,`ec_product_attribute_sets_id`)
) ENGINE=InnoDB DEFAULT CHARSET=utf8mb4 COLLATE=utf8mb4_unicode_ci;

--
-- Dumping data for table `ec_product_attribute_sets_translations`
--


--
-- Table structure for table `ec_product_attributes`
--

CREATE TABLE `ec_product_attributes` (
  `id` bigint unsigned NOT NULL AUTO_INCREMENT,
  `attribute_set_id` bigint unsigned NOT NULL,
  `title` varchar(120) COLLATE utf8mb4_unicode_ci NOT NULL,
  `slug` varchar(120) COLLATE utf8mb4_unicode_ci DEFAULT NULL,
  `color` varchar(50) COLLATE utf8mb4_unicode_ci DEFAULT NULL,
  `image` varchar(191) COLLATE utf8mb4_unicode_ci DEFAULT NULL,
  `is_default` tinyint unsigned NOT NULL DEFAULT '0',
  `order` tinyint unsigned NOT NULL DEFAULT '0',
  `created_at` timestamp NULL DEFAULT NULL,
  `updated_at` timestamp NULL DEFAULT NULL,
  PRIMARY KEY (`id`),
  KEY `attribute_set_status_index` (`attribute_set_id`)
) ENGINE=InnoDB AUTO_INCREMENT=21 DEFAULT CHARSET=utf8mb4 COLLATE=utf8mb4_unicode_ci;

--
-- Dumping data for table `ec_product_attributes`
--

INSERT INTO `ec_product_attributes` VALUES (1,1,'Green','green','#5FB7D4',NULL,1,1,'2024-10-31 20:47:09','2024-10-31 20:47:09'),(2,1,'Blue','blue','#333333',NULL,0,2,'2024-10-31 20:47:09','2024-10-31 20:47:09'),(3,1,'Red','red','#DA323F',NULL,0,3,'2024-10-31 20:47:09','2024-10-31 20:47:09'),(4,1,'Black','black','#2F366C',NULL,0,4,'2024-10-31 20:47:09','2024-10-31 20:47:09'),(5,1,'Brown','brown','#87554B',NULL,0,5,'2024-10-31 20:47:09','2024-10-31 20:47:09'),(6,2,'S','s',NULL,NULL,1,1,'2024-10-31 20:47:09','2024-10-31 20:47:09'),(7,2,'M','m',NULL,NULL,0,2,'2024-10-31 20:47:09','2024-10-31 20:47:09'),(8,2,'L','l',NULL,NULL,0,3,'2024-10-31 20:47:09','2024-10-31 20:47:09'),(9,2,'XL','xl',NULL,NULL,0,4,'2024-10-31 20:47:09','2024-10-31 20:47:09'),(10,2,'XXL','xxl',NULL,NULL,0,5,'2024-10-31 20:47:09','2024-10-31 20:47:09'),(11,3,'1KG','1kg',NULL,NULL,1,1,'2024-10-31 20:47:09','2024-10-31 20:47:09'),(12,3,'2KG','2kg',NULL,NULL,0,2,'2024-10-31 20:47:09','2024-10-31 20:47:09'),(13,3,'3KG','3kg',NULL,NULL,0,3,'2024-10-31 20:47:09','2024-10-31 20:47:09'),(14,3,'4KG','4kg',NULL,NULL,0,4,'2024-10-31 20:47:09','2024-10-31 20:47:09'),(15,3,'5KG','5kg',NULL,NULL,0,5,'2024-10-31 20:47:09','2024-10-31 20:47:09'),(16,4,'1 Box','1-box',NULL,NULL,1,1,'2024-10-31 20:47:09','2024-10-31 20:47:09'),(17,4,'2 Boxes','2-boxes',NULL,NULL,0,2,'2024-10-31 20:47:09','2024-10-31 20:47:09'),(18,4,'3 Boxes','3-boxes',NULL,NULL,0,3,'2024-10-31 20:47:09','2024-10-31 20:47:09'),(19,4,'4 Boxes','4-boxes',NULL,NULL,0,4,'2024-10-31 20:47:09','2024-10-31 20:47:09'),(20,4,'5 Boxes','5-boxes',NULL,NULL,0,5,'2024-10-31 20:47:09','2024-10-31 20:47:09');

--
-- Table structure for table `ec_product_attributes_translations`
--

CREATE TABLE `ec_product_attributes_translations` (
  `lang_code` varchar(191) COLLATE utf8mb4_unicode_ci NOT NULL,
  `ec_product_attributes_id` bigint unsigned NOT NULL,
  `title` varchar(191) COLLATE utf8mb4_unicode_ci DEFAULT NULL,
  PRIMARY KEY (`lang_code`,`ec_product_attributes_id`)
) ENGINE=InnoDB DEFAULT CHARSET=utf8mb4 COLLATE=utf8mb4_unicode_ci;

--
-- Dumping data for table `ec_product_attributes_translations`
--


--
-- Table structure for table `ec_product_categories`
--

CREATE TABLE `ec_product_categories` (
  `id` bigint unsigned NOT NULL AUTO_INCREMENT,
  `name` varchar(191) COLLATE utf8mb4_unicode_ci NOT NULL,
  `parent_id` bigint unsigned NOT NULL DEFAULT '0',
  `description` mediumtext COLLATE utf8mb4_unicode_ci,
  `status` varchar(60) COLLATE utf8mb4_unicode_ci NOT NULL DEFAULT 'published',
  `order` int unsigned NOT NULL DEFAULT '0',
  `image` varchar(191) COLLATE utf8mb4_unicode_ci DEFAULT NULL,
  `is_featured` tinyint unsigned NOT NULL DEFAULT '0',
  `created_at` timestamp NULL DEFAULT NULL,
  `updated_at` timestamp NULL DEFAULT NULL,
  `icon` varchar(191) COLLATE utf8mb4_unicode_ci DEFAULT NULL,
  `icon_image` varchar(191) COLLATE utf8mb4_unicode_ci DEFAULT NULL,
  PRIMARY KEY (`id`),
  KEY `ec_product_categories_parent_id_status_created_at_index` (`parent_id`,`status`,`created_at`),
  KEY `ec_product_categories_parent_id_status_index` (`parent_id`,`status`)
) ENGINE=InnoDB AUTO_INCREMENT=19 DEFAULT CHARSET=utf8mb4 COLLATE=utf8mb4_unicode_ci;

--
-- Dumping data for table `ec_product_categories`
--

INSERT INTO `ec_product_categories` VALUES (1,'Discover Skincare',0,NULL,'published',0,'beauty/product-categories/1.jpg',1,'2024-10-31 20:47:17','2024-10-31 20:47:17',NULL,NULL),(2,'Clothing',0,NULL,'published',1,'beauty/product-categories/4.jpg',1,'2024-10-31 20:47:17','2024-10-31 20:47:17',NULL,NULL),(3,'Men\'s Clothing',2,NULL,'published',0,NULL,0,'2024-10-31 20:47:17','2024-10-31 20:47:17',NULL,NULL),(4,'T-Shirts',3,NULL,'published',0,NULL,0,'2024-10-31 20:47:17','2024-10-31 20:47:17',NULL,NULL),(5,'Jeans',3,NULL,'published',1,NULL,0,'2024-10-31 20:47:17','2024-10-31 20:47:17',NULL,NULL),(6,'Suits',3,NULL,'published',2,NULL,0,'2024-10-31 20:47:17','2024-10-31 20:47:17',NULL,NULL),(7,'Women\'s Clothing',2,NULL,'published',1,'beauty/product-categories/2.jpg',1,'2024-10-31 20:47:17','2024-10-31 20:47:17',NULL,NULL),(8,'Dresses',7,NULL,'published',0,NULL,0,'2024-10-31 20:47:17','2024-10-31 20:47:17',NULL,NULL),(9,'Blouses',7,NULL,'published',1,NULL,0,'2024-10-31 20:47:17','2024-10-31 20:47:17',NULL,NULL),(10,'Pants',7,NULL,'published',2,NULL,0,'2024-10-31 20:47:17','2024-10-31 20:47:17',NULL,NULL),(11,'Accessories',0,NULL,'published',2,'beauty/product-categories/5.jpg',1,'2024-10-31 20:47:17','2024-10-31 20:47:17',NULL,NULL),(12,'Hats',11,NULL,'published',0,NULL,0,'2024-10-31 20:47:17','2024-10-31 20:47:17',NULL,NULL),(13,'Scarves',11,NULL,'published',1,NULL,0,'2024-10-31 20:47:17','2024-10-31 20:47:17',NULL,NULL),(14,'Jewelry',11,NULL,'published',2,NULL,0,'2024-10-31 20:47:17','2024-10-31 20:47:17',NULL,NULL),(15,'Shoes',0,NULL,'published',3,'beauty/product-categories/6.jpg',1,'2024-10-31 20:47:17','2024-10-31 20:47:17',NULL,NULL),(16,'Sportswear',0,NULL,'published',4,NULL,0,'2024-10-31 20:47:17','2024-10-31 20:47:17',NULL,NULL),(17,'Running Shoes',16,NULL,'published',0,'beauty/product-categories/3.jpg',1,'2024-10-31 20:47:17','2024-10-31 20:47:17',NULL,NULL),(18,'Activewear',16,NULL,'published',1,NULL,0,'2024-10-31 20:47:17','2024-10-31 20:47:17',NULL,NULL);

--
-- Table structure for table `ec_product_categories_translations`
--

CREATE TABLE `ec_product_categories_translations` (
  `lang_code` varchar(191) COLLATE utf8mb4_unicode_ci NOT NULL,
  `ec_product_categories_id` bigint unsigned NOT NULL,
  `name` varchar(191) COLLATE utf8mb4_unicode_ci DEFAULT NULL,
  `description` mediumtext COLLATE utf8mb4_unicode_ci,
  PRIMARY KEY (`lang_code`,`ec_product_categories_id`)
) ENGINE=InnoDB DEFAULT CHARSET=utf8mb4 COLLATE=utf8mb4_unicode_ci;

--
-- Dumping data for table `ec_product_categories_translations`
--


--
-- Table structure for table `ec_product_categorizables`
--

CREATE TABLE `ec_product_categorizables` (
  `category_id` bigint unsigned NOT NULL,
  `reference_id` bigint unsigned NOT NULL,
  `reference_type` varchar(120) COLLATE utf8mb4_unicode_ci NOT NULL,
  PRIMARY KEY (`category_id`,`reference_id`,`reference_type`),
  KEY `ec_product_categorizables_category_id_index` (`category_id`),
  KEY `ec_product_categorizables_reference_id_index` (`reference_id`),
  KEY `ec_product_categorizables_reference_type_index` (`reference_type`)
) ENGINE=InnoDB DEFAULT CHARSET=utf8mb4 COLLATE=utf8mb4_unicode_ci;

--
-- Dumping data for table `ec_product_categorizables`
--


--
-- Table structure for table `ec_product_category_product`
--

CREATE TABLE `ec_product_category_product` (
  `category_id` bigint unsigned NOT NULL,
  `product_id` bigint unsigned NOT NULL,
  PRIMARY KEY (`product_id`,`category_id`),
  KEY `ec_product_category_product_category_id_index` (`category_id`),
  KEY `ec_product_category_product_product_id_index` (`product_id`)
) ENGINE=InnoDB DEFAULT CHARSET=utf8mb4 COLLATE=utf8mb4_unicode_ci;

--
-- Dumping data for table `ec_product_category_product`
--

INSERT INTO `ec_product_category_product` VALUES (1,6),(1,7),(1,10),(1,20),(1,21),(1,25),(1,26),(1,39),(1,40),(2,1),(2,7),(2,9),(2,16),(2,33),(2,37),(2,38),(2,43),(3,3),(3,5),(3,10),(3,12),(3,17),(3,18),(3,19),(3,22),(3,25),(3,32),(3,35),(3,39),(3,41),(3,43),(4,1),(4,3),(4,6),(4,15),(4,16),(4,17),(4,29),(4,39),(5,2),(5,3),(5,4),(5,10),(5,14),(5,18),(5,21),(5,23),(5,29),(5,30),(5,33),(5,34),(5,36),(5,37),(5,38),(5,40),(5,41),(6,5),(6,8),(6,15),(6,22),(6,23),(6,24),(6,28),(6,31),(6,33),(6,34),(6,35),(6,36),(6,42),(7,12),(7,26),(7,31),(7,38),(7,42),(7,43),(8,1),(8,13),(8,15),(8,27),(8,28),(8,40),(9,2),(9,5),(9,11),(9,18),(9,20),(9,30),(9,40),(9,41),(10,7),(10,9),(10,11),(10,28),(10,31),(10,33),(10,36),(10,38),(10,41),(10,43),(11,1),(11,9),(11,10),(11,12),(11,14),(11,16),(11,31),(11,34),(11,37),(11,42),(12,4),(12,11),(12,14),(12,19),(12,23),(12,24),(12,28),(12,29),(12,35),(12,36),(13,2),(13,6),(13,8),(13,12),(13,13),(13,24),(13,27),(13,32),(13,42),(14,13),(14,14),(14,15),(14,19),(14,21),(14,23),(14,26),(14,27),(14,37),(15,4),(15,6),(15,16),(15,25),(15,26),(15,30),(15,35),(16,8),(16,17),(16,22),(16,27),(16,29),(17,3),(17,5),(17,7),(17,13),(17,17),(17,19),(17,20),(17,22),(17,25),(17,30),(17,32),(18,2),(18,4),(18,8),(18,9),(18,11),(18,18),(18,20),(18,21),(18,24),(18,32),(18,34),(18,39);

--
-- Table structure for table `ec_product_collection_products`
--

CREATE TABLE `ec_product_collection_products` (
  `product_collection_id` bigint unsigned NOT NULL,
  `product_id` bigint unsigned NOT NULL,
  PRIMARY KEY (`product_id`,`product_collection_id`),
  KEY `ec_product_collection_products_product_collection_id_index` (`product_collection_id`),
  KEY `ec_product_collection_products_product_id_index` (`product_id`)
) ENGINE=InnoDB DEFAULT CHARSET=utf8mb4 COLLATE=utf8mb4_unicode_ci;

--
-- Dumping data for table `ec_product_collection_products`
--

INSERT INTO `ec_product_collection_products` VALUES (1,5),(1,8),(1,13),(1,16),(1,19),(1,25),(1,26),(1,28),(1,29),(1,36),(2,1),(2,3),(2,4),(2,7),(2,11),(2,14),(2,24),(2,27),(2,30),(2,37),(2,39),(3,2),(3,9),(3,10),(3,15),(3,18),(3,21),(3,22),(3,23),(3,35),(3,40),(3,41),(4,6),(4,12),(4,17),(4,20),(4,31),(4,32),(4,33),(4,34),(4,38),(4,42),(4,43);

--
-- Table structure for table `ec_product_collections`
--

CREATE TABLE `ec_product_collections` (
  `id` bigint unsigned NOT NULL AUTO_INCREMENT,
  `name` varchar(191) COLLATE utf8mb4_unicode_ci NOT NULL,
  `slug` varchar(191) COLLATE utf8mb4_unicode_ci NOT NULL,
  `description` varchar(400) COLLATE utf8mb4_unicode_ci DEFAULT NULL,
  `image` varchar(191) COLLATE utf8mb4_unicode_ci DEFAULT NULL,
  `status` varchar(60) COLLATE utf8mb4_unicode_ci NOT NULL DEFAULT 'published',
  `created_at` timestamp NULL DEFAULT NULL,
  `updated_at` timestamp NULL DEFAULT NULL,
  `is_featured` tinyint unsigned NOT NULL DEFAULT '0',
  PRIMARY KEY (`id`)
) ENGINE=InnoDB AUTO_INCREMENT=5 DEFAULT CHARSET=utf8mb4 COLLATE=utf8mb4_unicode_ci;

--
-- Dumping data for table `ec_product_collections`
--

INSERT INTO `ec_product_collections` VALUES (1,'Trendy Wardrobe Essentials','trendy-wardrobe-essentials',NULL,NULL,'published','2024-10-31 20:47:17','2024-10-31 20:47:17',0),(2,'Fashion Forward Finds','fashion-forward-finds',NULL,NULL,'published','2024-10-31 20:47:17','2024-10-31 20:47:17',0),(3,'Chic &amp; Stylish Collection','chic-stylish-collection',NULL,NULL,'published','2024-10-31 20:47:17','2024-10-31 20:47:17',0),(4,'Weekly Fashion Picks','weekly-fashion-picks',NULL,NULL,'published','2024-10-31 20:47:17','2024-10-31 20:47:17',0);

--
-- Table structure for table `ec_product_collections_translations`
--

CREATE TABLE `ec_product_collections_translations` (
  `lang_code` varchar(191) COLLATE utf8mb4_unicode_ci NOT NULL,
  `ec_product_collections_id` bigint unsigned NOT NULL,
  `name` varchar(191) COLLATE utf8mb4_unicode_ci DEFAULT NULL,
  `description` varchar(400) COLLATE utf8mb4_unicode_ci DEFAULT NULL,
  PRIMARY KEY (`lang_code`,`ec_product_collections_id`)
) ENGINE=InnoDB DEFAULT CHARSET=utf8mb4 COLLATE=utf8mb4_unicode_ci;

--
-- Dumping data for table `ec_product_collections_translations`
--


--
-- Table structure for table `ec_product_cross_sale_relations`
--

CREATE TABLE `ec_product_cross_sale_relations` (
  `from_product_id` bigint unsigned NOT NULL,
  `to_product_id` bigint unsigned NOT NULL,
  `is_variant` tinyint(1) NOT NULL DEFAULT '0',
  `price` decimal(15,2) DEFAULT '0.00',
  `price_type` varchar(191) COLLATE utf8mb4_unicode_ci NOT NULL DEFAULT 'fixed',
  `apply_to_all_variations` tinyint(1) NOT NULL DEFAULT '1',
  PRIMARY KEY (`from_product_id`,`to_product_id`),
  KEY `ec_product_cross_sale_relations_from_product_id_index` (`from_product_id`),
  KEY `ec_product_cross_sale_relations_to_product_id_index` (`to_product_id`)
) ENGINE=InnoDB DEFAULT CHARSET=utf8mb4 COLLATE=utf8mb4_unicode_ci;

--
-- Dumping data for table `ec_product_cross_sale_relations`
--

INSERT INTO `ec_product_cross_sale_relations` VALUES (1,9,0,0.00,'fixed',1),(1,21,0,0.00,'fixed',1),(1,23,0,0.00,'fixed',1),(1,24,0,0.00,'fixed',1),(1,30,0,0.00,'fixed',1),(1,36,0,0.00,'fixed',1),(1,40,0,0.00,'fixed',1),(2,1,0,0.00,'fixed',1),(2,17,0,0.00,'fixed',1),(2,22,0,0.00,'fixed',1),(2,25,0,0.00,'fixed',1),(2,30,0,0.00,'fixed',1),(3,2,0,0.00,'fixed',1),(3,4,0,0.00,'fixed',1),(3,5,0,0.00,'fixed',1),(3,22,0,0.00,'fixed',1),(3,24,0,0.00,'fixed',1),(3,35,0,0.00,'fixed',1),(4,2,0,0.00,'fixed',1),(4,6,0,0.00,'fixed',1),(4,17,0,0.00,'fixed',1),(4,18,0,0.00,'fixed',1),(4,24,0,0.00,'fixed',1),(4,25,0,0.00,'fixed',1),(4,28,0,0.00,'fixed',1),(5,8,0,0.00,'fixed',1),(5,12,0,0.00,'fixed',1),(5,18,0,0.00,'fixed',1),(5,26,0,0.00,'fixed',1),(5,27,0,0.00,'fixed',1),(5,30,0,0.00,'fixed',1),(5,42,0,0.00,'fixed',1),(6,2,0,0.00,'fixed',1),(6,5,0,0.00,'fixed',1),(6,16,0,0.00,'fixed',1),(6,23,0,0.00,'fixed',1),(6,28,0,0.00,'fixed',1),(6,30,0,0.00,'fixed',1),(6,33,0,0.00,'fixed',1),(7,13,0,0.00,'fixed',1),(7,17,0,0.00,'fixed',1),(7,28,0,0.00,'fixed',1),(7,31,0,0.00,'fixed',1),(7,35,0,0.00,'fixed',1),(8,4,0,0.00,'fixed',1),(8,7,0,0.00,'fixed',1),(8,13,0,0.00,'fixed',1),(8,20,0,0.00,'fixed',1),(8,22,0,0.00,'fixed',1),(8,30,0,0.00,'fixed',1),(9,5,0,0.00,'fixed',1),(9,13,0,0.00,'fixed',1),(9,14,0,0.00,'fixed',1),(9,20,0,0.00,'fixed',1),(9,32,0,0.00,'fixed',1),(9,37,0,0.00,'fixed',1),(10,3,0,0.00,'fixed',1),(10,23,0,0.00,'fixed',1),(10,29,0,0.00,'fixed',1),(10,30,0,0.00,'fixed',1),(10,34,0,0.00,'fixed',1),(10,40,0,0.00,'fixed',1),(11,4,0,0.00,'fixed',1),(11,14,0,0.00,'fixed',1),(11,16,0,0.00,'fixed',1),(11,25,0,0.00,'fixed',1),(11,26,0,0.00,'fixed',1),(11,27,0,0.00,'fixed',1),(11,42,0,0.00,'fixed',1),(12,1,0,0.00,'fixed',1),(12,4,0,0.00,'fixed',1),(12,5,0,0.00,'fixed',1),(12,28,0,0.00,'fixed',1),(12,30,0,0.00,'fixed',1),(12,37,0,0.00,'fixed',1),(13,1,0,0.00,'fixed',1),(13,2,0,0.00,'fixed',1),(13,4,0,0.00,'fixed',1),(13,9,0,0.00,'fixed',1),(13,21,0,0.00,'fixed',1),(13,32,0,0.00,'fixed',1),(13,43,0,0.00,'fixed',1),(14,7,0,0.00,'fixed',1),(14,8,0,0.00,'fixed',1),(14,9,0,0.00,'fixed',1),(14,22,0,0.00,'fixed',1),(14,27,0,0.00,'fixed',1),(14,35,0,0.00,'fixed',1),(14,43,0,0.00,'fixed',1),(15,4,0,0.00,'fixed',1),(15,12,0,0.00,'fixed',1),(15,21,0,0.00,'fixed',1),(15,24,0,0.00,'fixed',1),(15,31,0,0.00,'fixed',1),(15,39,0,0.00,'fixed',1),(16,7,0,0.00,'fixed',1),(16,13,0,0.00,'fixed',1),(16,19,0,0.00,'fixed',1),(16,20,0,0.00,'fixed',1),(16,28,0,0.00,'fixed',1),(16,34,0,0.00,'fixed',1),(17,3,0,0.00,'fixed',1),(17,16,0,0.00,'fixed',1),(17,20,0,0.00,'fixed',1),(17,23,0,0.00,'fixed',1),(17,32,0,0.00,'fixed',1),(17,39,0,0.00,'fixed',1),(17,40,0,0.00,'fixed',1),(18,1,0,0.00,'fixed',1),(18,2,0,0.00,'fixed',1),(18,11,0,0.00,'fixed',1),(18,16,0,0.00,'fixed',1),(18,34,0,0.00,'fixed',1),(18,37,0,0.00,'fixed',1),(19,9,0,0.00,'fixed',1),(19,15,0,0.00,'fixed',1),(19,24,0,0.00,'fixed',1),(19,26,0,0.00,'fixed',1),(19,27,0,0.00,'fixed',1),(19,33,0,0.00,'fixed',1),(19,41,0,0.00,'fixed',1),(20,9,0,0.00,'fixed',1),(20,14,0,0.00,'fixed',1),(20,21,0,0.00,'fixed',1),(20,24,0,0.00,'fixed',1),(20,25,0,0.00,'fixed',1),(20,27,0,0.00,'fixed',1),(20,42,0,0.00,'fixed',1),(21,2,0,0.00,'fixed',1),(21,3,0,0.00,'fixed',1),(21,13,0,0.00,'fixed',1),(21,25,0,0.00,'fixed',1),(21,27,0,0.00,'fixed',1),(21,36,0,0.00,'fixed',1),(21,39,0,0.00,'fixed',1),(22,7,0,0.00,'fixed',1),(22,20,0,0.00,'fixed',1),(22,27,0,0.00,'fixed',1),(22,29,0,0.00,'fixed',1),(22,32,0,0.00,'fixed',1),(22,33,0,0.00,'fixed',1),(22,41,0,0.00,'fixed',1),(23,5,0,0.00,'fixed',1),(23,14,0,0.00,'fixed',1),(23,22,0,0.00,'fixed',1),(23,28,0,0.00,'fixed',1),(23,29,0,0.00,'fixed',1),(23,35,0,0.00,'fixed',1),(23,39,0,0.00,'fixed',1),(24,3,0,0.00,'fixed',1),(24,7,0,0.00,'fixed',1),(24,10,0,0.00,'fixed',1),(24,19,0,0.00,'fixed',1),(24,29,0,0.00,'fixed',1),(24,33,0,0.00,'fixed',1),(24,39,0,0.00,'fixed',1),(25,4,0,0.00,'fixed',1),(25,6,0,0.00,'fixed',1),(25,11,0,0.00,'fixed',1),(25,29,0,0.00,'fixed',1),(25,33,0,0.00,'fixed',1),(25,35,0,0.00,'fixed',1),(25,40,0,0.00,'fixed',1),(26,2,0,0.00,'fixed',1),(26,3,0,0.00,'fixed',1),(26,27,0,0.00,'fixed',1),(26,31,0,0.00,'fixed',1),(26,41,0,0.00,'fixed',1),(27,5,0,0.00,'fixed',1),(27,11,0,0.00,'fixed',1),(27,16,0,0.00,'fixed',1),(27,35,0,0.00,'fixed',1),(27,36,0,0.00,'fixed',1),(27,39,0,0.00,'fixed',1),(27,43,0,0.00,'fixed',1),(28,3,0,0.00,'fixed',1),(28,8,0,0.00,'fixed',1),(28,19,0,0.00,'fixed',1),(28,30,0,0.00,'fixed',1),(28,36,0,0.00,'fixed',1),(28,39,0,0.00,'fixed',1),(29,9,0,0.00,'fixed',1),(29,16,0,0.00,'fixed',1),(29,19,0,0.00,'fixed',1),(29,24,0,0.00,'fixed',1),(29,28,0,0.00,'fixed',1),(29,30,0,0.00,'fixed',1),(29,34,0,0.00,'fixed',1),(30,2,0,0.00,'fixed',1),(30,7,0,0.00,'fixed',1),(30,8,0,0.00,'fixed',1),(30,11,0,0.00,'fixed',1),(30,26,0,0.00,'fixed',1),(30,28,0,0.00,'fixed',1),(30,32,0,0.00,'fixed',1),(31,9,0,0.00,'fixed',1),(31,17,0,0.00,'fixed',1),(31,30,0,0.00,'fixed',1),(31,33,0,0.00,'fixed',1),(31,36,0,0.00,'fixed',1),(32,7,0,0.00,'fixed',1),(32,12,0,0.00,'fixed',1),(32,22,0,0.00,'fixed',1),(32,24,0,0.00,'fixed',1),(32,29,0,0.00,'fixed',1),(32,31,0,0.00,'fixed',1),(32,43,0,0.00,'fixed',1),(33,7,0,0.00,'fixed',1),(33,10,0,0.00,'fixed',1),(33,17,0,0.00,'fixed',1),(33,20,0,0.00,'fixed',1),(33,25,0,0.00,'fixed',1),(33,40,0,0.00,'fixed',1),(34,14,0,0.00,'fixed',1),(34,20,0,0.00,'fixed',1),(34,30,0,0.00,'fixed',1),(34,32,0,0.00,'fixed',1),(34,40,0,0.00,'fixed',1),(34,43,0,0.00,'fixed',1),(35,10,0,0.00,'fixed',1),(35,16,0,0.00,'fixed',1),(35,17,0,0.00,'fixed',1),(35,22,0,0.00,'fixed',1),(35,31,0,0.00,'fixed',1),(35,34,0,0.00,'fixed',1),(35,42,0,0.00,'fixed',1),(36,4,0,0.00,'fixed',1),(36,6,0,0.00,'fixed',1),(36,8,0,0.00,'fixed',1),(36,14,0,0.00,'fixed',1),(36,16,0,0.00,'fixed',1),(36,17,0,0.00,'fixed',1),(36,21,0,0.00,'fixed',1),(37,7,0,0.00,'fixed',1),(37,12,0,0.00,'fixed',1),(37,14,0,0.00,'fixed',1),(37,19,0,0.00,'fixed',1),(37,22,0,0.00,'fixed',1),(37,23,0,0.00,'fixed',1),(37,26,0,0.00,'fixed',1),(38,4,0,0.00,'fixed',1),(38,10,0,0.00,'fixed',1),(38,20,0,0.00,'fixed',1),(38,28,0,0.00,'fixed',1),(38,34,0,0.00,'fixed',1),(39,8,0,0.00,'fixed',1),(39,10,0,0.00,'fixed',1),(39,11,0,0.00,'fixed',1),(39,22,0,0.00,'fixed',1),(39,27,0,0.00,'fixed',1),(39,34,0,0.00,'fixed',1),(39,35,0,0.00,'fixed',1),(40,1,0,0.00,'fixed',1),(40,6,0,0.00,'fixed',1),(40,11,0,0.00,'fixed',1),(40,19,0,0.00,'fixed',1),(40,29,0,0.00,'fixed',1),(40,39,0,0.00,'fixed',1),(41,5,0,0.00,'fixed',1),(41,9,0,0.00,'fixed',1),(41,21,0,0.00,'fixed',1),(41,25,0,0.00,'fixed',1),(41,27,0,0.00,'fixed',1),(41,30,0,0.00,'fixed',1),(41,40,0,0.00,'fixed',1),(42,7,0,0.00,'fixed',1),(42,17,0,0.00,'fixed',1),(42,20,0,0.00,'fixed',1),(42,24,0,0.00,'fixed',1),(42,26,0,0.00,'fixed',1),(42,34,0,0.00,'fixed',1),(43,5,0,0.00,'fixed',1),(43,12,0,0.00,'fixed',1),(43,13,0,0.00,'fixed',1),(43,16,0,0.00,'fixed',1),(43,35,0,0.00,'fixed',1),(43,36,0,0.00,'fixed',1),(43,42,0,0.00,'fixed',1);

--
-- Table structure for table `ec_product_files`
--

CREATE TABLE `ec_product_files` (
  `id` bigint unsigned NOT NULL AUTO_INCREMENT,
  `product_id` bigint unsigned DEFAULT NULL,
  `url` varchar(400) COLLATE utf8mb4_unicode_ci DEFAULT NULL,
  `extras` mediumtext COLLATE utf8mb4_unicode_ci,
  `created_at` timestamp NULL DEFAULT NULL,
  `updated_at` timestamp NULL DEFAULT NULL,
  PRIMARY KEY (`id`),
  KEY `ec_product_files_product_id_index` (`product_id`)
) ENGINE=InnoDB AUTO_INCREMENT=28 DEFAULT CHARSET=utf8mb4 COLLATE=utf8mb4_unicode_ci;

--
-- Dumping data for table `ec_product_files`
--

INSERT INTO `ec_product_files` VALUES (1,4,'ecommerce/digital-product-files/product-9.jpg','{\"filename\":\"product-9.jpg\",\"url\":\"ecommerce\\/digital-product-files\\/product-9.jpg\",\"mime_type\":\"image\\/jpeg\",\"size\":9803,\"modified\":\"2024-11-01 03:47:18\",\"name\":\"product-9\",\"extension\":\"jpg\"}','2024-10-31 20:47:18','2024-10-31 20:47:18'),(2,4,'ecommerce/digital-product-files/product-12.jpg','{\"filename\":\"product-12.jpg\",\"url\":\"ecommerce\\/digital-product-files\\/product-12.jpg\",\"mime_type\":\"image\\/jpeg\",\"size\":9803,\"modified\":\"2024-11-01 03:47:18\",\"name\":\"product-12\",\"extension\":\"jpg\"}','2024-10-31 20:47:18','2024-10-31 20:47:18'),(3,8,'ecommerce/digital-product-files/product-3.jpg','{\"filename\":\"product-3.jpg\",\"url\":\"ecommerce\\/digital-product-files\\/product-3.jpg\",\"mime_type\":\"image\\/jpeg\",\"size\":9803,\"modified\":\"2024-11-01 03:47:18\",\"name\":\"product-3\",\"extension\":\"jpg\"}','2024-10-31 20:47:18','2024-10-31 20:47:18'),(4,8,'ecommerce/digital-product-files/product-8.jpg','{\"filename\":\"product-8.jpg\",\"url\":\"ecommerce\\/digital-product-files\\/product-8.jpg\",\"mime_type\":\"image\\/jpeg\",\"size\":9803,\"modified\":\"2024-11-01 03:47:18\",\"name\":\"product-8\",\"extension\":\"jpg\"}','2024-10-31 20:47:18','2024-10-31 20:47:18'),(5,12,'ecommerce/digital-product-files/product-5.jpg','{\"filename\":\"product-5.jpg\",\"url\":\"ecommerce\\/digital-product-files\\/product-5.jpg\",\"mime_type\":\"image\\/jpeg\",\"size\":9803,\"modified\":\"2024-11-01 03:47:18\",\"name\":\"product-5\",\"extension\":\"jpg\"}','2024-10-31 20:47:18','2024-10-31 20:47:18'),(6,12,'ecommerce/digital-product-files/product-6.jpg','{\"filename\":\"product-6.jpg\",\"url\":\"ecommerce\\/digital-product-files\\/product-6.jpg\",\"mime_type\":\"image\\/jpeg\",\"size\":9803,\"modified\":\"2024-11-01 03:47:18\",\"name\":\"product-6\",\"extension\":\"jpg\"}','2024-10-31 20:47:18','2024-10-31 20:47:18'),(7,16,'ecommerce/digital-product-files/product-details-desc-3.jpg','{\"filename\":\"product-details-desc-3.jpg\",\"url\":\"ecommerce\\/digital-product-files\\/product-details-desc-3.jpg\",\"mime_type\":\"image\\/jpeg\",\"size\":9803,\"modified\":\"2024-11-01 03:47:18\",\"name\":\"product-details-desc-3\",\"extension\":\"jpg\"}','2024-10-31 20:47:18','2024-10-31 20:47:18'),(8,16,'ecommerce/digital-product-files/product-8.jpg','{\"filename\":\"product-8.jpg\",\"url\":\"ecommerce\\/digital-product-files\\/product-8.jpg\",\"mime_type\":\"image\\/jpeg\",\"size\":9803,\"modified\":\"2024-11-01 03:47:18\",\"name\":\"product-8\",\"extension\":\"jpg\"}','2024-10-31 20:47:18','2024-10-31 20:47:18'),(9,20,'ecommerce/digital-product-files/product-11.jpg','{\"filename\":\"product-11.jpg\",\"url\":\"ecommerce\\/digital-product-files\\/product-11.jpg\",\"mime_type\":\"image\\/jpeg\",\"size\":9803,\"modified\":\"2024-11-01 03:47:18\",\"name\":\"product-11\",\"extension\":\"jpg\"}','2024-10-31 20:47:18','2024-10-31 20:47:18'),(10,20,'ecommerce/digital-product-files/product-6.jpg','{\"filename\":\"product-6.jpg\",\"url\":\"ecommerce\\/digital-product-files\\/product-6.jpg\",\"mime_type\":\"image\\/jpeg\",\"size\":9803,\"modified\":\"2024-11-01 03:47:18\",\"name\":\"product-6\",\"extension\":\"jpg\"}','2024-10-31 20:47:18','2024-10-31 20:47:18'),(11,24,'ecommerce/digital-product-files/product-11.jpg','{\"filename\":\"product-11.jpg\",\"url\":\"ecommerce\\/digital-product-files\\/product-11.jpg\",\"mime_type\":\"image\\/jpeg\",\"size\":9803,\"modified\":\"2024-11-01 03:47:18\",\"name\":\"product-11\",\"extension\":\"jpg\"}','2024-10-31 20:47:18','2024-10-31 20:47:18'),(12,24,'ecommerce/digital-product-files/product-15.jpg','{\"filename\":\"product-15.jpg\",\"url\":\"ecommerce\\/digital-product-files\\/product-15.jpg\",\"mime_type\":\"image\\/jpeg\",\"size\":9803,\"modified\":\"2024-11-01 03:47:18\",\"name\":\"product-15\",\"extension\":\"jpg\"}','2024-10-31 20:47:18','2024-10-31 20:47:18'),(13,28,'ecommerce/digital-product-files/product-4.jpg','{\"filename\":\"product-4.jpg\",\"url\":\"ecommerce\\/digital-product-files\\/product-4.jpg\",\"mime_type\":\"image\\/jpeg\",\"size\":9803,\"modified\":\"2024-11-01 03:47:18\",\"name\":\"product-4\",\"extension\":\"jpg\"}','2024-10-31 20:47:18','2024-10-31 20:47:18'),(14,28,'ecommerce/digital-product-files/product-9.jpg','{\"filename\":\"product-9.jpg\",\"url\":\"ecommerce\\/digital-product-files\\/product-9.jpg\",\"mime_type\":\"image\\/jpeg\",\"size\":9803,\"modified\":\"2024-11-01 03:47:18\",\"name\":\"product-9\",\"extension\":\"jpg\"}','2024-10-31 20:47:18','2024-10-31 20:47:18'),(15,32,'ecommerce/digital-product-files/product-18.jpg','{\"filename\":\"product-18.jpg\",\"url\":\"ecommerce\\/digital-product-files\\/product-18.jpg\",\"mime_type\":\"image\\/jpeg\",\"size\":9803,\"modified\":\"2024-11-01 03:47:18\",\"name\":\"product-18\",\"extension\":\"jpg\"}','2024-10-31 20:47:18','2024-10-31 20:47:18'),(16,32,'ecommerce/digital-product-files/product-1.jpg','{\"filename\":\"product-1.jpg\",\"url\":\"ecommerce\\/digital-product-files\\/product-1.jpg\",\"mime_type\":\"image\\/jpeg\",\"size\":9803,\"modified\":\"2024-11-01 03:47:18\",\"name\":\"product-1\",\"extension\":\"jpg\"}','2024-10-31 20:47:18','2024-10-31 20:47:18'),(17,36,'ecommerce/digital-product-files/product-12.jpg','{\"filename\":\"product-12.jpg\",\"url\":\"ecommerce\\/digital-product-files\\/product-12.jpg\",\"mime_type\":\"image\\/jpeg\",\"size\":9803,\"modified\":\"2024-11-01 03:47:18\",\"name\":\"product-12\",\"extension\":\"jpg\"}','2024-10-31 20:47:18','2024-10-31 20:47:18'),(18,36,'ecommerce/digital-product-files/product-1.jpg','{\"filename\":\"product-1.jpg\",\"url\":\"ecommerce\\/digital-product-files\\/product-1.jpg\",\"mime_type\":\"image\\/jpeg\",\"size\":9803,\"modified\":\"2024-11-01 03:47:18\",\"name\":\"product-1\",\"extension\":\"jpg\"}','2024-10-31 20:47:18','2024-10-31 20:47:18'),(19,40,'ecommerce/digital-product-files/product-details-desc-3.jpg','{\"filename\":\"product-details-desc-3.jpg\",\"url\":\"ecommerce\\/digital-product-files\\/product-details-desc-3.jpg\",\"mime_type\":\"image\\/jpeg\",\"size\":9803,\"modified\":\"2024-11-01 03:47:18\",\"name\":\"product-details-desc-3\",\"extension\":\"jpg\"}','2024-10-31 20:47:18','2024-10-31 20:47:18'),(20,40,'ecommerce/digital-product-files/product-9.jpg','{\"filename\":\"product-9.jpg\",\"url\":\"ecommerce\\/digital-product-files\\/product-9.jpg\",\"mime_type\":\"image\\/jpeg\",\"size\":9803,\"modified\":\"2024-11-01 03:47:18\",\"name\":\"product-9\",\"extension\":\"jpg\"}','2024-10-31 20:47:18','2024-10-31 20:47:18'),(21,44,'ecommerce/digital-product-files/product-12.jpg','{\"filename\":\"product-12.jpg\",\"url\":\"ecommerce\\/digital-product-files\\/product-12.jpg\",\"mime_type\":\"image\\/jpeg\",\"size\":9803,\"modified\":\"2024-11-01 03:47:18\",\"name\":\"product-12\",\"extension\":\"jpg\"}','2024-10-31 20:47:18','2024-10-31 20:47:18'),(22,45,'ecommerce/digital-product-files/product-15.jpg','{\"filename\":\"product-15.jpg\",\"url\":\"ecommerce\\/digital-product-files\\/product-15.jpg\",\"mime_type\":\"image\\/jpeg\",\"size\":9803,\"modified\":\"2024-11-01 03:47:18\",\"name\":\"product-15\",\"extension\":\"jpg\"}','2024-10-31 20:47:18','2024-10-31 20:47:18'),(23,49,'ecommerce/digital-product-files/product-8.jpg','{\"filename\":\"product-8.jpg\",\"url\":\"ecommerce\\/digital-product-files\\/product-8.jpg\",\"mime_type\":\"image\\/jpeg\",\"size\":9803,\"modified\":\"2024-11-01 03:47:18\",\"name\":\"product-8\",\"extension\":\"jpg\"}','2024-10-31 20:47:18','2024-10-31 20:47:18'),(24,68,'ecommerce/digital-product-files/product-15.jpg','{\"filename\":\"product-15.jpg\",\"url\":\"ecommerce\\/digital-product-files\\/product-15.jpg\",\"mime_type\":\"image\\/jpeg\",\"size\":9803,\"modified\":\"2024-11-01 03:47:18\",\"name\":\"product-15\",\"extension\":\"jpg\"}','2024-10-31 20:47:18','2024-10-31 20:47:18'),(25,69,'ecommerce/digital-product-files/product-20.jpg','{\"filename\":\"product-20.jpg\",\"url\":\"ecommerce\\/digital-product-files\\/product-20.jpg\",\"mime_type\":\"image\\/jpeg\",\"size\":9803,\"modified\":\"2024-11-01 03:47:18\",\"name\":\"product-20\",\"extension\":\"jpg\"}','2024-10-31 20:47:18','2024-10-31 20:47:18'),(26,79,'ecommerce/digital-product-files/product-1.jpg','{\"filename\":\"product-1.jpg\",\"url\":\"ecommerce\\/digital-product-files\\/product-1.jpg\",\"mime_type\":\"image\\/jpeg\",\"size\":9803,\"modified\":\"2024-11-01 03:47:18\",\"name\":\"product-1\",\"extension\":\"jpg\"}','2024-10-31 20:47:18','2024-10-31 20:47:18'),(27,80,'ecommerce/digital-product-files/product-details-desc-2.jpg','{\"filename\":\"product-details-desc-2.jpg\",\"url\":\"ecommerce\\/digital-product-files\\/product-details-desc-2.jpg\",\"mime_type\":\"image\\/jpeg\",\"size\":9803,\"modified\":\"2024-11-01 03:47:18\",\"name\":\"product-details-desc-2\",\"extension\":\"jpg\"}','2024-10-31 20:47:18','2024-10-31 20:47:18');

--
-- Table structure for table `ec_product_label_products`
--

CREATE TABLE `ec_product_label_products` (
  `product_label_id` bigint unsigned NOT NULL,
  `product_id` bigint unsigned NOT NULL,
  PRIMARY KEY (`product_label_id`,`product_id`),
  KEY `ec_product_label_products_product_label_id_index` (`product_label_id`),
  KEY `ec_product_label_products_product_id_index` (`product_id`)
) ENGINE=InnoDB DEFAULT CHARSET=utf8mb4 COLLATE=utf8mb4_unicode_ci;

--
-- Dumping data for table `ec_product_label_products`
--

INSERT INTO `ec_product_label_products` VALUES (1,6),(2,9),(2,12),(2,15),(2,30),(2,36),(2,42),(3,3),(3,18),(3,21),(3,24),(3,27),(3,33),(3,39);

--
-- Table structure for table `ec_product_labels`
--

CREATE TABLE `ec_product_labels` (
  `id` bigint unsigned NOT NULL AUTO_INCREMENT,
  `name` varchar(191) COLLATE utf8mb4_unicode_ci NOT NULL,
  `color` varchar(120) COLLATE utf8mb4_unicode_ci DEFAULT NULL,
  `status` varchar(60) COLLATE utf8mb4_unicode_ci NOT NULL DEFAULT 'published',
  `created_at` timestamp NULL DEFAULT NULL,
  `updated_at` timestamp NULL DEFAULT NULL,
  PRIMARY KEY (`id`)
) ENGINE=InnoDB AUTO_INCREMENT=4 DEFAULT CHARSET=utf8mb4 COLLATE=utf8mb4_unicode_ci;

--
-- Dumping data for table `ec_product_labels`
--

INSERT INTO `ec_product_labels` VALUES (1,'Hot','#AC2200','published','2024-10-31 20:47:08','2024-10-31 20:47:08'),(2,'New','#006554','published','2024-10-31 20:47:08','2024-10-31 20:47:08'),(3,'Sale','#9A3B00','published','2024-10-31 20:47:08','2024-10-31 20:47:08');

--
-- Table structure for table `ec_product_labels_translations`
--

CREATE TABLE `ec_product_labels_translations` (
  `lang_code` varchar(191) COLLATE utf8mb4_unicode_ci NOT NULL,
  `ec_product_labels_id` bigint unsigned NOT NULL,
  `name` varchar(191) COLLATE utf8mb4_unicode_ci DEFAULT NULL,
  `description` varchar(400) COLLATE utf8mb4_unicode_ci DEFAULT NULL,
  PRIMARY KEY (`lang_code`,`ec_product_labels_id`)
) ENGINE=InnoDB DEFAULT CHARSET=utf8mb4 COLLATE=utf8mb4_unicode_ci;

--
-- Dumping data for table `ec_product_labels_translations`
--


--
-- Table structure for table `ec_product_related_relations`
--

CREATE TABLE `ec_product_related_relations` (
  `from_product_id` bigint unsigned NOT NULL,
  `to_product_id` bigint unsigned NOT NULL,
  PRIMARY KEY (`from_product_id`,`to_product_id`),
  KEY `ec_product_related_relations_from_product_id_index` (`from_product_id`),
  KEY `ec_product_related_relations_to_product_id_index` (`to_product_id`)
) ENGINE=InnoDB DEFAULT CHARSET=utf8mb4 COLLATE=utf8mb4_unicode_ci;

--
-- Dumping data for table `ec_product_related_relations`
--


--
-- Table structure for table `ec_product_specification_attribute`
--

CREATE TABLE `ec_product_specification_attribute` (
  `product_id` bigint unsigned NOT NULL,
  `attribute_id` bigint unsigned NOT NULL,
  `value` text COLLATE utf8mb4_unicode_ci,
  `hidden` tinyint(1) NOT NULL DEFAULT '0',
  `order` tinyint NOT NULL DEFAULT '0',
  PRIMARY KEY (`product_id`,`attribute_id`)
) ENGINE=InnoDB DEFAULT CHARSET=utf8mb4 COLLATE=utf8mb4_unicode_ci;

--
-- Dumping data for table `ec_product_specification_attribute`
--

INSERT INTO `ec_product_specification_attribute` VALUES (1,6,'93.45 cm',0,0),(1,7,'57.49 cm',0,0),(1,8,'1920x1080',0,0),(2,6,'98.83 cm',0,0),(2,7,'95.33 cm',0,0),(2,8,'2560x1440',0,0),(3,6,'81.91 cm',0,0),(3,7,'32.42 cm',0,0),(3,8,'2560x1440',0,0),(4,1,'93.53 cm',0,0),(4,2,'90.76 cm',0,0),(4,3,'80.25 cm',0,0),(4,4,'23.82 cm',0,0),(4,5,'4.31 cm',0,0),(5,1,'98.67 cm',0,0),(5,2,'20.95 cm',0,0),(5,3,'29.95 cm',0,0),(5,4,'50.26 cm',0,0),(5,5,'28.34 cm',0,0),(6,6,'28.72 cm',0,0),(6,7,'48.5 cm',0,0),(6,8,'1920x1080',0,0),(7,1,'13.6 cm',0,0),(7,2,'39.43 cm',0,0),(7,3,'91.29 cm',0,0),(7,4,'97.91 cm',0,0),(7,5,'46.46 cm',0,0),(8,1,'79.15 cm',0,0),(8,2,'27.78 cm',0,0),(8,3,'26.72 cm',0,0),(8,4,'60.8 cm',0,0),(8,5,'85.07 cm',0,0),(9,1,'92.88 cm',0,0),(9,2,'12.54 cm',0,0),(9,3,'24.3 cm',0,0),(9,4,'83.43 cm',0,0),(9,5,'44.42 cm',0,0),(10,6,'78.72 cm',0,0),(10,7,'89.29 cm',0,0),(10,8,'2560x1440',0,0),(11,6,'92.92 cm',0,0),(11,7,'32.16 cm',0,0),(11,8,'2560x1440',0,0),(12,1,'53.17 cm',0,0),(12,2,'35.14 cm',0,0),(12,3,'2.12 cm',0,0),(12,4,'90.95 cm',0,0),(12,5,'41.94 cm',0,0),(13,1,'7.74 cm',0,0),(13,2,'70.69 cm',0,0),(13,3,'99.84 cm',0,0),(13,4,'98.22 cm',0,0),(13,5,'73.74 cm',0,0),(14,1,'72.39 cm',0,0),(14,2,'63.88 cm',0,0),(14,3,'72.06 cm',0,0),(14,4,'51.63 cm',0,0),(14,5,'26.63 cm',0,0),(15,6,'21.49 cm',0,0),(15,7,'32.08 cm',0,0),(15,8,'2560x1440',0,0),(16,6,'30.68 cm',0,0),(16,7,'53.44 cm',0,0),(16,8,'2560x1440',0,0),(17,6,'22.06 cm',0,0),(17,7,'12.05 cm',0,0),(17,8,'2560x1440',0,0),(18,6,'97.06 cm',0,0),(18,7,'67.34 cm',0,0),(18,8,'1920x1080',0,0),(19,1,'14.8 cm',0,0),(19,2,'37.9 cm',0,0),(19,3,'23.94 cm',0,0),(19,4,'62.28 cm',0,0),(19,5,'82.12 cm',0,0),(20,1,'23.32 cm',0,0),(20,2,'40.89 cm',0,0),(20,3,'36.72 cm',0,0),(20,4,'41.42 cm',0,0),(20,5,'71.36 cm',0,0),(21,1,'8.63 cm',0,0),(21,2,'53.95 cm',0,0),(21,3,'99.92 cm',0,0),(21,4,'36.47 cm',0,0),(21,5,'55.58 cm',0,0),(22,1,'13.9 cm',0,0),(22,2,'32.61 cm',0,0),(22,3,'28.35 cm',0,0),(22,4,'85.9 cm',0,0),(22,5,'30.01 cm',0,0),(23,6,'84.56 cm',0,0),(23,7,'39.38 cm',0,0),(23,8,'1920x1080',0,0),(24,1,'68.43 cm',0,0),(24,2,'53.82 cm',0,0),(24,3,'96.07 cm',0,0),(24,4,'85.56 cm',0,0),(24,5,'96.39 cm',0,0),(25,1,'2.16 cm',0,0),(25,2,'56.75 cm',0,0),(25,3,'73.29 cm',0,0),(25,4,'88.52 cm',0,0),(25,5,'32.88 cm',0,0),(26,1,'42.09 cm',0,0),(26,2,'24.98 cm',0,0),(26,3,'43.24 cm',0,0),(26,4,'65.55 cm',0,0),(26,5,'25.53 cm',0,0),(27,6,'95.38 cm',0,0),(27,7,'84.63 cm',0,0),(27,8,'2560x1440',0,0),(28,1,'90.29 cm',0,0),(28,2,'37.43 cm',0,0),(28,3,'87.37 cm',0,0),(28,4,'65.07 cm',0,0),(28,5,'65.1 cm',0,0),(29,6,'31.34 cm',0,0),(29,7,'83.76 cm',0,0),(29,8,'1920x1080',0,0),(30,1,'42.89 cm',0,0),(30,2,'39.78 cm',0,0),(30,3,'16.96 cm',0,0),(30,4,'32.17 cm',0,0),(30,5,'64.03 cm',0,0),(31,6,'52.48 cm',0,0),(31,7,'34.45 cm',0,0),(31,8,'2560x1440',0,0),(32,1,'21.25 cm',0,0),(32,2,'43.19 cm',0,0),(32,3,'58.76 cm',0,0),(32,4,'31.41 cm',0,0),(32,5,'24.42 cm',0,0),(33,1,'87.77 cm',0,0),(33,2,'15.62 cm',0,0),(33,3,'99.91 cm',0,0),(33,4,'62.84 cm',0,0),(33,5,'45.98 cm',0,0),(34,6,'73.43 cm',0,0),(34,7,'26.73 cm',0,0),(34,8,'1920x1080',0,0),(35,6,'6.55 cm',0,0),(35,7,'57.08 cm',0,0),(35,8,'3840x2160',0,0),(36,1,'64.34 cm',0,0),(36,2,'92.9 cm',0,0),(36,3,'8.05 cm',0,0),(36,4,'34.23 cm',0,0),(36,5,'90.76 cm',0,0),(37,6,'59.06 cm',0,0),(37,7,'59.66 cm',0,0),(37,8,'1920x1080',0,0),(38,6,'46.37 cm',0,0),(38,7,'27.67 cm',0,0),(38,8,'1920x1080',0,0),(39,1,'14.95 cm',0,0),(39,2,'14.27 cm',0,0),(39,3,'14.38 cm',0,0),(39,4,'2.37 cm',0,0),(39,5,'41.86 cm',0,0),(40,1,'71.13 cm',0,0),(40,2,'71.41 cm',0,0),(40,3,'30.56 cm',0,0),(40,4,'49.42 cm',0,0),(40,5,'82.95 cm',0,0),(41,6,'10.95 cm',0,0),(41,7,'43.65 cm',0,0),(41,8,'1920x1080',0,0),(42,6,'48.83 cm',0,0),(42,7,'88.88 cm',0,0),(42,8,'2560x1440',0,0),(43,6,'51.81 cm',0,0),(43,7,'54.81 cm',0,0),(43,8,'2560x1440',0,0);

--
-- Table structure for table `ec_product_tag_product`
--

CREATE TABLE `ec_product_tag_product` (
  `product_id` bigint unsigned NOT NULL,
  `tag_id` bigint unsigned NOT NULL,
  PRIMARY KEY (`product_id`,`tag_id`),
  KEY `ec_product_tag_product_product_id_index` (`product_id`),
  KEY `ec_product_tag_product_tag_id_index` (`tag_id`)
) ENGINE=InnoDB DEFAULT CHARSET=utf8mb4 COLLATE=utf8mb4_unicode_ci;

--
-- Dumping data for table `ec_product_tag_product`
--

INSERT INTO `ec_product_tag_product` VALUES (1,2),(1,5),(1,6),(2,1),(2,2),(2,5),(3,1),(3,3),(3,5),(4,2),(4,4),(4,6),(5,2),(5,3),(5,4),(6,1),(6,4),(6,5),(7,1),(7,4),(7,6),(8,2),(8,3),(8,4),(9,1),(9,3),(9,6),(10,1),(10,3),(10,5),(11,3),(11,5),(11,6),(12,3),(12,5),(12,6),(13,1),(13,2),(13,6),(14,2),(14,3),(14,6),(15,2),(15,3),(15,4),(16,1),(16,2),(16,4),(17,3),(17,4),(17,6),(18,2),(18,3),(18,4),(19,2),(19,3),(19,4),(20,2),(20,5),(20,6),(21,1),(21,3),(21,4),(22,1),(22,4),(22,5),(23,2),(23,5),(23,6),(24,1),(24,2),(24,5),(25,2),(25,3),(25,5),(26,3),(26,5),(26,6),(27,1),(27,4),(27,5),(28,1),(28,3),(28,5),(29,2),(29,4),(29,5),(30,1),(30,3),(30,5),(31,3),(31,5),(31,6),(32,1),(32,2),(32,6),(33,1),(33,2),(33,4),(34,1),(34,2),(34,3),(35,4),(35,5),(35,6),(36,2),(36,3),(36,4),(37,2),(37,3),(37,4),(38,1),(38,4),(38,5),(39,1),(39,2),(39,3),(40,2),(40,3),(40,6),(41,1),(41,4),(41,6),(42,1),(42,5),(42,6),(43,1),(43,3),(43,5);

--
-- Table structure for table `ec_product_tags`
--

CREATE TABLE `ec_product_tags` (
  `id` bigint unsigned NOT NULL AUTO_INCREMENT,
  `name` varchar(120) COLLATE utf8mb4_unicode_ci NOT NULL,
  `description` varchar(400) COLLATE utf8mb4_unicode_ci DEFAULT NULL,
  `status` varchar(60) COLLATE utf8mb4_unicode_ci NOT NULL DEFAULT 'published',
  `created_at` timestamp NULL DEFAULT NULL,
  `updated_at` timestamp NULL DEFAULT NULL,
  PRIMARY KEY (`id`)
) ENGINE=InnoDB AUTO_INCREMENT=7 DEFAULT CHARSET=utf8mb4 COLLATE=utf8mb4_unicode_ci;

--
-- Dumping data for table `ec_product_tags`
--

INSERT INTO `ec_product_tags` VALUES (1,'Electronic',NULL,'published','2024-10-31 20:47:12','2024-10-31 20:47:12'),(2,'Mobile',NULL,'published','2024-10-31 20:47:12','2024-10-31 20:47:12'),(3,'Iphone',NULL,'published','2024-10-31 20:47:12','2024-10-31 20:47:12'),(4,'Printer',NULL,'published','2024-10-31 20:47:12','2024-10-31 20:47:12'),(5,'Office',NULL,'published','2024-10-31 20:47:12','2024-10-31 20:47:12'),(6,'IT',NULL,'published','2024-10-31 20:47:12','2024-10-31 20:47:12');

--
-- Table structure for table `ec_product_tags_translations`
--

CREATE TABLE `ec_product_tags_translations` (
  `lang_code` varchar(191) COLLATE utf8mb4_unicode_ci NOT NULL,
  `ec_product_tags_id` bigint unsigned NOT NULL,
  `name` varchar(191) COLLATE utf8mb4_unicode_ci DEFAULT NULL,
  PRIMARY KEY (`lang_code`,`ec_product_tags_id`)
) ENGINE=InnoDB DEFAULT CHARSET=utf8mb4 COLLATE=utf8mb4_unicode_ci;

--
-- Dumping data for table `ec_product_tags_translations`
--


--
-- Table structure for table `ec_product_up_sale_relations`
--

CREATE TABLE `ec_product_up_sale_relations` (
  `from_product_id` bigint unsigned NOT NULL,
  `to_product_id` bigint unsigned NOT NULL,
  PRIMARY KEY (`from_product_id`,`to_product_id`),
  KEY `ec_product_up_sale_relations_from_product_id_index` (`from_product_id`),
  KEY `ec_product_up_sale_relations_to_product_id_index` (`to_product_id`)
) ENGINE=InnoDB DEFAULT CHARSET=utf8mb4 COLLATE=utf8mb4_unicode_ci;

--
-- Dumping data for table `ec_product_up_sale_relations`
--


--
-- Table structure for table `ec_product_variation_items`
--

CREATE TABLE `ec_product_variation_items` (
  `id` bigint unsigned NOT NULL AUTO_INCREMENT,
  `attribute_id` bigint unsigned NOT NULL,
  `variation_id` bigint unsigned NOT NULL,
  PRIMARY KEY (`id`),
  UNIQUE KEY `ec_product_variation_items_attribute_id_variation_id_unique` (`attribute_id`,`variation_id`),
  KEY `attribute_variation_index` (`attribute_id`,`variation_id`)
) ENGINE=InnoDB AUTO_INCREMENT=91 DEFAULT CHARSET=utf8mb4 COLLATE=utf8mb4_unicode_ci;

--
-- Dumping data for table `ec_product_variation_items`
--

INSERT INTO `ec_product_variation_items` VALUES (1,1,1),(11,1,6),(27,1,14),(9,2,5),(21,2,11),(25,2,13),(37,2,19),(3,3,2),(13,3,7),(17,3,9),(33,3,17),(5,4,3),(15,4,8),(23,4,12),(29,4,15),(7,5,4),(19,5,10),(31,5,16),(35,5,18),(20,6,10),(32,6,16),(34,6,17),(38,6,19),(28,7,14),(30,7,15),(36,7,18),(2,8,1),(4,8,2),(8,8,4),(18,8,9),(22,8,11),(24,8,12),(6,9,3),(12,9,6),(26,9,13),(10,10,5),(14,10,7),(16,10,8),(45,11,23),(75,11,38),(59,12,30),(77,12,39),(39,13,20),(41,13,21),(47,13,24),(49,13,25),(51,13,26),(53,13,27),(55,13,28),(61,13,31),(63,13,32),(81,13,41),(85,13,43),(87,13,44),(43,14,22),(67,14,34),(69,14,35),(71,14,36),(73,14,37),(83,14,42),(57,15,29),(65,15,33),(79,15,40),(89,15,45),(46,16,23),(82,16,41),(90,16,45),(42,17,21),(58,17,29),(66,17,33),(68,17,34),(72,17,36),(60,18,30),(64,18,32),(70,18,35),(78,18,39),(84,18,42),(40,19,20),(44,19,22),(48,19,24),(52,19,26),(54,19,27),(56,19,28),(50,20,25),(62,20,31),(74,20,37),(76,20,38),(80,20,40),(86,20,43),(88,20,44);

--
-- Table structure for table `ec_product_variations`
--

CREATE TABLE `ec_product_variations` (
  `id` bigint unsigned NOT NULL AUTO_INCREMENT,
  `product_id` bigint unsigned DEFAULT NULL,
  `configurable_product_id` bigint unsigned NOT NULL,
  `is_default` tinyint NOT NULL DEFAULT '0',
  PRIMARY KEY (`id`),
  UNIQUE KEY `ec_product_variations_product_id_configurable_product_id_unique` (`product_id`,`configurable_product_id`),
  KEY `configurable_product_index` (`product_id`,`configurable_product_id`)
) ENGINE=InnoDB AUTO_INCREMENT=46 DEFAULT CHARSET=utf8mb4 COLLATE=utf8mb4_unicode_ci;

--
-- Dumping data for table `ec_product_variations`
--

INSERT INTO `ec_product_variations` VALUES (1,44,4,1),(2,45,4,0),(3,46,7,1),(4,47,7,0),(5,48,7,0),(6,49,8,1),(7,50,9,1),(8,51,10,1),(9,52,10,0),(10,53,10,0),(11,54,11,1),(12,55,11,0),(13,56,11,0),(14,57,13,1),(15,58,13,0),(16,59,13,0),(17,60,17,1),(18,61,17,0),(19,62,17,0),(20,63,21,1),(21,64,23,1),(22,65,23,0),(23,66,23,0),(24,67,23,0),(25,68,24,1),(26,69,24,0),(27,70,26,1),(28,71,26,0),(29,72,27,1),(30,73,27,0),(31,74,27,0),(32,75,31,1),(33,76,31,0),(34,77,31,0),(35,78,31,0),(36,79,32,1),(37,80,32,0),(38,81,33,1),(39,82,38,1),(40,83,38,0),(41,84,38,0),(42,85,38,0),(43,86,41,1),(44,87,42,1),(45,88,43,1);

--
-- Table structure for table `ec_product_views`
--

CREATE TABLE `ec_product_views` (
  `id` bigint unsigned NOT NULL AUTO_INCREMENT,
  `product_id` bigint unsigned NOT NULL,
  `views` int NOT NULL DEFAULT '1',
  `date` date NOT NULL DEFAULT '2024-11-01',
  PRIMARY KEY (`id`),
  UNIQUE KEY `ec_product_views_product_id_date_unique` (`product_id`,`date`),
  KEY `ec_product_views_product_id_index` (`product_id`)
) ENGINE=InnoDB DEFAULT CHARSET=utf8mb4 COLLATE=utf8mb4_unicode_ci;

--
-- Dumping data for table `ec_product_views`
--


--
-- Table structure for table `ec_product_with_attribute_set`
--

CREATE TABLE `ec_product_with_attribute_set` (
  `attribute_set_id` bigint unsigned NOT NULL,
  `product_id` bigint unsigned NOT NULL,
  `order` tinyint unsigned NOT NULL DEFAULT '0',
  PRIMARY KEY (`product_id`,`attribute_set_id`)
) ENGINE=InnoDB DEFAULT CHARSET=utf8mb4 COLLATE=utf8mb4_unicode_ci;

--
-- Dumping data for table `ec_product_with_attribute_set`
--

INSERT INTO `ec_product_with_attribute_set` VALUES (1,4,0),(2,4,0),(1,7,0),(2,7,0),(1,8,0),(2,8,0),(1,9,0),(2,9,0),(1,10,0),(2,10,0),(1,11,0),(2,11,0),(1,13,0),(2,13,0),(1,17,0),(2,17,0),(3,21,0),(4,21,0),(3,23,0),(4,23,0),(3,24,0),(4,24,0),(3,26,0),(4,26,0),(3,27,0),(4,27,0),(3,31,0),(4,31,0),(3,32,0),(4,32,0),(3,33,0),(4,33,0),(3,38,0),(4,38,0),(3,41,0),(4,41,0),(3,42,0),(4,42,0),(3,43,0),(4,43,0);

--
-- Table structure for table `ec_products`
--

CREATE TABLE `ec_products` (
  `id` bigint unsigned NOT NULL AUTO_INCREMENT,
  `name` varchar(191) COLLATE utf8mb4_unicode_ci NOT NULL,
  `description` text COLLATE utf8mb4_unicode_ci,
  `content` longtext COLLATE utf8mb4_unicode_ci,
  `status` varchar(60) COLLATE utf8mb4_unicode_ci NOT NULL DEFAULT 'published',
  `images` text COLLATE utf8mb4_unicode_ci,
  `video_media` text COLLATE utf8mb4_unicode_ci,
  `sku` varchar(191) COLLATE utf8mb4_unicode_ci DEFAULT NULL,
  `order` int unsigned NOT NULL DEFAULT '0',
  `quantity` int unsigned DEFAULT NULL,
  `allow_checkout_when_out_of_stock` tinyint unsigned NOT NULL DEFAULT '0',
  `with_storehouse_management` tinyint unsigned NOT NULL DEFAULT '0',
  `is_featured` tinyint unsigned NOT NULL DEFAULT '0',
  `brand_id` bigint unsigned DEFAULT NULL,
  `is_variation` tinyint NOT NULL DEFAULT '0',
  `sale_type` tinyint NOT NULL DEFAULT '0',
  `price` double unsigned DEFAULT NULL,
  `sale_price` double unsigned DEFAULT NULL,
  `start_date` timestamp NULL DEFAULT NULL,
  `end_date` timestamp NULL DEFAULT NULL,
  `length` double(8,2) DEFAULT NULL,
  `wide` double(8,2) DEFAULT NULL,
  `height` double(8,2) DEFAULT NULL,
  `weight` double(8,2) DEFAULT NULL,
  `tax_id` bigint unsigned DEFAULT NULL,
  `views` bigint NOT NULL DEFAULT '0',
  `created_at` timestamp NULL DEFAULT NULL,
  `updated_at` timestamp NULL DEFAULT NULL,
  `stock_status` varchar(191) COLLATE utf8mb4_unicode_ci DEFAULT 'in_stock',
  `store_id` bigint unsigned DEFAULT NULL,
  `created_by_id` bigint unsigned DEFAULT '0',
  `created_by_type` varchar(191) COLLATE utf8mb4_unicode_ci NOT NULL DEFAULT 'Botble\\ACL\\Models\\User',
  `approved_by` bigint unsigned DEFAULT '0',
  `image` varchar(191) COLLATE utf8mb4_unicode_ci DEFAULT NULL,
  `product_type` varchar(60) COLLATE utf8mb4_unicode_ci DEFAULT 'physical',
  `barcode` varchar(50) COLLATE utf8mb4_unicode_ci DEFAULT NULL,
  `cost_per_item` double DEFAULT NULL,
  `generate_license_code` tinyint(1) NOT NULL DEFAULT '0',
  `minimum_order_quantity` int unsigned DEFAULT '0',
  `maximum_order_quantity` int unsigned DEFAULT '0',
  `notify_attachment_updated` tinyint(1) NOT NULL DEFAULT '0',
  `specification_table_id` bigint unsigned DEFAULT NULL,
  PRIMARY KEY (`id`),
  KEY `ec_products_brand_id_status_is_variation_created_at_index` (`brand_id`,`status`,`is_variation`,`created_at`),
  KEY `sale_type_index` (`sale_type`),
  KEY `start_date_index` (`start_date`),
  KEY `end_date_index` (`end_date`),
  KEY `sale_price_index` (`sale_price`),
  KEY `is_variation_index` (`is_variation`),
  KEY `ec_products_sku_index` (`sku`)
) ENGINE=InnoDB AUTO_INCREMENT=89 DEFAULT CHARSET=utf8mb4 COLLATE=utf8mb4_unicode_ci;

--
-- Dumping data for table `ec_products`
--

INSERT INTO `ec_products` VALUES (1,'Vintage Denim Jacket','Stay cozy and chic in this knit turtleneck sweater, featuring a ribbed texture and a timeless design. Perfect for chilly days and nights.','<div class=\"row justify-content-center\">\n    <div class=\"col-xl-10\">\n        <div class=\"tp-product-details-desc-item pb-105\">\n            <div class=\"row\">\n                <div class=\"col-lg-6\">\n                    <div class=\"pt-25\">\n                        <span>Anti-Aging Serum</span>\n                        <h3 class=\"tp-product-details-desc-title\">Revitalize Your Skin</h3>\n                        <p>\n                            Turn back the clock with our advanced anti-aging serum. Formulated with potent ingredients like hyaluronic acid and retinol, this serum targets fine lines, wrinkles, and age spots, leaving your skin looking youthful and radiant. Restore your skin\'s natural glow and texture with regular use.\n                        </p>\n                    </div>\n                    <div>\n                        <h3 class=\"tp-product-details-desc-title\">Hydration and Nourishment</h3>\n                        <p>\n                            Our anti-aging serum is enriched with hydrating and nourishing ingredients that penetrate deep into the skin to replenish moisture and improve elasticity. Say goodbye to dry, dull skin and hello to a complexion that\'s supple, smooth, and rejuvenated.\n                        </p>\n                    </div>\n                </div>\n                <div class=\"col-lg-6\">\n                    <div class=\"tp-product-details-desc-thumb\">\n                        <img src=\"/storage/beauty/products/product-1.png\" alt=\"Anti-Aging Serum\">\n                    </div>\n                </div>\n            </div>\n        </div>\n        <div class=\"tp-product-details-desc-item pb-75\">\n            <div class=\"row\">\n                <div class=\"col-lg-7\">\n                    <div class=\"tp-product-details-desc-thumb\">\n                        <img src=\"/storage/beauty/products/product-2.png\" alt=\"Application of Anti-Aging Serum\">\n                    </div>\n                </div>\n\n                <div class=\"col-lg-5 order-first order-lg-last\">\n                    <div class=\"des-content-2 pl-40\">\n                        <h3 class=\"tp-product-details-desc-title\">\n                            Visible Results\n                        </h3>\n                        <p>\n                            Experience noticeable results with our anti-aging serum. Within weeks of use, you\'ll notice smoother, firmer skin with reduced signs of aging. Incorporate it into your daily skincare routine for long-lasting benefits and a complexion that defies time.\n                        </p>\n                    </div>\n                </div>\n            </div>\n        </div>\n        <div class=\"tp-product-details-desc-item\">\n            <div class=\"row\">\n                <div class=\"col-xl-12\">\n                    <div class=\"tp-product-details-desc-banner text-center m-img\">\n                        <h3 class=\"tp-product-details-desc-banner-title tp-product-details-desc-title\">Expertly Formulated</h3>\n                        <img src=\"/storage/beauty/products/product-3.png\" alt=\"Beauty Lab\">\n                    </div>\n                </div>\n            </div>\n        </div>\n    </div>\n</div>\n','published','[\"main\\/products\\/product-18.jpg\",\"main\\/products\\/product-19.jpg\",\"main\\/products\\/product-7.jpg\",\"main\\/products\\/product-16.jpg\",\"main\\/products\\/product-6.jpg\"]','[[{\"key\":\"file\",\"value\":null},{\"key\":\"url\",\"value\":\"https:\\/\\/www.youtube.com\\/watch?v=6JYIGclVQdw\"},{\"key\":\"thumbnail\",\"value\":\"main\\/video\\/2.jpg\"}]]','PD-164',0,10,0,1,0,4,0,0,1519,876,NULL,NULL,13.00,20.00,12.00,629.00,NULL,199466,'2024-10-31 20:47:17','2024-10-31 20:47:18','in_stock',4,0,'Botble\\ACL\\Models\\User',0,NULL,'physical',NULL,NULL,0,0,0,0,2),(2,'Floral Maxi Dress','Complete your look with these classic aviator sunglasses, offering a touch of timeless glamour and UV protection for your eyes.','<div class=\"row justify-content-center\">\n    <div class=\"col-xl-10\">\n        <div class=\"tp-product-details-desc-item pb-105\">\n            <div class=\"row\">\n                <div class=\"col-lg-6\">\n                    <div class=\"pt-25\">\n                        <span>Anti-Aging Serum</span>\n                        <h3 class=\"tp-product-details-desc-title\">Revitalize Your Skin</h3>\n                        <p>\n                            Turn back the clock with our advanced anti-aging serum. Formulated with potent ingredients like hyaluronic acid and retinol, this serum targets fine lines, wrinkles, and age spots, leaving your skin looking youthful and radiant. Restore your skin\'s natural glow and texture with regular use.\n                        </p>\n                    </div>\n                    <div>\n                        <h3 class=\"tp-product-details-desc-title\">Hydration and Nourishment</h3>\n                        <p>\n                            Our anti-aging serum is enriched with hydrating and nourishing ingredients that penetrate deep into the skin to replenish moisture and improve elasticity. Say goodbye to dry, dull skin and hello to a complexion that\'s supple, smooth, and rejuvenated.\n                        </p>\n                    </div>\n                </div>\n                <div class=\"col-lg-6\">\n                    <div class=\"tp-product-details-desc-thumb\">\n                        <img src=\"/storage/beauty/products/product-1.png\" alt=\"Anti-Aging Serum\">\n                    </div>\n                </div>\n            </div>\n        </div>\n        <div class=\"tp-product-details-desc-item pb-75\">\n            <div class=\"row\">\n                <div class=\"col-lg-7\">\n                    <div class=\"tp-product-details-desc-thumb\">\n                        <img src=\"/storage/beauty/products/product-2.png\" alt=\"Application of Anti-Aging Serum\">\n                    </div>\n                </div>\n\n                <div class=\"col-lg-5 order-first order-lg-last\">\n                    <div class=\"des-content-2 pl-40\">\n                        <h3 class=\"tp-product-details-desc-title\">\n                            Visible Results\n                        </h3>\n                        <p>\n                            Experience noticeable results with our anti-aging serum. Within weeks of use, you\'ll notice smoother, firmer skin with reduced signs of aging. Incorporate it into your daily skincare routine for long-lasting benefits and a complexion that defies time.\n                        </p>\n                    </div>\n                </div>\n            </div>\n        </div>\n        <div class=\"tp-product-details-desc-item\">\n            <div class=\"row\">\n                <div class=\"col-xl-12\">\n                    <div class=\"tp-product-details-desc-banner text-center m-img\">\n                        <h3 class=\"tp-product-details-desc-banner-title tp-product-details-desc-title\">Expertly Formulated</h3>\n                        <img src=\"/storage/beauty/products/product-3.png\" alt=\"Beauty Lab\">\n                    </div>\n                </div>\n            </div>\n        </div>\n    </div>\n</div>\n','published','[\"main\\/products\\/product-details-desc-3.jpg\",\"main\\/products\\/product-14.jpg\",\"main\\/products\\/product-details-desc-2.jpg\",\"main\\/products\\/product-11.jpg\",\"main\\/products\\/product-4.jpg\"]','[]','QC-184',0,16,0,1,1,3,0,0,345,78,NULL,NULL,19.00,17.00,11.00,541.00,NULL,17644,'2024-10-31 20:47:17','2024-10-31 20:47:18','in_stock',6,0,'Botble\\ACL\\Models\\User',0,NULL,'physical',NULL,NULL,0,0,0,0,2),(3,'Leather Ankle Boots','Top off your look with this chic fedora hat, crafted with a classic silhouette and a timeless appeal. A must-have accessory for any fashion-forward wardrobe.','<div class=\"row justify-content-center\">\n    <div class=\"col-xl-10\">\n        <div class=\"tp-product-details-desc-item pb-105\">\n            <div class=\"row\">\n                <div class=\"col-lg-6\">\n                    <div class=\"pt-25\">\n                        <span>Anti-Aging Serum</span>\n                        <h3 class=\"tp-product-details-desc-title\">Revitalize Your Skin</h3>\n                        <p>\n                            Turn back the clock with our advanced anti-aging serum. Formulated with potent ingredients like hyaluronic acid and retinol, this serum targets fine lines, wrinkles, and age spots, leaving your skin looking youthful and radiant. Restore your skin\'s natural glow and texture with regular use.\n                        </p>\n                    </div>\n                    <div>\n                        <h3 class=\"tp-product-details-desc-title\">Hydration and Nourishment</h3>\n                        <p>\n                            Our anti-aging serum is enriched with hydrating and nourishing ingredients that penetrate deep into the skin to replenish moisture and improve elasticity. Say goodbye to dry, dull skin and hello to a complexion that\'s supple, smooth, and rejuvenated.\n                        </p>\n                    </div>\n                </div>\n                <div class=\"col-lg-6\">\n                    <div class=\"tp-product-details-desc-thumb\">\n                        <img src=\"/storage/beauty/products/product-1.png\" alt=\"Anti-Aging Serum\">\n                    </div>\n                </div>\n            </div>\n        </div>\n        <div class=\"tp-product-details-desc-item pb-75\">\n            <div class=\"row\">\n                <div class=\"col-lg-7\">\n                    <div class=\"tp-product-details-desc-thumb\">\n                        <img src=\"/storage/beauty/products/product-2.png\" alt=\"Application of Anti-Aging Serum\">\n                    </div>\n                </div>\n\n                <div class=\"col-lg-5 order-first order-lg-last\">\n                    <div class=\"des-content-2 pl-40\">\n                        <h3 class=\"tp-product-details-desc-title\">\n                            Visible Results\n                        </h3>\n                        <p>\n                            Experience noticeable results with our anti-aging serum. Within weeks of use, you\'ll notice smoother, firmer skin with reduced signs of aging. Incorporate it into your daily skincare routine for long-lasting benefits and a complexion that defies time.\n                        </p>\n                    </div>\n                </div>\n            </div>\n        </div>\n        <div class=\"tp-product-details-desc-item\">\n            <div class=\"row\">\n                <div class=\"col-xl-12\">\n                    <div class=\"tp-product-details-desc-banner text-center m-img\">\n                        <h3 class=\"tp-product-details-desc-banner-title tp-product-details-desc-title\">Expertly Formulated</h3>\n                        <img src=\"/storage/beauty/products/product-3.png\" alt=\"Beauty Lab\">\n                    </div>\n                </div>\n            </div>\n        </div>\n    </div>\n</div>\n','published','[\"main\\/products\\/product-7.jpg\",\"main\\/products\\/product-4.jpg\",\"main\\/products\\/product-8.jpg\",\"main\\/products\\/product-17.jpg\",\"main\\/products\\/product-13.jpg\",\"main\\/products\\/product-20.jpg\",\"main\\/products\\/product-details-desc-3.jpg\"]','[[{\"key\":\"file\",\"value\":\"main\\/video\\/video-1.mp4\"},{\"key\":\"url\",\"value\":null},{\"key\":\"thumbnail\",\"value\":\"main\\/video\\/1.jpg\"}]]','DD-104',0,20,0,1,1,5,0,0,1124,614,NULL,NULL,15.00,20.00,13.00,533.00,NULL,126092,'2024-10-31 20:47:17','2024-10-31 20:47:18','in_stock',1,0,'Botble\\ACL\\Models\\User',0,NULL,'physical',NULL,NULL,0,0,0,0,2),(4,'Knit Turtleneck Sweater (Digital)','Accessorize with this bohemian fringe handbag, featuring intricate details and enough space for your essentials. The perfect boho-chic addition to your collection.','<div class=\"row justify-content-center\">\n    <div class=\"col-xl-10\">\n        <div class=\"tp-product-details-desc-item pb-105\">\n            <div class=\"row\">\n                <div class=\"col-lg-6\">\n                    <div class=\"pt-25\">\n                        <span>Anti-Aging Serum</span>\n                        <h3 class=\"tp-product-details-desc-title\">Revitalize Your Skin</h3>\n                        <p>\n                            Turn back the clock with our advanced anti-aging serum. Formulated with potent ingredients like hyaluronic acid and retinol, this serum targets fine lines, wrinkles, and age spots, leaving your skin looking youthful and radiant. Restore your skin\'s natural glow and texture with regular use.\n                        </p>\n                    </div>\n                    <div>\n                        <h3 class=\"tp-product-details-desc-title\">Hydration and Nourishment</h3>\n                        <p>\n                            Our anti-aging serum is enriched with hydrating and nourishing ingredients that penetrate deep into the skin to replenish moisture and improve elasticity. Say goodbye to dry, dull skin and hello to a complexion that\'s supple, smooth, and rejuvenated.\n                        </p>\n                    </div>\n                </div>\n                <div class=\"col-lg-6\">\n                    <div class=\"tp-product-details-desc-thumb\">\n                        <img src=\"/storage/beauty/products/product-1.png\" alt=\"Anti-Aging Serum\">\n                    </div>\n                </div>\n            </div>\n        </div>\n        <div class=\"tp-product-details-desc-item pb-75\">\n            <div class=\"row\">\n                <div class=\"col-lg-7\">\n                    <div class=\"tp-product-details-desc-thumb\">\n                        <img src=\"/storage/beauty/products/product-2.png\" alt=\"Application of Anti-Aging Serum\">\n                    </div>\n                </div>\n\n                <div class=\"col-lg-5 order-first order-lg-last\">\n                    <div class=\"des-content-2 pl-40\">\n                        <h3 class=\"tp-product-details-desc-title\">\n                            Visible Results\n                        </h3>\n                        <p>\n                            Experience noticeable results with our anti-aging serum. Within weeks of use, you\'ll notice smoother, firmer skin with reduced signs of aging. Incorporate it into your daily skincare routine for long-lasting benefits and a complexion that defies time.\n                        </p>\n                    </div>\n                </div>\n            </div>\n        </div>\n        <div class=\"tp-product-details-desc-item\">\n            <div class=\"row\">\n                <div class=\"col-xl-12\">\n                    <div class=\"tp-product-details-desc-banner text-center m-img\">\n                        <h3 class=\"tp-product-details-desc-banner-title tp-product-details-desc-title\">Expertly Formulated</h3>\n                        <img src=\"/storage/beauty/products/product-3.png\" alt=\"Beauty Lab\">\n                    </div>\n                </div>\n            </div>\n        </div>\n    </div>\n</div>\n','published','[\"main\\/products\\/product-9.jpg\",\"main\\/products\\/product-12.jpg\",\"main\\/products\\/product-15.jpg\",\"main\\/products\\/product-7.jpg\",\"main\\/products\\/product-19.jpg\"]','[]','Y7-108-A1',0,19,0,1,1,1,0,0,1827,1388.52,NULL,NULL,12.00,14.00,18.00,608.00,NULL,80692,'2024-10-31 20:47:17','2024-10-31 20:47:18','in_stock',8,0,'Botble\\ACL\\Models\\User',0,NULL,'digital',NULL,NULL,0,0,0,0,1),(5,'Classic Aviator Sunglasses','Top off your look with this chic fedora hat, crafted with a classic silhouette and a timeless appeal. A must-have accessory for any fashion-forward wardrobe.','<div class=\"row justify-content-center\">\n    <div class=\"col-xl-10\">\n        <div class=\"tp-product-details-desc-item pb-105\">\n            <div class=\"row\">\n                <div class=\"col-lg-6\">\n                    <div class=\"pt-25\">\n                        <span>Anti-Aging Serum</span>\n                        <h3 class=\"tp-product-details-desc-title\">Revitalize Your Skin</h3>\n                        <p>\n                            Turn back the clock with our advanced anti-aging serum. Formulated with potent ingredients like hyaluronic acid and retinol, this serum targets fine lines, wrinkles, and age spots, leaving your skin looking youthful and radiant. Restore your skin\'s natural glow and texture with regular use.\n                        </p>\n                    </div>\n                    <div>\n                        <h3 class=\"tp-product-details-desc-title\">Hydration and Nourishment</h3>\n                        <p>\n                            Our anti-aging serum is enriched with hydrating and nourishing ingredients that penetrate deep into the skin to replenish moisture and improve elasticity. Say goodbye to dry, dull skin and hello to a complexion that\'s supple, smooth, and rejuvenated.\n                        </p>\n                    </div>\n                </div>\n                <div class=\"col-lg-6\">\n                    <div class=\"tp-product-details-desc-thumb\">\n                        <img src=\"/storage/beauty/products/product-1.png\" alt=\"Anti-Aging Serum\">\n                    </div>\n                </div>\n            </div>\n        </div>\n        <div class=\"tp-product-details-desc-item pb-75\">\n            <div class=\"row\">\n                <div class=\"col-lg-7\">\n                    <div class=\"tp-product-details-desc-thumb\">\n                        <img src=\"/storage/beauty/products/product-2.png\" alt=\"Application of Anti-Aging Serum\">\n                    </div>\n                </div>\n\n                <div class=\"col-lg-5 order-first order-lg-last\">\n                    <div class=\"des-content-2 pl-40\">\n                        <h3 class=\"tp-product-details-desc-title\">\n                            Visible Results\n                        </h3>\n                        <p>\n                            Experience noticeable results with our anti-aging serum. Within weeks of use, you\'ll notice smoother, firmer skin with reduced signs of aging. Incorporate it into your daily skincare routine for long-lasting benefits and a complexion that defies time.\n                        </p>\n                    </div>\n                </div>\n            </div>\n        </div>\n        <div class=\"tp-product-details-desc-item\">\n            <div class=\"row\">\n                <div class=\"col-xl-12\">\n                    <div class=\"tp-product-details-desc-banner text-center m-img\">\n                        <h3 class=\"tp-product-details-desc-banner-title tp-product-details-desc-title\">Expertly Formulated</h3>\n                        <img src=\"/storage/beauty/products/product-3.png\" alt=\"Beauty Lab\">\n                    </div>\n                </div>\n            </div>\n        </div>\n    </div>\n</div>\n','published','[\"main\\/products\\/product-7.jpg\",\"main\\/products\\/product-16.jpg\",\"main\\/products\\/product-details-desc-2.jpg\",\"main\\/products\\/product-20.jpg\",\"main\\/products\\/product-4.jpg\"]','[[{\"key\":\"file\",\"value\":\"main\\/video\\/video-1.mp4\"},{\"key\":\"url\",\"value\":null},{\"key\":\"thumbnail\",\"value\":\"main\\/video\\/1.jpg\"}]]','VI-190',0,19,0,1,1,5,0,0,1566,1545,NULL,NULL,16.00,15.00,17.00,803.00,NULL,106026,'2024-10-31 20:47:17','2024-10-31 20:47:18','in_stock',4,0,'Botble\\ACL\\Models\\User',0,NULL,'physical',NULL,NULL,0,0,0,0,1),(6,'Tailored Wool Blazer','Elevate your street style with this vintage denim jacket, featuring distressed detailing and a relaxed fit for a laid-back vibe.','<div class=\"row justify-content-center\">\n    <div class=\"col-xl-10\">\n        <div class=\"tp-product-details-desc-item pb-105\">\n            <div class=\"row\">\n                <div class=\"col-lg-6\">\n                    <div class=\"pt-25\">\n                        <span>Anti-Aging Serum</span>\n                        <h3 class=\"tp-product-details-desc-title\">Revitalize Your Skin</h3>\n                        <p>\n                            Turn back the clock with our advanced anti-aging serum. Formulated with potent ingredients like hyaluronic acid and retinol, this serum targets fine lines, wrinkles, and age spots, leaving your skin looking youthful and radiant. Restore your skin\'s natural glow and texture with regular use.\n                        </p>\n                    </div>\n                    <div>\n                        <h3 class=\"tp-product-details-desc-title\">Hydration and Nourishment</h3>\n                        <p>\n                            Our anti-aging serum is enriched with hydrating and nourishing ingredients that penetrate deep into the skin to replenish moisture and improve elasticity. Say goodbye to dry, dull skin and hello to a complexion that\'s supple, smooth, and rejuvenated.\n                        </p>\n                    </div>\n                </div>\n                <div class=\"col-lg-6\">\n                    <div class=\"tp-product-details-desc-thumb\">\n                        <img src=\"/storage/beauty/products/product-1.png\" alt=\"Anti-Aging Serum\">\n                    </div>\n                </div>\n            </div>\n        </div>\n        <div class=\"tp-product-details-desc-item pb-75\">\n            <div class=\"row\">\n                <div class=\"col-lg-7\">\n                    <div class=\"tp-product-details-desc-thumb\">\n                        <img src=\"/storage/beauty/products/product-2.png\" alt=\"Application of Anti-Aging Serum\">\n                    </div>\n                </div>\n\n                <div class=\"col-lg-5 order-first order-lg-last\">\n                    <div class=\"des-content-2 pl-40\">\n                        <h3 class=\"tp-product-details-desc-title\">\n                            Visible Results\n                        </h3>\n                        <p>\n                            Experience noticeable results with our anti-aging serum. Within weeks of use, you\'ll notice smoother, firmer skin with reduced signs of aging. Incorporate it into your daily skincare routine for long-lasting benefits and a complexion that defies time.\n                        </p>\n                    </div>\n                </div>\n            </div>\n        </div>\n        <div class=\"tp-product-details-desc-item\">\n            <div class=\"row\">\n                <div class=\"col-xl-12\">\n                    <div class=\"tp-product-details-desc-banner text-center m-img\">\n                        <h3 class=\"tp-product-details-desc-banner-title tp-product-details-desc-title\">Expertly Formulated</h3>\n                        <img src=\"/storage/beauty/products/product-3.png\" alt=\"Beauty Lab\">\n                    </div>\n                </div>\n            </div>\n        </div>\n    </div>\n</div>\n','published','[\"main\\/products\\/product-12.jpg\",\"main\\/products\\/product-16.jpg\",\"main\\/products\\/product-19.jpg\",\"main\\/products\\/product-8.jpg\",\"main\\/products\\/product-10.jpg\",\"main\\/products\\/product-6.jpg\",\"main\\/products\\/product-11.jpg\"]','[[{\"key\":\"file\",\"value\":null},{\"key\":\"url\",\"value\":\"https:\\/\\/www.youtube.com\\/watch?v=6JYIGclVQdw\"},{\"key\":\"thumbnail\",\"value\":\"main\\/video\\/2.jpg\"}]]','TR-169',0,11,0,1,0,4,0,0,351,198,NULL,NULL,15.00,10.00,16.00,841.00,NULL,39221,'2024-10-31 20:47:17','2024-10-31 20:47:18','in_stock',3,0,'Botble\\ACL\\Models\\User',0,NULL,'physical',NULL,NULL,0,0,0,0,2),(7,'Bohemian Fringe Handbag','Add a pop of color to your outfit with this silk scarf adorned with a geometric print. Wrap it around your neck or tie it to your handbag for a stylish touch.','<div class=\"row justify-content-center\">\n    <div class=\"col-xl-10\">\n        <div class=\"tp-product-details-desc-item pb-105\">\n            <div class=\"row\">\n                <div class=\"col-lg-6\">\n                    <div class=\"pt-25\">\n                        <span>Anti-Aging Serum</span>\n                        <h3 class=\"tp-product-details-desc-title\">Revitalize Your Skin</h3>\n                        <p>\n                            Turn back the clock with our advanced anti-aging serum. Formulated with potent ingredients like hyaluronic acid and retinol, this serum targets fine lines, wrinkles, and age spots, leaving your skin looking youthful and radiant. Restore your skin\'s natural glow and texture with regular use.\n                        </p>\n                    </div>\n                    <div>\n                        <h3 class=\"tp-product-details-desc-title\">Hydration and Nourishment</h3>\n                        <p>\n                            Our anti-aging serum is enriched with hydrating and nourishing ingredients that penetrate deep into the skin to replenish moisture and improve elasticity. Say goodbye to dry, dull skin and hello to a complexion that\'s supple, smooth, and rejuvenated.\n                        </p>\n                    </div>\n                </div>\n                <div class=\"col-lg-6\">\n                    <div class=\"tp-product-details-desc-thumb\">\n                        <img src=\"/storage/beauty/products/product-1.png\" alt=\"Anti-Aging Serum\">\n                    </div>\n                </div>\n            </div>\n        </div>\n        <div class=\"tp-product-details-desc-item pb-75\">\n            <div class=\"row\">\n                <div class=\"col-lg-7\">\n                    <div class=\"tp-product-details-desc-thumb\">\n                        <img src=\"/storage/beauty/products/product-2.png\" alt=\"Application of Anti-Aging Serum\">\n                    </div>\n                </div>\n\n                <div class=\"col-lg-5 order-first order-lg-last\">\n                    <div class=\"des-content-2 pl-40\">\n                        <h3 class=\"tp-product-details-desc-title\">\n                            Visible Results\n                        </h3>\n                        <p>\n                            Experience noticeable results with our anti-aging serum. Within weeks of use, you\'ll notice smoother, firmer skin with reduced signs of aging. Incorporate it into your daily skincare routine for long-lasting benefits and a complexion that defies time.\n                        </p>\n                    </div>\n                </div>\n            </div>\n        </div>\n        <div class=\"tp-product-details-desc-item\">\n            <div class=\"row\">\n                <div class=\"col-xl-12\">\n                    <div class=\"tp-product-details-desc-banner text-center m-img\">\n                        <h3 class=\"tp-product-details-desc-banner-title tp-product-details-desc-title\">Expertly Formulated</h3>\n                        <img src=\"/storage/beauty/products/product-3.png\" alt=\"Beauty Lab\">\n                    </div>\n                </div>\n            </div>\n        </div>\n    </div>\n</div>\n','published','[\"main\\/products\\/product-4.jpg\",\"main\\/products\\/product-15.jpg\",\"main\\/products\\/product-details-desc-1.jpg\",\"main\\/products\\/product-18.jpg\",\"main\\/products\\/product-16.jpg\"]','[[{\"key\":\"file\",\"value\":null},{\"key\":\"url\",\"value\":\"https:\\/\\/www.youtube.com\\/watch?v=6JYIGclVQdw\"},{\"key\":\"thumbnail\",\"value\":\"main\\/video\\/1.jpg\"}]]','MK-198-A1',0,14,0,1,1,5,0,0,2346,NULL,NULL,NULL,10.00,17.00,17.00,582.00,NULL,56890,'2024-10-31 20:47:17','2024-10-31 20:47:18','in_stock',7,0,'Botble\\ACL\\Models\\User',0,NULL,'physical',NULL,NULL,0,0,0,0,1),(8,'Silk Scarf with Geometric Print (Digital)','Step out in style with these leather ankle boots, crafted with a sleek design and comfortable block heel. Versatile enough to pair with both dresses and jeans.','<div class=\"row justify-content-center\">\n    <div class=\"col-xl-10\">\n        <div class=\"tp-product-details-desc-item pb-105\">\n            <div class=\"row\">\n                <div class=\"col-lg-6\">\n                    <div class=\"pt-25\">\n                        <span>Anti-Aging Serum</span>\n                        <h3 class=\"tp-product-details-desc-title\">Revitalize Your Skin</h3>\n                        <p>\n                            Turn back the clock with our advanced anti-aging serum. Formulated with potent ingredients like hyaluronic acid and retinol, this serum targets fine lines, wrinkles, and age spots, leaving your skin looking youthful and radiant. Restore your skin\'s natural glow and texture with regular use.\n                        </p>\n                    </div>\n                    <div>\n                        <h3 class=\"tp-product-details-desc-title\">Hydration and Nourishment</h3>\n                        <p>\n                            Our anti-aging serum is enriched with hydrating and nourishing ingredients that penetrate deep into the skin to replenish moisture and improve elasticity. Say goodbye to dry, dull skin and hello to a complexion that\'s supple, smooth, and rejuvenated.\n                        </p>\n                    </div>\n                </div>\n                <div class=\"col-lg-6\">\n                    <div class=\"tp-product-details-desc-thumb\">\n                        <img src=\"/storage/beauty/products/product-1.png\" alt=\"Anti-Aging Serum\">\n                    </div>\n                </div>\n            </div>\n        </div>\n        <div class=\"tp-product-details-desc-item pb-75\">\n            <div class=\"row\">\n                <div class=\"col-lg-7\">\n                    <div class=\"tp-product-details-desc-thumb\">\n                        <img src=\"/storage/beauty/products/product-2.png\" alt=\"Application of Anti-Aging Serum\">\n                    </div>\n                </div>\n\n                <div class=\"col-lg-5 order-first order-lg-last\">\n                    <div class=\"des-content-2 pl-40\">\n                        <h3 class=\"tp-product-details-desc-title\">\n                            Visible Results\n                        </h3>\n                        <p>\n                            Experience noticeable results with our anti-aging serum. Within weeks of use, you\'ll notice smoother, firmer skin with reduced signs of aging. Incorporate it into your daily skincare routine for long-lasting benefits and a complexion that defies time.\n                        </p>\n                    </div>\n                </div>\n            </div>\n        </div>\n        <div class=\"tp-product-details-desc-item\">\n            <div class=\"row\">\n                <div class=\"col-xl-12\">\n                    <div class=\"tp-product-details-desc-banner text-center m-img\">\n                        <h3 class=\"tp-product-details-desc-banner-title tp-product-details-desc-title\">Expertly Formulated</h3>\n                        <img src=\"/storage/beauty/products/product-3.png\" alt=\"Beauty Lab\">\n                    </div>\n                </div>\n            </div>\n        </div>\n    </div>\n</div>\n','published','[\"main\\/products\\/product-3.jpg\",\"main\\/products\\/product-8.jpg\",\"main\\/products\\/product-1.jpg\",\"main\\/products\\/product-17.jpg\"]','[[{\"key\":\"file\",\"value\":null},{\"key\":\"url\",\"value\":\"https:\\/\\/www.youtube.com\\/watch?v=6JYIGclVQdw\"},{\"key\":\"thumbnail\",\"value\":\"main\\/video\\/2.jpg\"}]]','G9-106-A1',0,16,0,1,0,4,0,0,1864,1342.08,NULL,NULL,13.00,20.00,11.00,756.00,NULL,97786,'2024-10-31 20:47:17','2024-10-31 20:47:18','in_stock',7,0,'Botble\\ACL\\Models\\User',0,NULL,'digital',NULL,NULL,0,0,0,0,1),(9,'High-Waisted Wide Leg Trousers','Complete your look with these classic aviator sunglasses, offering a touch of timeless glamour and UV protection for your eyes.','<div class=\"row justify-content-center\">\n    <div class=\"col-xl-10\">\n        <div class=\"tp-product-details-desc-item pb-105\">\n            <div class=\"row\">\n                <div class=\"col-lg-6\">\n                    <div class=\"pt-25\">\n                        <span>Anti-Aging Serum</span>\n                        <h3 class=\"tp-product-details-desc-title\">Revitalize Your Skin</h3>\n                        <p>\n                            Turn back the clock with our advanced anti-aging serum. Formulated with potent ingredients like hyaluronic acid and retinol, this serum targets fine lines, wrinkles, and age spots, leaving your skin looking youthful and radiant. Restore your skin\'s natural glow and texture with regular use.\n                        </p>\n                    </div>\n                    <div>\n                        <h3 class=\"tp-product-details-desc-title\">Hydration and Nourishment</h3>\n                        <p>\n                            Our anti-aging serum is enriched with hydrating and nourishing ingredients that penetrate deep into the skin to replenish moisture and improve elasticity. Say goodbye to dry, dull skin and hello to a complexion that\'s supple, smooth, and rejuvenated.\n                        </p>\n                    </div>\n                </div>\n                <div class=\"col-lg-6\">\n                    <div class=\"tp-product-details-desc-thumb\">\n                        <img src=\"/storage/beauty/products/product-1.png\" alt=\"Anti-Aging Serum\">\n                    </div>\n                </div>\n            </div>\n        </div>\n        <div class=\"tp-product-details-desc-item pb-75\">\n            <div class=\"row\">\n                <div class=\"col-lg-7\">\n                    <div class=\"tp-product-details-desc-thumb\">\n                        <img src=\"/storage/beauty/products/product-2.png\" alt=\"Application of Anti-Aging Serum\">\n                    </div>\n                </div>\n\n                <div class=\"col-lg-5 order-first order-lg-last\">\n                    <div class=\"des-content-2 pl-40\">\n                        <h3 class=\"tp-product-details-desc-title\">\n                            Visible Results\n                        </h3>\n                        <p>\n                            Experience noticeable results with our anti-aging serum. Within weeks of use, you\'ll notice smoother, firmer skin with reduced signs of aging. Incorporate it into your daily skincare routine for long-lasting benefits and a complexion that defies time.\n                        </p>\n                    </div>\n                </div>\n            </div>\n        </div>\n        <div class=\"tp-product-details-desc-item\">\n            <div class=\"row\">\n                <div class=\"col-xl-12\">\n                    <div class=\"tp-product-details-desc-banner text-center m-img\">\n                        <h3 class=\"tp-product-details-desc-banner-title tp-product-details-desc-title\">Expertly Formulated</h3>\n                        <img src=\"/storage/beauty/products/product-3.png\" alt=\"Beauty Lab\">\n                    </div>\n                </div>\n            </div>\n        </div>\n    </div>\n</div>\n','published','[\"main\\/products\\/product-9.jpg\",\"main\\/products\\/product-6.jpg\",\"main\\/products\\/product-18.jpg\"]','[[{\"key\":\"file\",\"value\":null},{\"key\":\"url\",\"value\":\"https:\\/\\/www.youtube.com\\/watch?v=6JYIGclVQdw\"},{\"key\":\"thumbnail\",\"value\":\"main\\/video\\/2.jpg\"}]]','YW-130-A1',0,13,0,1,1,1,0,0,338,NULL,NULL,NULL,13.00,17.00,16.00,604.00,NULL,76139,'2024-10-31 20:47:18','2024-10-31 20:47:18','in_stock',1,0,'Botble\\ACL\\Models\\User',0,NULL,'physical',NULL,NULL,0,0,0,0,1),(10,'Embroidered Boho Blouse','Make a bold statement with this chunky necklace, designed to add a touch of glamour to any outfit. The perfect accessory for a night out.','<div class=\"row justify-content-center\">\n    <div class=\"col-xl-10\">\n        <div class=\"tp-product-details-desc-item pb-105\">\n            <div class=\"row\">\n                <div class=\"col-lg-6\">\n                    <div class=\"pt-25\">\n                        <span>Anti-Aging Serum</span>\n                        <h3 class=\"tp-product-details-desc-title\">Revitalize Your Skin</h3>\n                        <p>\n                            Turn back the clock with our advanced anti-aging serum. Formulated with potent ingredients like hyaluronic acid and retinol, this serum targets fine lines, wrinkles, and age spots, leaving your skin looking youthful and radiant. Restore your skin\'s natural glow and texture with regular use.\n                        </p>\n                    </div>\n                    <div>\n                        <h3 class=\"tp-product-details-desc-title\">Hydration and Nourishment</h3>\n                        <p>\n                            Our anti-aging serum is enriched with hydrating and nourishing ingredients that penetrate deep into the skin to replenish moisture and improve elasticity. Say goodbye to dry, dull skin and hello to a complexion that\'s supple, smooth, and rejuvenated.\n                        </p>\n                    </div>\n                </div>\n                <div class=\"col-lg-6\">\n                    <div class=\"tp-product-details-desc-thumb\">\n                        <img src=\"/storage/beauty/products/product-1.png\" alt=\"Anti-Aging Serum\">\n                    </div>\n                </div>\n            </div>\n        </div>\n        <div class=\"tp-product-details-desc-item pb-75\">\n            <div class=\"row\">\n                <div class=\"col-lg-7\">\n                    <div class=\"tp-product-details-desc-thumb\">\n                        <img src=\"/storage/beauty/products/product-2.png\" alt=\"Application of Anti-Aging Serum\">\n                    </div>\n                </div>\n\n                <div class=\"col-lg-5 order-first order-lg-last\">\n                    <div class=\"des-content-2 pl-40\">\n                        <h3 class=\"tp-product-details-desc-title\">\n                            Visible Results\n                        </h3>\n                        <p>\n                            Experience noticeable results with our anti-aging serum. Within weeks of use, you\'ll notice smoother, firmer skin with reduced signs of aging. Incorporate it into your daily skincare routine for long-lasting benefits and a complexion that defies time.\n                        </p>\n                    </div>\n                </div>\n            </div>\n        </div>\n        <div class=\"tp-product-details-desc-item\">\n            <div class=\"row\">\n                <div class=\"col-xl-12\">\n                    <div class=\"tp-product-details-desc-banner text-center m-img\">\n                        <h3 class=\"tp-product-details-desc-banner-title tp-product-details-desc-title\">Expertly Formulated</h3>\n                        <img src=\"/storage/beauty/products/product-3.png\" alt=\"Beauty Lab\">\n                    </div>\n                </div>\n            </div>\n        </div>\n    </div>\n</div>\n','published','[\"main\\/products\\/product-2.jpg\",\"main\\/products\\/product-17.jpg\",\"main\\/products\\/product-19.jpg\",\"main\\/products\\/product-1.jpg\"]','[[{\"key\":\"file\",\"value\":\"main\\/video\\/video-2.mp4\"},{\"key\":\"url\",\"value\":null},{\"key\":\"thumbnail\",\"value\":\"main\\/video\\/2.jpg\"}]]','TQ-133-A1',0,19,0,1,1,2,0,0,1949,NULL,NULL,NULL,13.00,18.00,19.00,569.00,NULL,101774,'2024-10-31 20:47:18','2024-10-31 20:47:18','in_stock',5,0,'Botble\\ACL\\Models\\User',0,NULL,'physical',NULL,NULL,0,0,0,0,2),(11,'Statement Chunky Necklace','Accessorize with this bohemian fringe handbag, featuring intricate details and enough space for your essentials. The perfect boho-chic addition to your collection.','<div class=\"row justify-content-center\">\n    <div class=\"col-xl-10\">\n        <div class=\"tp-product-details-desc-item pb-105\">\n            <div class=\"row\">\n                <div class=\"col-lg-6\">\n                    <div class=\"pt-25\">\n                        <span>Anti-Aging Serum</span>\n                        <h3 class=\"tp-product-details-desc-title\">Revitalize Your Skin</h3>\n                        <p>\n                            Turn back the clock with our advanced anti-aging serum. Formulated with potent ingredients like hyaluronic acid and retinol, this serum targets fine lines, wrinkles, and age spots, leaving your skin looking youthful and radiant. Restore your skin\'s natural glow and texture with regular use.\n                        </p>\n                    </div>\n                    <div>\n                        <h3 class=\"tp-product-details-desc-title\">Hydration and Nourishment</h3>\n                        <p>\n                            Our anti-aging serum is enriched with hydrating and nourishing ingredients that penetrate deep into the skin to replenish moisture and improve elasticity. Say goodbye to dry, dull skin and hello to a complexion that\'s supple, smooth, and rejuvenated.\n                        </p>\n                    </div>\n                </div>\n                <div class=\"col-lg-6\">\n                    <div class=\"tp-product-details-desc-thumb\">\n                        <img src=\"/storage/beauty/products/product-1.png\" alt=\"Anti-Aging Serum\">\n                    </div>\n                </div>\n            </div>\n        </div>\n        <div class=\"tp-product-details-desc-item pb-75\">\n            <div class=\"row\">\n                <div class=\"col-lg-7\">\n                    <div class=\"tp-product-details-desc-thumb\">\n                        <img src=\"/storage/beauty/products/product-2.png\" alt=\"Application of Anti-Aging Serum\">\n                    </div>\n                </div>\n\n                <div class=\"col-lg-5 order-first order-lg-last\">\n                    <div class=\"des-content-2 pl-40\">\n                        <h3 class=\"tp-product-details-desc-title\">\n                            Visible Results\n                        </h3>\n                        <p>\n                            Experience noticeable results with our anti-aging serum. Within weeks of use, you\'ll notice smoother, firmer skin with reduced signs of aging. Incorporate it into your daily skincare routine for long-lasting benefits and a complexion that defies time.\n                        </p>\n                    </div>\n                </div>\n            </div>\n        </div>\n        <div class=\"tp-product-details-desc-item\">\n            <div class=\"row\">\n                <div class=\"col-xl-12\">\n                    <div class=\"tp-product-details-desc-banner text-center m-img\">\n                        <h3 class=\"tp-product-details-desc-banner-title tp-product-details-desc-title\">Expertly Formulated</h3>\n                        <img src=\"/storage/beauty/products/product-3.png\" alt=\"Beauty Lab\">\n                    </div>\n                </div>\n            </div>\n        </div>\n    </div>\n</div>\n','published','[\"main\\/products\\/product-15.jpg\",\"main\\/products\\/product-9.jpg\",\"main\\/products\\/product-5.jpg\",\"main\\/products\\/product-16.jpg\",\"main\\/products\\/product-13.jpg\",\"main\\/products\\/product-3.jpg\",\"main\\/products\\/product-18.jpg\",\"main\\/products\\/product-8.jpg\"]','[[{\"key\":\"file\",\"value\":\"main\\/video\\/video-2.mp4\"},{\"key\":\"url\",\"value\":null},{\"key\":\"thumbnail\",\"value\":\"main\\/video\\/2.jpg\"}]]','NJ-188-A1',0,17,0,1,0,2,0,0,615,NULL,NULL,NULL,13.00,16.00,13.00,896.00,NULL,135705,'2024-10-31 20:47:18','2024-10-31 20:47:18','in_stock',1,0,'Botble\\ACL\\Models\\User',0,NULL,'physical',NULL,NULL,0,0,0,0,2),(12,'Chic Fedora Hat (Digital)','Embrace bohemian vibes with this embroidered boho blouse, featuring intricate stitching and a relaxed fit. Perfect for a casual day with a touch of style.','<div class=\"row justify-content-center\">\n    <div class=\"col-xl-10\">\n        <div class=\"tp-product-details-desc-item pb-105\">\n            <div class=\"row\">\n                <div class=\"col-lg-6\">\n                    <div class=\"pt-25\">\n                        <span>Anti-Aging Serum</span>\n                        <h3 class=\"tp-product-details-desc-title\">Revitalize Your Skin</h3>\n                        <p>\n                            Turn back the clock with our advanced anti-aging serum. Formulated with potent ingredients like hyaluronic acid and retinol, this serum targets fine lines, wrinkles, and age spots, leaving your skin looking youthful and radiant. Restore your skin\'s natural glow and texture with regular use.\n                        </p>\n                    </div>\n                    <div>\n                        <h3 class=\"tp-product-details-desc-title\">Hydration and Nourishment</h3>\n                        <p>\n                            Our anti-aging serum is enriched with hydrating and nourishing ingredients that penetrate deep into the skin to replenish moisture and improve elasticity. Say goodbye to dry, dull skin and hello to a complexion that\'s supple, smooth, and rejuvenated.\n                        </p>\n                    </div>\n                </div>\n                <div class=\"col-lg-6\">\n                    <div class=\"tp-product-details-desc-thumb\">\n                        <img src=\"/storage/beauty/products/product-1.png\" alt=\"Anti-Aging Serum\">\n                    </div>\n                </div>\n            </div>\n        </div>\n        <div class=\"tp-product-details-desc-item pb-75\">\n            <div class=\"row\">\n                <div class=\"col-lg-7\">\n                    <div class=\"tp-product-details-desc-thumb\">\n                        <img src=\"/storage/beauty/products/product-2.png\" alt=\"Application of Anti-Aging Serum\">\n                    </div>\n                </div>\n\n                <div class=\"col-lg-5 order-first order-lg-last\">\n                    <div class=\"des-content-2 pl-40\">\n                        <h3 class=\"tp-product-details-desc-title\">\n                            Visible Results\n                        </h3>\n                        <p>\n                            Experience noticeable results with our anti-aging serum. Within weeks of use, you\'ll notice smoother, firmer skin with reduced signs of aging. Incorporate it into your daily skincare routine for long-lasting benefits and a complexion that defies time.\n                        </p>\n                    </div>\n                </div>\n            </div>\n        </div>\n        <div class=\"tp-product-details-desc-item\">\n            <div class=\"row\">\n                <div class=\"col-xl-12\">\n                    <div class=\"tp-product-details-desc-banner text-center m-img\">\n                        <h3 class=\"tp-product-details-desc-banner-title tp-product-details-desc-title\">Expertly Formulated</h3>\n                        <img src=\"/storage/beauty/products/product-3.png\" alt=\"Beauty Lab\">\n                    </div>\n                </div>\n            </div>\n        </div>\n    </div>\n</div>\n','published','[\"main\\/products\\/product-5.jpg\",\"main\\/products\\/product-6.jpg\",\"main\\/products\\/product-15.jpg\",\"main\\/products\\/product-2.jpg\",\"main\\/products\\/product-19.jpg\",\"main\\/products\\/product-details-desc-3.jpg\"]','[[{\"key\":\"file\",\"value\":null},{\"key\":\"url\",\"value\":\"https:\\/\\/www.youtube.com\\/watch?v=6JYIGclVQdw\"},{\"key\":\"thumbnail\",\"value\":\"main\\/video\\/2.jpg\"}]]','E0-101',0,15,0,1,0,4,0,0,1754,363,NULL,NULL,20.00,15.00,16.00,747.00,NULL,72516,'2024-10-31 20:47:18','2024-10-31 20:47:18','in_stock',4,0,'Botble\\ACL\\Models\\User',0,NULL,'digital',NULL,NULL,0,0,0,0,1),(13,'Strappy Block Heel Sandals','Add a pop of color to your outfit with this silk scarf adorned with a geometric print. Wrap it around your neck or tie it to your handbag for a stylish touch.','<div class=\"row justify-content-center\">\n    <div class=\"col-xl-10\">\n        <div class=\"tp-product-details-desc-item pb-105\">\n            <div class=\"row\">\n                <div class=\"col-lg-6\">\n                    <div class=\"pt-25\">\n                        <span>Anti-Aging Serum</span>\n                        <h3 class=\"tp-product-details-desc-title\">Revitalize Your Skin</h3>\n                        <p>\n                            Turn back the clock with our advanced anti-aging serum. Formulated with potent ingredients like hyaluronic acid and retinol, this serum targets fine lines, wrinkles, and age spots, leaving your skin looking youthful and radiant. Restore your skin\'s natural glow and texture with regular use.\n                        </p>\n                    </div>\n                    <div>\n                        <h3 class=\"tp-product-details-desc-title\">Hydration and Nourishment</h3>\n                        <p>\n                            Our anti-aging serum is enriched with hydrating and nourishing ingredients that penetrate deep into the skin to replenish moisture and improve elasticity. Say goodbye to dry, dull skin and hello to a complexion that\'s supple, smooth, and rejuvenated.\n                        </p>\n                    </div>\n                </div>\n                <div class=\"col-lg-6\">\n                    <div class=\"tp-product-details-desc-thumb\">\n                        <img src=\"/storage/beauty/products/product-1.png\" alt=\"Anti-Aging Serum\">\n                    </div>\n                </div>\n            </div>\n        </div>\n        <div class=\"tp-product-details-desc-item pb-75\">\n            <div class=\"row\">\n                <div class=\"col-lg-7\">\n                    <div class=\"tp-product-details-desc-thumb\">\n                        <img src=\"/storage/beauty/products/product-2.png\" alt=\"Application of Anti-Aging Serum\">\n                    </div>\n                </div>\n\n                <div class=\"col-lg-5 order-first order-lg-last\">\n                    <div class=\"des-content-2 pl-40\">\n                        <h3 class=\"tp-product-details-desc-title\">\n                            Visible Results\n                        </h3>\n                        <p>\n                            Experience noticeable results with our anti-aging serum. Within weeks of use, you\'ll notice smoother, firmer skin with reduced signs of aging. Incorporate it into your daily skincare routine for long-lasting benefits and a complexion that defies time.\n                        </p>\n                    </div>\n                </div>\n            </div>\n        </div>\n        <div class=\"tp-product-details-desc-item\">\n            <div class=\"row\">\n                <div class=\"col-xl-12\">\n                    <div class=\"tp-product-details-desc-banner text-center m-img\">\n                        <h3 class=\"tp-product-details-desc-banner-title tp-product-details-desc-title\">Expertly Formulated</h3>\n                        <img src=\"/storage/beauty/products/product-3.png\" alt=\"Beauty Lab\">\n                    </div>\n                </div>\n            </div>\n        </div>\n    </div>\n</div>\n','published','[\"main\\/products\\/product-19.jpg\",\"main\\/products\\/product-8.jpg\",\"main\\/products\\/product-17.jpg\",\"main\\/products\\/product-15.jpg\",\"main\\/products\\/product-5.jpg\",\"main\\/products\\/product-12.jpg\",\"main\\/products\\/product-18.jpg\"]','[[{\"key\":\"file\",\"value\":\"main\\/video\\/video-1.mp4\"},{\"key\":\"url\",\"value\":null},{\"key\":\"thumbnail\",\"value\":\"main\\/video\\/1.jpg\"}]]','NW-137-A1',0,20,0,1,0,1,0,0,460,NULL,NULL,NULL,19.00,13.00,11.00,842.00,NULL,25584,'2024-10-31 20:47:18','2024-10-31 20:47:18','in_stock',8,0,'Botble\\ACL\\Models\\User',0,NULL,'physical',NULL,NULL,0,0,0,0,1),(14,'Velvet Evening Gown','Achieve a polished look with this tailored wool blazer, designed for a flattering fit and versatile enough for both work and casual outings.','<div class=\"row justify-content-center\">\n    <div class=\"col-xl-10\">\n        <div class=\"tp-product-details-desc-item pb-105\">\n            <div class=\"row\">\n                <div class=\"col-lg-6\">\n                    <div class=\"pt-25\">\n                        <span>Anti-Aging Serum</span>\n                        <h3 class=\"tp-product-details-desc-title\">Revitalize Your Skin</h3>\n                        <p>\n                            Turn back the clock with our advanced anti-aging serum. Formulated with potent ingredients like hyaluronic acid and retinol, this serum targets fine lines, wrinkles, and age spots, leaving your skin looking youthful and radiant. Restore your skin\'s natural glow and texture with regular use.\n                        </p>\n                    </div>\n                    <div>\n                        <h3 class=\"tp-product-details-desc-title\">Hydration and Nourishment</h3>\n                        <p>\n                            Our anti-aging serum is enriched with hydrating and nourishing ingredients that penetrate deep into the skin to replenish moisture and improve elasticity. Say goodbye to dry, dull skin and hello to a complexion that\'s supple, smooth, and rejuvenated.\n                        </p>\n                    </div>\n                </div>\n                <div class=\"col-lg-6\">\n                    <div class=\"tp-product-details-desc-thumb\">\n                        <img src=\"/storage/beauty/products/product-1.png\" alt=\"Anti-Aging Serum\">\n                    </div>\n                </div>\n            </div>\n        </div>\n        <div class=\"tp-product-details-desc-item pb-75\">\n            <div class=\"row\">\n                <div class=\"col-lg-7\">\n                    <div class=\"tp-product-details-desc-thumb\">\n                        <img src=\"/storage/beauty/products/product-2.png\" alt=\"Application of Anti-Aging Serum\">\n                    </div>\n                </div>\n\n                <div class=\"col-lg-5 order-first order-lg-last\">\n                    <div class=\"des-content-2 pl-40\">\n                        <h3 class=\"tp-product-details-desc-title\">\n                            Visible Results\n                        </h3>\n                        <p>\n                            Experience noticeable results with our anti-aging serum. Within weeks of use, you\'ll notice smoother, firmer skin with reduced signs of aging. Incorporate it into your daily skincare routine for long-lasting benefits and a complexion that defies time.\n                        </p>\n                    </div>\n                </div>\n            </div>\n        </div>\n        <div class=\"tp-product-details-desc-item\">\n            <div class=\"row\">\n                <div class=\"col-xl-12\">\n                    <div class=\"tp-product-details-desc-banner text-center m-img\">\n                        <h3 class=\"tp-product-details-desc-banner-title tp-product-details-desc-title\">Expertly Formulated</h3>\n                        <img src=\"/storage/beauty/products/product-3.png\" alt=\"Beauty Lab\">\n                    </div>\n                </div>\n            </div>\n        </div>\n    </div>\n</div>\n','published','[\"main\\/products\\/product-2.jpg\",\"main\\/products\\/product-10.jpg\",\"main\\/products\\/product-12.jpg\",\"main\\/products\\/product-details-desc-1.jpg\",\"main\\/products\\/product-17.jpg\",\"main\\/products\\/product-13.jpg\",\"main\\/products\\/product-7.jpg\",\"main\\/products\\/product-3.jpg\"]','[]','Z5-100',0,20,0,1,1,3,0,0,863,483,NULL,NULL,11.00,12.00,10.00,719.00,NULL,50765,'2024-10-31 20:47:18','2024-10-31 20:47:18','in_stock',2,0,'Botble\\ACL\\Models\\User',0,NULL,'physical',NULL,NULL,0,0,0,0,1),(15,'Quilted Crossbody Bag','Stay on trend with these high-waisted wide-leg trousers, combining comfort and sophistication. Pair them with heels for a refined look.','<div class=\"row justify-content-center\">\n    <div class=\"col-xl-10\">\n        <div class=\"tp-product-details-desc-item pb-105\">\n            <div class=\"row\">\n                <div class=\"col-lg-6\">\n                    <div class=\"pt-25\">\n                        <span>Anti-Aging Serum</span>\n                        <h3 class=\"tp-product-details-desc-title\">Revitalize Your Skin</h3>\n                        <p>\n                            Turn back the clock with our advanced anti-aging serum. Formulated with potent ingredients like hyaluronic acid and retinol, this serum targets fine lines, wrinkles, and age spots, leaving your skin looking youthful and radiant. Restore your skin\'s natural glow and texture with regular use.\n                        </p>\n                    </div>\n                    <div>\n                        <h3 class=\"tp-product-details-desc-title\">Hydration and Nourishment</h3>\n                        <p>\n                            Our anti-aging serum is enriched with hydrating and nourishing ingredients that penetrate deep into the skin to replenish moisture and improve elasticity. Say goodbye to dry, dull skin and hello to a complexion that\'s supple, smooth, and rejuvenated.\n                        </p>\n                    </div>\n                </div>\n                <div class=\"col-lg-6\">\n                    <div class=\"tp-product-details-desc-thumb\">\n                        <img src=\"/storage/beauty/products/product-1.png\" alt=\"Anti-Aging Serum\">\n                    </div>\n                </div>\n            </div>\n        </div>\n        <div class=\"tp-product-details-desc-item pb-75\">\n            <div class=\"row\">\n                <div class=\"col-lg-7\">\n                    <div class=\"tp-product-details-desc-thumb\">\n                        <img src=\"/storage/beauty/products/product-2.png\" alt=\"Application of Anti-Aging Serum\">\n                    </div>\n                </div>\n\n                <div class=\"col-lg-5 order-first order-lg-last\">\n                    <div class=\"des-content-2 pl-40\">\n                        <h3 class=\"tp-product-details-desc-title\">\n                            Visible Results\n                        </h3>\n                        <p>\n                            Experience noticeable results with our anti-aging serum. Within weeks of use, you\'ll notice smoother, firmer skin with reduced signs of aging. Incorporate it into your daily skincare routine for long-lasting benefits and a complexion that defies time.\n                        </p>\n                    </div>\n                </div>\n            </div>\n        </div>\n        <div class=\"tp-product-details-desc-item\">\n            <div class=\"row\">\n                <div class=\"col-xl-12\">\n                    <div class=\"tp-product-details-desc-banner text-center m-img\">\n                        <h3 class=\"tp-product-details-desc-banner-title tp-product-details-desc-title\">Expertly Formulated</h3>\n                        <img src=\"/storage/beauty/products/product-3.png\" alt=\"Beauty Lab\">\n                    </div>\n                </div>\n            </div>\n        </div>\n    </div>\n</div>\n','published','[\"main\\/products\\/product-16.jpg\",\"main\\/products\\/product-details-desc-3.jpg\",\"main\\/products\\/product-20.jpg\",\"main\\/products\\/product-9.jpg\",\"main\\/products\\/product-2.jpg\"]','[[{\"key\":\"file\",\"value\":null},{\"key\":\"url\",\"value\":\"https:\\/\\/www.youtube.com\\/watch?v=6JYIGclVQdw\"},{\"key\":\"thumbnail\",\"value\":\"main\\/video\\/1.jpg\"}]]','FT-196',0,11,0,1,1,1,0,0,1921,1382,NULL,NULL,17.00,14.00,11.00,870.00,NULL,28822,'2024-10-31 20:47:18','2024-10-31 20:47:18','in_stock',3,0,'Botble\\ACL\\Models\\User',0,NULL,'physical',NULL,NULL,0,0,0,0,2),(16,'Distressed Skinny Jeans (Digital)','Accessorize with this bohemian fringe handbag, featuring intricate details and enough space for your essentials. The perfect boho-chic addition to your collection.','<div class=\"row justify-content-center\">\n    <div class=\"col-xl-10\">\n        <div class=\"tp-product-details-desc-item pb-105\">\n            <div class=\"row\">\n                <div class=\"col-lg-6\">\n                    <div class=\"pt-25\">\n                        <span>Anti-Aging Serum</span>\n                        <h3 class=\"tp-product-details-desc-title\">Revitalize Your Skin</h3>\n                        <p>\n                            Turn back the clock with our advanced anti-aging serum. Formulated with potent ingredients like hyaluronic acid and retinol, this serum targets fine lines, wrinkles, and age spots, leaving your skin looking youthful and radiant. Restore your skin\'s natural glow and texture with regular use.\n                        </p>\n                    </div>\n                    <div>\n                        <h3 class=\"tp-product-details-desc-title\">Hydration and Nourishment</h3>\n                        <p>\n                            Our anti-aging serum is enriched with hydrating and nourishing ingredients that penetrate deep into the skin to replenish moisture and improve elasticity. Say goodbye to dry, dull skin and hello to a complexion that\'s supple, smooth, and rejuvenated.\n                        </p>\n                    </div>\n                </div>\n                <div class=\"col-lg-6\">\n                    <div class=\"tp-product-details-desc-thumb\">\n                        <img src=\"/storage/beauty/products/product-1.png\" alt=\"Anti-Aging Serum\">\n                    </div>\n                </div>\n            </div>\n        </div>\n        <div class=\"tp-product-details-desc-item pb-75\">\n            <div class=\"row\">\n                <div class=\"col-lg-7\">\n                    <div class=\"tp-product-details-desc-thumb\">\n                        <img src=\"/storage/beauty/products/product-2.png\" alt=\"Application of Anti-Aging Serum\">\n                    </div>\n                </div>\n\n                <div class=\"col-lg-5 order-first order-lg-last\">\n                    <div class=\"des-content-2 pl-40\">\n                        <h3 class=\"tp-product-details-desc-title\">\n                            Visible Results\n                        </h3>\n                        <p>\n                            Experience noticeable results with our anti-aging serum. Within weeks of use, you\'ll notice smoother, firmer skin with reduced signs of aging. Incorporate it into your daily skincare routine for long-lasting benefits and a complexion that defies time.\n                        </p>\n                    </div>\n                </div>\n            </div>\n        </div>\n        <div class=\"tp-product-details-desc-item\">\n            <div class=\"row\">\n                <div class=\"col-xl-12\">\n                    <div class=\"tp-product-details-desc-banner text-center m-img\">\n                        <h3 class=\"tp-product-details-desc-banner-title tp-product-details-desc-title\">Expertly Formulated</h3>\n                        <img src=\"/storage/beauty/products/product-3.png\" alt=\"Beauty Lab\">\n                    </div>\n                </div>\n            </div>\n        </div>\n    </div>\n</div>\n','published','[\"main\\/products\\/product-details-desc-3.jpg\",\"main\\/products\\/product-8.jpg\",\"main\\/products\\/product-11.jpg\",\"main\\/products\\/product-18.jpg\",\"main\\/products\\/product-9.jpg\",\"main\\/products\\/product-3.jpg\",\"main\\/products\\/product-16.jpg\"]','[[{\"key\":\"file\",\"value\":null},{\"key\":\"url\",\"value\":\"https:\\/\\/www.youtube.com\\/watch?v=6JYIGclVQdw\"},{\"key\":\"thumbnail\",\"value\":\"main\\/video\\/2.jpg\"}]]','1Z-191',0,18,0,1,0,4,0,0,1849,1164,NULL,NULL,15.00,15.00,13.00,820.00,NULL,144164,'2024-10-31 20:47:18','2024-10-31 20:47:18','in_stock',4,0,'Botble\\ACL\\Models\\User',0,NULL,'digital',NULL,NULL,0,0,0,0,2),(17,'Lace-Up Combat Boots','Make a bold statement with this chunky necklace, designed to add a touch of glamour to any outfit. The perfect accessory for a night out.','<div class=\"row justify-content-center\">\n    <div class=\"col-xl-10\">\n        <div class=\"tp-product-details-desc-item pb-105\">\n            <div class=\"row\">\n                <div class=\"col-lg-6\">\n                    <div class=\"pt-25\">\n                        <span>Anti-Aging Serum</span>\n                        <h3 class=\"tp-product-details-desc-title\">Revitalize Your Skin</h3>\n                        <p>\n                            Turn back the clock with our advanced anti-aging serum. Formulated with potent ingredients like hyaluronic acid and retinol, this serum targets fine lines, wrinkles, and age spots, leaving your skin looking youthful and radiant. Restore your skin\'s natural glow and texture with regular use.\n                        </p>\n                    </div>\n                    <div>\n                        <h3 class=\"tp-product-details-desc-title\">Hydration and Nourishment</h3>\n                        <p>\n                            Our anti-aging serum is enriched with hydrating and nourishing ingredients that penetrate deep into the skin to replenish moisture and improve elasticity. Say goodbye to dry, dull skin and hello to a complexion that\'s supple, smooth, and rejuvenated.\n                        </p>\n                    </div>\n                </div>\n                <div class=\"col-lg-6\">\n                    <div class=\"tp-product-details-desc-thumb\">\n                        <img src=\"/storage/beauty/products/product-1.png\" alt=\"Anti-Aging Serum\">\n                    </div>\n                </div>\n            </div>\n        </div>\n        <div class=\"tp-product-details-desc-item pb-75\">\n            <div class=\"row\">\n                <div class=\"col-lg-7\">\n                    <div class=\"tp-product-details-desc-thumb\">\n                        <img src=\"/storage/beauty/products/product-2.png\" alt=\"Application of Anti-Aging Serum\">\n                    </div>\n                </div>\n\n                <div class=\"col-lg-5 order-first order-lg-last\">\n                    <div class=\"des-content-2 pl-40\">\n                        <h3 class=\"tp-product-details-desc-title\">\n                            Visible Results\n                        </h3>\n                        <p>\n                            Experience noticeable results with our anti-aging serum. Within weeks of use, you\'ll notice smoother, firmer skin with reduced signs of aging. Incorporate it into your daily skincare routine for long-lasting benefits and a complexion that defies time.\n                        </p>\n                    </div>\n                </div>\n            </div>\n        </div>\n        <div class=\"tp-product-details-desc-item\">\n            <div class=\"row\">\n                <div class=\"col-xl-12\">\n                    <div class=\"tp-product-details-desc-banner text-center m-img\">\n                        <h3 class=\"tp-product-details-desc-banner-title tp-product-details-desc-title\">Expertly Formulated</h3>\n                        <img src=\"/storage/beauty/products/product-3.png\" alt=\"Beauty Lab\">\n                    </div>\n                </div>\n            </div>\n        </div>\n    </div>\n</div>\n','published','[\"main\\/products\\/product-16.jpg\",\"main\\/products\\/product-details-desc-3.jpg\",\"main\\/products\\/product-5.jpg\",\"main\\/products\\/product-11.jpg\"]','[[{\"key\":\"file\",\"value\":\"main\\/video\\/video-1.mp4\"},{\"key\":\"url\",\"value\":null},{\"key\":\"thumbnail\",\"value\":\"main\\/video\\/1.jpg\"}]]','9S-198-A1',0,14,0,1,0,5,0,0,1405,NULL,NULL,NULL,15.00,10.00,10.00,669.00,NULL,192894,'2024-10-31 20:47:18','2024-10-31 20:47:18','in_stock',1,0,'Botble\\ACL\\Models\\User',0,NULL,'physical',NULL,NULL,0,0,0,0,2),(18,'Cotton Striped T-Shirt Dress','Add a pop of color to your outfit with this silk scarf adorned with a geometric print. Wrap it around your neck or tie it to your handbag for a stylish touch.','<div class=\"row justify-content-center\">\n    <div class=\"col-xl-10\">\n        <div class=\"tp-product-details-desc-item pb-105\">\n            <div class=\"row\">\n                <div class=\"col-lg-6\">\n                    <div class=\"pt-25\">\n                        <span>Anti-Aging Serum</span>\n                        <h3 class=\"tp-product-details-desc-title\">Revitalize Your Skin</h3>\n                        <p>\n                            Turn back the clock with our advanced anti-aging serum. Formulated with potent ingredients like hyaluronic acid and retinol, this serum targets fine lines, wrinkles, and age spots, leaving your skin looking youthful and radiant. Restore your skin\'s natural glow and texture with regular use.\n                        </p>\n                    </div>\n                    <div>\n                        <h3 class=\"tp-product-details-desc-title\">Hydration and Nourishment</h3>\n                        <p>\n                            Our anti-aging serum is enriched with hydrating and nourishing ingredients that penetrate deep into the skin to replenish moisture and improve elasticity. Say goodbye to dry, dull skin and hello to a complexion that\'s supple, smooth, and rejuvenated.\n                        </p>\n                    </div>\n                </div>\n                <div class=\"col-lg-6\">\n                    <div class=\"tp-product-details-desc-thumb\">\n                        <img src=\"/storage/beauty/products/product-1.png\" alt=\"Anti-Aging Serum\">\n                    </div>\n                </div>\n            </div>\n        </div>\n        <div class=\"tp-product-details-desc-item pb-75\">\n            <div class=\"row\">\n                <div class=\"col-lg-7\">\n                    <div class=\"tp-product-details-desc-thumb\">\n                        <img src=\"/storage/beauty/products/product-2.png\" alt=\"Application of Anti-Aging Serum\">\n                    </div>\n                </div>\n\n                <div class=\"col-lg-5 order-first order-lg-last\">\n                    <div class=\"des-content-2 pl-40\">\n                        <h3 class=\"tp-product-details-desc-title\">\n                            Visible Results\n                        </h3>\n                        <p>\n                            Experience noticeable results with our anti-aging serum. Within weeks of use, you\'ll notice smoother, firmer skin with reduced signs of aging. Incorporate it into your daily skincare routine for long-lasting benefits and a complexion that defies time.\n                        </p>\n                    </div>\n                </div>\n            </div>\n        </div>\n        <div class=\"tp-product-details-desc-item\">\n            <div class=\"row\">\n                <div class=\"col-xl-12\">\n                    <div class=\"tp-product-details-desc-banner text-center m-img\">\n                        <h3 class=\"tp-product-details-desc-banner-title tp-product-details-desc-title\">Expertly Formulated</h3>\n                        <img src=\"/storage/beauty/products/product-3.png\" alt=\"Beauty Lab\">\n                    </div>\n                </div>\n            </div>\n        </div>\n    </div>\n</div>\n','published','[\"main\\/products\\/product-4.jpg\",\"main\\/products\\/product-12.jpg\",\"main\\/products\\/product-18.jpg\",\"main\\/products\\/product-details-desc-3.jpg\"]','[[{\"key\":\"file\",\"value\":null},{\"key\":\"url\",\"value\":\"https:\\/\\/www.youtube.com\\/watch?v=6JYIGclVQdw\"},{\"key\":\"thumbnail\",\"value\":\"main\\/video\\/1.jpg\"}]]','3K-121',0,20,0,1,0,2,0,0,1139,467,NULL,NULL,11.00,13.00,19.00,809.00,NULL,9270,'2024-10-31 20:47:18','2024-10-31 20:47:18','in_stock',6,0,'Botble\\ACL\\Models\\User',0,NULL,'physical',NULL,NULL,0,0,0,0,2),(19,'Printed Palazzo Pants','Make a bold statement with this chunky necklace, designed to add a touch of glamour to any outfit. The perfect accessory for a night out.','<div class=\"row justify-content-center\">\n    <div class=\"col-xl-10\">\n        <div class=\"tp-product-details-desc-item pb-105\">\n            <div class=\"row\">\n                <div class=\"col-lg-6\">\n                    <div class=\"pt-25\">\n                        <span>Anti-Aging Serum</span>\n                        <h3 class=\"tp-product-details-desc-title\">Revitalize Your Skin</h3>\n                        <p>\n                            Turn back the clock with our advanced anti-aging serum. Formulated with potent ingredients like hyaluronic acid and retinol, this serum targets fine lines, wrinkles, and age spots, leaving your skin looking youthful and radiant. Restore your skin\'s natural glow and texture with regular use.\n                        </p>\n                    </div>\n                    <div>\n                        <h3 class=\"tp-product-details-desc-title\">Hydration and Nourishment</h3>\n                        <p>\n                            Our anti-aging serum is enriched with hydrating and nourishing ingredients that penetrate deep into the skin to replenish moisture and improve elasticity. Say goodbye to dry, dull skin and hello to a complexion that\'s supple, smooth, and rejuvenated.\n                        </p>\n                    </div>\n                </div>\n                <div class=\"col-lg-6\">\n                    <div class=\"tp-product-details-desc-thumb\">\n                        <img src=\"/storage/beauty/products/product-1.png\" alt=\"Anti-Aging Serum\">\n                    </div>\n                </div>\n            </div>\n        </div>\n        <div class=\"tp-product-details-desc-item pb-75\">\n            <div class=\"row\">\n                <div class=\"col-lg-7\">\n                    <div class=\"tp-product-details-desc-thumb\">\n                        <img src=\"/storage/beauty/products/product-2.png\" alt=\"Application of Anti-Aging Serum\">\n                    </div>\n                </div>\n\n                <div class=\"col-lg-5 order-first order-lg-last\">\n                    <div class=\"des-content-2 pl-40\">\n                        <h3 class=\"tp-product-details-desc-title\">\n                            Visible Results\n                        </h3>\n                        <p>\n                            Experience noticeable results with our anti-aging serum. Within weeks of use, you\'ll notice smoother, firmer skin with reduced signs of aging. Incorporate it into your daily skincare routine for long-lasting benefits and a complexion that defies time.\n                        </p>\n                    </div>\n                </div>\n            </div>\n        </div>\n        <div class=\"tp-product-details-desc-item\">\n            <div class=\"row\">\n                <div class=\"col-xl-12\">\n                    <div class=\"tp-product-details-desc-banner text-center m-img\">\n                        <h3 class=\"tp-product-details-desc-banner-title tp-product-details-desc-title\">Expertly Formulated</h3>\n                        <img src=\"/storage/beauty/products/product-3.png\" alt=\"Beauty Lab\">\n                    </div>\n                </div>\n            </div>\n        </div>\n    </div>\n</div>\n','published','[\"main\\/products\\/product-7.jpg\",\"main\\/products\\/product-15.jpg\",\"main\\/products\\/product-1.jpg\",\"main\\/products\\/product-8.jpg\",\"main\\/products\\/product-18.jpg\",\"main\\/products\\/product-12.jpg\"]','[[{\"key\":\"file\",\"value\":null},{\"key\":\"url\",\"value\":\"https:\\/\\/www.youtube.com\\/watch?v=6JYIGclVQdw\"},{\"key\":\"thumbnail\",\"value\":\"main\\/video\\/2.jpg\"}]]','2N-170',0,10,0,1,0,5,0,0,817,46,NULL,NULL,20.00,12.00,15.00,535.00,NULL,80863,'2024-10-31 20:47:18','2024-10-31 20:47:18','in_stock',7,0,'Botble\\ACL\\Models\\User',0,NULL,'physical',NULL,NULL,0,0,0,0,1),(20,'Structured Satchel Bag (Digital)','Make a bold statement with this chunky necklace, designed to add a touch of glamour to any outfit. The perfect accessory for a night out.','<div class=\"row justify-content-center\">\n    <div class=\"col-xl-10\">\n        <div class=\"tp-product-details-desc-item pb-105\">\n            <div class=\"row\">\n                <div class=\"col-lg-6\">\n                    <div class=\"pt-25\">\n                        <span>Anti-Aging Serum</span>\n                        <h3 class=\"tp-product-details-desc-title\">Revitalize Your Skin</h3>\n                        <p>\n                            Turn back the clock with our advanced anti-aging serum. Formulated with potent ingredients like hyaluronic acid and retinol, this serum targets fine lines, wrinkles, and age spots, leaving your skin looking youthful and radiant. Restore your skin\'s natural glow and texture with regular use.\n                        </p>\n                    </div>\n                    <div>\n                        <h3 class=\"tp-product-details-desc-title\">Hydration and Nourishment</h3>\n                        <p>\n                            Our anti-aging serum is enriched with hydrating and nourishing ingredients that penetrate deep into the skin to replenish moisture and improve elasticity. Say goodbye to dry, dull skin and hello to a complexion that\'s supple, smooth, and rejuvenated.\n                        </p>\n                    </div>\n                </div>\n                <div class=\"col-lg-6\">\n                    <div class=\"tp-product-details-desc-thumb\">\n                        <img src=\"/storage/beauty/products/product-1.png\" alt=\"Anti-Aging Serum\">\n                    </div>\n                </div>\n            </div>\n        </div>\n        <div class=\"tp-product-details-desc-item pb-75\">\n            <div class=\"row\">\n                <div class=\"col-lg-7\">\n                    <div class=\"tp-product-details-desc-thumb\">\n                        <img src=\"/storage/beauty/products/product-2.png\" alt=\"Application of Anti-Aging Serum\">\n                    </div>\n                </div>\n\n                <div class=\"col-lg-5 order-first order-lg-last\">\n                    <div class=\"des-content-2 pl-40\">\n                        <h3 class=\"tp-product-details-desc-title\">\n                            Visible Results\n                        </h3>\n                        <p>\n                            Experience noticeable results with our anti-aging serum. Within weeks of use, you\'ll notice smoother, firmer skin with reduced signs of aging. Incorporate it into your daily skincare routine for long-lasting benefits and a complexion that defies time.\n                        </p>\n                    </div>\n                </div>\n            </div>\n        </div>\n        <div class=\"tp-product-details-desc-item\">\n            <div class=\"row\">\n                <div class=\"col-xl-12\">\n                    <div class=\"tp-product-details-desc-banner text-center m-img\">\n                        <h3 class=\"tp-product-details-desc-banner-title tp-product-details-desc-title\">Expertly Formulated</h3>\n                        <img src=\"/storage/beauty/products/product-3.png\" alt=\"Beauty Lab\">\n                    </div>\n                </div>\n            </div>\n        </div>\n    </div>\n</div>\n','published','[\"main\\/products\\/product-11.jpg\",\"main\\/products\\/product-6.jpg\",\"main\\/products\\/product-2.jpg\",\"main\\/products\\/product-9.jpg\",\"main\\/products\\/product-3.jpg\",\"main\\/products\\/product-14.jpg\",\"main\\/products\\/product-details-desc-3.jpg\",\"main\\/products\\/product-1.jpg\"]','[[{\"key\":\"file\",\"value\":\"main\\/video\\/video-2.mp4\"},{\"key\":\"url\",\"value\":null},{\"key\":\"thumbnail\",\"value\":\"main\\/video\\/2.jpg\"}]]','K0-179',0,19,0,1,0,4,0,0,2481,329,NULL,NULL,14.00,11.00,20.00,629.00,NULL,192060,'2024-10-31 20:47:18','2024-10-31 20:47:18','in_stock',1,0,'Botble\\ACL\\Models\\User',0,NULL,'digital',NULL,NULL,0,0,0,0,1),(21,'Off-Shoulder Ruffle Top','Stay cozy and chic in this knit turtleneck sweater, featuring a ribbed texture and a timeless design. Perfect for chilly days and nights.','<div class=\"row justify-content-center\">\n    <div class=\"col-xl-10\">\n        <div class=\"tp-product-details-desc-item pb-105\">\n            <div class=\"row\">\n                <div class=\"col-lg-6\">\n                    <div class=\"pt-25\">\n                        <span>Anti-Aging Serum</span>\n                        <h3 class=\"tp-product-details-desc-title\">Revitalize Your Skin</h3>\n                        <p>\n                            Turn back the clock with our advanced anti-aging serum. Formulated with potent ingredients like hyaluronic acid and retinol, this serum targets fine lines, wrinkles, and age spots, leaving your skin looking youthful and radiant. Restore your skin\'s natural glow and texture with regular use.\n                        </p>\n                    </div>\n                    <div>\n                        <h3 class=\"tp-product-details-desc-title\">Hydration and Nourishment</h3>\n                        <p>\n                            Our anti-aging serum is enriched with hydrating and nourishing ingredients that penetrate deep into the skin to replenish moisture and improve elasticity. Say goodbye to dry, dull skin and hello to a complexion that\'s supple, smooth, and rejuvenated.\n                        </p>\n                    </div>\n                </div>\n                <div class=\"col-lg-6\">\n                    <div class=\"tp-product-details-desc-thumb\">\n                        <img src=\"/storage/beauty/products/product-1.png\" alt=\"Anti-Aging Serum\">\n                    </div>\n                </div>\n            </div>\n        </div>\n        <div class=\"tp-product-details-desc-item pb-75\">\n            <div class=\"row\">\n                <div class=\"col-lg-7\">\n                    <div class=\"tp-product-details-desc-thumb\">\n                        <img src=\"/storage/beauty/products/product-2.png\" alt=\"Application of Anti-Aging Serum\">\n                    </div>\n                </div>\n\n                <div class=\"col-lg-5 order-first order-lg-last\">\n                    <div class=\"des-content-2 pl-40\">\n                        <h3 class=\"tp-product-details-desc-title\">\n                            Visible Results\n                        </h3>\n                        <p>\n                            Experience noticeable results with our anti-aging serum. Within weeks of use, you\'ll notice smoother, firmer skin with reduced signs of aging. Incorporate it into your daily skincare routine for long-lasting benefits and a complexion that defies time.\n                        </p>\n                    </div>\n                </div>\n            </div>\n        </div>\n        <div class=\"tp-product-details-desc-item\">\n            <div class=\"row\">\n                <div class=\"col-xl-12\">\n                    <div class=\"tp-product-details-desc-banner text-center m-img\">\n                        <h3 class=\"tp-product-details-desc-banner-title tp-product-details-desc-title\">Expertly Formulated</h3>\n                        <img src=\"/storage/beauty/products/product-3.png\" alt=\"Beauty Lab\">\n                    </div>\n                </div>\n            </div>\n        </div>\n    </div>\n</div>\n','published','[\"main\\/products\\/product-details-desc-3.jpg\",\"main\\/products\\/product-12.jpg\",\"main\\/products\\/product-7.jpg\",\"main\\/products\\/product-details-desc-1.jpg\",\"main\\/products\\/product-13.jpg\",\"main\\/products\\/product-20.jpg\",\"main\\/products\\/product-10.jpg\"]','[]','ZK-191-A1',0,16,0,1,1,2,0,0,1782,NULL,NULL,NULL,17.00,17.00,15.00,733.00,NULL,167096,'2024-10-31 20:47:18','2024-10-31 20:47:18','in_stock',8,0,'Botble\\ACL\\Models\\User',0,NULL,'physical',NULL,NULL,0,0,0,0,1),(22,'Suede Pointed-Toe Pumps','Embrace bohemian vibes with this embroidered boho blouse, featuring intricate stitching and a relaxed fit. Perfect for a casual day with a touch of style.','<div class=\"row justify-content-center\">\n    <div class=\"col-xl-10\">\n        <div class=\"tp-product-details-desc-item pb-105\">\n            <div class=\"row\">\n                <div class=\"col-lg-6\">\n                    <div class=\"pt-25\">\n                        <span>Anti-Aging Serum</span>\n                        <h3 class=\"tp-product-details-desc-title\">Revitalize Your Skin</h3>\n                        <p>\n                            Turn back the clock with our advanced anti-aging serum. Formulated with potent ingredients like hyaluronic acid and retinol, this serum targets fine lines, wrinkles, and age spots, leaving your skin looking youthful and radiant. Restore your skin\'s natural glow and texture with regular use.\n                        </p>\n                    </div>\n                    <div>\n                        <h3 class=\"tp-product-details-desc-title\">Hydration and Nourishment</h3>\n                        <p>\n                            Our anti-aging serum is enriched with hydrating and nourishing ingredients that penetrate deep into the skin to replenish moisture and improve elasticity. Say goodbye to dry, dull skin and hello to a complexion that\'s supple, smooth, and rejuvenated.\n                        </p>\n                    </div>\n                </div>\n                <div class=\"col-lg-6\">\n                    <div class=\"tp-product-details-desc-thumb\">\n                        <img src=\"/storage/beauty/products/product-1.png\" alt=\"Anti-Aging Serum\">\n                    </div>\n                </div>\n            </div>\n        </div>\n        <div class=\"tp-product-details-desc-item pb-75\">\n            <div class=\"row\">\n                <div class=\"col-lg-7\">\n                    <div class=\"tp-product-details-desc-thumb\">\n                        <img src=\"/storage/beauty/products/product-2.png\" alt=\"Application of Anti-Aging Serum\">\n                    </div>\n                </div>\n\n                <div class=\"col-lg-5 order-first order-lg-last\">\n                    <div class=\"des-content-2 pl-40\">\n                        <h3 class=\"tp-product-details-desc-title\">\n                            Visible Results\n                        </h3>\n                        <p>\n                            Experience noticeable results with our anti-aging serum. Within weeks of use, you\'ll notice smoother, firmer skin with reduced signs of aging. Incorporate it into your daily skincare routine for long-lasting benefits and a complexion that defies time.\n                        </p>\n                    </div>\n                </div>\n            </div>\n        </div>\n        <div class=\"tp-product-details-desc-item\">\n            <div class=\"row\">\n                <div class=\"col-xl-12\">\n                    <div class=\"tp-product-details-desc-banner text-center m-img\">\n                        <h3 class=\"tp-product-details-desc-banner-title tp-product-details-desc-title\">Expertly Formulated</h3>\n                        <img src=\"/storage/beauty/products/product-3.png\" alt=\"Beauty Lab\">\n                    </div>\n                </div>\n            </div>\n        </div>\n    </div>\n</div>\n','published','[\"main\\/products\\/product-details-desc-2.jpg\",\"main\\/products\\/product-5.jpg\",\"main\\/products\\/product-details-desc-1.jpg\",\"main\\/products\\/product-10.jpg\"]','[[{\"key\":\"file\",\"value\":\"main\\/video\\/video-1.mp4\"},{\"key\":\"url\",\"value\":null},{\"key\":\"thumbnail\",\"value\":\"main\\/video\\/1.jpg\"}]]','5L-134',0,14,0,1,1,4,0,0,738,130,NULL,NULL,16.00,17.00,19.00,601.00,NULL,123578,'2024-10-31 20:47:18','2024-10-31 20:47:18','in_stock',7,0,'Botble\\ACL\\Models\\User',0,NULL,'physical',NULL,NULL,0,0,0,0,1),(23,'Cropped Cable Knit Sweater','Complete your look with these classic aviator sunglasses, offering a touch of timeless glamour and UV protection for your eyes.','<div class=\"row justify-content-center\">\n    <div class=\"col-xl-10\">\n        <div class=\"tp-product-details-desc-item pb-105\">\n            <div class=\"row\">\n                <div class=\"col-lg-6\">\n                    <div class=\"pt-25\">\n                        <span>Anti-Aging Serum</span>\n                        <h3 class=\"tp-product-details-desc-title\">Revitalize Your Skin</h3>\n                        <p>\n                            Turn back the clock with our advanced anti-aging serum. Formulated with potent ingredients like hyaluronic acid and retinol, this serum targets fine lines, wrinkles, and age spots, leaving your skin looking youthful and radiant. Restore your skin\'s natural glow and texture with regular use.\n                        </p>\n                    </div>\n                    <div>\n                        <h3 class=\"tp-product-details-desc-title\">Hydration and Nourishment</h3>\n                        <p>\n                            Our anti-aging serum is enriched with hydrating and nourishing ingredients that penetrate deep into the skin to replenish moisture and improve elasticity. Say goodbye to dry, dull skin and hello to a complexion that\'s supple, smooth, and rejuvenated.\n                        </p>\n                    </div>\n                </div>\n                <div class=\"col-lg-6\">\n                    <div class=\"tp-product-details-desc-thumb\">\n                        <img src=\"/storage/beauty/products/product-1.png\" alt=\"Anti-Aging Serum\">\n                    </div>\n                </div>\n            </div>\n        </div>\n        <div class=\"tp-product-details-desc-item pb-75\">\n            <div class=\"row\">\n                <div class=\"col-lg-7\">\n                    <div class=\"tp-product-details-desc-thumb\">\n                        <img src=\"/storage/beauty/products/product-2.png\" alt=\"Application of Anti-Aging Serum\">\n                    </div>\n                </div>\n\n                <div class=\"col-lg-5 order-first order-lg-last\">\n                    <div class=\"des-content-2 pl-40\">\n                        <h3 class=\"tp-product-details-desc-title\">\n                            Visible Results\n                        </h3>\n                        <p>\n                            Experience noticeable results with our anti-aging serum. Within weeks of use, you\'ll notice smoother, firmer skin with reduced signs of aging. Incorporate it into your daily skincare routine for long-lasting benefits and a complexion that defies time.\n                        </p>\n                    </div>\n                </div>\n            </div>\n        </div>\n        <div class=\"tp-product-details-desc-item\">\n            <div class=\"row\">\n                <div class=\"col-xl-12\">\n                    <div class=\"tp-product-details-desc-banner text-center m-img\">\n                        <h3 class=\"tp-product-details-desc-banner-title tp-product-details-desc-title\">Expertly Formulated</h3>\n                        <img src=\"/storage/beauty/products/product-3.png\" alt=\"Beauty Lab\">\n                    </div>\n                </div>\n            </div>\n        </div>\n    </div>\n</div>\n','published','[\"main\\/products\\/product-11.jpg\",\"main\\/products\\/product-10.jpg\",\"main\\/products\\/product-17.jpg\",\"main\\/products\\/product-13.jpg\",\"main\\/products\\/product-3.jpg\",\"main\\/products\\/product-18.jpg\",\"main\\/products\\/product-1.jpg\",\"main\\/products\\/product-4.jpg\"]','[]','RF-110-A1',0,10,0,1,0,4,0,0,2061,NULL,NULL,NULL,10.00,10.00,10.00,610.00,NULL,179217,'2024-10-31 20:47:18','2024-10-31 20:47:18','in_stock',4,0,'Botble\\ACL\\Models\\User',0,NULL,'physical',NULL,NULL,0,0,0,0,2),(24,'Athleisure Jogger Pants (Digital)','Stay cozy and chic in this knit turtleneck sweater, featuring a ribbed texture and a timeless design. Perfect for chilly days and nights.','<div class=\"row justify-content-center\">\n    <div class=\"col-xl-10\">\n        <div class=\"tp-product-details-desc-item pb-105\">\n            <div class=\"row\">\n                <div class=\"col-lg-6\">\n                    <div class=\"pt-25\">\n                        <span>Anti-Aging Serum</span>\n                        <h3 class=\"tp-product-details-desc-title\">Revitalize Your Skin</h3>\n                        <p>\n                            Turn back the clock with our advanced anti-aging serum. Formulated with potent ingredients like hyaluronic acid and retinol, this serum targets fine lines, wrinkles, and age spots, leaving your skin looking youthful and radiant. Restore your skin\'s natural glow and texture with regular use.\n                        </p>\n                    </div>\n                    <div>\n                        <h3 class=\"tp-product-details-desc-title\">Hydration and Nourishment</h3>\n                        <p>\n                            Our anti-aging serum is enriched with hydrating and nourishing ingredients that penetrate deep into the skin to replenish moisture and improve elasticity. Say goodbye to dry, dull skin and hello to a complexion that\'s supple, smooth, and rejuvenated.\n                        </p>\n                    </div>\n                </div>\n                <div class=\"col-lg-6\">\n                    <div class=\"tp-product-details-desc-thumb\">\n                        <img src=\"/storage/beauty/products/product-1.png\" alt=\"Anti-Aging Serum\">\n                    </div>\n                </div>\n            </div>\n        </div>\n        <div class=\"tp-product-details-desc-item pb-75\">\n            <div class=\"row\">\n                <div class=\"col-lg-7\">\n                    <div class=\"tp-product-details-desc-thumb\">\n                        <img src=\"/storage/beauty/products/product-2.png\" alt=\"Application of Anti-Aging Serum\">\n                    </div>\n                </div>\n\n                <div class=\"col-lg-5 order-first order-lg-last\">\n                    <div class=\"des-content-2 pl-40\">\n                        <h3 class=\"tp-product-details-desc-title\">\n                            Visible Results\n                        </h3>\n                        <p>\n                            Experience noticeable results with our anti-aging serum. Within weeks of use, you\'ll notice smoother, firmer skin with reduced signs of aging. Incorporate it into your daily skincare routine for long-lasting benefits and a complexion that defies time.\n                        </p>\n                    </div>\n                </div>\n            </div>\n        </div>\n        <div class=\"tp-product-details-desc-item\">\n            <div class=\"row\">\n                <div class=\"col-xl-12\">\n                    <div class=\"tp-product-details-desc-banner text-center m-img\">\n                        <h3 class=\"tp-product-details-desc-banner-title tp-product-details-desc-title\">Expertly Formulated</h3>\n                        <img src=\"/storage/beauty/products/product-3.png\" alt=\"Beauty Lab\">\n                    </div>\n                </div>\n            </div>\n        </div>\n    </div>\n</div>\n','published','[\"main\\/products\\/product-11.jpg\",\"main\\/products\\/product-15.jpg\",\"main\\/products\\/product-20.jpg\"]','[[{\"key\":\"file\",\"value\":null},{\"key\":\"url\",\"value\":\"https:\\/\\/www.youtube.com\\/watch?v=6JYIGclVQdw\"},{\"key\":\"thumbnail\",\"value\":\"main\\/video\\/2.jpg\"}]]','CK-168-A1',0,16,0,1,1,4,0,0,1454,1308.6,NULL,NULL,17.00,15.00,19.00,753.00,NULL,173176,'2024-10-31 20:47:18','2024-10-31 20:47:18','in_stock',3,0,'Botble\\ACL\\Models\\User',0,NULL,'digital',NULL,NULL,0,0,0,0,1),(25,'Leopard Print Midi Skirt','Add a pop of color to your outfit with this silk scarf adorned with a geometric print. Wrap it around your neck or tie it to your handbag for a stylish touch.','<div class=\"row justify-content-center\">\n    <div class=\"col-xl-10\">\n        <div class=\"tp-product-details-desc-item pb-105\">\n            <div class=\"row\">\n                <div class=\"col-lg-6\">\n                    <div class=\"pt-25\">\n                        <span>Anti-Aging Serum</span>\n                        <h3 class=\"tp-product-details-desc-title\">Revitalize Your Skin</h3>\n                        <p>\n                            Turn back the clock with our advanced anti-aging serum. Formulated with potent ingredients like hyaluronic acid and retinol, this serum targets fine lines, wrinkles, and age spots, leaving your skin looking youthful and radiant. Restore your skin\'s natural glow and texture with regular use.\n                        </p>\n                    </div>\n                    <div>\n                        <h3 class=\"tp-product-details-desc-title\">Hydration and Nourishment</h3>\n                        <p>\n                            Our anti-aging serum is enriched with hydrating and nourishing ingredients that penetrate deep into the skin to replenish moisture and improve elasticity. Say goodbye to dry, dull skin and hello to a complexion that\'s supple, smooth, and rejuvenated.\n                        </p>\n                    </div>\n                </div>\n                <div class=\"col-lg-6\">\n                    <div class=\"tp-product-details-desc-thumb\">\n                        <img src=\"/storage/beauty/products/product-1.png\" alt=\"Anti-Aging Serum\">\n                    </div>\n                </div>\n            </div>\n        </div>\n        <div class=\"tp-product-details-desc-item pb-75\">\n            <div class=\"row\">\n                <div class=\"col-lg-7\">\n                    <div class=\"tp-product-details-desc-thumb\">\n                        <img src=\"/storage/beauty/products/product-2.png\" alt=\"Application of Anti-Aging Serum\">\n                    </div>\n                </div>\n\n                <div class=\"col-lg-5 order-first order-lg-last\">\n                    <div class=\"des-content-2 pl-40\">\n                        <h3 class=\"tp-product-details-desc-title\">\n                            Visible Results\n                        </h3>\n                        <p>\n                            Experience noticeable results with our anti-aging serum. Within weeks of use, you\'ll notice smoother, firmer skin with reduced signs of aging. Incorporate it into your daily skincare routine for long-lasting benefits and a complexion that defies time.\n                        </p>\n                    </div>\n                </div>\n            </div>\n        </div>\n        <div class=\"tp-product-details-desc-item\">\n            <div class=\"row\">\n                <div class=\"col-xl-12\">\n                    <div class=\"tp-product-details-desc-banner text-center m-img\">\n                        <h3 class=\"tp-product-details-desc-banner-title tp-product-details-desc-title\">Expertly Formulated</h3>\n                        <img src=\"/storage/beauty/products/product-3.png\" alt=\"Beauty Lab\">\n                    </div>\n                </div>\n            </div>\n        </div>\n    </div>\n</div>\n','published','[\"main\\/products\\/product-4.jpg\",\"main\\/products\\/product-20.jpg\",\"main\\/products\\/product-9.jpg\",\"main\\/products\\/product-13.jpg\"]','[[{\"key\":\"file\",\"value\":null},{\"key\":\"url\",\"value\":\"https:\\/\\/www.youtube.com\\/watch?v=6JYIGclVQdw\"},{\"key\":\"thumbnail\",\"value\":\"main\\/video\\/2.jpg\"}]]','0G-100',0,15,0,1,1,2,0,0,1276,828,NULL,NULL,10.00,19.00,20.00,568.00,NULL,113110,'2024-10-31 20:47:18','2024-10-31 20:47:18','in_stock',1,0,'Botble\\ACL\\Models\\User',0,NULL,'physical',NULL,NULL,0,0,0,0,1),(26,'Retro Cat-Eye Sunglasses','Accessorize with this bohemian fringe handbag, featuring intricate details and enough space for your essentials. The perfect boho-chic addition to your collection.','<div class=\"row justify-content-center\">\n    <div class=\"col-xl-10\">\n        <div class=\"tp-product-details-desc-item pb-105\">\n            <div class=\"row\">\n                <div class=\"col-lg-6\">\n                    <div class=\"pt-25\">\n                        <span>Anti-Aging Serum</span>\n                        <h3 class=\"tp-product-details-desc-title\">Revitalize Your Skin</h3>\n                        <p>\n                            Turn back the clock with our advanced anti-aging serum. Formulated with potent ingredients like hyaluronic acid and retinol, this serum targets fine lines, wrinkles, and age spots, leaving your skin looking youthful and radiant. Restore your skin\'s natural glow and texture with regular use.\n                        </p>\n                    </div>\n                    <div>\n                        <h3 class=\"tp-product-details-desc-title\">Hydration and Nourishment</h3>\n                        <p>\n                            Our anti-aging serum is enriched with hydrating and nourishing ingredients that penetrate deep into the skin to replenish moisture and improve elasticity. Say goodbye to dry, dull skin and hello to a complexion that\'s supple, smooth, and rejuvenated.\n                        </p>\n                    </div>\n                </div>\n                <div class=\"col-lg-6\">\n                    <div class=\"tp-product-details-desc-thumb\">\n                        <img src=\"/storage/beauty/products/product-1.png\" alt=\"Anti-Aging Serum\">\n                    </div>\n                </div>\n            </div>\n        </div>\n        <div class=\"tp-product-details-desc-item pb-75\">\n            <div class=\"row\">\n                <div class=\"col-lg-7\">\n                    <div class=\"tp-product-details-desc-thumb\">\n                        <img src=\"/storage/beauty/products/product-2.png\" alt=\"Application of Anti-Aging Serum\">\n                    </div>\n                </div>\n\n                <div class=\"col-lg-5 order-first order-lg-last\">\n                    <div class=\"des-content-2 pl-40\">\n                        <h3 class=\"tp-product-details-desc-title\">\n                            Visible Results\n                        </h3>\n                        <p>\n                            Experience noticeable results with our anti-aging serum. Within weeks of use, you\'ll notice smoother, firmer skin with reduced signs of aging. Incorporate it into your daily skincare routine for long-lasting benefits and a complexion that defies time.\n                        </p>\n                    </div>\n                </div>\n            </div>\n        </div>\n        <div class=\"tp-product-details-desc-item\">\n            <div class=\"row\">\n                <div class=\"col-xl-12\">\n                    <div class=\"tp-product-details-desc-banner text-center m-img\">\n                        <h3 class=\"tp-product-details-desc-banner-title tp-product-details-desc-title\">Expertly Formulated</h3>\n                        <img src=\"/storage/beauty/products/product-3.png\" alt=\"Beauty Lab\">\n                    </div>\n                </div>\n            </div>\n        </div>\n    </div>\n</div>\n','published','[\"main\\/products\\/product-10.jpg\",\"main\\/products\\/product-15.jpg\",\"main\\/products\\/product-14.jpg\",\"main\\/products\\/product-details-desc-2.jpg\",\"main\\/products\\/product-19.jpg\"]','[[{\"key\":\"file\",\"value\":null},{\"key\":\"url\",\"value\":\"https:\\/\\/www.youtube.com\\/watch?v=6JYIGclVQdw\"},{\"key\":\"thumbnail\",\"value\":\"main\\/video\\/2.jpg\"}]]','0S-121-A1',0,16,0,1,0,4,0,0,835,NULL,NULL,NULL,20.00,20.00,13.00,534.00,NULL,137887,'2024-10-31 20:47:18','2024-10-31 20:47:18','in_stock',5,0,'Botble\\ACL\\Models\\User',0,NULL,'physical',NULL,NULL,0,0,0,0,1),(27,'Faux Fur Trimmed Coat','Accessorize with this bohemian fringe handbag, featuring intricate details and enough space for your essentials. The perfect boho-chic addition to your collection.','<div class=\"row justify-content-center\">\n    <div class=\"col-xl-10\">\n        <div class=\"tp-product-details-desc-item pb-105\">\n            <div class=\"row\">\n                <div class=\"col-lg-6\">\n                    <div class=\"pt-25\">\n                        <span>Anti-Aging Serum</span>\n                        <h3 class=\"tp-product-details-desc-title\">Revitalize Your Skin</h3>\n                        <p>\n                            Turn back the clock with our advanced anti-aging serum. Formulated with potent ingredients like hyaluronic acid and retinol, this serum targets fine lines, wrinkles, and age spots, leaving your skin looking youthful and radiant. Restore your skin\'s natural glow and texture with regular use.\n                        </p>\n                    </div>\n                    <div>\n                        <h3 class=\"tp-product-details-desc-title\">Hydration and Nourishment</h3>\n                        <p>\n                            Our anti-aging serum is enriched with hydrating and nourishing ingredients that penetrate deep into the skin to replenish moisture and improve elasticity. Say goodbye to dry, dull skin and hello to a complexion that\'s supple, smooth, and rejuvenated.\n                        </p>\n                    </div>\n                </div>\n                <div class=\"col-lg-6\">\n                    <div class=\"tp-product-details-desc-thumb\">\n                        <img src=\"/storage/beauty/products/product-1.png\" alt=\"Anti-Aging Serum\">\n                    </div>\n                </div>\n            </div>\n        </div>\n        <div class=\"tp-product-details-desc-item pb-75\">\n            <div class=\"row\">\n                <div class=\"col-lg-7\">\n                    <div class=\"tp-product-details-desc-thumb\">\n                        <img src=\"/storage/beauty/products/product-2.png\" alt=\"Application of Anti-Aging Serum\">\n                    </div>\n                </div>\n\n                <div class=\"col-lg-5 order-first order-lg-last\">\n                    <div class=\"des-content-2 pl-40\">\n                        <h3 class=\"tp-product-details-desc-title\">\n                            Visible Results\n                        </h3>\n                        <p>\n                            Experience noticeable results with our anti-aging serum. Within weeks of use, you\'ll notice smoother, firmer skin with reduced signs of aging. Incorporate it into your daily skincare routine for long-lasting benefits and a complexion that defies time.\n                        </p>\n                    </div>\n                </div>\n            </div>\n        </div>\n        <div class=\"tp-product-details-desc-item\">\n            <div class=\"row\">\n                <div class=\"col-xl-12\">\n                    <div class=\"tp-product-details-desc-banner text-center m-img\">\n                        <h3 class=\"tp-product-details-desc-banner-title tp-product-details-desc-title\">Expertly Formulated</h3>\n                        <img src=\"/storage/beauty/products/product-3.png\" alt=\"Beauty Lab\">\n                    </div>\n                </div>\n            </div>\n        </div>\n    </div>\n</div>\n','published','[\"main\\/products\\/product-2.jpg\",\"main\\/products\\/product-5.jpg\",\"main\\/products\\/product-15.jpg\",\"main\\/products\\/product-8.jpg\",\"main\\/products\\/product-11.jpg\"]','[[{\"key\":\"file\",\"value\":null},{\"key\":\"url\",\"value\":\"https:\\/\\/www.youtube.com\\/watch?v=6JYIGclVQdw\"},{\"key\":\"thumbnail\",\"value\":\"main\\/video\\/1.jpg\"}]]','K5-118-A1',0,17,0,1,1,4,0,0,1842,NULL,NULL,NULL,11.00,20.00,16.00,739.00,NULL,106904,'2024-10-31 20:47:18','2024-10-31 20:47:18','in_stock',5,0,'Botble\\ACL\\Models\\User',0,NULL,'physical',NULL,NULL,0,0,0,0,2),(28,'Boho Fringed Kimono (Digital)','Complete your look with these classic aviator sunglasses, offering a touch of timeless glamour and UV protection for your eyes.','<div class=\"row justify-content-center\">\n    <div class=\"col-xl-10\">\n        <div class=\"tp-product-details-desc-item pb-105\">\n            <div class=\"row\">\n                <div class=\"col-lg-6\">\n                    <div class=\"pt-25\">\n                        <span>Anti-Aging Serum</span>\n                        <h3 class=\"tp-product-details-desc-title\">Revitalize Your Skin</h3>\n                        <p>\n                            Turn back the clock with our advanced anti-aging serum. Formulated with potent ingredients like hyaluronic acid and retinol, this serum targets fine lines, wrinkles, and age spots, leaving your skin looking youthful and radiant. Restore your skin\'s natural glow and texture with regular use.\n                        </p>\n                    </div>\n                    <div>\n                        <h3 class=\"tp-product-details-desc-title\">Hydration and Nourishment</h3>\n                        <p>\n                            Our anti-aging serum is enriched with hydrating and nourishing ingredients that penetrate deep into the skin to replenish moisture and improve elasticity. Say goodbye to dry, dull skin and hello to a complexion that\'s supple, smooth, and rejuvenated.\n                        </p>\n                    </div>\n                </div>\n                <div class=\"col-lg-6\">\n                    <div class=\"tp-product-details-desc-thumb\">\n                        <img src=\"/storage/beauty/products/product-1.png\" alt=\"Anti-Aging Serum\">\n                    </div>\n                </div>\n            </div>\n        </div>\n        <div class=\"tp-product-details-desc-item pb-75\">\n            <div class=\"row\">\n                <div class=\"col-lg-7\">\n                    <div class=\"tp-product-details-desc-thumb\">\n                        <img src=\"/storage/beauty/products/product-2.png\" alt=\"Application of Anti-Aging Serum\">\n                    </div>\n                </div>\n\n                <div class=\"col-lg-5 order-first order-lg-last\">\n                    <div class=\"des-content-2 pl-40\">\n                        <h3 class=\"tp-product-details-desc-title\">\n                            Visible Results\n                        </h3>\n                        <p>\n                            Experience noticeable results with our anti-aging serum. Within weeks of use, you\'ll notice smoother, firmer skin with reduced signs of aging. Incorporate it into your daily skincare routine for long-lasting benefits and a complexion that defies time.\n                        </p>\n                    </div>\n                </div>\n            </div>\n        </div>\n        <div class=\"tp-product-details-desc-item\">\n            <div class=\"row\">\n                <div class=\"col-xl-12\">\n                    <div class=\"tp-product-details-desc-banner text-center m-img\">\n                        <h3 class=\"tp-product-details-desc-banner-title tp-product-details-desc-title\">Expertly Formulated</h3>\n                        <img src=\"/storage/beauty/products/product-3.png\" alt=\"Beauty Lab\">\n                    </div>\n                </div>\n            </div>\n        </div>\n    </div>\n</div>\n','published','[\"main\\/products\\/product-4.jpg\",\"main\\/products\\/product-9.jpg\",\"main\\/products\\/product-5.jpg\"]','[[{\"key\":\"file\",\"value\":\"main\\/video\\/video-2.mp4\"},{\"key\":\"url\",\"value\":null},{\"key\":\"thumbnail\",\"value\":\"main\\/video\\/2.jpg\"}]]','PH-165',0,18,0,1,0,3,0,0,2095,219,NULL,NULL,18.00,17.00,12.00,740.00,NULL,84253,'2024-10-31 20:47:18','2024-10-31 20:47:18','in_stock',4,0,'Botble\\ACL\\Models\\User',0,NULL,'digital',NULL,NULL,0,0,0,0,1),(29,'Ruffled Wrap Dress','Stay on trend with these high-waisted wide-leg trousers, combining comfort and sophistication. Pair them with heels for a refined look.','<div class=\"row justify-content-center\">\n    <div class=\"col-xl-10\">\n        <div class=\"tp-product-details-desc-item pb-105\">\n            <div class=\"row\">\n                <div class=\"col-lg-6\">\n                    <div class=\"pt-25\">\n                        <span>Anti-Aging Serum</span>\n                        <h3 class=\"tp-product-details-desc-title\">Revitalize Your Skin</h3>\n                        <p>\n                            Turn back the clock with our advanced anti-aging serum. Formulated with potent ingredients like hyaluronic acid and retinol, this serum targets fine lines, wrinkles, and age spots, leaving your skin looking youthful and radiant. Restore your skin\'s natural glow and texture with regular use.\n                        </p>\n                    </div>\n                    <div>\n                        <h3 class=\"tp-product-details-desc-title\">Hydration and Nourishment</h3>\n                        <p>\n                            Our anti-aging serum is enriched with hydrating and nourishing ingredients that penetrate deep into the skin to replenish moisture and improve elasticity. Say goodbye to dry, dull skin and hello to a complexion that\'s supple, smooth, and rejuvenated.\n                        </p>\n                    </div>\n                </div>\n                <div class=\"col-lg-6\">\n                    <div class=\"tp-product-details-desc-thumb\">\n                        <img src=\"/storage/beauty/products/product-1.png\" alt=\"Anti-Aging Serum\">\n                    </div>\n                </div>\n            </div>\n        </div>\n        <div class=\"tp-product-details-desc-item pb-75\">\n            <div class=\"row\">\n                <div class=\"col-lg-7\">\n                    <div class=\"tp-product-details-desc-thumb\">\n                        <img src=\"/storage/beauty/products/product-2.png\" alt=\"Application of Anti-Aging Serum\">\n                    </div>\n                </div>\n\n                <div class=\"col-lg-5 order-first order-lg-last\">\n                    <div class=\"des-content-2 pl-40\">\n                        <h3 class=\"tp-product-details-desc-title\">\n                            Visible Results\n                        </h3>\n                        <p>\n                            Experience noticeable results with our anti-aging serum. Within weeks of use, you\'ll notice smoother, firmer skin with reduced signs of aging. Incorporate it into your daily skincare routine for long-lasting benefits and a complexion that defies time.\n                        </p>\n                    </div>\n                </div>\n            </div>\n        </div>\n        <div class=\"tp-product-details-desc-item\">\n            <div class=\"row\">\n                <div class=\"col-xl-12\">\n                    <div class=\"tp-product-details-desc-banner text-center m-img\">\n                        <h3 class=\"tp-product-details-desc-banner-title tp-product-details-desc-title\">Expertly Formulated</h3>\n                        <img src=\"/storage/beauty/products/product-3.png\" alt=\"Beauty Lab\">\n                    </div>\n                </div>\n            </div>\n        </div>\n    </div>\n</div>\n','published','[\"main\\/products\\/product-10.jpg\",\"main\\/products\\/product-3.jpg\",\"main\\/products\\/product-16.jpg\",\"main\\/products\\/product-14.jpg\",\"main\\/products\\/product-5.jpg\"]','[[{\"key\":\"file\",\"value\":\"main\\/video\\/video-2.mp4\"},{\"key\":\"url\",\"value\":null},{\"key\":\"thumbnail\",\"value\":\"main\\/video\\/2.jpg\"}]]','Y3-101',0,12,0,1,1,2,0,0,472,459,NULL,NULL,19.00,11.00,11.00,655.00,NULL,129369,'2024-10-31 20:47:18','2024-10-31 20:47:18','in_stock',3,0,'Botble\\ACL\\Models\\User',0,NULL,'physical',NULL,NULL,0,0,0,0,2),(30,'Beaded Evening Clutch','Add a pop of color to your outfit with this silk scarf adorned with a geometric print. Wrap it around your neck or tie it to your handbag for a stylish touch.','<div class=\"row justify-content-center\">\n    <div class=\"col-xl-10\">\n        <div class=\"tp-product-details-desc-item pb-105\">\n            <div class=\"row\">\n                <div class=\"col-lg-6\">\n                    <div class=\"pt-25\">\n                        <span>Anti-Aging Serum</span>\n                        <h3 class=\"tp-product-details-desc-title\">Revitalize Your Skin</h3>\n                        <p>\n                            Turn back the clock with our advanced anti-aging serum. Formulated with potent ingredients like hyaluronic acid and retinol, this serum targets fine lines, wrinkles, and age spots, leaving your skin looking youthful and radiant. Restore your skin\'s natural glow and texture with regular use.\n                        </p>\n                    </div>\n                    <div>\n                        <h3 class=\"tp-product-details-desc-title\">Hydration and Nourishment</h3>\n                        <p>\n                            Our anti-aging serum is enriched with hydrating and nourishing ingredients that penetrate deep into the skin to replenish moisture and improve elasticity. Say goodbye to dry, dull skin and hello to a complexion that\'s supple, smooth, and rejuvenated.\n                        </p>\n                    </div>\n                </div>\n                <div class=\"col-lg-6\">\n                    <div class=\"tp-product-details-desc-thumb\">\n                        <img src=\"/storage/beauty/products/product-1.png\" alt=\"Anti-Aging Serum\">\n                    </div>\n                </div>\n            </div>\n        </div>\n        <div class=\"tp-product-details-desc-item pb-75\">\n            <div class=\"row\">\n                <div class=\"col-lg-7\">\n                    <div class=\"tp-product-details-desc-thumb\">\n                        <img src=\"/storage/beauty/products/product-2.png\" alt=\"Application of Anti-Aging Serum\">\n                    </div>\n                </div>\n\n                <div class=\"col-lg-5 order-first order-lg-last\">\n                    <div class=\"des-content-2 pl-40\">\n                        <h3 class=\"tp-product-details-desc-title\">\n                            Visible Results\n                        </h3>\n                        <p>\n                            Experience noticeable results with our anti-aging serum. Within weeks of use, you\'ll notice smoother, firmer skin with reduced signs of aging. Incorporate it into your daily skincare routine for long-lasting benefits and a complexion that defies time.\n                        </p>\n                    </div>\n                </div>\n            </div>\n        </div>\n        <div class=\"tp-product-details-desc-item\">\n            <div class=\"row\">\n                <div class=\"col-xl-12\">\n                    <div class=\"tp-product-details-desc-banner text-center m-img\">\n                        <h3 class=\"tp-product-details-desc-banner-title tp-product-details-desc-title\">Expertly Formulated</h3>\n                        <img src=\"/storage/beauty/products/product-3.png\" alt=\"Beauty Lab\">\n                    </div>\n                </div>\n            </div>\n        </div>\n    </div>\n</div>\n','published','[\"main\\/products\\/product-10.jpg\",\"main\\/products\\/product-11.jpg\",\"main\\/products\\/product-7.jpg\",\"main\\/products\\/product-6.jpg\",\"main\\/products\\/product-14.jpg\"]','[]','KW-176',0,17,0,1,1,2,0,0,2075,1169,NULL,NULL,15.00,13.00,18.00,804.00,NULL,180657,'2024-10-31 20:47:18','2024-10-31 20:47:18','in_stock',7,0,'Botble\\ACL\\Models\\User',0,NULL,'physical',NULL,NULL,0,0,0,0,1),(31,'Wide Brim Floppy Hat','Add a pop of color to your outfit with this silk scarf adorned with a geometric print. Wrap it around your neck or tie it to your handbag for a stylish touch.','<div class=\"row justify-content-center\">\n    <div class=\"col-xl-10\">\n        <div class=\"tp-product-details-desc-item pb-105\">\n            <div class=\"row\">\n                <div class=\"col-lg-6\">\n                    <div class=\"pt-25\">\n                        <span>Anti-Aging Serum</span>\n                        <h3 class=\"tp-product-details-desc-title\">Revitalize Your Skin</h3>\n                        <p>\n                            Turn back the clock with our advanced anti-aging serum. Formulated with potent ingredients like hyaluronic acid and retinol, this serum targets fine lines, wrinkles, and age spots, leaving your skin looking youthful and radiant. Restore your skin\'s natural glow and texture with regular use.\n                        </p>\n                    </div>\n                    <div>\n                        <h3 class=\"tp-product-details-desc-title\">Hydration and Nourishment</h3>\n                        <p>\n                            Our anti-aging serum is enriched with hydrating and nourishing ingredients that penetrate deep into the skin to replenish moisture and improve elasticity. Say goodbye to dry, dull skin and hello to a complexion that\'s supple, smooth, and rejuvenated.\n                        </p>\n                    </div>\n                </div>\n                <div class=\"col-lg-6\">\n                    <div class=\"tp-product-details-desc-thumb\">\n                        <img src=\"/storage/beauty/products/product-1.png\" alt=\"Anti-Aging Serum\">\n                    </div>\n                </div>\n            </div>\n        </div>\n        <div class=\"tp-product-details-desc-item pb-75\">\n            <div class=\"row\">\n                <div class=\"col-lg-7\">\n                    <div class=\"tp-product-details-desc-thumb\">\n                        <img src=\"/storage/beauty/products/product-2.png\" alt=\"Application of Anti-Aging Serum\">\n                    </div>\n                </div>\n\n                <div class=\"col-lg-5 order-first order-lg-last\">\n                    <div class=\"des-content-2 pl-40\">\n                        <h3 class=\"tp-product-details-desc-title\">\n                            Visible Results\n                        </h3>\n                        <p>\n                            Experience noticeable results with our anti-aging serum. Within weeks of use, you\'ll notice smoother, firmer skin with reduced signs of aging. Incorporate it into your daily skincare routine for long-lasting benefits and a complexion that defies time.\n                        </p>\n                    </div>\n                </div>\n            </div>\n        </div>\n        <div class=\"tp-product-details-desc-item\">\n            <div class=\"row\">\n                <div class=\"col-xl-12\">\n                    <div class=\"tp-product-details-desc-banner text-center m-img\">\n                        <h3 class=\"tp-product-details-desc-banner-title tp-product-details-desc-title\">Expertly Formulated</h3>\n                        <img src=\"/storage/beauty/products/product-3.png\" alt=\"Beauty Lab\">\n                    </div>\n                </div>\n            </div>\n        </div>\n    </div>\n</div>\n','published','[\"main\\/products\\/product-8.jpg\",\"main\\/products\\/product-20.jpg\",\"main\\/products\\/product-16.jpg\",\"main\\/products\\/product-2.jpg\",\"main\\/products\\/product-13.jpg\",\"main\\/products\\/product-18.jpg\",\"main\\/products\\/product-3.jpg\",\"main\\/products\\/product-6.jpg\"]','[[{\"key\":\"file\",\"value\":null},{\"key\":\"url\",\"value\":\"https:\\/\\/www.youtube.com\\/watch?v=6JYIGclVQdw\"},{\"key\":\"thumbnail\",\"value\":\"main\\/video\\/1.jpg\"}]]','TM-106-A1',0,19,0,1,1,5,0,0,477,NULL,NULL,NULL,18.00,19.00,13.00,788.00,NULL,48523,'2024-10-31 20:47:18','2024-10-31 20:47:18','in_stock',1,0,'Botble\\ACL\\Models\\User',0,NULL,'physical',NULL,NULL,0,0,0,0,2),(32,'Denim Overall Jumpsuit (Digital)','Stay on trend with these high-waisted wide-leg trousers, combining comfort and sophistication. Pair them with heels for a refined look.','<div class=\"row justify-content-center\">\n    <div class=\"col-xl-10\">\n        <div class=\"tp-product-details-desc-item pb-105\">\n            <div class=\"row\">\n                <div class=\"col-lg-6\">\n                    <div class=\"pt-25\">\n                        <span>Anti-Aging Serum</span>\n                        <h3 class=\"tp-product-details-desc-title\">Revitalize Your Skin</h3>\n                        <p>\n                            Turn back the clock with our advanced anti-aging serum. Formulated with potent ingredients like hyaluronic acid and retinol, this serum targets fine lines, wrinkles, and age spots, leaving your skin looking youthful and radiant. Restore your skin\'s natural glow and texture with regular use.\n                        </p>\n                    </div>\n                    <div>\n                        <h3 class=\"tp-product-details-desc-title\">Hydration and Nourishment</h3>\n                        <p>\n                            Our anti-aging serum is enriched with hydrating and nourishing ingredients that penetrate deep into the skin to replenish moisture and improve elasticity. Say goodbye to dry, dull skin and hello to a complexion that\'s supple, smooth, and rejuvenated.\n                        </p>\n                    </div>\n                </div>\n                <div class=\"col-lg-6\">\n                    <div class=\"tp-product-details-desc-thumb\">\n                        <img src=\"/storage/beauty/products/product-1.png\" alt=\"Anti-Aging Serum\">\n                    </div>\n                </div>\n            </div>\n        </div>\n        <div class=\"tp-product-details-desc-item pb-75\">\n            <div class=\"row\">\n                <div class=\"col-lg-7\">\n                    <div class=\"tp-product-details-desc-thumb\">\n                        <img src=\"/storage/beauty/products/product-2.png\" alt=\"Application of Anti-Aging Serum\">\n                    </div>\n                </div>\n\n                <div class=\"col-lg-5 order-first order-lg-last\">\n                    <div class=\"des-content-2 pl-40\">\n                        <h3 class=\"tp-product-details-desc-title\">\n                            Visible Results\n                        </h3>\n                        <p>\n                            Experience noticeable results with our anti-aging serum. Within weeks of use, you\'ll notice smoother, firmer skin with reduced signs of aging. Incorporate it into your daily skincare routine for long-lasting benefits and a complexion that defies time.\n                        </p>\n                    </div>\n                </div>\n            </div>\n        </div>\n        <div class=\"tp-product-details-desc-item\">\n            <div class=\"row\">\n                <div class=\"col-xl-12\">\n                    <div class=\"tp-product-details-desc-banner text-center m-img\">\n                        <h3 class=\"tp-product-details-desc-banner-title tp-product-details-desc-title\">Expertly Formulated</h3>\n                        <img src=\"/storage/beauty/products/product-3.png\" alt=\"Beauty Lab\">\n                    </div>\n                </div>\n            </div>\n        </div>\n    </div>\n</div>\n','published','[\"main\\/products\\/product-18.jpg\",\"main\\/products\\/product-1.jpg\",\"main\\/products\\/product-details-desc-2.jpg\",\"main\\/products\\/product-20.jpg\",\"main\\/products\\/product-3.jpg\",\"main\\/products\\/product-9.jpg\"]','[[{\"key\":\"file\",\"value\":null},{\"key\":\"url\",\"value\":\"https:\\/\\/www.youtube.com\\/watch?v=6JYIGclVQdw\"},{\"key\":\"thumbnail\",\"value\":\"main\\/video\\/1.jpg\"}]]','IV-111-A1',0,11,0,1,0,4,0,0,1406,984.2,NULL,NULL,17.00,17.00,19.00,511.00,NULL,188247,'2024-10-31 20:47:18','2024-10-31 20:47:18','in_stock',3,0,'Botble\\ACL\\Models\\User',0,NULL,'digital',NULL,NULL,0,0,0,0,1),(33,'Embellished Ballet Flats','Elevate your street style with this vintage denim jacket, featuring distressed detailing and a relaxed fit for a laid-back vibe.','<div class=\"row justify-content-center\">\n    <div class=\"col-xl-10\">\n        <div class=\"tp-product-details-desc-item pb-105\">\n            <div class=\"row\">\n                <div class=\"col-lg-6\">\n                    <div class=\"pt-25\">\n                        <span>Anti-Aging Serum</span>\n                        <h3 class=\"tp-product-details-desc-title\">Revitalize Your Skin</h3>\n                        <p>\n                            Turn back the clock with our advanced anti-aging serum. Formulated with potent ingredients like hyaluronic acid and retinol, this serum targets fine lines, wrinkles, and age spots, leaving your skin looking youthful and radiant. Restore your skin\'s natural glow and texture with regular use.\n                        </p>\n                    </div>\n                    <div>\n                        <h3 class=\"tp-product-details-desc-title\">Hydration and Nourishment</h3>\n                        <p>\n                            Our anti-aging serum is enriched with hydrating and nourishing ingredients that penetrate deep into the skin to replenish moisture and improve elasticity. Say goodbye to dry, dull skin and hello to a complexion that\'s supple, smooth, and rejuvenated.\n                        </p>\n                    </div>\n                </div>\n                <div class=\"col-lg-6\">\n                    <div class=\"tp-product-details-desc-thumb\">\n                        <img src=\"/storage/beauty/products/product-1.png\" alt=\"Anti-Aging Serum\">\n                    </div>\n                </div>\n            </div>\n        </div>\n        <div class=\"tp-product-details-desc-item pb-75\">\n            <div class=\"row\">\n                <div class=\"col-lg-7\">\n                    <div class=\"tp-product-details-desc-thumb\">\n                        <img src=\"/storage/beauty/products/product-2.png\" alt=\"Application of Anti-Aging Serum\">\n                    </div>\n                </div>\n\n                <div class=\"col-lg-5 order-first order-lg-last\">\n                    <div class=\"des-content-2 pl-40\">\n                        <h3 class=\"tp-product-details-desc-title\">\n                            Visible Results\n                        </h3>\n                        <p>\n                            Experience noticeable results with our anti-aging serum. Within weeks of use, you\'ll notice smoother, firmer skin with reduced signs of aging. Incorporate it into your daily skincare routine for long-lasting benefits and a complexion that defies time.\n                        </p>\n                    </div>\n                </div>\n            </div>\n        </div>\n        <div class=\"tp-product-details-desc-item\">\n            <div class=\"row\">\n                <div class=\"col-xl-12\">\n                    <div class=\"tp-product-details-desc-banner text-center m-img\">\n                        <h3 class=\"tp-product-details-desc-banner-title tp-product-details-desc-title\">Expertly Formulated</h3>\n                        <img src=\"/storage/beauty/products/product-3.png\" alt=\"Beauty Lab\">\n                    </div>\n                </div>\n            </div>\n        </div>\n    </div>\n</div>\n','published','[\"main\\/products\\/product-12.jpg\",\"main\\/products\\/product-6.jpg\",\"main\\/products\\/product-4.jpg\",\"main\\/products\\/product-20.jpg\"]','[[{\"key\":\"file\",\"value\":null},{\"key\":\"url\",\"value\":\"https:\\/\\/www.youtube.com\\/watch?v=6JYIGclVQdw\"},{\"key\":\"thumbnail\",\"value\":\"main\\/video\\/2.jpg\"}]]','CR-175-A1',0,19,0,1,1,2,0,0,1027,NULL,NULL,NULL,12.00,15.00,12.00,679.00,NULL,30170,'2024-10-31 20:47:18','2024-10-31 20:47:18','in_stock',5,0,'Botble\\ACL\\Models\\User',0,NULL,'physical',NULL,NULL,0,0,0,0,1),(34,'Pleated Midi Skirt','Make a statement in this floral maxi dress, perfect for summer events or a casual day out. The flowy silhouette and vibrant print will turn heads wherever you go.','<div class=\"row justify-content-center\">\n    <div class=\"col-xl-10\">\n        <div class=\"tp-product-details-desc-item pb-105\">\n            <div class=\"row\">\n                <div class=\"col-lg-6\">\n                    <div class=\"pt-25\">\n                        <span>Anti-Aging Serum</span>\n                        <h3 class=\"tp-product-details-desc-title\">Revitalize Your Skin</h3>\n                        <p>\n                            Turn back the clock with our advanced anti-aging serum. Formulated with potent ingredients like hyaluronic acid and retinol, this serum targets fine lines, wrinkles, and age spots, leaving your skin looking youthful and radiant. Restore your skin\'s natural glow and texture with regular use.\n                        </p>\n                    </div>\n                    <div>\n                        <h3 class=\"tp-product-details-desc-title\">Hydration and Nourishment</h3>\n                        <p>\n                            Our anti-aging serum is enriched with hydrating and nourishing ingredients that penetrate deep into the skin to replenish moisture and improve elasticity. Say goodbye to dry, dull skin and hello to a complexion that\'s supple, smooth, and rejuvenated.\n                        </p>\n                    </div>\n                </div>\n                <div class=\"col-lg-6\">\n                    <div class=\"tp-product-details-desc-thumb\">\n                        <img src=\"/storage/beauty/products/product-1.png\" alt=\"Anti-Aging Serum\">\n                    </div>\n                </div>\n            </div>\n        </div>\n        <div class=\"tp-product-details-desc-item pb-75\">\n            <div class=\"row\">\n                <div class=\"col-lg-7\">\n                    <div class=\"tp-product-details-desc-thumb\">\n                        <img src=\"/storage/beauty/products/product-2.png\" alt=\"Application of Anti-Aging Serum\">\n                    </div>\n                </div>\n\n                <div class=\"col-lg-5 order-first order-lg-last\">\n                    <div class=\"des-content-2 pl-40\">\n                        <h3 class=\"tp-product-details-desc-title\">\n                            Visible Results\n                        </h3>\n                        <p>\n                            Experience noticeable results with our anti-aging serum. Within weeks of use, you\'ll notice smoother, firmer skin with reduced signs of aging. Incorporate it into your daily skincare routine for long-lasting benefits and a complexion that defies time.\n                        </p>\n                    </div>\n                </div>\n            </div>\n        </div>\n        <div class=\"tp-product-details-desc-item\">\n            <div class=\"row\">\n                <div class=\"col-xl-12\">\n                    <div class=\"tp-product-details-desc-banner text-center m-img\">\n                        <h3 class=\"tp-product-details-desc-banner-title tp-product-details-desc-title\">Expertly Formulated</h3>\n                        <img src=\"/storage/beauty/products/product-3.png\" alt=\"Beauty Lab\">\n                    </div>\n                </div>\n            </div>\n        </div>\n    </div>\n</div>\n','published','[\"main\\/products\\/product-17.jpg\",\"main\\/products\\/product-details-desc-3.jpg\",\"main\\/products\\/product-10.jpg\"]','[[{\"key\":\"file\",\"value\":\"main\\/video\\/video-2.mp4\"},{\"key\":\"url\",\"value\":null},{\"key\":\"thumbnail\",\"value\":\"main\\/video\\/2.jpg\"}]]','WN-138',0,13,0,1,1,2,0,0,330,158,NULL,NULL,14.00,14.00,12.00,664.00,NULL,53053,'2024-10-31 20:47:18','2024-10-31 20:47:18','in_stock',8,0,'Botble\\ACL\\Models\\User',0,NULL,'physical',NULL,NULL,0,0,0,0,2),(35,'Velour Tracksuit Set','Make a bold statement with this chunky necklace, designed to add a touch of glamour to any outfit. The perfect accessory for a night out.','<div class=\"row justify-content-center\">\n    <div class=\"col-xl-10\">\n        <div class=\"tp-product-details-desc-item pb-105\">\n            <div class=\"row\">\n                <div class=\"col-lg-6\">\n                    <div class=\"pt-25\">\n                        <span>Anti-Aging Serum</span>\n                        <h3 class=\"tp-product-details-desc-title\">Revitalize Your Skin</h3>\n                        <p>\n                            Turn back the clock with our advanced anti-aging serum. Formulated with potent ingredients like hyaluronic acid and retinol, this serum targets fine lines, wrinkles, and age spots, leaving your skin looking youthful and radiant. Restore your skin\'s natural glow and texture with regular use.\n                        </p>\n                    </div>\n                    <div>\n                        <h3 class=\"tp-product-details-desc-title\">Hydration and Nourishment</h3>\n                        <p>\n                            Our anti-aging serum is enriched with hydrating and nourishing ingredients that penetrate deep into the skin to replenish moisture and improve elasticity. Say goodbye to dry, dull skin and hello to a complexion that\'s supple, smooth, and rejuvenated.\n                        </p>\n                    </div>\n                </div>\n                <div class=\"col-lg-6\">\n                    <div class=\"tp-product-details-desc-thumb\">\n                        <img src=\"/storage/beauty/products/product-1.png\" alt=\"Anti-Aging Serum\">\n                    </div>\n                </div>\n            </div>\n        </div>\n        <div class=\"tp-product-details-desc-item pb-75\">\n            <div class=\"row\">\n                <div class=\"col-lg-7\">\n                    <div class=\"tp-product-details-desc-thumb\">\n                        <img src=\"/storage/beauty/products/product-2.png\" alt=\"Application of Anti-Aging Serum\">\n                    </div>\n                </div>\n\n                <div class=\"col-lg-5 order-first order-lg-last\">\n                    <div class=\"des-content-2 pl-40\">\n                        <h3 class=\"tp-product-details-desc-title\">\n                            Visible Results\n                        </h3>\n                        <p>\n                            Experience noticeable results with our anti-aging serum. Within weeks of use, you\'ll notice smoother, firmer skin with reduced signs of aging. Incorporate it into your daily skincare routine for long-lasting benefits and a complexion that defies time.\n                        </p>\n                    </div>\n                </div>\n            </div>\n        </div>\n        <div class=\"tp-product-details-desc-item\">\n            <div class=\"row\">\n                <div class=\"col-xl-12\">\n                    <div class=\"tp-product-details-desc-banner text-center m-img\">\n                        <h3 class=\"tp-product-details-desc-banner-title tp-product-details-desc-title\">Expertly Formulated</h3>\n                        <img src=\"/storage/beauty/products/product-3.png\" alt=\"Beauty Lab\">\n                    </div>\n                </div>\n            </div>\n        </div>\n    </div>\n</div>\n','published','[\"main\\/products\\/product-7.jpg\",\"main\\/products\\/product-18.jpg\",\"main\\/products\\/product-5.jpg\",\"main\\/products\\/product-11.jpg\",\"main\\/products\\/product-details-desc-1.jpg\"]','[]','JD-185',0,16,0,1,1,4,0,0,1926,632,NULL,NULL,13.00,13.00,14.00,619.00,NULL,141702,'2024-10-31 20:47:18','2024-10-31 20:47:18','in_stock',2,0,'Botble\\ACL\\Models\\User',0,NULL,'physical',NULL,NULL,0,0,0,0,2),(36,'Geometric Patterned Cardigan (Digital)','Complete your look with these classic aviator sunglasses, offering a touch of timeless glamour and UV protection for your eyes.','<div class=\"row justify-content-center\">\n    <div class=\"col-xl-10\">\n        <div class=\"tp-product-details-desc-item pb-105\">\n            <div class=\"row\">\n                <div class=\"col-lg-6\">\n                    <div class=\"pt-25\">\n                        <span>Anti-Aging Serum</span>\n                        <h3 class=\"tp-product-details-desc-title\">Revitalize Your Skin</h3>\n                        <p>\n                            Turn back the clock with our advanced anti-aging serum. Formulated with potent ingredients like hyaluronic acid and retinol, this serum targets fine lines, wrinkles, and age spots, leaving your skin looking youthful and radiant. Restore your skin\'s natural glow and texture with regular use.\n                        </p>\n                    </div>\n                    <div>\n                        <h3 class=\"tp-product-details-desc-title\">Hydration and Nourishment</h3>\n                        <p>\n                            Our anti-aging serum is enriched with hydrating and nourishing ingredients that penetrate deep into the skin to replenish moisture and improve elasticity. Say goodbye to dry, dull skin and hello to a complexion that\'s supple, smooth, and rejuvenated.\n                        </p>\n                    </div>\n                </div>\n                <div class=\"col-lg-6\">\n                    <div class=\"tp-product-details-desc-thumb\">\n                        <img src=\"/storage/beauty/products/product-1.png\" alt=\"Anti-Aging Serum\">\n                    </div>\n                </div>\n            </div>\n        </div>\n        <div class=\"tp-product-details-desc-item pb-75\">\n            <div class=\"row\">\n                <div class=\"col-lg-7\">\n                    <div class=\"tp-product-details-desc-thumb\">\n                        <img src=\"/storage/beauty/products/product-2.png\" alt=\"Application of Anti-Aging Serum\">\n                    </div>\n                </div>\n\n                <div class=\"col-lg-5 order-first order-lg-last\">\n                    <div class=\"des-content-2 pl-40\">\n                        <h3 class=\"tp-product-details-desc-title\">\n                            Visible Results\n                        </h3>\n                        <p>\n                            Experience noticeable results with our anti-aging serum. Within weeks of use, you\'ll notice smoother, firmer skin with reduced signs of aging. Incorporate it into your daily skincare routine for long-lasting benefits and a complexion that defies time.\n                        </p>\n                    </div>\n                </div>\n            </div>\n        </div>\n        <div class=\"tp-product-details-desc-item\">\n            <div class=\"row\">\n                <div class=\"col-xl-12\">\n                    <div class=\"tp-product-details-desc-banner text-center m-img\">\n                        <h3 class=\"tp-product-details-desc-banner-title tp-product-details-desc-title\">Expertly Formulated</h3>\n                        <img src=\"/storage/beauty/products/product-3.png\" alt=\"Beauty Lab\">\n                    </div>\n                </div>\n            </div>\n        </div>\n    </div>\n</div>\n','published','[\"main\\/products\\/product-12.jpg\",\"main\\/products\\/product-1.jpg\",\"main\\/products\\/product-details-desc-1.jpg\",\"main\\/products\\/product-details-desc-3.jpg\",\"main\\/products\\/product-11.jpg\",\"main\\/products\\/product-4.jpg\",\"main\\/products\\/product-3.jpg\",\"main\\/products\\/product-15.jpg\"]','[[{\"key\":\"file\",\"value\":\"main\\/video\\/video-1.mp4\"},{\"key\":\"url\",\"value\":null},{\"key\":\"thumbnail\",\"value\":\"main\\/video\\/1.jpg\"}]]','RY-101',0,15,0,1,0,3,0,0,1103,932,NULL,NULL,11.00,11.00,17.00,699.00,NULL,52053,'2024-10-31 20:47:18','2024-10-31 20:47:18','in_stock',5,0,'Botble\\ACL\\Models\\User',0,NULL,'digital',NULL,NULL,0,0,0,0,1),(37,'Buckle Detail Ankle Booties','Achieve a polished look with this tailored wool blazer, designed for a flattering fit and versatile enough for both work and casual outings.','<div class=\"row justify-content-center\">\n    <div class=\"col-xl-10\">\n        <div class=\"tp-product-details-desc-item pb-105\">\n            <div class=\"row\">\n                <div class=\"col-lg-6\">\n                    <div class=\"pt-25\">\n                        <span>Anti-Aging Serum</span>\n                        <h3 class=\"tp-product-details-desc-title\">Revitalize Your Skin</h3>\n                        <p>\n                            Turn back the clock with our advanced anti-aging serum. Formulated with potent ingredients like hyaluronic acid and retinol, this serum targets fine lines, wrinkles, and age spots, leaving your skin looking youthful and radiant. Restore your skin\'s natural glow and texture with regular use.\n                        </p>\n                    </div>\n                    <div>\n                        <h3 class=\"tp-product-details-desc-title\">Hydration and Nourishment</h3>\n                        <p>\n                            Our anti-aging serum is enriched with hydrating and nourishing ingredients that penetrate deep into the skin to replenish moisture and improve elasticity. Say goodbye to dry, dull skin and hello to a complexion that\'s supple, smooth, and rejuvenated.\n                        </p>\n                    </div>\n                </div>\n                <div class=\"col-lg-6\">\n                    <div class=\"tp-product-details-desc-thumb\">\n                        <img src=\"/storage/beauty/products/product-1.png\" alt=\"Anti-Aging Serum\">\n                    </div>\n                </div>\n            </div>\n        </div>\n        <div class=\"tp-product-details-desc-item pb-75\">\n            <div class=\"row\">\n                <div class=\"col-lg-7\">\n                    <div class=\"tp-product-details-desc-thumb\">\n                        <img src=\"/storage/beauty/products/product-2.png\" alt=\"Application of Anti-Aging Serum\">\n                    </div>\n                </div>\n\n                <div class=\"col-lg-5 order-first order-lg-last\">\n                    <div class=\"des-content-2 pl-40\">\n                        <h3 class=\"tp-product-details-desc-title\">\n                            Visible Results\n                        </h3>\n                        <p>\n                            Experience noticeable results with our anti-aging serum. Within weeks of use, you\'ll notice smoother, firmer skin with reduced signs of aging. Incorporate it into your daily skincare routine for long-lasting benefits and a complexion that defies time.\n                        </p>\n                    </div>\n                </div>\n            </div>\n        </div>\n        <div class=\"tp-product-details-desc-item\">\n            <div class=\"row\">\n                <div class=\"col-xl-12\">\n                    <div class=\"tp-product-details-desc-banner text-center m-img\">\n                        <h3 class=\"tp-product-details-desc-banner-title tp-product-details-desc-title\">Expertly Formulated</h3>\n                        <img src=\"/storage/beauty/products/product-3.png\" alt=\"Beauty Lab\">\n                    </div>\n                </div>\n            </div>\n        </div>\n    </div>\n</div>\n','published','[\"main\\/products\\/product-5.jpg\",\"main\\/products\\/product-16.jpg\",\"main\\/products\\/product-15.jpg\",\"main\\/products\\/product-19.jpg\"]','[[{\"key\":\"file\",\"value\":\"main\\/video\\/video-1.mp4\"},{\"key\":\"url\",\"value\":null},{\"key\":\"thumbnail\",\"value\":\"main\\/video\\/1.jpg\"}]]','KZ-156',0,15,0,1,1,5,0,0,1337,561,NULL,NULL,14.00,20.00,13.00,754.00,NULL,95616,'2024-10-31 20:47:18','2024-10-31 20:47:18','in_stock',7,0,'Botble\\ACL\\Models\\User',0,NULL,'physical',NULL,NULL,0,0,0,0,2),(38,'Embroidered Bomber Jacket','Step out in style with these leather ankle boots, crafted with a sleek design and comfortable block heel. Versatile enough to pair with both dresses and jeans.','<div class=\"row justify-content-center\">\n    <div class=\"col-xl-10\">\n        <div class=\"tp-product-details-desc-item pb-105\">\n            <div class=\"row\">\n                <div class=\"col-lg-6\">\n                    <div class=\"pt-25\">\n                        <span>Anti-Aging Serum</span>\n                        <h3 class=\"tp-product-details-desc-title\">Revitalize Your Skin</h3>\n                        <p>\n                            Turn back the clock with our advanced anti-aging serum. Formulated with potent ingredients like hyaluronic acid and retinol, this serum targets fine lines, wrinkles, and age spots, leaving your skin looking youthful and radiant. Restore your skin\'s natural glow and texture with regular use.\n                        </p>\n                    </div>\n                    <div>\n                        <h3 class=\"tp-product-details-desc-title\">Hydration and Nourishment</h3>\n                        <p>\n                            Our anti-aging serum is enriched with hydrating and nourishing ingredients that penetrate deep into the skin to replenish moisture and improve elasticity. Say goodbye to dry, dull skin and hello to a complexion that\'s supple, smooth, and rejuvenated.\n                        </p>\n                    </div>\n                </div>\n                <div class=\"col-lg-6\">\n                    <div class=\"tp-product-details-desc-thumb\">\n                        <img src=\"/storage/beauty/products/product-1.png\" alt=\"Anti-Aging Serum\">\n                    </div>\n                </div>\n            </div>\n        </div>\n        <div class=\"tp-product-details-desc-item pb-75\">\n            <div class=\"row\">\n                <div class=\"col-lg-7\">\n                    <div class=\"tp-product-details-desc-thumb\">\n                        <img src=\"/storage/beauty/products/product-2.png\" alt=\"Application of Anti-Aging Serum\">\n                    </div>\n                </div>\n\n                <div class=\"col-lg-5 order-first order-lg-last\">\n                    <div class=\"des-content-2 pl-40\">\n                        <h3 class=\"tp-product-details-desc-title\">\n                            Visible Results\n                        </h3>\n                        <p>\n                            Experience noticeable results with our anti-aging serum. Within weeks of use, you\'ll notice smoother, firmer skin with reduced signs of aging. Incorporate it into your daily skincare routine for long-lasting benefits and a complexion that defies time.\n                        </p>\n                    </div>\n                </div>\n            </div>\n        </div>\n        <div class=\"tp-product-details-desc-item\">\n            <div class=\"row\">\n                <div class=\"col-xl-12\">\n                    <div class=\"tp-product-details-desc-banner text-center m-img\">\n                        <h3 class=\"tp-product-details-desc-banner-title tp-product-details-desc-title\">Expertly Formulated</h3>\n                        <img src=\"/storage/beauty/products/product-3.png\" alt=\"Beauty Lab\">\n                    </div>\n                </div>\n            </div>\n        </div>\n    </div>\n</div>\n','published','[\"main\\/products\\/product-6.jpg\",\"main\\/products\\/product-9.jpg\",\"main\\/products\\/product-details-desc-2.jpg\"]','[]','LI-158-A1',0,12,0,1,1,3,0,0,1710,NULL,NULL,NULL,10.00,11.00,16.00,613.00,NULL,52377,'2024-10-31 20:47:18','2024-10-31 20:47:18','in_stock',1,0,'Botble\\ACL\\Models\\User',0,NULL,'physical',NULL,NULL,0,0,0,0,2),(39,'Cowl Neck Knit Poncho','Make a statement in this floral maxi dress, perfect for summer events or a casual day out. The flowy silhouette and vibrant print will turn heads wherever you go.','<div class=\"row justify-content-center\">\n    <div class=\"col-xl-10\">\n        <div class=\"tp-product-details-desc-item pb-105\">\n            <div class=\"row\">\n                <div class=\"col-lg-6\">\n                    <div class=\"pt-25\">\n                        <span>Anti-Aging Serum</span>\n                        <h3 class=\"tp-product-details-desc-title\">Revitalize Your Skin</h3>\n                        <p>\n                            Turn back the clock with our advanced anti-aging serum. Formulated with potent ingredients like hyaluronic acid and retinol, this serum targets fine lines, wrinkles, and age spots, leaving your skin looking youthful and radiant. Restore your skin\'s natural glow and texture with regular use.\n                        </p>\n                    </div>\n                    <div>\n                        <h3 class=\"tp-product-details-desc-title\">Hydration and Nourishment</h3>\n                        <p>\n                            Our anti-aging serum is enriched with hydrating and nourishing ingredients that penetrate deep into the skin to replenish moisture and improve elasticity. Say goodbye to dry, dull skin and hello to a complexion that\'s supple, smooth, and rejuvenated.\n                        </p>\n                    </div>\n                </div>\n                <div class=\"col-lg-6\">\n                    <div class=\"tp-product-details-desc-thumb\">\n                        <img src=\"/storage/beauty/products/product-1.png\" alt=\"Anti-Aging Serum\">\n                    </div>\n                </div>\n            </div>\n        </div>\n        <div class=\"tp-product-details-desc-item pb-75\">\n            <div class=\"row\">\n                <div class=\"col-lg-7\">\n                    <div class=\"tp-product-details-desc-thumb\">\n                        <img src=\"/storage/beauty/products/product-2.png\" alt=\"Application of Anti-Aging Serum\">\n                    </div>\n                </div>\n\n                <div class=\"col-lg-5 order-first order-lg-last\">\n                    <div class=\"des-content-2 pl-40\">\n                        <h3 class=\"tp-product-details-desc-title\">\n                            Visible Results\n                        </h3>\n                        <p>\n                            Experience noticeable results with our anti-aging serum. Within weeks of use, you\'ll notice smoother, firmer skin with reduced signs of aging. Incorporate it into your daily skincare routine for long-lasting benefits and a complexion that defies time.\n                        </p>\n                    </div>\n                </div>\n            </div>\n        </div>\n        <div class=\"tp-product-details-desc-item\">\n            <div class=\"row\">\n                <div class=\"col-xl-12\">\n                    <div class=\"tp-product-details-desc-banner text-center m-img\">\n                        <h3 class=\"tp-product-details-desc-banner-title tp-product-details-desc-title\">Expertly Formulated</h3>\n                        <img src=\"/storage/beauty/products/product-3.png\" alt=\"Beauty Lab\">\n                    </div>\n                </div>\n            </div>\n        </div>\n    </div>\n</div>\n','published','[\"main\\/products\\/product-16.jpg\",\"main\\/products\\/product-details-desc-1.jpg\",\"main\\/products\\/product-1.jpg\"]','[[{\"key\":\"file\",\"value\":\"main\\/video\\/video-2.mp4\"},{\"key\":\"url\",\"value\":null},{\"key\":\"thumbnail\",\"value\":\"main\\/video\\/2.jpg\"}]]','Q6-102',0,11,0,1,0,4,0,0,1024,1021,NULL,NULL,10.00,10.00,19.00,843.00,NULL,72758,'2024-10-31 20:47:18','2024-10-31 20:47:18','in_stock',2,0,'Botble\\ACL\\Models\\User',0,NULL,'physical',NULL,NULL,0,0,0,0,1),(40,'Chunky Knit Infinity Scarf (Digital)','Make a statement in this floral maxi dress, perfect for summer events or a casual day out. The flowy silhouette and vibrant print will turn heads wherever you go.','<div class=\"row justify-content-center\">\n    <div class=\"col-xl-10\">\n        <div class=\"tp-product-details-desc-item pb-105\">\n            <div class=\"row\">\n                <div class=\"col-lg-6\">\n                    <div class=\"pt-25\">\n                        <span>Anti-Aging Serum</span>\n                        <h3 class=\"tp-product-details-desc-title\">Revitalize Your Skin</h3>\n                        <p>\n                            Turn back the clock with our advanced anti-aging serum. Formulated with potent ingredients like hyaluronic acid and retinol, this serum targets fine lines, wrinkles, and age spots, leaving your skin looking youthful and radiant. Restore your skin\'s natural glow and texture with regular use.\n                        </p>\n                    </div>\n                    <div>\n                        <h3 class=\"tp-product-details-desc-title\">Hydration and Nourishment</h3>\n                        <p>\n                            Our anti-aging serum is enriched with hydrating and nourishing ingredients that penetrate deep into the skin to replenish moisture and improve elasticity. Say goodbye to dry, dull skin and hello to a complexion that\'s supple, smooth, and rejuvenated.\n                        </p>\n                    </div>\n                </div>\n                <div class=\"col-lg-6\">\n                    <div class=\"tp-product-details-desc-thumb\">\n                        <img src=\"/storage/beauty/products/product-1.png\" alt=\"Anti-Aging Serum\">\n                    </div>\n                </div>\n            </div>\n        </div>\n        <div class=\"tp-product-details-desc-item pb-75\">\n            <div class=\"row\">\n                <div class=\"col-lg-7\">\n                    <div class=\"tp-product-details-desc-thumb\">\n                        <img src=\"/storage/beauty/products/product-2.png\" alt=\"Application of Anti-Aging Serum\">\n                    </div>\n                </div>\n\n                <div class=\"col-lg-5 order-first order-lg-last\">\n                    <div class=\"des-content-2 pl-40\">\n                        <h3 class=\"tp-product-details-desc-title\">\n                            Visible Results\n                        </h3>\n                        <p>\n                            Experience noticeable results with our anti-aging serum. Within weeks of use, you\'ll notice smoother, firmer skin with reduced signs of aging. Incorporate it into your daily skincare routine for long-lasting benefits and a complexion that defies time.\n                        </p>\n                    </div>\n                </div>\n            </div>\n        </div>\n        <div class=\"tp-product-details-desc-item\">\n            <div class=\"row\">\n                <div class=\"col-xl-12\">\n                    <div class=\"tp-product-details-desc-banner text-center m-img\">\n                        <h3 class=\"tp-product-details-desc-banner-title tp-product-details-desc-title\">Expertly Formulated</h3>\n                        <img src=\"/storage/beauty/products/product-3.png\" alt=\"Beauty Lab\">\n                    </div>\n                </div>\n            </div>\n        </div>\n    </div>\n</div>\n','published','[\"main\\/products\\/product-details-desc-3.jpg\",\"main\\/products\\/product-9.jpg\",\"main\\/products\\/product-15.jpg\",\"main\\/products\\/product-12.jpg\",\"main\\/products\\/product-details-desc-1.jpg\",\"main\\/products\\/product-19.jpg\"]','[[{\"key\":\"file\",\"value\":null},{\"key\":\"url\",\"value\":\"https:\\/\\/www.youtube.com\\/watch?v=6JYIGclVQdw\"},{\"key\":\"thumbnail\",\"value\":\"main\\/video\\/2.jpg\"}]]','BD-126',0,18,0,1,0,1,0,0,1060,975,NULL,NULL,14.00,12.00,10.00,605.00,NULL,27693,'2024-10-31 20:47:18','2024-10-31 20:47:18','in_stock',4,0,'Botble\\ACL\\Models\\User',0,NULL,'digital',NULL,NULL,0,0,0,0,1),(41,'Retro High-Top Sneakers','Top off your look with this chic fedora hat, crafted with a classic silhouette and a timeless appeal. A must-have accessory for any fashion-forward wardrobe.','<div class=\"row justify-content-center\">\n    <div class=\"col-xl-10\">\n        <div class=\"tp-product-details-desc-item pb-105\">\n            <div class=\"row\">\n                <div class=\"col-lg-6\">\n                    <div class=\"pt-25\">\n                        <span>Anti-Aging Serum</span>\n                        <h3 class=\"tp-product-details-desc-title\">Revitalize Your Skin</h3>\n                        <p>\n                            Turn back the clock with our advanced anti-aging serum. Formulated with potent ingredients like hyaluronic acid and retinol, this serum targets fine lines, wrinkles, and age spots, leaving your skin looking youthful and radiant. Restore your skin\'s natural glow and texture with regular use.\n                        </p>\n                    </div>\n                    <div>\n                        <h3 class=\"tp-product-details-desc-title\">Hydration and Nourishment</h3>\n                        <p>\n                            Our anti-aging serum is enriched with hydrating and nourishing ingredients that penetrate deep into the skin to replenish moisture and improve elasticity. Say goodbye to dry, dull skin and hello to a complexion that\'s supple, smooth, and rejuvenated.\n                        </p>\n                    </div>\n                </div>\n                <div class=\"col-lg-6\">\n                    <div class=\"tp-product-details-desc-thumb\">\n                        <img src=\"/storage/beauty/products/product-1.png\" alt=\"Anti-Aging Serum\">\n                    </div>\n                </div>\n            </div>\n        </div>\n        <div class=\"tp-product-details-desc-item pb-75\">\n            <div class=\"row\">\n                <div class=\"col-lg-7\">\n                    <div class=\"tp-product-details-desc-thumb\">\n                        <img src=\"/storage/beauty/products/product-2.png\" alt=\"Application of Anti-Aging Serum\">\n                    </div>\n                </div>\n\n                <div class=\"col-lg-5 order-first order-lg-last\">\n                    <div class=\"des-content-2 pl-40\">\n                        <h3 class=\"tp-product-details-desc-title\">\n                            Visible Results\n                        </h3>\n                        <p>\n                            Experience noticeable results with our anti-aging serum. Within weeks of use, you\'ll notice smoother, firmer skin with reduced signs of aging. Incorporate it into your daily skincare routine for long-lasting benefits and a complexion that defies time.\n                        </p>\n                    </div>\n                </div>\n            </div>\n        </div>\n        <div class=\"tp-product-details-desc-item\">\n            <div class=\"row\">\n                <div class=\"col-xl-12\">\n                    <div class=\"tp-product-details-desc-banner text-center m-img\">\n                        <h3 class=\"tp-product-details-desc-banner-title tp-product-details-desc-title\">Expertly Formulated</h3>\n                        <img src=\"/storage/beauty/products/product-3.png\" alt=\"Beauty Lab\">\n                    </div>\n                </div>\n            </div>\n        </div>\n    </div>\n</div>\n','published','[\"main\\/products\\/product-9.jpg\",\"main\\/products\\/product-13.jpg\",\"main\\/products\\/product-19.jpg\",\"main\\/products\\/product-18.jpg\",\"main\\/products\\/product-17.jpg\",\"main\\/products\\/product-10.jpg\"]','[]','5R-100-A1',0,20,0,1,1,1,0,0,2328,NULL,NULL,NULL,16.00,17.00,12.00,796.00,NULL,85975,'2024-10-31 20:47:18','2024-10-31 20:47:18','in_stock',8,0,'Botble\\ACL\\Models\\User',0,NULL,'physical',NULL,NULL,0,0,0,0,2),(42,'Faux Leather Leggings','Complete your look with these classic aviator sunglasses, offering a touch of timeless glamour and UV protection for your eyes.','<div class=\"row justify-content-center\">\n    <div class=\"col-xl-10\">\n        <div class=\"tp-product-details-desc-item pb-105\">\n            <div class=\"row\">\n                <div class=\"col-lg-6\">\n                    <div class=\"pt-25\">\n                        <span>Anti-Aging Serum</span>\n                        <h3 class=\"tp-product-details-desc-title\">Revitalize Your Skin</h3>\n                        <p>\n                            Turn back the clock with our advanced anti-aging serum. Formulated with potent ingredients like hyaluronic acid and retinol, this serum targets fine lines, wrinkles, and age spots, leaving your skin looking youthful and radiant. Restore your skin\'s natural glow and texture with regular use.\n                        </p>\n                    </div>\n                    <div>\n                        <h3 class=\"tp-product-details-desc-title\">Hydration and Nourishment</h3>\n                        <p>\n                            Our anti-aging serum is enriched with hydrating and nourishing ingredients that penetrate deep into the skin to replenish moisture and improve elasticity. Say goodbye to dry, dull skin and hello to a complexion that\'s supple, smooth, and rejuvenated.\n                        </p>\n                    </div>\n                </div>\n                <div class=\"col-lg-6\">\n                    <div class=\"tp-product-details-desc-thumb\">\n                        <img src=\"/storage/beauty/products/product-1.png\" alt=\"Anti-Aging Serum\">\n                    </div>\n                </div>\n            </div>\n        </div>\n        <div class=\"tp-product-details-desc-item pb-75\">\n            <div class=\"row\">\n                <div class=\"col-lg-7\">\n                    <div class=\"tp-product-details-desc-thumb\">\n                        <img src=\"/storage/beauty/products/product-2.png\" alt=\"Application of Anti-Aging Serum\">\n                    </div>\n                </div>\n\n                <div class=\"col-lg-5 order-first order-lg-last\">\n                    <div class=\"des-content-2 pl-40\">\n                        <h3 class=\"tp-product-details-desc-title\">\n                            Visible Results\n                        </h3>\n                        <p>\n                            Experience noticeable results with our anti-aging serum. Within weeks of use, you\'ll notice smoother, firmer skin with reduced signs of aging. Incorporate it into your daily skincare routine for long-lasting benefits and a complexion that defies time.\n                        </p>\n                    </div>\n                </div>\n            </div>\n        </div>\n        <div class=\"tp-product-details-desc-item\">\n            <div class=\"row\">\n                <div class=\"col-xl-12\">\n                    <div class=\"tp-product-details-desc-banner text-center m-img\">\n                        <h3 class=\"tp-product-details-desc-banner-title tp-product-details-desc-title\">Expertly Formulated</h3>\n                        <img src=\"/storage/beauty/products/product-3.png\" alt=\"Beauty Lab\">\n                    </div>\n                </div>\n            </div>\n        </div>\n    </div>\n</div>\n','published','[\"main\\/products\\/product-3.jpg\",\"main\\/products\\/product-18.jpg\",\"main\\/products\\/product-10.jpg\",\"main\\/products\\/product-13.jpg\",\"main\\/products\\/product-6.jpg\",\"main\\/products\\/product-20.jpg\"]','[]','RD-180-A1',0,18,0,1,1,2,0,0,1036,NULL,NULL,NULL,18.00,11.00,16.00,661.00,NULL,168606,'2024-10-31 20:47:18','2024-10-31 20:47:18','in_stock',5,0,'Botble\\ACL\\Models\\User',0,NULL,'physical',NULL,NULL,0,0,0,0,2),(43,'Metallic Pleated Maxi Skirt','Achieve a polished look with this tailored wool blazer, designed for a flattering fit and versatile enough for both work and casual outings.','<div class=\"row justify-content-center\">\n    <div class=\"col-xl-10\">\n        <div class=\"tp-product-details-desc-item pb-105\">\n            <div class=\"row\">\n                <div class=\"col-lg-6\">\n                    <div class=\"pt-25\">\n                        <span>Anti-Aging Serum</span>\n                        <h3 class=\"tp-product-details-desc-title\">Revitalize Your Skin</h3>\n                        <p>\n                            Turn back the clock with our advanced anti-aging serum. Formulated with potent ingredients like hyaluronic acid and retinol, this serum targets fine lines, wrinkles, and age spots, leaving your skin looking youthful and radiant. Restore your skin\'s natural glow and texture with regular use.\n                        </p>\n                    </div>\n                    <div>\n                        <h3 class=\"tp-product-details-desc-title\">Hydration and Nourishment</h3>\n                        <p>\n                            Our anti-aging serum is enriched with hydrating and nourishing ingredients that penetrate deep into the skin to replenish moisture and improve elasticity. Say goodbye to dry, dull skin and hello to a complexion that\'s supple, smooth, and rejuvenated.\n                        </p>\n                    </div>\n                </div>\n                <div class=\"col-lg-6\">\n                    <div class=\"tp-product-details-desc-thumb\">\n                        <img src=\"/storage/beauty/products/product-1.png\" alt=\"Anti-Aging Serum\">\n                    </div>\n                </div>\n            </div>\n        </div>\n        <div class=\"tp-product-details-desc-item pb-75\">\n            <div class=\"row\">\n                <div class=\"col-lg-7\">\n                    <div class=\"tp-product-details-desc-thumb\">\n                        <img src=\"/storage/beauty/products/product-2.png\" alt=\"Application of Anti-Aging Serum\">\n                    </div>\n                </div>\n\n                <div class=\"col-lg-5 order-first order-lg-last\">\n                    <div class=\"des-content-2 pl-40\">\n                        <h3 class=\"tp-product-details-desc-title\">\n                            Visible Results\n                        </h3>\n                        <p>\n                            Experience noticeable results with our anti-aging serum. Within weeks of use, you\'ll notice smoother, firmer skin with reduced signs of aging. Incorporate it into your daily skincare routine for long-lasting benefits and a complexion that defies time.\n                        </p>\n                    </div>\n                </div>\n            </div>\n        </div>\n        <div class=\"tp-product-details-desc-item\">\n            <div class=\"row\">\n                <div class=\"col-xl-12\">\n                    <div class=\"tp-product-details-desc-banner text-center m-img\">\n                        <h3 class=\"tp-product-details-desc-banner-title tp-product-details-desc-title\">Expertly Formulated</h3>\n                        <img src=\"/storage/beauty/products/product-3.png\" alt=\"Beauty Lab\">\n                    </div>\n                </div>\n            </div>\n        </div>\n    </div>\n</div>\n','published','[\"main\\/products\\/product-20.jpg\",\"main\\/products\\/product-1.jpg\",\"main\\/products\\/product-15.jpg\",\"main\\/products\\/product-details-desc-3.jpg\"]','[[{\"key\":\"file\",\"value\":\"main\\/video\\/video-2.mp4\"},{\"key\":\"url\",\"value\":null},{\"key\":\"thumbnail\",\"value\":\"main\\/video\\/2.jpg\"}]]','SC-125-A1',0,16,0,1,0,4,0,0,313,NULL,NULL,NULL,20.00,13.00,11.00,898.00,NULL,79093,'2024-10-31 20:47:18','2024-10-31 20:47:18','in_stock',7,0,'Botble\\ACL\\Models\\User',0,NULL,'physical',NULL,NULL,0,0,0,0,2),(44,'Knit Turtleneck Sweater (Digital)',NULL,NULL,'published','[\"main\\/products\\/product-12.jpg\"]',NULL,'Y7-108-A1',0,19,0,1,0,1,1,0,1827,1388.52,NULL,NULL,12.00,14.00,18.00,608.00,NULL,0,'2024-10-31 20:47:18','2024-10-31 20:47:18','in_stock',NULL,0,'Botble\\ACL\\Models\\User',0,NULL,'digital',NULL,NULL,0,0,0,0,NULL),(45,'Knit Turtleneck Sweater (Digital)',NULL,NULL,'published','[\"main\\/products\\/product-15.jpg\"]',NULL,'Y7-108-A1-A2',0,19,0,1,0,1,1,0,1827,1589.49,NULL,NULL,12.00,14.00,18.00,608.00,NULL,0,'2024-10-31 20:47:18','2024-10-31 20:47:18','in_stock',NULL,0,'Botble\\ACL\\Models\\User',0,NULL,'digital',NULL,NULL,0,0,0,0,NULL),(46,'Bohemian Fringe Handbag',NULL,NULL,'published','[\"main\\/products\\/product-15.jpg\"]',NULL,'MK-198-A1',0,14,0,1,0,5,1,0,2346,NULL,NULL,NULL,10.00,17.00,17.00,582.00,NULL,0,'2024-10-31 20:47:18','2024-10-31 20:47:18','in_stock',NULL,0,'Botble\\ACL\\Models\\User',0,NULL,'physical',NULL,NULL,0,0,0,0,NULL),(47,'Bohemian Fringe Handbag',NULL,NULL,'published','[\"main\\/products\\/product-details-desc-1.jpg\"]',NULL,'MK-198-A1-A2',0,14,0,1,0,5,1,0,2346,NULL,NULL,NULL,10.00,17.00,17.00,582.00,NULL,0,'2024-10-31 20:47:18','2024-10-31 20:47:18','in_stock',NULL,0,'Botble\\ACL\\Models\\User',0,NULL,'physical',NULL,NULL,0,0,0,0,NULL),(48,'Bohemian Fringe Handbag',NULL,NULL,'published','[\"main\\/products\\/product-18.jpg\"]',NULL,'MK-198-A1-A3',0,14,0,1,0,5,1,0,2346,NULL,NULL,NULL,10.00,17.00,17.00,582.00,NULL,0,'2024-10-31 20:47:18','2024-10-31 20:47:18','in_stock',NULL,0,'Botble\\ACL\\Models\\User',0,NULL,'physical',NULL,NULL,0,0,0,0,NULL),(49,'Silk Scarf with Geometric Print (Digital)',NULL,NULL,'published','[\"main\\/products\\/product-8.jpg\"]',NULL,'G9-106-A1',0,16,0,1,0,4,1,0,1864,1342.08,NULL,NULL,13.00,20.00,11.00,756.00,NULL,0,'2024-10-31 20:47:18','2024-10-31 20:47:18','in_stock',NULL,0,'Botble\\ACL\\Models\\User',0,NULL,'digital',NULL,NULL,0,0,0,0,NULL),(50,'High-Waisted Wide Leg Trousers',NULL,NULL,'published','[\"main\\/products\\/product-6.jpg\"]',NULL,'YW-130-A1',0,13,0,1,0,1,1,0,338,NULL,NULL,NULL,13.00,17.00,16.00,604.00,NULL,0,'2024-10-31 20:47:18','2024-10-31 20:47:18','in_stock',NULL,0,'Botble\\ACL\\Models\\User',0,NULL,'physical',NULL,NULL,0,0,0,0,NULL),(51,'Embroidered Boho Blouse',NULL,NULL,'published','[\"main\\/products\\/product-17.jpg\"]',NULL,'TQ-133-A1',0,19,0,1,0,2,1,0,1949,NULL,NULL,NULL,13.00,18.00,19.00,569.00,NULL,0,'2024-10-31 20:47:18','2024-10-31 20:47:18','in_stock',NULL,0,'Botble\\ACL\\Models\\User',0,NULL,'physical',NULL,NULL,0,0,0,0,NULL),(52,'Embroidered Boho Blouse',NULL,NULL,'published','[\"main\\/products\\/product-19.jpg\"]',NULL,'TQ-133-A1-A2',0,19,0,1,0,2,1,0,1949,NULL,NULL,NULL,13.00,18.00,19.00,569.00,NULL,0,'2024-10-31 20:47:18','2024-10-31 20:47:18','in_stock',NULL,0,'Botble\\ACL\\Models\\User',0,NULL,'physical',NULL,NULL,0,0,0,0,NULL),(53,'Embroidered Boho Blouse',NULL,NULL,'published','[\"main\\/products\\/product-1.jpg\"]',NULL,'TQ-133-A1-A3',0,19,0,1,0,2,1,0,1949,NULL,NULL,NULL,13.00,18.00,19.00,569.00,NULL,0,'2024-10-31 20:47:18','2024-10-31 20:47:18','in_stock',NULL,0,'Botble\\ACL\\Models\\User',0,NULL,'physical',NULL,NULL,0,0,0,0,NULL),(54,'Statement Chunky Necklace',NULL,NULL,'published','[\"main\\/products\\/product-9.jpg\"]',NULL,'NJ-188-A1',0,17,0,1,0,2,1,0,615,NULL,NULL,NULL,13.00,16.00,13.00,896.00,NULL,0,'2024-10-31 20:47:18','2024-10-31 20:47:18','in_stock',NULL,0,'Botble\\ACL\\Models\\User',0,NULL,'physical',NULL,NULL,0,0,0,0,NULL),(55,'Statement Chunky Necklace',NULL,NULL,'published','[\"main\\/products\\/product-5.jpg\"]',NULL,'NJ-188-A1-A2',0,17,0,1,0,2,1,0,615,NULL,NULL,NULL,13.00,16.00,13.00,896.00,NULL,0,'2024-10-31 20:47:18','2024-10-31 20:47:18','in_stock',NULL,0,'Botble\\ACL\\Models\\User',0,NULL,'physical',NULL,NULL,0,0,0,0,NULL),(56,'Statement Chunky Necklace',NULL,NULL,'published','[\"main\\/products\\/product-16.jpg\"]',NULL,'NJ-188-A1-A3',0,17,0,1,0,2,1,0,615,NULL,NULL,NULL,13.00,16.00,13.00,896.00,NULL,0,'2024-10-31 20:47:18','2024-10-31 20:47:18','in_stock',NULL,0,'Botble\\ACL\\Models\\User',0,NULL,'physical',NULL,NULL,0,0,0,0,NULL),(57,'Strappy Block Heel Sandals',NULL,NULL,'published','[\"main\\/products\\/product-8.jpg\"]',NULL,'NW-137-A1',0,20,0,1,0,1,1,0,460,NULL,NULL,NULL,19.00,13.00,11.00,842.00,NULL,0,'2024-10-31 20:47:18','2024-10-31 20:47:18','in_stock',NULL,0,'Botble\\ACL\\Models\\User',0,NULL,'physical',NULL,NULL,0,0,0,0,NULL),(58,'Strappy Block Heel Sandals',NULL,NULL,'published','[\"main\\/products\\/product-17.jpg\"]',NULL,'NW-137-A1-A2',0,20,0,1,0,1,1,0,460,NULL,NULL,NULL,19.00,13.00,11.00,842.00,NULL,0,'2024-10-31 20:47:18','2024-10-31 20:47:18','in_stock',NULL,0,'Botble\\ACL\\Models\\User',0,NULL,'physical',NULL,NULL,0,0,0,0,NULL),(59,'Strappy Block Heel Sandals',NULL,NULL,'published','[\"main\\/products\\/product-15.jpg\"]',NULL,'NW-137-A1-A3',0,20,0,1,0,1,1,0,460,NULL,NULL,NULL,19.00,13.00,11.00,842.00,NULL,0,'2024-10-31 20:47:18','2024-10-31 20:47:18','in_stock',NULL,0,'Botble\\ACL\\Models\\User',0,NULL,'physical',NULL,NULL,0,0,0,0,NULL),(60,'Lace-Up Combat Boots',NULL,NULL,'published','[\"main\\/products\\/product-details-desc-3.jpg\"]',NULL,'9S-198-A1',0,14,0,1,0,5,1,0,1405,NULL,NULL,NULL,15.00,10.00,10.00,669.00,NULL,0,'2024-10-31 20:47:18','2024-10-31 20:47:18','in_stock',NULL,0,'Botble\\ACL\\Models\\User',0,NULL,'physical',NULL,NULL,0,0,0,0,NULL),(61,'Lace-Up Combat Boots',NULL,NULL,'published','[\"main\\/products\\/product-5.jpg\"]',NULL,'9S-198-A1-A2',0,14,0,1,0,5,1,0,1405,NULL,NULL,NULL,15.00,10.00,10.00,669.00,NULL,0,'2024-10-31 20:47:18','2024-10-31 20:47:18','in_stock',NULL,0,'Botble\\ACL\\Models\\User',0,NULL,'physical',NULL,NULL,0,0,0,0,NULL),(62,'Lace-Up Combat Boots',NULL,NULL,'published','[\"main\\/products\\/product-11.jpg\"]',NULL,'9S-198-A1-A3',0,14,0,1,0,5,1,0,1405,NULL,NULL,NULL,15.00,10.00,10.00,669.00,NULL,0,'2024-10-31 20:47:18','2024-10-31 20:47:18','in_stock',NULL,0,'Botble\\ACL\\Models\\User',0,NULL,'physical',NULL,NULL,0,0,0,0,NULL),(63,'Off-Shoulder Ruffle Top',NULL,NULL,'published','[\"main\\/products\\/product-12.jpg\"]',NULL,'ZK-191-A1',0,16,0,1,0,2,1,0,1782,NULL,NULL,NULL,17.00,17.00,15.00,733.00,NULL,0,'2024-10-31 20:47:18','2024-10-31 20:47:18','in_stock',NULL,0,'Botble\\ACL\\Models\\User',0,NULL,'physical',NULL,NULL,0,0,0,0,NULL),(64,'Cropped Cable Knit Sweater',NULL,NULL,'published','[\"main\\/products\\/product-10.jpg\"]',NULL,'RF-110-A1',0,10,0,1,0,4,1,0,2061,NULL,NULL,NULL,10.00,10.00,10.00,610.00,NULL,0,'2024-10-31 20:47:18','2024-10-31 20:47:18','in_stock',NULL,0,'Botble\\ACL\\Models\\User',0,NULL,'physical',NULL,NULL,0,0,0,0,NULL),(65,'Cropped Cable Knit Sweater',NULL,NULL,'published','[\"main\\/products\\/product-17.jpg\"]',NULL,'RF-110-A1-A2',0,10,0,1,0,4,1,0,2061,NULL,NULL,NULL,10.00,10.00,10.00,610.00,NULL,0,'2024-10-31 20:47:18','2024-10-31 20:47:18','in_stock',NULL,0,'Botble\\ACL\\Models\\User',0,NULL,'physical',NULL,NULL,0,0,0,0,NULL),(66,'Cropped Cable Knit Sweater',NULL,NULL,'published','[\"main\\/products\\/product-13.jpg\"]',NULL,'RF-110-A1-A3',0,10,0,1,0,4,1,0,2061,NULL,NULL,NULL,10.00,10.00,10.00,610.00,NULL,0,'2024-10-31 20:47:18','2024-10-31 20:47:18','in_stock',NULL,0,'Botble\\ACL\\Models\\User',0,NULL,'physical',NULL,NULL,0,0,0,0,NULL),(67,'Cropped Cable Knit Sweater',NULL,NULL,'published','[\"main\\/products\\/product-3.jpg\"]',NULL,'RF-110-A1-A4',0,10,0,1,0,4,1,0,2061,NULL,NULL,NULL,10.00,10.00,10.00,610.00,NULL,0,'2024-10-31 20:47:18','2024-10-31 20:47:18','in_stock',NULL,0,'Botble\\ACL\\Models\\User',0,NULL,'physical',NULL,NULL,0,0,0,0,NULL),(68,'Athleisure Jogger Pants (Digital)',NULL,NULL,'published','[\"main\\/products\\/product-15.jpg\"]',NULL,'CK-168-A1',0,16,0,1,0,4,1,0,1454,1308.6,NULL,NULL,17.00,15.00,19.00,753.00,NULL,0,'2024-10-31 20:47:18','2024-10-31 20:47:18','in_stock',NULL,0,'Botble\\ACL\\Models\\User',0,NULL,'digital',NULL,NULL,0,0,0,0,NULL),(69,'Athleisure Jogger Pants (Digital)',NULL,NULL,'published','[\"main\\/products\\/product-20.jpg\"]',NULL,'CK-168-A1-A2',0,16,0,1,0,4,1,0,1454,1119.58,NULL,NULL,17.00,15.00,19.00,753.00,NULL,0,'2024-10-31 20:47:18','2024-10-31 20:47:18','in_stock',NULL,0,'Botble\\ACL\\Models\\User',0,NULL,'digital',NULL,NULL,0,0,0,0,NULL),(70,'Retro Cat-Eye Sunglasses',NULL,NULL,'published','[\"main\\/products\\/product-15.jpg\"]',NULL,'0S-121-A1',0,16,0,1,0,4,1,0,835,NULL,NULL,NULL,20.00,20.00,13.00,534.00,NULL,0,'2024-10-31 20:47:18','2024-10-31 20:47:18','in_stock',NULL,0,'Botble\\ACL\\Models\\User',0,NULL,'physical',NULL,NULL,0,0,0,0,NULL),(71,'Retro Cat-Eye Sunglasses',NULL,NULL,'published','[\"main\\/products\\/product-14.jpg\"]',NULL,'0S-121-A1-A2',0,16,0,1,0,4,1,0,835,NULL,NULL,NULL,20.00,20.00,13.00,534.00,NULL,0,'2024-10-31 20:47:18','2024-10-31 20:47:18','in_stock',NULL,0,'Botble\\ACL\\Models\\User',0,NULL,'physical',NULL,NULL,0,0,0,0,NULL),(72,'Faux Fur Trimmed Coat',NULL,NULL,'published','[\"main\\/products\\/product-5.jpg\"]',NULL,'K5-118-A1',0,17,0,1,0,4,1,0,1842,NULL,NULL,NULL,11.00,20.00,16.00,739.00,NULL,0,'2024-10-31 20:47:18','2024-10-31 20:47:18','in_stock',NULL,0,'Botble\\ACL\\Models\\User',0,NULL,'physical',NULL,NULL,0,0,0,0,NULL),(73,'Faux Fur Trimmed Coat',NULL,NULL,'published','[\"main\\/products\\/product-15.jpg\"]',NULL,'K5-118-A1-A2',0,17,0,1,0,4,1,0,1842,NULL,NULL,NULL,11.00,20.00,16.00,739.00,NULL,0,'2024-10-31 20:47:18','2024-10-31 20:47:18','in_stock',NULL,0,'Botble\\ACL\\Models\\User',0,NULL,'physical',NULL,NULL,0,0,0,0,NULL),(74,'Faux Fur Trimmed Coat',NULL,NULL,'published','[\"main\\/products\\/product-8.jpg\"]',NULL,'K5-118-A1-A3',0,17,0,1,0,4,1,0,1842,NULL,NULL,NULL,11.00,20.00,16.00,739.00,NULL,0,'2024-10-31 20:47:18','2024-10-31 20:47:18','in_stock',NULL,0,'Botble\\ACL\\Models\\User',0,NULL,'physical',NULL,NULL,0,0,0,0,NULL),(75,'Wide Brim Floppy Hat',NULL,NULL,'published','[\"main\\/products\\/product-20.jpg\"]',NULL,'TM-106-A1',0,19,0,1,0,5,1,0,477,NULL,NULL,NULL,18.00,19.00,13.00,788.00,NULL,0,'2024-10-31 20:47:18','2024-10-31 20:47:18','in_stock',NULL,0,'Botble\\ACL\\Models\\User',0,NULL,'physical',NULL,NULL,0,0,0,0,NULL),(76,'Wide Brim Floppy Hat',NULL,NULL,'published','[\"main\\/products\\/product-16.jpg\"]',NULL,'TM-106-A1-A2',0,19,0,1,0,5,1,0,477,NULL,NULL,NULL,18.00,19.00,13.00,788.00,NULL,0,'2024-10-31 20:47:18','2024-10-31 20:47:18','in_stock',NULL,0,'Botble\\ACL\\Models\\User',0,NULL,'physical',NULL,NULL,0,0,0,0,NULL),(77,'Wide Brim Floppy Hat',NULL,NULL,'published','[\"main\\/products\\/product-2.jpg\"]',NULL,'TM-106-A1-A3',0,19,0,1,0,5,1,0,477,NULL,NULL,NULL,18.00,19.00,13.00,788.00,NULL,0,'2024-10-31 20:47:18','2024-10-31 20:47:18','in_stock',NULL,0,'Botble\\ACL\\Models\\User',0,NULL,'physical',NULL,NULL,0,0,0,0,NULL),(78,'Wide Brim Floppy Hat',NULL,NULL,'published','[\"main\\/products\\/product-13.jpg\"]',NULL,'TM-106-A1-A4',0,19,0,1,0,5,1,0,477,NULL,NULL,NULL,18.00,19.00,13.00,788.00,NULL,0,'2024-10-31 20:47:18','2024-10-31 20:47:18','in_stock',NULL,0,'Botble\\ACL\\Models\\User',0,NULL,'physical',NULL,NULL,0,0,0,0,NULL),(79,'Denim Overall Jumpsuit (Digital)',NULL,NULL,'published','[\"main\\/products\\/product-1.jpg\"]',NULL,'IV-111-A1',0,11,0,1,0,4,1,0,1406,984.2,NULL,NULL,17.00,17.00,19.00,511.00,NULL,0,'2024-10-31 20:47:18','2024-10-31 20:47:18','in_stock',NULL,0,'Botble\\ACL\\Models\\User',0,NULL,'digital',NULL,NULL,0,0,0,0,NULL),(80,'Denim Overall Jumpsuit (Digital)',NULL,NULL,'published','[\"main\\/products\\/product-details-desc-2.jpg\"]',NULL,'IV-111-A1-A2',0,11,0,1,0,4,1,0,1406,984.2,NULL,NULL,17.00,17.00,19.00,511.00,NULL,0,'2024-10-31 20:47:18','2024-10-31 20:47:18','in_stock',NULL,0,'Botble\\ACL\\Models\\User',0,NULL,'digital',NULL,NULL,0,0,0,0,NULL),(81,'Embellished Ballet Flats',NULL,NULL,'published','[\"main\\/products\\/product-6.jpg\"]',NULL,'CR-175-A1',0,19,0,1,0,2,1,0,1027,NULL,NULL,NULL,12.00,15.00,12.00,679.00,NULL,0,'2024-10-31 20:47:18','2024-10-31 20:47:18','in_stock',NULL,0,'Botble\\ACL\\Models\\User',0,NULL,'physical',NULL,NULL,0,0,0,0,NULL),(82,'Embroidered Bomber Jacket',NULL,NULL,'published','[\"main\\/products\\/product-9.jpg\"]',NULL,'LI-158-A1',0,12,0,1,0,3,1,0,1710,NULL,NULL,NULL,10.00,11.00,16.00,613.00,NULL,0,'2024-10-31 20:47:18','2024-10-31 20:47:18','in_stock',NULL,0,'Botble\\ACL\\Models\\User',0,NULL,'physical',NULL,NULL,0,0,0,0,NULL),(83,'Embroidered Bomber Jacket',NULL,NULL,'published','[\"main\\/products\\/product-details-desc-2.jpg\"]',NULL,'LI-158-A1-A2',0,12,0,1,0,3,1,0,1710,NULL,NULL,NULL,10.00,11.00,16.00,613.00,NULL,0,'2024-10-31 20:47:18','2024-10-31 20:47:18','in_stock',NULL,0,'Botble\\ACL\\Models\\User',0,NULL,'physical',NULL,NULL,0,0,0,0,NULL),(84,'Embroidered Bomber Jacket',NULL,NULL,'published','[\"main\\/products\\/product-6.jpg\"]',NULL,'LI-158-A1-A3',0,12,0,1,0,3,1,0,1710,NULL,NULL,NULL,10.00,11.00,16.00,613.00,NULL,0,'2024-10-31 20:47:18','2024-10-31 20:47:18','in_stock',NULL,0,'Botble\\ACL\\Models\\User',0,NULL,'physical',NULL,NULL,0,0,0,0,NULL),(85,'Embroidered Bomber Jacket',NULL,NULL,'published','[\"main\\/products\\/product-6.jpg\"]',NULL,'LI-158-A1-A4',0,12,0,1,0,3,1,0,1710,NULL,NULL,NULL,10.00,11.00,16.00,613.00,NULL,0,'2024-10-31 20:47:18','2024-10-31 20:47:18','in_stock',NULL,0,'Botble\\ACL\\Models\\User',0,NULL,'physical',NULL,NULL,0,0,0,0,NULL),(86,'Retro High-Top Sneakers',NULL,NULL,'published','[\"main\\/products\\/product-13.jpg\"]',NULL,'5R-100-A1',0,20,0,1,0,1,1,0,2328,NULL,NULL,NULL,16.00,17.00,12.00,796.00,NULL,0,'2024-10-31 20:47:18','2024-10-31 20:47:18','in_stock',NULL,0,'Botble\\ACL\\Models\\User',0,NULL,'physical',NULL,NULL,0,0,0,0,NULL),(87,'Faux Leather Leggings',NULL,NULL,'published','[\"main\\/products\\/product-18.jpg\"]',NULL,'RD-180-A1',0,18,0,1,0,2,1,0,1036,NULL,NULL,NULL,18.00,11.00,16.00,661.00,NULL,0,'2024-10-31 20:47:18','2024-10-31 20:47:18','in_stock',NULL,0,'Botble\\ACL\\Models\\User',0,NULL,'physical',NULL,NULL,0,0,0,0,NULL),(88,'Metallic Pleated Maxi Skirt',NULL,NULL,'published','[\"main\\/products\\/product-1.jpg\"]',NULL,'SC-125-A1',0,16,0,1,0,4,1,0,313,NULL,NULL,NULL,20.00,13.00,11.00,898.00,NULL,0,'2024-10-31 20:47:18','2024-10-31 20:47:18','in_stock',NULL,0,'Botble\\ACL\\Models\\User',0,NULL,'physical',NULL,NULL,0,0,0,0,NULL);

--
